I20260630 12:16:47.257665 16010 ts_tablet_manager.cc:585] Loaded tablet metadata (0 total tablets, 0 live tablets)
I20260630 12:16:47.257957 16010 ts_tablet_manager.cc:531] Time spent load tablet metadata: real 0.000s	user 0.000s	sys 0.000s
I20260630 12:16:47.258227 16010 ts_tablet_manager.cc:616] Registered 0 tablets
I20260630 12:16:47.258428 16010 ts_tablet_manager.cc:595] Time spent register tablets: real 0.000s	user 0.000s	sys 0.000s
I20260630 12:16:47.301723 16010 rpc_server.cc:307] RPC server started. Bound to: 127.15.162.131:46451
I20260630 12:16:47.301890 19155 acceptor_pool.cc:272] collecting diagnostics on the listening RPC socket 127.15.162.131:46451 every 8 connection(s)
I20260630 12:16:47.317764 19156 heartbeater.cc:344] Connected to a master server at 127.15.162.190:33871
I20260630 12:16:47.318254 19156 heartbeater.cc:461] Registering TS with master...
I20260630 12:16:47.319149 19156 heartbeater.cc:507] Master 127.15.162.190:33871 requested a full tablet report, sending...
I20260630 12:16:47.321521 18880 ts_manager.cc:194] Registered new tserver with Master: a035c8ed38ad4c68976a872e0cf5e13e (127.15.162.131:46451)
I20260630 12:16:47.321709 16010 internal_mini_cluster.cc:371] 3 TS(s) registered with all masters after 0.016269263s
I20260630 12:16:47.323436 18880 master_service.cc:502] Signed X509 certificate for tserver {username='slave'} at 127.0.0.1:37338
I20260630 12:16:48.110566 19007 heartbeater.cc:499] Master 127.15.162.190:33871 was elected leader, sending a full tablet report...
I20260630 12:16:48.223611 19082 heartbeater.cc:499] Master 127.15.162.190:33871 was elected leader, sending a full tablet report...
I20260630 12:16:48.326280 19156 heartbeater.cc:499] Master 127.15.162.190:33871 was elected leader, sending a full tablet report...
I20260630 12:16:48.383067 18880 catalog_manager.cc:2283] Servicing CreateTable request from {username='slave'} at 127.0.0.1:37348:
name: "range_aware_rebalance_new_range"
schema {
  columns {
    name: "key"
    type: INT32
    is_key: true
    is_nullable: false
    encoding: AUTO_ENCODING
    compression: DEFAULT_COMPRESSION
    cfile_block_size: 0
    immutable: false
  }
}
num_replicas: 3
split_rows_range_bounds {
  rows: "\006\001\000\000\000\000\007\001\n\000\000\000""\006\001\000\000\000\000\007\001\n\000\000\000"
  indirect_data: """"
}
partition_schema {
  hash_schema {
    columns {
      name: "key"
    }
    num_buckets: 8
    seed: 0
  }
  range_schema {
    columns {
      name: "key"
    }
  }
}
W20260630 12:16:48.385443 18880 catalog_manager.cc:7077] The number of live tablet servers is not enough to re-replicate a tablet replica of the newly created table range_aware_rebalance_new_range in case of a server failure: 4 tablet servers would be needed, 3 are available. Consider bringing up more tablet servers.
I20260630 12:16:48.455238 19121 tablet_service.cc:1511] Processing CreateTablet for tablet 6a1410cd83744e1a9cfc957ef14e0e70 (DEFAULT_TABLE table=range_aware_rebalance_new_range [id=3ee848c21ed2468795d250ce81b4d180]), partition=HASH (key) PARTITION 0, RANGE (key) PARTITION 0 <= VALUES < 10
I20260630 12:16:48.456897 19121 data_dirs.cc:400] Could only allocate 1 dirs of requested 3 for tablet 6a1410cd83744e1a9cfc957ef14e0e70. 1 dirs total, 0 dirs full, 0 dirs failed
I20260630 12:16:48.458209 19118 tablet_service.cc:1511] Processing CreateTablet for tablet 2bfe490704074e7da3b66da9cff422a1 (DEFAULT_TABLE table=range_aware_rebalance_new_range [id=3ee848c21ed2468795d250ce81b4d180]), partition=HASH (key) PARTITION 3, RANGE (key) PARTITION 0 <= VALUES < 10
I20260630 12:16:48.460114 19118 data_dirs.cc:400] Could only allocate 1 dirs of requested 3 for tablet 2bfe490704074e7da3b66da9cff422a1. 1 dirs total, 0 dirs full, 0 dirs failed
I20260630 12:16:48.460321 19119 tablet_service.cc:1511] Processing CreateTablet for tablet 30d9c6f0d67a4a87b6af5666ddfca1e5 (DEFAULT_TABLE table=range_aware_rebalance_new_range [id=3ee848c21ed2468795d250ce81b4d180]), partition=HASH (key) PARTITION 2, RANGE (key) PARTITION 0 <= VALUES < 10
I20260630 12:16:48.462085 19119 data_dirs.cc:400] Could only allocate 1 dirs of requested 3 for tablet 30d9c6f0d67a4a87b6af5666ddfca1e5. 1 dirs total, 0 dirs full, 0 dirs failed
I20260630 12:16:48.458308 19120 tablet_service.cc:1511] Processing CreateTablet for tablet cb2bb7b39e564a109474ca49ed7125d8 (DEFAULT_TABLE table=range_aware_rebalance_new_range [id=3ee848c21ed2468795d250ce81b4d180]), partition=HASH (key) PARTITION 1, RANGE (key) PARTITION 0 <= VALUES < 10
I20260630 12:16:48.464377 19120 data_dirs.cc:400] Could only allocate 1 dirs of requested 3 for tablet cb2bb7b39e564a109474ca49ed7125d8. 1 dirs total, 0 dirs full, 0 dirs failed
I20260630 12:16:48.474164 19117 tablet_service.cc:1511] Processing CreateTablet for tablet d9191ff6513e47e6a2a35ac64ab3eaf3 (DEFAULT_TABLE table=range_aware_rebalance_new_range [id=3ee848c21ed2468795d250ce81b4d180]), partition=HASH (key) PARTITION 4, RANGE (key) PARTITION 0 <= VALUES < 10
I20260630 12:16:48.475852 19117 data_dirs.cc:400] Could only allocate 1 dirs of requested 3 for tablet d9191ff6513e47e6a2a35ac64ab3eaf3. 1 dirs total, 0 dirs full, 0 dirs failed
I20260630 12:16:48.476809 19047 tablet_service.cc:1511] Processing CreateTablet for tablet 6a1410cd83744e1a9cfc957ef14e0e70 (DEFAULT_TABLE table=range_aware_rebalance_new_range [id=3ee848c21ed2468795d250ce81b4d180]), partition=HASH (key) PARTITION 0, RANGE (key) PARTITION 0 <= VALUES < 10
I20260630 12:16:48.478380 19047 data_dirs.cc:400] Could only allocate 1 dirs of requested 3 for tablet 6a1410cd83744e1a9cfc957ef14e0e70. 1 dirs total, 0 dirs full, 0 dirs failed
I20260630 12:16:48.478045 19046 tablet_service.cc:1511] Processing CreateTablet for tablet cb2bb7b39e564a109474ca49ed7125d8 (DEFAULT_TABLE table=range_aware_rebalance_new_range [id=3ee848c21ed2468795d250ce81b4d180]), partition=HASH (key) PARTITION 1, RANGE (key) PARTITION 0 <= VALUES < 10
I20260630 12:16:48.478269 19116 tablet_service.cc:1511] Processing CreateTablet for tablet fc2d4326adef493f9a402bdfe5d91513 (DEFAULT_TABLE table=range_aware_rebalance_new_range [id=3ee848c21ed2468795d250ce81b4d180]), partition=HASH (key) PARTITION 5, RANGE (key) PARTITION 0 <= VALUES < 10
I20260630 12:16:48.479740 19046 data_dirs.cc:400] Could only allocate 1 dirs of requested 3 for tablet cb2bb7b39e564a109474ca49ed7125d8. 1 dirs total, 0 dirs full, 0 dirs failed
I20260630 12:16:48.479856 19116 data_dirs.cc:400] Could only allocate 1 dirs of requested 3 for tablet fc2d4326adef493f9a402bdfe5d91513. 1 dirs total, 0 dirs full, 0 dirs failed
I20260630 12:16:48.480093 18972 tablet_service.cc:1511] Processing CreateTablet for tablet 6a1410cd83744e1a9cfc957ef14e0e70 (DEFAULT_TABLE table=range_aware_rebalance_new_range [id=3ee848c21ed2468795d250ce81b4d180]), partition=HASH (key) PARTITION 0, RANGE (key) PARTITION 0 <= VALUES < 10
I20260630 12:16:48.481880 18972 data_dirs.cc:400] Could only allocate 1 dirs of requested 3 for tablet 6a1410cd83744e1a9cfc957ef14e0e70. 1 dirs total, 0 dirs full, 0 dirs failed
I20260630 12:16:48.485211 19115 tablet_service.cc:1511] Processing CreateTablet for tablet 2971728aaed24d748c70678ecce64dac (DEFAULT_TABLE table=range_aware_rebalance_new_range [id=3ee848c21ed2468795d250ce81b4d180]), partition=HASH (key) PARTITION 6, RANGE (key) PARTITION 0 <= VALUES < 10
I20260630 12:16:48.486964 19115 data_dirs.cc:400] Could only allocate 1 dirs of requested 3 for tablet 2971728aaed24d748c70678ecce64dac. 1 dirs total, 0 dirs full, 0 dirs failed
I20260630 12:16:48.497335 19114 tablet_service.cc:1511] Processing CreateTablet for tablet 25a114aca4fe46fd971bfe776cb8621b (DEFAULT_TABLE table=range_aware_rebalance_new_range [id=3ee848c21ed2468795d250ce81b4d180]), partition=HASH (key) PARTITION 7, RANGE (key) PARTITION 0 <= VALUES < 10
I20260630 12:16:48.500649 19045 tablet_service.cc:1511] Processing CreateTablet for tablet 30d9c6f0d67a4a87b6af5666ddfca1e5 (DEFAULT_TABLE table=range_aware_rebalance_new_range [id=3ee848c21ed2468795d250ce81b4d180]), partition=HASH (key) PARTITION 2, RANGE (key) PARTITION 0 <= VALUES < 10
I20260630 12:16:48.502934 19045 data_dirs.cc:400] Could only allocate 1 dirs of requested 3 for tablet 30d9c6f0d67a4a87b6af5666ddfca1e5. 1 dirs total, 0 dirs full, 0 dirs failed
I20260630 12:16:48.504345 19044 tablet_service.cc:1511] Processing CreateTablet for tablet 2bfe490704074e7da3b66da9cff422a1 (DEFAULT_TABLE table=range_aware_rebalance_new_range [id=3ee848c21ed2468795d250ce81b4d180]), partition=HASH (key) PARTITION 3, RANGE (key) PARTITION 0 <= VALUES < 10
I20260630 12:16:48.510251 18969 tablet_service.cc:1511] Processing CreateTablet for tablet 2bfe490704074e7da3b66da9cff422a1 (DEFAULT_TABLE table=range_aware_rebalance_new_range [id=3ee848c21ed2468795d250ce81b4d180]), partition=HASH (key) PARTITION 3, RANGE (key) PARTITION 0 <= VALUES < 10
I20260630 12:16:48.508634 18970 tablet_service.cc:1511] Processing CreateTablet for tablet 30d9c6f0d67a4a87b6af5666ddfca1e5 (DEFAULT_TABLE table=range_aware_rebalance_new_range [id=3ee848c21ed2468795d250ce81b4d180]), partition=HASH (key) PARTITION 2, RANGE (key) PARTITION 0 <= VALUES < 10
I20260630 12:16:48.509527 19114 data_dirs.cc:400] Could only allocate 1 dirs of requested 3 for tablet 25a114aca4fe46fd971bfe776cb8621b. 1 dirs total, 0 dirs full, 0 dirs failed
I20260630 12:16:48.515565 18969 data_dirs.cc:400] Could only allocate 1 dirs of requested 3 for tablet 2bfe490704074e7da3b66da9cff422a1. 1 dirs total, 0 dirs full, 0 dirs failed
I20260630 12:16:48.504633 18971 tablet_service.cc:1511] Processing CreateTablet for tablet cb2bb7b39e564a109474ca49ed7125d8 (DEFAULT_TABLE table=range_aware_rebalance_new_range [id=3ee848c21ed2468795d250ce81b4d180]), partition=HASH (key) PARTITION 1, RANGE (key) PARTITION 0 <= VALUES < 10
I20260630 12:16:48.516538 18970 data_dirs.cc:400] Could only allocate 1 dirs of requested 3 for tablet 30d9c6f0d67a4a87b6af5666ddfca1e5. 1 dirs total, 0 dirs full, 0 dirs failed
I20260630 12:16:48.517519 18971 data_dirs.cc:400] Could only allocate 1 dirs of requested 3 for tablet cb2bb7b39e564a109474ca49ed7125d8. 1 dirs total, 0 dirs full, 0 dirs failed
I20260630 12:16:48.505354 19043 tablet_service.cc:1511] Processing CreateTablet for tablet d9191ff6513e47e6a2a35ac64ab3eaf3 (DEFAULT_TABLE table=range_aware_rebalance_new_range [id=3ee848c21ed2468795d250ce81b4d180]), partition=HASH (key) PARTITION 4, RANGE (key) PARTITION 0 <= VALUES < 10
I20260630 12:16:48.506922 19042 tablet_service.cc:1511] Processing CreateTablet for tablet fc2d4326adef493f9a402bdfe5d91513 (DEFAULT_TABLE table=range_aware_rebalance_new_range [id=3ee848c21ed2468795d250ce81b4d180]), partition=HASH (key) PARTITION 5, RANGE (key) PARTITION 0 <= VALUES < 10
I20260630 12:16:48.508097 19041 tablet_service.cc:1511] Processing CreateTablet for tablet 2971728aaed24d748c70678ecce64dac (DEFAULT_TABLE table=range_aware_rebalance_new_range [id=3ee848c21ed2468795d250ce81b4d180]), partition=HASH (key) PARTITION 6, RANGE (key) PARTITION 0 <= VALUES < 10
I20260630 12:16:48.509090 19040 tablet_service.cc:1511] Processing CreateTablet for tablet 25a114aca4fe46fd971bfe776cb8621b (DEFAULT_TABLE table=range_aware_rebalance_new_range [id=3ee848c21ed2468795d250ce81b4d180]), partition=HASH (key) PARTITION 7, RANGE (key) PARTITION 0 <= VALUES < 10
I20260630 12:16:48.529016 18968 tablet_service.cc:1511] Processing CreateTablet for tablet d9191ff6513e47e6a2a35ac64ab3eaf3 (DEFAULT_TABLE table=range_aware_rebalance_new_range [id=3ee848c21ed2468795d250ce81b4d180]), partition=HASH (key) PARTITION 4, RANGE (key) PARTITION 0 <= VALUES < 10
I20260630 12:16:48.532245 18967 tablet_service.cc:1511] Processing CreateTablet for tablet fc2d4326adef493f9a402bdfe5d91513 (DEFAULT_TABLE table=range_aware_rebalance_new_range [id=3ee848c21ed2468795d250ce81b4d180]), partition=HASH (key) PARTITION 5, RANGE (key) PARTITION 0 <= VALUES < 10
I20260630 12:16:48.534840 18966 tablet_service.cc:1511] Processing CreateTablet for tablet 2971728aaed24d748c70678ecce64dac (DEFAULT_TABLE table=range_aware_rebalance_new_range [id=3ee848c21ed2468795d250ce81b4d180]), partition=HASH (key) PARTITION 6, RANGE (key) PARTITION 0 <= VALUES < 10
I20260630 12:16:48.537433 18965 tablet_service.cc:1511] Processing CreateTablet for tablet 25a114aca4fe46fd971bfe776cb8621b (DEFAULT_TABLE table=range_aware_rebalance_new_range [id=3ee848c21ed2468795d250ce81b4d180]), partition=HASH (key) PARTITION 7, RANGE (key) PARTITION 0 <= VALUES < 10
I20260630 12:16:48.530977 18968 data_dirs.cc:400] Could only allocate 1 dirs of requested 3 for tablet d9191ff6513e47e6a2a35ac64ab3eaf3. 1 dirs total, 0 dirs full, 0 dirs failed
I20260630 12:16:48.545677 18965 data_dirs.cc:400] Could only allocate 1 dirs of requested 3 for tablet 25a114aca4fe46fd971bfe776cb8621b. 1 dirs total, 0 dirs full, 0 dirs failed
I20260630 12:16:48.547639 18967 data_dirs.cc:400] Could only allocate 1 dirs of requested 3 for tablet fc2d4326adef493f9a402bdfe5d91513. 1 dirs total, 0 dirs full, 0 dirs failed
I20260630 12:16:48.555550 18966 data_dirs.cc:400] Could only allocate 1 dirs of requested 3 for tablet 2971728aaed24d748c70678ecce64dac. 1 dirs total, 0 dirs full, 0 dirs failed
I20260630 12:16:48.559525 19044 data_dirs.cc:400] Could only allocate 1 dirs of requested 3 for tablet 2bfe490704074e7da3b66da9cff422a1. 1 dirs total, 0 dirs full, 0 dirs failed
I20260630 12:16:48.561297 19040 data_dirs.cc:400] Could only allocate 1 dirs of requested 3 for tablet 25a114aca4fe46fd971bfe776cb8621b. 1 dirs total, 0 dirs full, 0 dirs failed
I20260630 12:16:48.565752 19042 data_dirs.cc:400] Could only allocate 1 dirs of requested 3 for tablet fc2d4326adef493f9a402bdfe5d91513. 1 dirs total, 0 dirs full, 0 dirs failed
I20260630 12:16:48.574590 19176 tablet_bootstrap.cc:492] T 2bfe490704074e7da3b66da9cff422a1 P a035c8ed38ad4c68976a872e0cf5e13e: Bootstrap starting.
I20260630 12:16:48.595433 19043 data_dirs.cc:400] Could only allocate 1 dirs of requested 3 for tablet d9191ff6513e47e6a2a35ac64ab3eaf3. 1 dirs total, 0 dirs full, 0 dirs failed
I20260630 12:16:48.599511 19041 data_dirs.cc:400] Could only allocate 1 dirs of requested 3 for tablet 2971728aaed24d748c70678ecce64dac. 1 dirs total, 0 dirs full, 0 dirs failed
I20260630 12:16:48.610420 19177 tablet_bootstrap.cc:492] T cb2bb7b39e564a109474ca49ed7125d8 P 263f1fe179c2442fa6b0b16f6c8ae914: Bootstrap starting.
I20260630 12:16:48.638187 19177 tablet_bootstrap.cc:654] T cb2bb7b39e564a109474ca49ed7125d8 P 263f1fe179c2442fa6b0b16f6c8ae914: Neither blocks nor log segments found. Creating new log.
I20260630 12:16:48.643550 19176 tablet_bootstrap.cc:654] T 2bfe490704074e7da3b66da9cff422a1 P a035c8ed38ad4c68976a872e0cf5e13e: Neither blocks nor log segments found. Creating new log.
I20260630 12:16:48.657917 19179 tablet_bootstrap.cc:492] T 30d9c6f0d67a4a87b6af5666ddfca1e5 P a0b08aaa5bb3429ca0c3700a5ca7dcdc: Bootstrap starting.
I20260630 12:16:48.675043 19177 tablet_bootstrap.cc:492] T cb2bb7b39e564a109474ca49ed7125d8 P 263f1fe179c2442fa6b0b16f6c8ae914: No bootstrap required, opened a new log
I20260630 12:16:48.675680 19177 ts_tablet_manager.cc:1403] T cb2bb7b39e564a109474ca49ed7125d8 P 263f1fe179c2442fa6b0b16f6c8ae914: Time spent bootstrapping tablet: real 0.066s	user 0.012s	sys 0.000s
I20260630 12:16:48.676865 19176 tablet_bootstrap.cc:492] T 2bfe490704074e7da3b66da9cff422a1 P a035c8ed38ad4c68976a872e0cf5e13e: No bootstrap required, opened a new log
I20260630 12:16:48.677485 19176 ts_tablet_manager.cc:1403] T 2bfe490704074e7da3b66da9cff422a1 P a035c8ed38ad4c68976a872e0cf5e13e: Time spent bootstrapping tablet: real 0.103s	user 0.011s	sys 0.006s
I20260630 12:16:48.678992 19177 raft_consensus.cc:359] T cb2bb7b39e564a109474ca49ed7125d8 P 263f1fe179c2442fa6b0b16f6c8ae914 [term 0 FOLLOWER]: Replica starting. Triggering 0 pending ops. Active config: opid_index: -1 OBSOLETE_local: false peers { permanent_uuid: "263f1fe179c2442fa6b0b16f6c8ae914" member_type: VOTER last_known_addr { host: "127.15.162.130" port: 42527 } } peers { permanent_uuid: "a0b08aaa5bb3429ca0c3700a5ca7dcdc" member_type: VOTER last_known_addr { host: "127.15.162.129" port: 44237 } } peers { permanent_uuid: "a035c8ed38ad4c68976a872e0cf5e13e" member_type: VOTER last_known_addr { host: "127.15.162.131" port: 46451 } }
I20260630 12:16:48.681612 19177 raft_consensus.cc:385] T cb2bb7b39e564a109474ca49ed7125d8 P 263f1fe179c2442fa6b0b16f6c8ae914 [term 0 FOLLOWER]: Consensus starting up: Expiring failure detector timer to make a prompt election more likely
I20260630 12:16:48.681996 19177 raft_consensus.cc:740] T cb2bb7b39e564a109474ca49ed7125d8 P 263f1fe179c2442fa6b0b16f6c8ae914 [term 0 FOLLOWER]: Becoming Follower/Learner. State: Replica: 263f1fe179c2442fa6b0b16f6c8ae914, State: Initialized, Role: FOLLOWER
I20260630 12:16:48.684239 19179 tablet_bootstrap.cc:654] T 30d9c6f0d67a4a87b6af5666ddfca1e5 P a0b08aaa5bb3429ca0c3700a5ca7dcdc: Neither blocks nor log segments found. Creating new log.
I20260630 12:16:48.680701 19176 raft_consensus.cc:359] T 2bfe490704074e7da3b66da9cff422a1 P a035c8ed38ad4c68976a872e0cf5e13e [term 0 FOLLOWER]: Replica starting. Triggering 0 pending ops. Active config: opid_index: -1 OBSOLETE_local: false peers { permanent_uuid: "a0b08aaa5bb3429ca0c3700a5ca7dcdc" member_type: VOTER last_known_addr { host: "127.15.162.129" port: 44237 } } peers { permanent_uuid: "263f1fe179c2442fa6b0b16f6c8ae914" member_type: VOTER last_known_addr { host: "127.15.162.130" port: 42527 } } peers { permanent_uuid: "a035c8ed38ad4c68976a872e0cf5e13e" member_type: VOTER last_known_addr { host: "127.15.162.131" port: 46451 } }
I20260630 12:16:48.689292 19176 raft_consensus.cc:385] T 2bfe490704074e7da3b66da9cff422a1 P a035c8ed38ad4c68976a872e0cf5e13e [term 0 FOLLOWER]: Consensus starting up: Expiring failure detector timer to make a prompt election more likely
I20260630 12:16:48.689739 19176 raft_consensus.cc:740] T 2bfe490704074e7da3b66da9cff422a1 P a035c8ed38ad4c68976a872e0cf5e13e [term 0 FOLLOWER]: Becoming Follower/Learner. State: Replica: a035c8ed38ad4c68976a872e0cf5e13e, State: Initialized, Role: FOLLOWER
I20260630 12:16:48.690622 19176 consensus_queue.cc:260] T 2bfe490704074e7da3b66da9cff422a1 P a035c8ed38ad4c68976a872e0cf5e13e [NON_LEADER]: Queue going to NON_LEADER mode. State: All replicated index: 0, Majority replicated index: 0, Committed index: 0, Last appended: 0.0, Last appended by leader: 0, Current term: 0, Majority size: -1, State: 0, Mode: NON_LEADER, active raft config: opid_index: -1 OBSOLETE_local: false peers { permanent_uuid: "a0b08aaa5bb3429ca0c3700a5ca7dcdc" member_type: VOTER last_known_addr { host: "127.15.162.129" port: 44237 } } peers { permanent_uuid: "263f1fe179c2442fa6b0b16f6c8ae914" member_type: VOTER last_known_addr { host: "127.15.162.130" port: 42527 } } peers { permanent_uuid: "a035c8ed38ad4c68976a872e0cf5e13e" member_type: VOTER last_known_addr { host: "127.15.162.131" port: 46451 } }
I20260630 12:16:48.700132 19177 consensus_queue.cc:260] T cb2bb7b39e564a109474ca49ed7125d8 P 263f1fe179c2442fa6b0b16f6c8ae914 [NON_LEADER]: Queue going to NON_LEADER mode. State: All replicated index: 0, Majority replicated index: 0, Committed index: 0, Last appended: 0.0, Last appended by leader: 0, Current term: 0, Majority size: -1, State: 0, Mode: NON_LEADER, active raft config: opid_index: -1 OBSOLETE_local: false peers { permanent_uuid: "263f1fe179c2442fa6b0b16f6c8ae914" member_type: VOTER last_known_addr { host: "127.15.162.130" port: 42527 } } peers { permanent_uuid: "a0b08aaa5bb3429ca0c3700a5ca7dcdc" member_type: VOTER last_known_addr { host: "127.15.162.129" port: 44237 } } peers { permanent_uuid: "a035c8ed38ad4c68976a872e0cf5e13e" member_type: VOTER last_known_addr { host: "127.15.162.131" port: 46451 } }
I20260630 12:16:48.704962 19179 tablet_bootstrap.cc:492] T 30d9c6f0d67a4a87b6af5666ddfca1e5 P a0b08aaa5bb3429ca0c3700a5ca7dcdc: No bootstrap required, opened a new log
I20260630 12:16:48.705523 19179 ts_tablet_manager.cc:1403] T 30d9c6f0d67a4a87b6af5666ddfca1e5 P a0b08aaa5bb3429ca0c3700a5ca7dcdc: Time spent bootstrapping tablet: real 0.048s	user 0.012s	sys 0.009s
I20260630 12:16:48.707872 19177 ts_tablet_manager.cc:1434] T cb2bb7b39e564a109474ca49ed7125d8 P 263f1fe179c2442fa6b0b16f6c8ae914: Time spent starting tablet: real 0.032s	user 0.012s	sys 0.000s
I20260630 12:16:48.708957 19177 tablet_bootstrap.cc:492] T 30d9c6f0d67a4a87b6af5666ddfca1e5 P 263f1fe179c2442fa6b0b16f6c8ae914: Bootstrap starting.
I20260630 12:16:48.710937 19176 ts_tablet_manager.cc:1434] T 2bfe490704074e7da3b66da9cff422a1 P a035c8ed38ad4c68976a872e0cf5e13e: Time spent starting tablet: real 0.033s	user 0.007s	sys 0.000s
I20260630 12:16:48.712393 19176 tablet_bootstrap.cc:492] T fc2d4326adef493f9a402bdfe5d91513 P a035c8ed38ad4c68976a872e0cf5e13e: Bootstrap starting.
I20260630 12:16:48.716005 19177 tablet_bootstrap.cc:654] T 30d9c6f0d67a4a87b6af5666ddfca1e5 P 263f1fe179c2442fa6b0b16f6c8ae914: Neither blocks nor log segments found. Creating new log.
I20260630 12:16:48.708487 19179 raft_consensus.cc:359] T 30d9c6f0d67a4a87b6af5666ddfca1e5 P a0b08aaa5bb3429ca0c3700a5ca7dcdc [term 0 FOLLOWER]: Replica starting. Triggering 0 pending ops. Active config: opid_index: -1 OBSOLETE_local: false peers { permanent_uuid: "a0b08aaa5bb3429ca0c3700a5ca7dcdc" member_type: VOTER last_known_addr { host: "127.15.162.129" port: 44237 } } peers { permanent_uuid: "263f1fe179c2442fa6b0b16f6c8ae914" member_type: VOTER last_known_addr { host: "127.15.162.130" port: 42527 } } peers { permanent_uuid: "a035c8ed38ad4c68976a872e0cf5e13e" member_type: VOTER last_known_addr { host: "127.15.162.131" port: 46451 } }
I20260630 12:16:48.719250 19179 raft_consensus.cc:385] T 30d9c6f0d67a4a87b6af5666ddfca1e5 P a0b08aaa5bb3429ca0c3700a5ca7dcdc [term 0 FOLLOWER]: Consensus starting up: Expiring failure detector timer to make a prompt election more likely
I20260630 12:16:48.719710 19179 raft_consensus.cc:740] T 30d9c6f0d67a4a87b6af5666ddfca1e5 P a0b08aaa5bb3429ca0c3700a5ca7dcdc [term 0 FOLLOWER]: Becoming Follower/Learner. State: Replica: a0b08aaa5bb3429ca0c3700a5ca7dcdc, State: Initialized, Role: FOLLOWER
I20260630 12:16:48.720786 19179 consensus_queue.cc:260] T 30d9c6f0d67a4a87b6af5666ddfca1e5 P a0b08aaa5bb3429ca0c3700a5ca7dcdc [NON_LEADER]: Queue going to NON_LEADER mode. State: All replicated index: 0, Majority replicated index: 0, Committed index: 0, Last appended: 0.0, Last appended by leader: 0, Current term: 0, Majority size: -1, State: 0, Mode: NON_LEADER, active raft config: opid_index: -1 OBSOLETE_local: false peers { permanent_uuid: "a0b08aaa5bb3429ca0c3700a5ca7dcdc" member_type: VOTER last_known_addr { host: "127.15.162.129" port: 44237 } } peers { permanent_uuid: "263f1fe179c2442fa6b0b16f6c8ae914" member_type: VOTER last_known_addr { host: "127.15.162.130" port: 42527 } } peers { permanent_uuid: "a035c8ed38ad4c68976a872e0cf5e13e" member_type: VOTER last_known_addr { host: "127.15.162.131" port: 46451 } }
I20260630 12:16:48.723186 19176 tablet_bootstrap.cc:654] T fc2d4326adef493f9a402bdfe5d91513 P a035c8ed38ad4c68976a872e0cf5e13e: Neither blocks nor log segments found. Creating new log.
I20260630 12:16:48.731513 19177 tablet_bootstrap.cc:492] T 30d9c6f0d67a4a87b6af5666ddfca1e5 P 263f1fe179c2442fa6b0b16f6c8ae914: No bootstrap required, opened a new log
I20260630 12:16:48.732081 19177 ts_tablet_manager.cc:1403] T 30d9c6f0d67a4a87b6af5666ddfca1e5 P 263f1fe179c2442fa6b0b16f6c8ae914: Time spent bootstrapping tablet: real 0.023s	user 0.013s	sys 0.009s
I20260630 12:16:48.732280 19176 tablet_bootstrap.cc:492] T fc2d4326adef493f9a402bdfe5d91513 P a035c8ed38ad4c68976a872e0cf5e13e: No bootstrap required, opened a new log
I20260630 12:16:48.732813 19176 ts_tablet_manager.cc:1403] T fc2d4326adef493f9a402bdfe5d91513 P a035c8ed38ad4c68976a872e0cf5e13e: Time spent bootstrapping tablet: real 0.021s	user 0.012s	sys 0.000s
I20260630 12:16:48.733059 19179 ts_tablet_manager.cc:1434] T 30d9c6f0d67a4a87b6af5666ddfca1e5 P a0b08aaa5bb3429ca0c3700a5ca7dcdc: Time spent starting tablet: real 0.027s	user 0.004s	sys 0.008s
I20260630 12:16:48.734225 19179 tablet_bootstrap.cc:492] T 2bfe490704074e7da3b66da9cff422a1 P a0b08aaa5bb3429ca0c3700a5ca7dcdc: Bootstrap starting.
I20260630 12:16:48.735278 19177 raft_consensus.cc:359] T 30d9c6f0d67a4a87b6af5666ddfca1e5 P 263f1fe179c2442fa6b0b16f6c8ae914 [term 0 FOLLOWER]: Replica starting. Triggering 0 pending ops. Active config: opid_index: -1 OBSOLETE_local: false peers { permanent_uuid: "a0b08aaa5bb3429ca0c3700a5ca7dcdc" member_type: VOTER last_known_addr { host: "127.15.162.129" port: 44237 } } peers { permanent_uuid: "263f1fe179c2442fa6b0b16f6c8ae914" member_type: VOTER last_known_addr { host: "127.15.162.130" port: 42527 } } peers { permanent_uuid: "a035c8ed38ad4c68976a872e0cf5e13e" member_type: VOTER last_known_addr { host: "127.15.162.131" port: 46451 } }
I20260630 12:16:48.735543 19176 raft_consensus.cc:359] T fc2d4326adef493f9a402bdfe5d91513 P a035c8ed38ad4c68976a872e0cf5e13e [term 0 FOLLOWER]: Replica starting. Triggering 0 pending ops. Active config: opid_index: -1 OBSOLETE_local: false peers { permanent_uuid: "a0b08aaa5bb3429ca0c3700a5ca7dcdc" member_type: VOTER last_known_addr { host: "127.15.162.129" port: 44237 } } peers { permanent_uuid: "263f1fe179c2442fa6b0b16f6c8ae914" member_type: VOTER last_known_addr { host: "127.15.162.130" port: 42527 } } peers { permanent_uuid: "a035c8ed38ad4c68976a872e0cf5e13e" member_type: VOTER last_known_addr { host: "127.15.162.131" port: 46451 } }
I20260630 12:16:48.736075 19177 raft_consensus.cc:385] T 30d9c6f0d67a4a87b6af5666ddfca1e5 P 263f1fe179c2442fa6b0b16f6c8ae914 [term 0 FOLLOWER]: Consensus starting up: Expiring failure detector timer to make a prompt election more likely
I20260630 12:16:48.736315 19176 raft_consensus.cc:385] T fc2d4326adef493f9a402bdfe5d91513 P a035c8ed38ad4c68976a872e0cf5e13e [term 0 FOLLOWER]: Consensus starting up: Expiring failure detector timer to make a prompt election more likely
I20260630 12:16:48.736416 19177 raft_consensus.cc:740] T 30d9c6f0d67a4a87b6af5666ddfca1e5 P 263f1fe179c2442fa6b0b16f6c8ae914 [term 0 FOLLOWER]: Becoming Follower/Learner. State: Replica: 263f1fe179c2442fa6b0b16f6c8ae914, State: Initialized, Role: FOLLOWER
I20260630 12:16:48.736689 19176 raft_consensus.cc:740] T fc2d4326adef493f9a402bdfe5d91513 P a035c8ed38ad4c68976a872e0cf5e13e [term 0 FOLLOWER]: Becoming Follower/Learner. State: Replica: a035c8ed38ad4c68976a872e0cf5e13e, State: Initialized, Role: FOLLOWER
I20260630 12:16:48.737407 19177 consensus_queue.cc:260] T 30d9c6f0d67a4a87b6af5666ddfca1e5 P 263f1fe179c2442fa6b0b16f6c8ae914 [NON_LEADER]: Queue going to NON_LEADER mode. State: All replicated index: 0, Majority replicated index: 0, Committed index: 0, Last appended: 0.0, Last appended by leader: 0, Current term: 0, Majority size: -1, State: 0, Mode: NON_LEADER, active raft config: opid_index: -1 OBSOLETE_local: false peers { permanent_uuid: "a0b08aaa5bb3429ca0c3700a5ca7dcdc" member_type: VOTER last_known_addr { host: "127.15.162.129" port: 44237 } } peers { permanent_uuid: "263f1fe179c2442fa6b0b16f6c8ae914" member_type: VOTER last_known_addr { host: "127.15.162.130" port: 42527 } } peers { permanent_uuid: "a035c8ed38ad4c68976a872e0cf5e13e" member_type: VOTER last_known_addr { host: "127.15.162.131" port: 46451 } }
I20260630 12:16:48.737473 19176 consensus_queue.cc:260] T fc2d4326adef493f9a402bdfe5d91513 P a035c8ed38ad4c68976a872e0cf5e13e [NON_LEADER]: Queue going to NON_LEADER mode. State: All replicated index: 0, Majority replicated index: 0, Committed index: 0, Last appended: 0.0, Last appended by leader: 0, Current term: 0, Majority size: -1, State: 0, Mode: NON_LEADER, active raft config: opid_index: -1 OBSOLETE_local: false peers { permanent_uuid: "a0b08aaa5bb3429ca0c3700a5ca7dcdc" member_type: VOTER last_known_addr { host: "127.15.162.129" port: 44237 } } peers { permanent_uuid: "263f1fe179c2442fa6b0b16f6c8ae914" member_type: VOTER last_known_addr { host: "127.15.162.130" port: 42527 } } peers { permanent_uuid: "a035c8ed38ad4c68976a872e0cf5e13e" member_type: VOTER last_known_addr { host: "127.15.162.131" port: 46451 } }
I20260630 12:16:48.739991 19177 ts_tablet_manager.cc:1434] T 30d9c6f0d67a4a87b6af5666ddfca1e5 P 263f1fe179c2442fa6b0b16f6c8ae914: Time spent starting tablet: real 0.008s	user 0.008s	sys 0.000s
I20260630 12:16:48.740520 19176 ts_tablet_manager.cc:1434] T fc2d4326adef493f9a402bdfe5d91513 P a035c8ed38ad4c68976a872e0cf5e13e: Time spent starting tablet: real 0.007s	user 0.004s	sys 0.003s
I20260630 12:16:48.741146 19177 tablet_bootstrap.cc:492] T 6a1410cd83744e1a9cfc957ef14e0e70 P 263f1fe179c2442fa6b0b16f6c8ae914: Bootstrap starting.
I20260630 12:16:48.741238 19179 tablet_bootstrap.cc:654] T 2bfe490704074e7da3b66da9cff422a1 P a0b08aaa5bb3429ca0c3700a5ca7dcdc: Neither blocks nor log segments found. Creating new log.
I20260630 12:16:48.741845 19176 tablet_bootstrap.cc:492] T d9191ff6513e47e6a2a35ac64ab3eaf3 P a035c8ed38ad4c68976a872e0cf5e13e: Bootstrap starting.
I20260630 12:16:48.749104 19177 tablet_bootstrap.cc:654] T 6a1410cd83744e1a9cfc957ef14e0e70 P 263f1fe179c2442fa6b0b16f6c8ae914: Neither blocks nor log segments found. Creating new log.
I20260630 12:16:48.751549 19176 tablet_bootstrap.cc:654] T d9191ff6513e47e6a2a35ac64ab3eaf3 P a035c8ed38ad4c68976a872e0cf5e13e: Neither blocks nor log segments found. Creating new log.
I20260630 12:16:48.754055 19179 tablet_bootstrap.cc:492] T 2bfe490704074e7da3b66da9cff422a1 P a0b08aaa5bb3429ca0c3700a5ca7dcdc: No bootstrap required, opened a new log
I20260630 12:16:48.754760 19179 ts_tablet_manager.cc:1403] T 2bfe490704074e7da3b66da9cff422a1 P a0b08aaa5bb3429ca0c3700a5ca7dcdc: Time spent bootstrapping tablet: real 0.021s	user 0.014s	sys 0.003s
I20260630 12:16:48.759572 19179 raft_consensus.cc:359] T 2bfe490704074e7da3b66da9cff422a1 P a0b08aaa5bb3429ca0c3700a5ca7dcdc [term 0 FOLLOWER]: Replica starting. Triggering 0 pending ops. Active config: opid_index: -1 OBSOLETE_local: false peers { permanent_uuid: "a0b08aaa5bb3429ca0c3700a5ca7dcdc" member_type: VOTER last_known_addr { host: "127.15.162.129" port: 44237 } } peers { permanent_uuid: "263f1fe179c2442fa6b0b16f6c8ae914" member_type: VOTER last_known_addr { host: "127.15.162.130" port: 42527 } } peers { permanent_uuid: "a035c8ed38ad4c68976a872e0cf5e13e" member_type: VOTER last_known_addr { host: "127.15.162.131" port: 46451 } }
I20260630 12:16:48.760392 19179 raft_consensus.cc:385] T 2bfe490704074e7da3b66da9cff422a1 P a0b08aaa5bb3429ca0c3700a5ca7dcdc [term 0 FOLLOWER]: Consensus starting up: Expiring failure detector timer to make a prompt election more likely
I20260630 12:16:48.760830 19179 raft_consensus.cc:740] T 2bfe490704074e7da3b66da9cff422a1 P a0b08aaa5bb3429ca0c3700a5ca7dcdc [term 0 FOLLOWER]: Becoming Follower/Learner. State: Replica: a0b08aaa5bb3429ca0c3700a5ca7dcdc, State: Initialized, Role: FOLLOWER
I20260630 12:16:48.761755 19179 consensus_queue.cc:260] T 2bfe490704074e7da3b66da9cff422a1 P a0b08aaa5bb3429ca0c3700a5ca7dcdc [NON_LEADER]: Queue going to NON_LEADER mode. State: All replicated index: 0, Majority replicated index: 0, Committed index: 0, Last appended: 0.0, Last appended by leader: 0, Current term: 0, Majority size: -1, State: 0, Mode: NON_LEADER, active raft config: opid_index: -1 OBSOLETE_local: false peers { permanent_uuid: "a0b08aaa5bb3429ca0c3700a5ca7dcdc" member_type: VOTER last_known_addr { host: "127.15.162.129" port: 44237 } } peers { permanent_uuid: "263f1fe179c2442fa6b0b16f6c8ae914" member_type: VOTER last_known_addr { host: "127.15.162.130" port: 42527 } } peers { permanent_uuid: "a035c8ed38ad4c68976a872e0cf5e13e" member_type: VOTER last_known_addr { host: "127.15.162.131" port: 46451 } }
I20260630 12:16:48.764930 19179 ts_tablet_manager.cc:1434] T 2bfe490704074e7da3b66da9cff422a1 P a0b08aaa5bb3429ca0c3700a5ca7dcdc: Time spent starting tablet: real 0.010s	user 0.007s	sys 0.000s
I20260630 12:16:48.766645 19179 tablet_bootstrap.cc:492] T 6a1410cd83744e1a9cfc957ef14e0e70 P a0b08aaa5bb3429ca0c3700a5ca7dcdc: Bootstrap starting.
I20260630 12:16:48.776196 19179 tablet_bootstrap.cc:654] T 6a1410cd83744e1a9cfc957ef14e0e70 P a0b08aaa5bb3429ca0c3700a5ca7dcdc: Neither blocks nor log segments found. Creating new log.
I20260630 12:16:48.780490 19176 tablet_bootstrap.cc:492] T d9191ff6513e47e6a2a35ac64ab3eaf3 P a035c8ed38ad4c68976a872e0cf5e13e: No bootstrap required, opened a new log
I20260630 12:16:48.781096 19176 ts_tablet_manager.cc:1403] T d9191ff6513e47e6a2a35ac64ab3eaf3 P a035c8ed38ad4c68976a872e0cf5e13e: Time spent bootstrapping tablet: real 0.040s	user 0.014s	sys 0.015s
I20260630 12:16:48.782581 19177 tablet_bootstrap.cc:492] T 6a1410cd83744e1a9cfc957ef14e0e70 P 263f1fe179c2442fa6b0b16f6c8ae914: No bootstrap required, opened a new log
I20260630 12:16:48.783252 19177 ts_tablet_manager.cc:1403] T 6a1410cd83744e1a9cfc957ef14e0e70 P 263f1fe179c2442fa6b0b16f6c8ae914: Time spent bootstrapping tablet: real 0.042s	user 0.017s	sys 0.024s
I20260630 12:16:48.784282 19176 raft_consensus.cc:359] T d9191ff6513e47e6a2a35ac64ab3eaf3 P a035c8ed38ad4c68976a872e0cf5e13e [term 0 FOLLOWER]: Replica starting. Triggering 0 pending ops. Active config: opid_index: -1 OBSOLETE_local: false peers { permanent_uuid: "a0b08aaa5bb3429ca0c3700a5ca7dcdc" member_type: VOTER last_known_addr { host: "127.15.162.129" port: 44237 } } peers { permanent_uuid: "263f1fe179c2442fa6b0b16f6c8ae914" member_type: VOTER last_known_addr { host: "127.15.162.130" port: 42527 } } peers { permanent_uuid: "a035c8ed38ad4c68976a872e0cf5e13e" member_type: VOTER last_known_addr { host: "127.15.162.131" port: 46451 } }
I20260630 12:16:48.785043 19176 raft_consensus.cc:385] T d9191ff6513e47e6a2a35ac64ab3eaf3 P a035c8ed38ad4c68976a872e0cf5e13e [term 0 FOLLOWER]: Consensus starting up: Expiring failure detector timer to make a prompt election more likely
I20260630 12:16:48.785419 19176 raft_consensus.cc:740] T d9191ff6513e47e6a2a35ac64ab3eaf3 P a035c8ed38ad4c68976a872e0cf5e13e [term 0 FOLLOWER]: Becoming Follower/Learner. State: Replica: a035c8ed38ad4c68976a872e0cf5e13e, State: Initialized, Role: FOLLOWER
I20260630 12:16:48.786293 19176 consensus_queue.cc:260] T d9191ff6513e47e6a2a35ac64ab3eaf3 P a035c8ed38ad4c68976a872e0cf5e13e [NON_LEADER]: Queue going to NON_LEADER mode. State: All replicated index: 0, Majority replicated index: 0, Committed index: 0, Last appended: 0.0, Last appended by leader: 0, Current term: 0, Majority size: -1, State: 0, Mode: NON_LEADER, active raft config: opid_index: -1 OBSOLETE_local: false peers { permanent_uuid: "a0b08aaa5bb3429ca0c3700a5ca7dcdc" member_type: VOTER last_known_addr { host: "127.15.162.129" port: 44237 } } peers { permanent_uuid: "263f1fe179c2442fa6b0b16f6c8ae914" member_type: VOTER last_known_addr { host: "127.15.162.130" port: 42527 } } peers { permanent_uuid: "a035c8ed38ad4c68976a872e0cf5e13e" member_type: VOTER last_known_addr { host: "127.15.162.131" port: 46451 } }
I20260630 12:16:48.787703 19177 raft_consensus.cc:359] T 6a1410cd83744e1a9cfc957ef14e0e70 P 263f1fe179c2442fa6b0b16f6c8ae914 [term 0 FOLLOWER]: Replica starting. Triggering 0 pending ops. Active config: opid_index: -1 OBSOLETE_local: false peers { permanent_uuid: "a035c8ed38ad4c68976a872e0cf5e13e" member_type: VOTER last_known_addr { host: "127.15.162.131" port: 46451 } } peers { permanent_uuid: "263f1fe179c2442fa6b0b16f6c8ae914" member_type: VOTER last_known_addr { host: "127.15.162.130" port: 42527 } } peers { permanent_uuid: "a0b08aaa5bb3429ca0c3700a5ca7dcdc" member_type: VOTER last_known_addr { host: "127.15.162.129" port: 44237 } }
I20260630 12:16:48.788486 19177 raft_consensus.cc:385] T 6a1410cd83744e1a9cfc957ef14e0e70 P 263f1fe179c2442fa6b0b16f6c8ae914 [term 0 FOLLOWER]: Consensus starting up: Expiring failure detector timer to make a prompt election more likely
I20260630 12:16:48.788829 19177 raft_consensus.cc:740] T 6a1410cd83744e1a9cfc957ef14e0e70 P 263f1fe179c2442fa6b0b16f6c8ae914 [term 0 FOLLOWER]: Becoming Follower/Learner. State: Replica: 263f1fe179c2442fa6b0b16f6c8ae914, State: Initialized, Role: FOLLOWER
I20260630 12:16:48.789777 19177 consensus_queue.cc:260] T 6a1410cd83744e1a9cfc957ef14e0e70 P 263f1fe179c2442fa6b0b16f6c8ae914 [NON_LEADER]: Queue going to NON_LEADER mode. State: All replicated index: 0, Majority replicated index: 0, Committed index: 0, Last appended: 0.0, Last appended by leader: 0, Current term: 0, Majority size: -1, State: 0, Mode: NON_LEADER, active raft config: opid_index: -1 OBSOLETE_local: false peers { permanent_uuid: "a035c8ed38ad4c68976a872e0cf5e13e" member_type: VOTER last_known_addr { host: "127.15.162.131" port: 46451 } } peers { permanent_uuid: "263f1fe179c2442fa6b0b16f6c8ae914" member_type: VOTER last_known_addr { host: "127.15.162.130" port: 42527 } } peers { permanent_uuid: "a0b08aaa5bb3429ca0c3700a5ca7dcdc" member_type: VOTER last_known_addr { host: "127.15.162.129" port: 44237 } }
I20260630 12:16:48.790383 19179 tablet_bootstrap.cc:492] T 6a1410cd83744e1a9cfc957ef14e0e70 P a0b08aaa5bb3429ca0c3700a5ca7dcdc: No bootstrap required, opened a new log
I20260630 12:16:48.791062 19179 ts_tablet_manager.cc:1403] T 6a1410cd83744e1a9cfc957ef14e0e70 P a0b08aaa5bb3429ca0c3700a5ca7dcdc: Time spent bootstrapping tablet: real 0.025s	user 0.002s	sys 0.017s
I20260630 12:16:48.791962 19176 ts_tablet_manager.cc:1434] T d9191ff6513e47e6a2a35ac64ab3eaf3 P a035c8ed38ad4c68976a872e0cf5e13e: Time spent starting tablet: real 0.010s	user 0.008s	sys 0.000s
I20260630 12:16:48.792460 19177 ts_tablet_manager.cc:1434] T 6a1410cd83744e1a9cfc957ef14e0e70 P 263f1fe179c2442fa6b0b16f6c8ae914: Time spent starting tablet: real 0.009s	user 0.004s	sys 0.003s
I20260630 12:16:48.793282 19176 tablet_bootstrap.cc:492] T 25a114aca4fe46fd971bfe776cb8621b P a035c8ed38ad4c68976a872e0cf5e13e: Bootstrap starting.
I20260630 12:16:48.793706 19177 tablet_bootstrap.cc:492] T 2bfe490704074e7da3b66da9cff422a1 P 263f1fe179c2442fa6b0b16f6c8ae914: Bootstrap starting.
I20260630 12:16:48.794425 19179 raft_consensus.cc:359] T 6a1410cd83744e1a9cfc957ef14e0e70 P a0b08aaa5bb3429ca0c3700a5ca7dcdc [term 0 FOLLOWER]: Replica starting. Triggering 0 pending ops. Active config: opid_index: -1 OBSOLETE_local: false peers { permanent_uuid: "a035c8ed38ad4c68976a872e0cf5e13e" member_type: VOTER last_known_addr { host: "127.15.162.131" port: 46451 } } peers { permanent_uuid: "263f1fe179c2442fa6b0b16f6c8ae914" member_type: VOTER last_known_addr { host: "127.15.162.130" port: 42527 } } peers { permanent_uuid: "a0b08aaa5bb3429ca0c3700a5ca7dcdc" member_type: VOTER last_known_addr { host: "127.15.162.129" port: 44237 } }
I20260630 12:16:48.795429 19179 raft_consensus.cc:385] T 6a1410cd83744e1a9cfc957ef14e0e70 P a0b08aaa5bb3429ca0c3700a5ca7dcdc [term 0 FOLLOWER]: Consensus starting up: Expiring failure detector timer to make a prompt election more likely
I20260630 12:16:48.795789 19179 raft_consensus.cc:740] T 6a1410cd83744e1a9cfc957ef14e0e70 P a0b08aaa5bb3429ca0c3700a5ca7dcdc [term 0 FOLLOWER]: Becoming Follower/Learner. State: Replica: a0b08aaa5bb3429ca0c3700a5ca7dcdc, State: Initialized, Role: FOLLOWER
I20260630 12:16:48.796725 19179 consensus_queue.cc:260] T 6a1410cd83744e1a9cfc957ef14e0e70 P a0b08aaa5bb3429ca0c3700a5ca7dcdc [NON_LEADER]: Queue going to NON_LEADER mode. State: All replicated index: 0, Majority replicated index: 0, Committed index: 0, Last appended: 0.0, Last appended by leader: 0, Current term: 0, Majority size: -1, State: 0, Mode: NON_LEADER, active raft config: opid_index: -1 OBSOLETE_local: false peers { permanent_uuid: "a035c8ed38ad4c68976a872e0cf5e13e" member_type: VOTER last_known_addr { host: "127.15.162.131" port: 46451 } } peers { permanent_uuid: "263f1fe179c2442fa6b0b16f6c8ae914" member_type: VOTER last_known_addr { host: "127.15.162.130" port: 42527 } } peers { permanent_uuid: "a0b08aaa5bb3429ca0c3700a5ca7dcdc" member_type: VOTER last_known_addr { host: "127.15.162.129" port: 44237 } }
I20260630 12:16:48.801146 19176 tablet_bootstrap.cc:654] T 25a114aca4fe46fd971bfe776cb8621b P a035c8ed38ad4c68976a872e0cf5e13e: Neither blocks nor log segments found. Creating new log.
I20260630 12:16:48.801810 19179 ts_tablet_manager.cc:1434] T 6a1410cd83744e1a9cfc957ef14e0e70 P a0b08aaa5bb3429ca0c3700a5ca7dcdc: Time spent starting tablet: real 0.010s	user 0.002s	sys 0.004s
I20260630 12:16:48.802242 19177 tablet_bootstrap.cc:654] T 2bfe490704074e7da3b66da9cff422a1 P 263f1fe179c2442fa6b0b16f6c8ae914: Neither blocks nor log segments found. Creating new log.
I20260630 12:16:48.803058 19179 tablet_bootstrap.cc:492] T 25a114aca4fe46fd971bfe776cb8621b P a0b08aaa5bb3429ca0c3700a5ca7dcdc: Bootstrap starting.
I20260630 12:16:48.814621 19179 tablet_bootstrap.cc:654] T 25a114aca4fe46fd971bfe776cb8621b P a0b08aaa5bb3429ca0c3700a5ca7dcdc: Neither blocks nor log segments found. Creating new log.
I20260630 12:16:48.818069 19185 raft_consensus.cc:493] T 6a1410cd83744e1a9cfc957ef14e0e70 P a0b08aaa5bb3429ca0c3700a5ca7dcdc [term 0 FOLLOWER]: Starting pre-election (no leader contacted us within the election timeout)
I20260630 12:16:48.818925 19185 raft_consensus.cc:515] T 6a1410cd83744e1a9cfc957ef14e0e70 P a0b08aaa5bb3429ca0c3700a5ca7dcdc [term 0 FOLLOWER]: Starting pre-election with config: opid_index: -1 OBSOLETE_local: false peers { permanent_uuid: "a035c8ed38ad4c68976a872e0cf5e13e" member_type: VOTER last_known_addr { host: "127.15.162.131" port: 46451 } } peers { permanent_uuid: "263f1fe179c2442fa6b0b16f6c8ae914" member_type: VOTER last_known_addr { host: "127.15.162.130" port: 42527 } } peers { permanent_uuid: "a0b08aaa5bb3429ca0c3700a5ca7dcdc" member_type: VOTER last_known_addr { host: "127.15.162.129" port: 44237 } }
I20260630 12:16:48.825654 19185 leader_election.cc:290] T 6a1410cd83744e1a9cfc957ef14e0e70 P a0b08aaa5bb3429ca0c3700a5ca7dcdc [CANDIDATE]: Term 1 pre-election: Requested pre-vote from peers a035c8ed38ad4c68976a872e0cf5e13e (127.15.162.131:46451), 263f1fe179c2442fa6b0b16f6c8ae914 (127.15.162.130:42527)
I20260630 12:16:48.834684 19183 raft_consensus.cc:493] T cb2bb7b39e564a109474ca49ed7125d8 P 263f1fe179c2442fa6b0b16f6c8ae914 [term 0 FOLLOWER]: Starting pre-election (no leader contacted us within the election timeout)
I20260630 12:16:48.835609 19183 raft_consensus.cc:515] T cb2bb7b39e564a109474ca49ed7125d8 P 263f1fe179c2442fa6b0b16f6c8ae914 [term 0 FOLLOWER]: Starting pre-election with config: opid_index: -1 OBSOLETE_local: false peers { permanent_uuid: "263f1fe179c2442fa6b0b16f6c8ae914" member_type: VOTER last_known_addr { host: "127.15.162.130" port: 42527 } } peers { permanent_uuid: "a0b08aaa5bb3429ca0c3700a5ca7dcdc" member_type: VOTER last_known_addr { host: "127.15.162.129" port: 44237 } } peers { permanent_uuid: "a035c8ed38ad4c68976a872e0cf5e13e" member_type: VOTER last_known_addr { host: "127.15.162.131" port: 46451 } }
I20260630 12:16:48.852811 19176 tablet_bootstrap.cc:492] T 25a114aca4fe46fd971bfe776cb8621b P a035c8ed38ad4c68976a872e0cf5e13e: No bootstrap required, opened a new log
I20260630 12:16:48.853689 19176 ts_tablet_manager.cc:1403] T 25a114aca4fe46fd971bfe776cb8621b P a035c8ed38ad4c68976a872e0cf5e13e: Time spent bootstrapping tablet: real 0.061s	user 0.015s	sys 0.034s
I20260630 12:16:48.857793 19176 raft_consensus.cc:359] T 25a114aca4fe46fd971bfe776cb8621b P a035c8ed38ad4c68976a872e0cf5e13e [term 0 FOLLOWER]: Replica starting. Triggering 0 pending ops. Active config: opid_index: -1 OBSOLETE_local: false peers { permanent_uuid: "a0b08aaa5bb3429ca0c3700a5ca7dcdc" member_type: VOTER last_known_addr { host: "127.15.162.129" port: 44237 } } peers { permanent_uuid: "263f1fe179c2442fa6b0b16f6c8ae914" member_type: VOTER last_known_addr { host: "127.15.162.130" port: 42527 } } peers { permanent_uuid: "a035c8ed38ad4c68976a872e0cf5e13e" member_type: VOTER last_known_addr { host: "127.15.162.131" port: 46451 } }
I20260630 12:16:48.859053 19176 raft_consensus.cc:385] T 25a114aca4fe46fd971bfe776cb8621b P a035c8ed38ad4c68976a872e0cf5e13e [term 0 FOLLOWER]: Consensus starting up: Expiring failure detector timer to make a prompt election more likely
I20260630 12:16:48.859541 19176 raft_consensus.cc:740] T 25a114aca4fe46fd971bfe776cb8621b P a035c8ed38ad4c68976a872e0cf5e13e [term 0 FOLLOWER]: Becoming Follower/Learner. State: Replica: a035c8ed38ad4c68976a872e0cf5e13e, State: Initialized, Role: FOLLOWER
I20260630 12:16:48.861143 19176 consensus_queue.cc:260] T 25a114aca4fe46fd971bfe776cb8621b P a035c8ed38ad4c68976a872e0cf5e13e [NON_LEADER]: Queue going to NON_LEADER mode. State: All replicated index: 0, Majority replicated index: 0, Committed index: 0, Last appended: 0.0, Last appended by leader: 0, Current term: 0, Majority size: -1, State: 0, Mode: NON_LEADER, active raft config: opid_index: -1 OBSOLETE_local: false peers { permanent_uuid: "a0b08aaa5bb3429ca0c3700a5ca7dcdc" member_type: VOTER last_known_addr { host: "127.15.162.129" port: 44237 } } peers { permanent_uuid: "263f1fe179c2442fa6b0b16f6c8ae914" member_type: VOTER last_known_addr { host: "127.15.162.130" port: 42527 } } peers { permanent_uuid: "a035c8ed38ad4c68976a872e0cf5e13e" member_type: VOTER last_known_addr { host: "127.15.162.131" port: 46451 } }
I20260630 12:16:48.864679 19176 ts_tablet_manager.cc:1434] T 25a114aca4fe46fd971bfe776cb8621b P a035c8ed38ad4c68976a872e0cf5e13e: Time spent starting tablet: real 0.010s	user 0.008s	sys 0.000s
I20260630 12:16:48.866277 19176 tablet_bootstrap.cc:492] T 30d9c6f0d67a4a87b6af5666ddfca1e5 P a035c8ed38ad4c68976a872e0cf5e13e: Bootstrap starting.
I20260630 12:16:48.867542 19183 leader_election.cc:290] T cb2bb7b39e564a109474ca49ed7125d8 P 263f1fe179c2442fa6b0b16f6c8ae914 [CANDIDATE]: Term 1 pre-election: Requested pre-vote from peers a0b08aaa5bb3429ca0c3700a5ca7dcdc (127.15.162.129:44237), a035c8ed38ad4c68976a872e0cf5e13e (127.15.162.131:46451)
W20260630 12:16:48.890022 18928 auto_rebalancer.cc:298] Could not retrieve cluster info: Service unavailable: Tablet not running
I20260630 12:16:48.891896 18933 auto_leader_rebalancer.cc:141] leader rebalance for table range_aware_rebalance_new_range
W20260630 12:16:48.893198 18933 auto_leader_rebalancer.cc:524] the master instance isn't leader: Service unavailable: Tablet not running
I20260630 12:16:48.885407 19179 tablet_bootstrap.cc:492] T 25a114aca4fe46fd971bfe776cb8621b P a0b08aaa5bb3429ca0c3700a5ca7dcdc: No bootstrap required, opened a new log
I20260630 12:16:48.894063 19182 raft_consensus.cc:493] T 2bfe490704074e7da3b66da9cff422a1 P a035c8ed38ad4c68976a872e0cf5e13e [term 0 FOLLOWER]: Starting pre-election (no leader contacted us within the election timeout)
I20260630 12:16:48.894445 19179 ts_tablet_manager.cc:1403] T 25a114aca4fe46fd971bfe776cb8621b P a0b08aaa5bb3429ca0c3700a5ca7dcdc: Time spent bootstrapping tablet: real 0.092s	user 0.012s	sys 0.017s
I20260630 12:16:48.894557 19182 raft_consensus.cc:515] T 2bfe490704074e7da3b66da9cff422a1 P a035c8ed38ad4c68976a872e0cf5e13e [term 0 FOLLOWER]: Starting pre-election with config: opid_index: -1 OBSOLETE_local: false peers { permanent_uuid: "a0b08aaa5bb3429ca0c3700a5ca7dcdc" member_type: VOTER last_known_addr { host: "127.15.162.129" port: 44237 } } peers { permanent_uuid: "263f1fe179c2442fa6b0b16f6c8ae914" member_type: VOTER last_known_addr { host: "127.15.162.130" port: 42527 } } peers { permanent_uuid: "a035c8ed38ad4c68976a872e0cf5e13e" member_type: VOTER last_known_addr { host: "127.15.162.131" port: 46451 } }
I20260630 12:16:48.897327 19179 raft_consensus.cc:359] T 25a114aca4fe46fd971bfe776cb8621b P a0b08aaa5bb3429ca0c3700a5ca7dcdc [term 0 FOLLOWER]: Replica starting. Triggering 0 pending ops. Active config: opid_index: -1 OBSOLETE_local: false peers { permanent_uuid: "a0b08aaa5bb3429ca0c3700a5ca7dcdc" member_type: VOTER last_known_addr { host: "127.15.162.129" port: 44237 } } peers { permanent_uuid: "263f1fe179c2442fa6b0b16f6c8ae914" member_type: VOTER last_known_addr { host: "127.15.162.130" port: 42527 } } peers { permanent_uuid: "a035c8ed38ad4c68976a872e0cf5e13e" member_type: VOTER last_known_addr { host: "127.15.162.131" port: 46451 } }
I20260630 12:16:48.898074 19179 raft_consensus.cc:385] T 25a114aca4fe46fd971bfe776cb8621b P a0b08aaa5bb3429ca0c3700a5ca7dcdc [term 0 FOLLOWER]: Consensus starting up: Expiring failure detector timer to make a prompt election more likely
I20260630 12:16:48.898372 19179 raft_consensus.cc:740] T 25a114aca4fe46fd971bfe776cb8621b P a0b08aaa5bb3429ca0c3700a5ca7dcdc [term 0 FOLLOWER]: Becoming Follower/Learner. State: Replica: a0b08aaa5bb3429ca0c3700a5ca7dcdc, State: Initialized, Role: FOLLOWER
I20260630 12:16:48.900305 19182 leader_election.cc:290] T 2bfe490704074e7da3b66da9cff422a1 P a035c8ed38ad4c68976a872e0cf5e13e [CANDIDATE]: Term 1 pre-election: Requested pre-vote from peers a0b08aaa5bb3429ca0c3700a5ca7dcdc (127.15.162.129:44237), 263f1fe179c2442fa6b0b16f6c8ae914 (127.15.162.130:42527)
I20260630 12:16:48.917057 19185 raft_consensus.cc:493] T 2bfe490704074e7da3b66da9cff422a1 P a0b08aaa5bb3429ca0c3700a5ca7dcdc [term 0 FOLLOWER]: Starting pre-election (no leader contacted us within the election timeout)
I20260630 12:16:48.918017 19185 raft_consensus.cc:515] T 2bfe490704074e7da3b66da9cff422a1 P a0b08aaa5bb3429ca0c3700a5ca7dcdc [term 0 FOLLOWER]: Starting pre-election with config: opid_index: -1 OBSOLETE_local: false peers { permanent_uuid: "a0b08aaa5bb3429ca0c3700a5ca7dcdc" member_type: VOTER last_known_addr { host: "127.15.162.129" port: 44237 } } peers { permanent_uuid: "263f1fe179c2442fa6b0b16f6c8ae914" member_type: VOTER last_known_addr { host: "127.15.162.130" port: 42527 } } peers { permanent_uuid: "a035c8ed38ad4c68976a872e0cf5e13e" member_type: VOTER last_known_addr { host: "127.15.162.131" port: 46451 } }
I20260630 12:16:48.923094 19185 leader_election.cc:290] T 2bfe490704074e7da3b66da9cff422a1 P a0b08aaa5bb3429ca0c3700a5ca7dcdc [CANDIDATE]: Term 1 pre-election: Requested pre-vote from peers 263f1fe179c2442fa6b0b16f6c8ae914 (127.15.162.130:42527), a035c8ed38ad4c68976a872e0cf5e13e (127.15.162.131:46451)
