I20260630 12:16:33.204715 17159 raft_consensus.cc:515] T 97684c08eda84b8ea47c1a644b928f66 P c36df0c303f547d0acf9a289038cb108 [term 0 FOLLOWER]: Starting pre-election with config: opid_index: -1 OBSOLETE_local: false peers { permanent_uuid: "c36df0c303f547d0acf9a289038cb108" member_type: VOTER last_known_addr { host: "127.13.163.2" port: 41515 } } peers { permanent_uuid: "ea62c045fd9c4f5d8b128f5e2556d064" member_type: VOTER last_known_addr { host: "127.13.163.4" port: 43949 } } peers { permanent_uuid: "173a40a3eb1d4e3d86bfbab94dafc803" member_type: VOTER last_known_addr { host: "127.13.163.1" port: 33971 } }
I20260630 12:16:33.208604 17267 tablet_bootstrap.cc:654] T 97684c08eda84b8ea47c1a644b928f66 P 173a40a3eb1d4e3d86bfbab94dafc803: Neither blocks nor log segments found. Creating new log.
I20260630 12:16:33.209167 17278 tablet_bootstrap.cc:654] T b137d6e2b745499082aa2ed09f676045 P ea62c045fd9c4f5d8b128f5e2556d064: Neither blocks nor log segments found. Creating new log.
I20260630 12:16:33.209749 17159 leader_election.cc:290] T 97684c08eda84b8ea47c1a644b928f66 P c36df0c303f547d0acf9a289038cb108 [CANDIDATE]: Term 1 pre-election: Requested pre-vote from peers ea62c045fd9c4f5d8b128f5e2556d064 (127.13.163.4:43949), 173a40a3eb1d4e3d86bfbab94dafc803 (127.13.163.1:33971)
I20260630 12:16:33.229620 16923 tablet_service.cc:1917] Received RequestConsensusVote() RPC: tablet_id: "97684c08eda84b8ea47c1a644b928f66" candidate_uuid: "c36df0c303f547d0acf9a289038cb108" candidate_term: 1 candidate_status { last_received { term: 0 index: 0 } } ignore_live_leader: false dest_uuid: "173a40a3eb1d4e3d86bfbab94dafc803" is_pre_election: true
W20260630 12:16:33.233579 16966 leader_election.cc:343] T 97684c08eda84b8ea47c1a644b928f66 P c36df0c303f547d0acf9a289038cb108 [CANDIDATE]: Term 1 pre-election: Tablet error from VoteRequest() call to peer 173a40a3eb1d4e3d86bfbab94dafc803 (127.13.163.1:33971): Illegal state: must be running to vote when last-logged opid is not known
I20260630 12:16:33.235543 17228 tablet_service.cc:1917] Received RequestConsensusVote() RPC: tablet_id: "97684c08eda84b8ea47c1a644b928f66" candidate_uuid: "c36df0c303f547d0acf9a289038cb108" candidate_term: 1 candidate_status { last_received { term: 0 index: 0 } } ignore_live_leader: false dest_uuid: "ea62c045fd9c4f5d8b128f5e2556d064" is_pre_election: true
I20260630 12:16:33.236214 17228 raft_consensus.cc:2468] T 97684c08eda84b8ea47c1a644b928f66 P ea62c045fd9c4f5d8b128f5e2556d064 [term 0 FOLLOWER]: Leader pre-election vote request: Granting yes vote for candidate c36df0c303f547d0acf9a289038cb108 in term 0.
I20260630 12:16:33.237948 17267 tablet_bootstrap.cc:492] T 97684c08eda84b8ea47c1a644b928f66 P 173a40a3eb1d4e3d86bfbab94dafc803: No bootstrap required, opened a new log
I20260630 12:16:33.237732 16966 leader_election.cc:304] T 97684c08eda84b8ea47c1a644b928f66 P c36df0c303f547d0acf9a289038cb108 [CANDIDATE]: Term 1 pre-election: Election decided. Result: candidate won. Election summary: received 3 responses out of 3 voters: 2 yes votes; 1 no votes. yes voters: c36df0c303f547d0acf9a289038cb108, ea62c045fd9c4f5d8b128f5e2556d064; no voters: 173a40a3eb1d4e3d86bfbab94dafc803
I20260630 12:16:33.238438 17278 tablet_bootstrap.cc:492] T b137d6e2b745499082aa2ed09f676045 P ea62c045fd9c4f5d8b128f5e2556d064: No bootstrap required, opened a new log
I20260630 12:16:33.238718 17267 ts_tablet_manager.cc:1403] T 97684c08eda84b8ea47c1a644b928f66 P 173a40a3eb1d4e3d86bfbab94dafc803: Time spent bootstrapping tablet: real 0.044s	user 0.008s	sys 0.020s
I20260630 12:16:33.239130 17278 ts_tablet_manager.cc:1403] T b137d6e2b745499082aa2ed09f676045 P ea62c045fd9c4f5d8b128f5e2556d064: Time spent bootstrapping tablet: real 0.036s	user 0.013s	sys 0.021s
I20260630 12:16:33.239202 17159 raft_consensus.cc:2804] T 97684c08eda84b8ea47c1a644b928f66 P c36df0c303f547d0acf9a289038cb108 [term 0 FOLLOWER]: Leader pre-election won for term 1
I20260630 12:16:33.239703 17159 raft_consensus.cc:493] T 97684c08eda84b8ea47c1a644b928f66 P c36df0c303f547d0acf9a289038cb108 [term 0 FOLLOWER]: Starting leader election (no leader contacted us within the election timeout)
I20260630 12:16:33.240094 17159 raft_consensus.cc:3060] T 97684c08eda84b8ea47c1a644b928f66 P c36df0c303f547d0acf9a289038cb108 [term 0 FOLLOWER]: Advancing to term 1
I20260630 12:16:33.242241 17267 raft_consensus.cc:359] T 97684c08eda84b8ea47c1a644b928f66 P 173a40a3eb1d4e3d86bfbab94dafc803 [term 0 FOLLOWER]: Replica starting. Triggering 0 pending ops. Active config: opid_index: -1 OBSOLETE_local: false peers { permanent_uuid: "c36df0c303f547d0acf9a289038cb108" member_type: VOTER last_known_addr { host: "127.13.163.2" port: 41515 } } peers { permanent_uuid: "ea62c045fd9c4f5d8b128f5e2556d064" member_type: VOTER last_known_addr { host: "127.13.163.4" port: 43949 } } peers { permanent_uuid: "173a40a3eb1d4e3d86bfbab94dafc803" member_type: VOTER last_known_addr { host: "127.13.163.1" port: 33971 } }
I20260630 12:16:33.242483 17278 raft_consensus.cc:359] T b137d6e2b745499082aa2ed09f676045 P ea62c045fd9c4f5d8b128f5e2556d064 [term 0 FOLLOWER]: Replica starting. Triggering 0 pending ops. Active config: opid_index: -1 OBSOLETE_local: false peers { permanent_uuid: "85c476f30eba4521b9544e480f743256" member_type: VOTER last_known_addr { host: "127.13.163.3" port: 42407 } } peers { permanent_uuid: "ea62c045fd9c4f5d8b128f5e2556d064" member_type: VOTER last_known_addr { host: "127.13.163.4" port: 43949 } } peers { permanent_uuid: "173a40a3eb1d4e3d86bfbab94dafc803" member_type: VOTER last_known_addr { host: "127.13.163.1" port: 33971 } }
I20260630 12:16:33.243295 17278 raft_consensus.cc:385] T b137d6e2b745499082aa2ed09f676045 P ea62c045fd9c4f5d8b128f5e2556d064 [term 0 FOLLOWER]: Consensus starting up: Expiring failure detector timer to make a prompt election more likely
I20260630 12:16:33.243232 17267 raft_consensus.cc:385] T 97684c08eda84b8ea47c1a644b928f66 P 173a40a3eb1d4e3d86bfbab94dafc803 [term 0 FOLLOWER]: Consensus starting up: Expiring failure detector timer to make a prompt election more likely
I20260630 12:16:33.243696 17278 raft_consensus.cc:740] T b137d6e2b745499082aa2ed09f676045 P ea62c045fd9c4f5d8b128f5e2556d064 [term 0 FOLLOWER]: Becoming Follower/Learner. State: Replica: ea62c045fd9c4f5d8b128f5e2556d064, State: Initialized, Role: FOLLOWER
I20260630 12:16:33.244258 17267 raft_consensus.cc:740] T 97684c08eda84b8ea47c1a644b928f66 P 173a40a3eb1d4e3d86bfbab94dafc803 [term 0 FOLLOWER]: Becoming Follower/Learner. State: Replica: 173a40a3eb1d4e3d86bfbab94dafc803, State: Initialized, Role: FOLLOWER
I20260630 12:16:33.244930 17278 consensus_queue.cc:260] T b137d6e2b745499082aa2ed09f676045 P ea62c045fd9c4f5d8b128f5e2556d064 [NON_LEADER]: Queue going to NON_LEADER mode. State: All replicated index: 0, Majority replicated index: 0, Committed index: 0, Last appended: 0.0, Last appended by leader: 0, Current term: 0, Majority size: -1, State: 0, Mode: NON_LEADER, active raft config: opid_index: -1 OBSOLETE_local: false peers { permanent_uuid: "85c476f30eba4521b9544e480f743256" member_type: VOTER last_known_addr { host: "127.13.163.3" port: 42407 } } peers { permanent_uuid: "ea62c045fd9c4f5d8b128f5e2556d064" member_type: VOTER last_known_addr { host: "127.13.163.4" port: 43949 } } peers { permanent_uuid: "173a40a3eb1d4e3d86bfbab94dafc803" member_type: VOTER last_known_addr { host: "127.13.163.1" port: 33971 } }
I20260630 12:16:33.245275 17267 consensus_queue.cc:260] T 97684c08eda84b8ea47c1a644b928f66 P 173a40a3eb1d4e3d86bfbab94dafc803 [NON_LEADER]: Queue going to NON_LEADER mode. State: All replicated index: 0, Majority replicated index: 0, Committed index: 0, Last appended: 0.0, Last appended by leader: 0, Current term: 0, Majority size: -1, State: 0, Mode: NON_LEADER, active raft config: opid_index: -1 OBSOLETE_local: false peers { permanent_uuid: "c36df0c303f547d0acf9a289038cb108" member_type: VOTER last_known_addr { host: "127.13.163.2" port: 41515 } } peers { permanent_uuid: "ea62c045fd9c4f5d8b128f5e2556d064" member_type: VOTER last_known_addr { host: "127.13.163.4" port: 43949 } } peers { permanent_uuid: "173a40a3eb1d4e3d86bfbab94dafc803" member_type: VOTER last_known_addr { host: "127.13.163.1" port: 33971 } }
I20260630 12:16:33.247329 17278 ts_tablet_manager.cc:1434] T b137d6e2b745499082aa2ed09f676045 P ea62c045fd9c4f5d8b128f5e2556d064: Time spent starting tablet: real 0.008s	user 0.005s	sys 0.003s
I20260630 12:16:33.248433 17278 tablet_bootstrap.cc:492] T 68f5c4d73c5f4ee1a1100a58cdd453ed P ea62c045fd9c4f5d8b128f5e2556d064: Bootstrap starting.
I20260630 12:16:33.248535 17267 ts_tablet_manager.cc:1434] T 97684c08eda84b8ea47c1a644b928f66 P 173a40a3eb1d4e3d86bfbab94dafc803: Time spent starting tablet: real 0.009s	user 0.007s	sys 0.000s
I20260630 12:16:33.253012 17159 raft_consensus.cc:515] T 97684c08eda84b8ea47c1a644b928f66 P c36df0c303f547d0acf9a289038cb108 [term 1 FOLLOWER]: Starting leader election with config: opid_index: -1 OBSOLETE_local: false peers { permanent_uuid: "c36df0c303f547d0acf9a289038cb108" member_type: VOTER last_known_addr { host: "127.13.163.2" port: 41515 } } peers { permanent_uuid: "ea62c045fd9c4f5d8b128f5e2556d064" member_type: VOTER last_known_addr { host: "127.13.163.4" port: 43949 } } peers { permanent_uuid: "173a40a3eb1d4e3d86bfbab94dafc803" member_type: VOTER last_known_addr { host: "127.13.163.1" port: 33971 } }
I20260630 12:16:33.256106 17278 tablet_bootstrap.cc:654] T 68f5c4d73c5f4ee1a1100a58cdd453ed P ea62c045fd9c4f5d8b128f5e2556d064: Neither blocks nor log segments found. Creating new log.
I20260630 12:16:33.257766 17159 leader_election.cc:290] T 97684c08eda84b8ea47c1a644b928f66 P c36df0c303f547d0acf9a289038cb108 [CANDIDATE]: Term 1 election: Requested vote from peers ea62c045fd9c4f5d8b128f5e2556d064 (127.13.163.4:43949), 173a40a3eb1d4e3d86bfbab94dafc803 (127.13.163.1:33971)
I20260630 12:16:33.258924 17228 tablet_service.cc:1917] Received RequestConsensusVote() RPC: tablet_id: "97684c08eda84b8ea47c1a644b928f66" candidate_uuid: "c36df0c303f547d0acf9a289038cb108" candidate_term: 1 candidate_status { last_received { term: 0 index: 0 } } ignore_live_leader: false dest_uuid: "ea62c045fd9c4f5d8b128f5e2556d064"
I20260630 12:16:33.259299 16923 tablet_service.cc:1917] Received RequestConsensusVote() RPC: tablet_id: "97684c08eda84b8ea47c1a644b928f66" candidate_uuid: "c36df0c303f547d0acf9a289038cb108" candidate_term: 1 candidate_status { last_received { term: 0 index: 0 } } ignore_live_leader: false dest_uuid: "173a40a3eb1d4e3d86bfbab94dafc803"
I20260630 12:16:33.259521 17228 raft_consensus.cc:3060] T 97684c08eda84b8ea47c1a644b928f66 P ea62c045fd9c4f5d8b128f5e2556d064 [term 0 FOLLOWER]: Advancing to term 1
I20260630 12:16:33.259930 16923 raft_consensus.cc:3060] T 97684c08eda84b8ea47c1a644b928f66 P 173a40a3eb1d4e3d86bfbab94dafc803 [term 0 FOLLOWER]: Advancing to term 1
I20260630 12:16:33.266100 17228 raft_consensus.cc:2468] T 97684c08eda84b8ea47c1a644b928f66 P ea62c045fd9c4f5d8b128f5e2556d064 [term 1 FOLLOWER]: Leader election vote request: Granting yes vote for candidate c36df0c303f547d0acf9a289038cb108 in term 1.
I20260630 12:16:33.267223 16966 leader_election.cc:304] T 97684c08eda84b8ea47c1a644b928f66 P c36df0c303f547d0acf9a289038cb108 [CANDIDATE]: Term 1 election: Election decided. Result: candidate won. Election summary: received 2 responses out of 3 voters: 2 yes votes; 0 no votes. yes voters: c36df0c303f547d0acf9a289038cb108, ea62c045fd9c4f5d8b128f5e2556d064; no voters: 
I20260630 12:16:33.268162 17159 raft_consensus.cc:2804] T 97684c08eda84b8ea47c1a644b928f66 P c36df0c303f547d0acf9a289038cb108 [term 1 FOLLOWER]: Leader election won for term 1
I20260630 12:16:33.268684 17159 raft_consensus.cc:697] T 97684c08eda84b8ea47c1a644b928f66 P c36df0c303f547d0acf9a289038cb108 [term 1 LEADER]: Becoming Leader. State: Replica: c36df0c303f547d0acf9a289038cb108, State: Running, Role: LEADER
I20260630 12:16:33.268908 17278 tablet_bootstrap.cc:492] T 68f5c4d73c5f4ee1a1100a58cdd453ed P ea62c045fd9c4f5d8b128f5e2556d064: No bootstrap required, opened a new log
I20260630 12:16:33.267103 16923 raft_consensus.cc:2468] T 97684c08eda84b8ea47c1a644b928f66 P 173a40a3eb1d4e3d86bfbab94dafc803 [term 1 FOLLOWER]: Leader election vote request: Granting yes vote for candidate c36df0c303f547d0acf9a289038cb108 in term 1.
I20260630 12:16:33.269380 17278 ts_tablet_manager.cc:1403] T 68f5c4d73c5f4ee1a1100a58cdd453ed P ea62c045fd9c4f5d8b128f5e2556d064: Time spent bootstrapping tablet: real 0.021s	user 0.011s	sys 0.000s
I20260630 12:16:33.269555 17159 consensus_queue.cc:237] T 97684c08eda84b8ea47c1a644b928f66 P c36df0c303f547d0acf9a289038cb108 [LEADER]: Queue going to LEADER mode. State: All replicated index: 0, Majority replicated index: 0, Committed index: 0, Last appended: 0.0, Last appended by leader: 0, Current term: 1, Majority size: 2, State: 0, Mode: LEADER, active raft config: opid_index: -1 OBSOLETE_local: false peers { permanent_uuid: "c36df0c303f547d0acf9a289038cb108" member_type: VOTER last_known_addr { host: "127.13.163.2" port: 41515 } } peers { permanent_uuid: "ea62c045fd9c4f5d8b128f5e2556d064" member_type: VOTER last_known_addr { host: "127.13.163.4" port: 43949 } } peers { permanent_uuid: "173a40a3eb1d4e3d86bfbab94dafc803" member_type: VOTER last_known_addr { host: "127.13.163.1" port: 33971 } }
I20260630 12:16:33.271955 17278 raft_consensus.cc:359] T 68f5c4d73c5f4ee1a1100a58cdd453ed P ea62c045fd9c4f5d8b128f5e2556d064 [term 0 FOLLOWER]: Replica starting. Triggering 0 pending ops. Active config: opid_index: -1 OBSOLETE_local: false peers { permanent_uuid: "85c476f30eba4521b9544e480f743256" member_type: VOTER last_known_addr { host: "127.13.163.3" port: 42407 } } peers { permanent_uuid: "173a40a3eb1d4e3d86bfbab94dafc803" member_type: VOTER last_known_addr { host: "127.13.163.1" port: 33971 } } peers { permanent_uuid: "ea62c045fd9c4f5d8b128f5e2556d064" member_type: VOTER last_known_addr { host: "127.13.163.4" port: 43949 } }
I20260630 12:16:33.272486 17278 raft_consensus.cc:385] T 68f5c4d73c5f4ee1a1100a58cdd453ed P ea62c045fd9c4f5d8b128f5e2556d064 [term 0 FOLLOWER]: Consensus starting up: Expiring failure detector timer to make a prompt election more likely
I20260630 12:16:33.272719 17278 raft_consensus.cc:740] T 68f5c4d73c5f4ee1a1100a58cdd453ed P ea62c045fd9c4f5d8b128f5e2556d064 [term 0 FOLLOWER]: Becoming Follower/Learner. State: Replica: ea62c045fd9c4f5d8b128f5e2556d064, State: Initialized, Role: FOLLOWER
I20260630 12:16:33.273305 17278 consensus_queue.cc:260] T 68f5c4d73c5f4ee1a1100a58cdd453ed P ea62c045fd9c4f5d8b128f5e2556d064 [NON_LEADER]: Queue going to NON_LEADER mode. State: All replicated index: 0, Majority replicated index: 0, Committed index: 0, Last appended: 0.0, Last appended by leader: 0, Current term: 0, Majority size: -1, State: 0, Mode: NON_LEADER, active raft config: opid_index: -1 OBSOLETE_local: false peers { permanent_uuid: "85c476f30eba4521b9544e480f743256" member_type: VOTER last_known_addr { host: "127.13.163.3" port: 42407 } } peers { permanent_uuid: "173a40a3eb1d4e3d86bfbab94dafc803" member_type: VOTER last_known_addr { host: "127.13.163.1" port: 33971 } } peers { permanent_uuid: "ea62c045fd9c4f5d8b128f5e2556d064" member_type: VOTER last_known_addr { host: "127.13.163.4" port: 43949 } }
I20260630 12:16:33.275125 17278 ts_tablet_manager.cc:1434] T 68f5c4d73c5f4ee1a1100a58cdd453ed P ea62c045fd9c4f5d8b128f5e2556d064: Time spent starting tablet: real 0.005s	user 0.007s	sys 0.000s
W20260630 12:16:33.277745 16808 catalog_manager.cc:4810] Async tablet task AlterTable RPC for tablet 68f5c4d73c5f4ee1a1100a58cdd453ed (table range_aware_rebalance_new_range [id=db099d5da9ef4f5e8c1d747c12c0dec6], current schema version=0) failed: Not found: failed to reset TS proxy: No leader found: Tablet 68f5c4d73c5f4ee1a1100a58cdd453ed consensus state has no leader
I20260630 12:16:33.279425 16821 catalog_manager.cc:5697] T 97684c08eda84b8ea47c1a644b928f66 P c36df0c303f547d0acf9a289038cb108 reported cstate change: term changed from 0 to 1, leader changed from <none> to c36df0c303f547d0acf9a289038cb108 (127.13.163.2). New cstate: current_term: 1 leader_uuid: "c36df0c303f547d0acf9a289038cb108" committed_config { opid_index: -1 OBSOLETE_local: false peers { permanent_uuid: "c36df0c303f547d0acf9a289038cb108" member_type: VOTER last_known_addr { host: "127.13.163.2" port: 41515 } health_report { overall_health: HEALTHY } } peers { permanent_uuid: "ea62c045fd9c4f5d8b128f5e2556d064" member_type: VOTER last_known_addr { host: "127.13.163.4" port: 43949 } health_report { overall_health: UNKNOWN } } peers { permanent_uuid: "173a40a3eb1d4e3d86bfbab94dafc803" member_type: VOTER last_known_addr { host: "127.13.163.1" port: 33971 } health_report { overall_health: UNKNOWN } } }
I20260630 12:16:33.346505 16876 auto_leader_rebalancer.cc:141] leader rebalance for table range_aware_rebalance_new_range
W20260630 12:16:33.357359 16876 auto_leader_rebalancer.cc:524] the master instance isn't leader: Service unavailable: Tablet not running
I20260630 12:16:33.369799 17273 raft_consensus.cc:493] T 68f5c4d73c5f4ee1a1100a58cdd453ed P 85c476f30eba4521b9544e480f743256 [term 0 FOLLOWER]: Starting pre-election (no leader contacted us within the election timeout)
I20260630 12:16:33.370386 17273 raft_consensus.cc:515] T 68f5c4d73c5f4ee1a1100a58cdd453ed P 85c476f30eba4521b9544e480f743256 [term 0 FOLLOWER]: Starting pre-election with config: opid_index: -1 OBSOLETE_local: false peers { permanent_uuid: "85c476f30eba4521b9544e480f743256" member_type: VOTER last_known_addr { host: "127.13.163.3" port: 42407 } } peers { permanent_uuid: "173a40a3eb1d4e3d86bfbab94dafc803" member_type: VOTER last_known_addr { host: "127.13.163.1" port: 33971 } } peers { permanent_uuid: "ea62c045fd9c4f5d8b128f5e2556d064" member_type: VOTER last_known_addr { host: "127.13.163.4" port: 43949 } }
I20260630 12:16:33.372392 17273 leader_election.cc:290] T 68f5c4d73c5f4ee1a1100a58cdd453ed P 85c476f30eba4521b9544e480f743256 [CANDIDATE]: Term 1 pre-election: Requested pre-vote from peers 173a40a3eb1d4e3d86bfbab94dafc803 (127.13.163.1:33971), ea62c045fd9c4f5d8b128f5e2556d064 (127.13.163.4:43949)
I20260630 12:16:33.373078 16923 tablet_service.cc:1917] Received RequestConsensusVote() RPC: tablet_id: "68f5c4d73c5f4ee1a1100a58cdd453ed" candidate_uuid: "85c476f30eba4521b9544e480f743256" candidate_term: 1 candidate_status { last_received { term: 0 index: 0 } } ignore_live_leader: false dest_uuid: "173a40a3eb1d4e3d86bfbab94dafc803" is_pre_election: true
I20260630 12:16:33.373353 17228 tablet_service.cc:1917] Received RequestConsensusVote() RPC: tablet_id: "68f5c4d73c5f4ee1a1100a58cdd453ed" candidate_uuid: "85c476f30eba4521b9544e480f743256" candidate_term: 1 candidate_status { last_received { term: 0 index: 0 } } ignore_live_leader: false dest_uuid: "ea62c045fd9c4f5d8b128f5e2556d064" is_pre_election: true
I20260630 12:16:33.373755 16923 raft_consensus.cc:2468] T 68f5c4d73c5f4ee1a1100a58cdd453ed P 173a40a3eb1d4e3d86bfbab94dafc803 [term 0 FOLLOWER]: Leader pre-election vote request: Granting yes vote for candidate 85c476f30eba4521b9544e480f743256 in term 0.
I20260630 12:16:33.373968 17228 raft_consensus.cc:2468] T 68f5c4d73c5f4ee1a1100a58cdd453ed P ea62c045fd9c4f5d8b128f5e2556d064 [term 0 FOLLOWER]: Leader pre-election vote request: Granting yes vote for candidate 85c476f30eba4521b9544e480f743256 in term 0.
I20260630 12:16:33.375129 17040 leader_election.cc:304] T 68f5c4d73c5f4ee1a1100a58cdd453ed P 85c476f30eba4521b9544e480f743256 [CANDIDATE]: Term 1 pre-election: Election decided. Result: candidate won. Election summary: received 2 responses out of 3 voters: 2 yes votes; 0 no votes. yes voters: 85c476f30eba4521b9544e480f743256, ea62c045fd9c4f5d8b128f5e2556d064; no voters: 
I20260630 12:16:33.375716 17273 raft_consensus.cc:2804] T 68f5c4d73c5f4ee1a1100a58cdd453ed P 85c476f30eba4521b9544e480f743256 [term 0 FOLLOWER]: Leader pre-election won for term 1
I20260630 12:16:33.376073 17273 raft_consensus.cc:493] T 68f5c4d73c5f4ee1a1100a58cdd453ed P 85c476f30eba4521b9544e480f743256 [term 0 FOLLOWER]: Starting leader election (no leader contacted us within the election timeout)
I20260630 12:16:33.376370 17273 raft_consensus.cc:3060] T 68f5c4d73c5f4ee1a1100a58cdd453ed P 85c476f30eba4521b9544e480f743256 [term 0 FOLLOWER]: Advancing to term 1
I20260630 12:16:33.382496 17273 raft_consensus.cc:515] T 68f5c4d73c5f4ee1a1100a58cdd453ed P 85c476f30eba4521b9544e480f743256 [term 1 FOLLOWER]: Starting leader election with config: opid_index: -1 OBSOLETE_local: false peers { permanent_uuid: "85c476f30eba4521b9544e480f743256" member_type: VOTER last_known_addr { host: "127.13.163.3" port: 42407 } } peers { permanent_uuid: "173a40a3eb1d4e3d86bfbab94dafc803" member_type: VOTER last_known_addr { host: "127.13.163.1" port: 33971 } } peers { permanent_uuid: "ea62c045fd9c4f5d8b128f5e2556d064" member_type: VOTER last_known_addr { host: "127.13.163.4" port: 43949 } }
I20260630 12:16:33.384783 17273 leader_election.cc:290] T 68f5c4d73c5f4ee1a1100a58cdd453ed P 85c476f30eba4521b9544e480f743256 [CANDIDATE]: Term 1 election: Requested vote from peers 173a40a3eb1d4e3d86bfbab94dafc803 (127.13.163.1:33971), ea62c045fd9c4f5d8b128f5e2556d064 (127.13.163.4:43949)
I20260630 12:16:33.385064 17127 consensus_queue.cc:1048] T 730c40da60234a88a1048a7a726a4eb7 P 173a40a3eb1d4e3d86bfbab94dafc803 [LEADER]: Connected to new peer: Peer: permanent_uuid: "ea62c045fd9c4f5d8b128f5e2556d064" member_type: VOTER last_known_addr { host: "127.13.163.4" port: 43949 }, Status: LMP_MISMATCH, Last received: 0.0, Next index: 1, Last known committed idx: 0, Time since last communication: 0.000s
I20260630 12:16:33.385807 17228 tablet_service.cc:1917] Received RequestConsensusVote() RPC: tablet_id: "68f5c4d73c5f4ee1a1100a58cdd453ed" candidate_uuid: "85c476f30eba4521b9544e480f743256" candidate_term: 1 candidate_status { last_received { term: 0 index: 0 } } ignore_live_leader: false dest_uuid: "ea62c045fd9c4f5d8b128f5e2556d064"
I20260630 12:16:33.385807 16923 tablet_service.cc:1917] Received RequestConsensusVote() RPC: tablet_id: "68f5c4d73c5f4ee1a1100a58cdd453ed" candidate_uuid: "85c476f30eba4521b9544e480f743256" candidate_term: 1 candidate_status { last_received { term: 0 index: 0 } } ignore_live_leader: false dest_uuid: "173a40a3eb1d4e3d86bfbab94dafc803"
I20260630 12:16:33.386477 17228 raft_consensus.cc:3060] T 68f5c4d73c5f4ee1a1100a58cdd453ed P ea62c045fd9c4f5d8b128f5e2556d064 [term 0 FOLLOWER]: Advancing to term 1
I20260630 12:16:33.386696 16923 raft_consensus.cc:3060] T 68f5c4d73c5f4ee1a1100a58cdd453ed P 173a40a3eb1d4e3d86bfbab94dafc803 [term 0 FOLLOWER]: Advancing to term 1
I20260630 12:16:33.392937 17228 raft_consensus.cc:2468] T 68f5c4d73c5f4ee1a1100a58cdd453ed P ea62c045fd9c4f5d8b128f5e2556d064 [term 1 FOLLOWER]: Leader election vote request: Granting yes vote for candidate 85c476f30eba4521b9544e480f743256 in term 1.
I20260630 12:16:33.394151 17040 leader_election.cc:304] T 68f5c4d73c5f4ee1a1100a58cdd453ed P 85c476f30eba4521b9544e480f743256 [CANDIDATE]: Term 1 election: Election decided. Result: candidate won. Election summary: received 2 responses out of 3 voters: 2 yes votes; 0 no votes. yes voters: 85c476f30eba4521b9544e480f743256, ea62c045fd9c4f5d8b128f5e2556d064; no voters: 
I20260630 12:16:33.394835 17273 raft_consensus.cc:2804] T 68f5c4d73c5f4ee1a1100a58cdd453ed P 85c476f30eba4521b9544e480f743256 [term 1 FOLLOWER]: Leader election won for term 1
I20260630 12:16:33.395330 17273 raft_consensus.cc:697] T 68f5c4d73c5f4ee1a1100a58cdd453ed P 85c476f30eba4521b9544e480f743256 [term 1 LEADER]: Becoming Leader. State: Replica: 85c476f30eba4521b9544e480f743256, State: Running, Role: LEADER
I20260630 12:16:33.396044 16923 raft_consensus.cc:2468] T 68f5c4d73c5f4ee1a1100a58cdd453ed P 173a40a3eb1d4e3d86bfbab94dafc803 [term 1 FOLLOWER]: Leader election vote request: Granting yes vote for candidate 85c476f30eba4521b9544e480f743256 in term 1.
I20260630 12:16:33.396116 17273 consensus_queue.cc:237] T 68f5c4d73c5f4ee1a1100a58cdd453ed P 85c476f30eba4521b9544e480f743256 [LEADER]: Queue going to LEADER mode. State: All replicated index: 0, Majority replicated index: 0, Committed index: 0, Last appended: 0.0, Last appended by leader: 0, Current term: 1, Majority size: 2, State: 0, Mode: LEADER, active raft config: opid_index: -1 OBSOLETE_local: false peers { permanent_uuid: "85c476f30eba4521b9544e480f743256" member_type: VOTER last_known_addr { host: "127.13.163.3" port: 42407 } } peers { permanent_uuid: "173a40a3eb1d4e3d86bfbab94dafc803" member_type: VOTER last_known_addr { host: "127.13.163.1" port: 33971 } } peers { permanent_uuid: "ea62c045fd9c4f5d8b128f5e2556d064" member_type: VOTER last_known_addr { host: "127.13.163.4" port: 43949 } }
I20260630 12:16:33.406078 16820 catalog_manager.cc:5697] T 68f5c4d73c5f4ee1a1100a58cdd453ed P 85c476f30eba4521b9544e480f743256 reported cstate change: term changed from 0 to 1, leader changed from <none> to 85c476f30eba4521b9544e480f743256 (127.13.163.3). New cstate: current_term: 1 leader_uuid: "85c476f30eba4521b9544e480f743256" committed_config { opid_index: -1 OBSOLETE_local: false peers { permanent_uuid: "85c476f30eba4521b9544e480f743256" member_type: VOTER last_known_addr { host: "127.13.163.3" port: 42407 } health_report { overall_health: HEALTHY } } peers { permanent_uuid: "173a40a3eb1d4e3d86bfbab94dafc803" member_type: VOTER last_known_addr { host: "127.13.163.1" port: 33971 } health_report { overall_health: UNKNOWN } } peers { permanent_uuid: "ea62c045fd9c4f5d8b128f5e2556d064" member_type: VOTER last_known_addr { host: "127.13.163.4" port: 43949 } health_report { overall_health: UNKNOWN } } }
I20260630 12:16:33.418475 17162 consensus_queue.cc:1048] T 730c40da60234a88a1048a7a726a4eb7 P 173a40a3eb1d4e3d86bfbab94dafc803 [LEADER]: Connected to new peer: Peer: permanent_uuid: "c36df0c303f547d0acf9a289038cb108" member_type: VOTER last_known_addr { host: "127.13.163.2" port: 41515 }, Status: LMP_MISMATCH, Last received: 0.0, Next index: 1, Last known committed idx: 0, Time since last communication: 0.001s
I20260630 12:16:33.436828 17303 raft_consensus.cc:493] T b137d6e2b745499082aa2ed09f676045 P ea62c045fd9c4f5d8b128f5e2556d064 [term 0 FOLLOWER]: Starting pre-election (no leader contacted us within the election timeout)
I20260630 12:16:33.437386 17303 raft_consensus.cc:515] T b137d6e2b745499082aa2ed09f676045 P ea62c045fd9c4f5d8b128f5e2556d064 [term 0 FOLLOWER]: Starting pre-election with config: opid_index: -1 OBSOLETE_local: false peers { permanent_uuid: "85c476f30eba4521b9544e480f743256" member_type: VOTER last_known_addr { host: "127.13.163.3" port: 42407 } } peers { permanent_uuid: "ea62c045fd9c4f5d8b128f5e2556d064" member_type: VOTER last_known_addr { host: "127.13.163.4" port: 43949 } } peers { permanent_uuid: "173a40a3eb1d4e3d86bfbab94dafc803" member_type: VOTER last_known_addr { host: "127.13.163.1" port: 33971 } }
I20260630 12:16:33.439507 17303 leader_election.cc:290] T b137d6e2b745499082aa2ed09f676045 P ea62c045fd9c4f5d8b128f5e2556d064 [CANDIDATE]: Term 1 pre-election: Requested pre-vote from peers 85c476f30eba4521b9544e480f743256 (127.13.163.3:42407), 173a40a3eb1d4e3d86bfbab94dafc803 (127.13.163.1:33971)
I20260630 12:16:33.440099 17074 tablet_service.cc:1917] Received RequestConsensusVote() RPC: tablet_id: "b137d6e2b745499082aa2ed09f676045" candidate_uuid: "ea62c045fd9c4f5d8b128f5e2556d064" candidate_term: 1 candidate_status { last_received { term: 0 index: 0 } } ignore_live_leader: false dest_uuid: "85c476f30eba4521b9544e480f743256" is_pre_election: true
I20260630 12:16:33.441107 16923 tablet_service.cc:1917] Received RequestConsensusVote() RPC: tablet_id: "b137d6e2b745499082aa2ed09f676045" candidate_uuid: "ea62c045fd9c4f5d8b128f5e2556d064" candidate_term: 1 candidate_status { last_received { term: 0 index: 0 } } ignore_live_leader: false dest_uuid: "173a40a3eb1d4e3d86bfbab94dafc803" is_pre_election: true
I20260630 12:16:33.441846 16923 raft_consensus.cc:2393] T b137d6e2b745499082aa2ed09f676045 P 173a40a3eb1d4e3d86bfbab94dafc803 [term 1 FOLLOWER]: Leader pre-election vote request: Denying vote to candidate ea62c045fd9c4f5d8b128f5e2556d064 in current term 1: Already voted for candidate 85c476f30eba4521b9544e480f743256 in this term.
I20260630 12:16:33.442720 17192 leader_election.cc:304] T b137d6e2b745499082aa2ed09f676045 P ea62c045fd9c4f5d8b128f5e2556d064 [CANDIDATE]: Term 1 pre-election: Election decided. Result: candidate lost. Election summary: received 3 responses out of 3 voters: 1 yes votes; 2 no votes. yes voters: ea62c045fd9c4f5d8b128f5e2556d064; no voters: 173a40a3eb1d4e3d86bfbab94dafc803, 85c476f30eba4521b9544e480f743256
I20260630 12:16:33.443435 17303 raft_consensus.cc:3060] T b137d6e2b745499082aa2ed09f676045 P ea62c045fd9c4f5d8b128f5e2556d064 [term 0 FOLLOWER]: Advancing to term 1
I20260630 12:16:33.450704 17303 raft_consensus.cc:2749] T b137d6e2b745499082aa2ed09f676045 P ea62c045fd9c4f5d8b128f5e2556d064 [term 1 FOLLOWER]: Leader pre-election lost for term 1. Reason: could not achieve majority
I20260630 12:16:33.467063 16998 consensus_queue.cc:237] T 3fa36b756f3e435b87360fee5defd243 P c36df0c303f547d0acf9a289038cb108 [LEADER]: Queue going to LEADER mode. State: All replicated index: 0, Majority replicated index: 1, Committed index: 1, Last appended: 1.1, Last appended by leader: 0, Current term: 1, Majority size: 2, State: 0, Mode: LEADER, active raft config: opid_index: 2 OBSOLETE_local: false peers { permanent_uuid: "173a40a3eb1d4e3d86bfbab94dafc803" member_type: VOTER last_known_addr { host: "127.13.163.1" port: 33971 } attrs { replace: true } } peers { permanent_uuid: "c36df0c303f547d0acf9a289038cb108" member_type: VOTER last_known_addr { host: "127.13.163.2" port: 41515 } } peers { permanent_uuid: "85c476f30eba4521b9544e480f743256" member_type: VOTER last_known_addr { host: "127.13.163.3" port: 42407 } } peers { permanent_uuid: "ea62c045fd9c4f5d8b128f5e2556d064" member_type: NON_VOTER last_known_addr { host: "127.13.163.4" port: 43949 } attrs { promote: true } }
I20260630 12:16:33.473089 17074 raft_consensus.cc:1275] T 3fa36b756f3e435b87360fee5defd243 P 85c476f30eba4521b9544e480f743256 [term 1 FOLLOWER]: Refusing update from remote peer c36df0c303f547d0acf9a289038cb108: Log matching property violated. Preceding OpId in replica: term: 1 index: 1. Preceding OpId from leader: term: 1 index: 2. (index mismatch)
I20260630 12:16:33.473152 16923 raft_consensus.cc:1275] T 3fa36b756f3e435b87360fee5defd243 P 173a40a3eb1d4e3d86bfbab94dafc803 [term 1 FOLLOWER]: Refusing update from remote peer c36df0c303f547d0acf9a289038cb108: Log matching property violated. Preceding OpId in replica: term: 1 index: 1. Preceding OpId from leader: term: 1 index: 2. (index mismatch)
W20260630 12:16:33.473809 16966 consensus_peers.cc:597] T 3fa36b756f3e435b87360fee5defd243 P c36df0c303f547d0acf9a289038cb108 -> Peer ea62c045fd9c4f5d8b128f5e2556d064 (127.13.163.4:43949): Couldn't send request to peer ea62c045fd9c4f5d8b128f5e2556d064. Error code: TABLET_NOT_FOUND (6). Status: Not found: Tablet not found: 3fa36b756f3e435b87360fee5defd243. This is attempt 1: this message will repeat every 5th retry.
I20260630 12:16:33.474465 17159 consensus_queue.cc:1048] T 3fa36b756f3e435b87360fee5defd243 P c36df0c303f547d0acf9a289038cb108 [LEADER]: Connected to new peer: Peer: permanent_uuid: "85c476f30eba4521b9544e480f743256" member_type: VOTER last_known_addr { host: "127.13.163.3" port: 42407 }, Status: LMP_MISMATCH, Last received: 0.0, Next index: 2, Last known committed idx: 1, Time since last communication: 0.000s
I20260630 12:16:33.475172 17165 consensus_queue.cc:1048] T 3fa36b756f3e435b87360fee5defd243 P c36df0c303f547d0acf9a289038cb108 [LEADER]: Connected to new peer: Peer: permanent_uuid: "173a40a3eb1d4e3d86bfbab94dafc803" member_type: VOTER last_known_addr { host: "127.13.163.1" port: 33971 } attrs { replace: true }, Status: LMP_MISMATCH, Last received: 0.0, Next index: 2, Last known committed idx: 1, Time since last communication: 0.000s
I20260630 12:16:33.482355 17165 raft_consensus.cc:2955] T 3fa36b756f3e435b87360fee5defd243 P c36df0c303f547d0acf9a289038cb108 [term 1 LEADER]: Committing config change with OpId 1.2: config changed from index -1 to 2, NON_VOTER ea62c045fd9c4f5d8b128f5e2556d064 (127.13.163.4) added. New config: { opid_index: 2 OBSOLETE_local: false peers { permanent_uuid: "173a40a3eb1d4e3d86bfbab94dafc803" member_type: VOTER last_known_addr { host: "127.13.163.1" port: 33971 } attrs { replace: true } } peers { permanent_uuid: "c36df0c303f547d0acf9a289038cb108" member_type: VOTER last_known_addr { host: "127.13.163.2" port: 41515 } } peers { permanent_uuid: "85c476f30eba4521b9544e480f743256" member_type: VOTER last_known_addr { host: "127.13.163.3" port: 42407 } } peers { permanent_uuid: "ea62c045fd9c4f5d8b128f5e2556d064" member_type: NON_VOTER last_known_addr { host: "127.13.163.4" port: 43949 } attrs { promote: true } } }
I20260630 12:16:33.484517 17074 raft_consensus.cc:2955] T 3fa36b756f3e435b87360fee5defd243 P 85c476f30eba4521b9544e480f743256 [term 1 FOLLOWER]: Committing config change with OpId 1.2: config changed from index -1 to 2, NON_VOTER ea62c045fd9c4f5d8b128f5e2556d064 (127.13.163.4) added. New config: { opid_index: 2 OBSOLETE_local: false peers { permanent_uuid: "173a40a3eb1d4e3d86bfbab94dafc803" member_type: VOTER last_known_addr { host: "127.13.163.1" port: 33971 } attrs { replace: true } } peers { permanent_uuid: "c36df0c303f547d0acf9a289038cb108" member_type: VOTER last_known_addr { host: "127.13.163.2" port: 41515 } } peers { permanent_uuid: "85c476f30eba4521b9544e480f743256" member_type: VOTER last_known_addr { host: "127.13.163.3" port: 42407 } } peers { permanent_uuid: "ea62c045fd9c4f5d8b128f5e2556d064" member_type: NON_VOTER last_known_addr { host: "127.13.163.4" port: 43949 } attrs { promote: true } } }
I20260630 12:16:33.486469 16923 raft_consensus.cc:2955] T 3fa36b756f3e435b87360fee5defd243 P 173a40a3eb1d4e3d86bfbab94dafc803 [term 1 FOLLOWER]: Committing config change with OpId 1.2: config changed from index -1 to 2, NON_VOTER ea62c045fd9c4f5d8b128f5e2556d064 (127.13.163.4) added. New config: { opid_index: 2 OBSOLETE_local: false peers { permanent_uuid: "173a40a3eb1d4e3d86bfbab94dafc803" member_type: VOTER last_known_addr { host: "127.13.163.1" port: 33971 } attrs { replace: true } } peers { permanent_uuid: "c36df0c303f547d0acf9a289038cb108" member_type: VOTER last_known_addr { host: "127.13.163.2" port: 41515 } } peers { permanent_uuid: "85c476f30eba4521b9544e480f743256" member_type: VOTER last_known_addr { host: "127.13.163.3" port: 42407 } } peers { permanent_uuid: "ea62c045fd9c4f5d8b128f5e2556d064" member_type: NON_VOTER last_known_addr { host: "127.13.163.4" port: 43949 } attrs { promote: true } } }
I20260630 12:16:33.501380 16820 catalog_manager.cc:5697] T 3fa36b756f3e435b87360fee5defd243 P 85c476f30eba4521b9544e480f743256 reported cstate change: config changed from index -1 to 2, NON_VOTER ea62c045fd9c4f5d8b128f5e2556d064 (127.13.163.4) added. New cstate: current_term: 1 leader_uuid: "c36df0c303f547d0acf9a289038cb108" committed_config { opid_index: 2 OBSOLETE_local: false peers { permanent_uuid: "173a40a3eb1d4e3d86bfbab94dafc803" member_type: VOTER last_known_addr { host: "127.13.163.1" port: 33971 } attrs { replace: true } } peers { permanent_uuid: "c36df0c303f547d0acf9a289038cb108" member_type: VOTER last_known_addr { host: "127.13.163.2" port: 41515 } } peers { permanent_uuid: "85c476f30eba4521b9544e480f743256" member_type: VOTER last_known_addr { host: "127.13.163.3" port: 42407 } } peers { permanent_uuid: "ea62c045fd9c4f5d8b128f5e2556d064" member_type: NON_VOTER last_known_addr { host: "127.13.163.4" port: 43949 } attrs { promote: true } } }
I20260630 12:16:33.517192 16923 consensus_queue.cc:237] T 832223531eb5411f9c262d9b6dc42a47 P 173a40a3eb1d4e3d86bfbab94dafc803 [LEADER]: Queue going to LEADER mode. State: All replicated index: 0, Majority replicated index: 1, Committed index: 1, Last appended: 1.1, Last appended by leader: 0, Current term: 1, Majority size: 2, State: 0, Mode: LEADER, active raft config: opid_index: 2 OBSOLETE_local: false peers { permanent_uuid: "c36df0c303f547d0acf9a289038cb108" member_type: VOTER last_known_addr { host: "127.13.163.2" port: 41515 } } peers { permanent_uuid: "173a40a3eb1d4e3d86bfbab94dafc803" member_type: VOTER last_known_addr { host: "127.13.163.1" port: 33971 } } peers { permanent_uuid: "85c476f30eba4521b9544e480f743256" member_type: VOTER last_known_addr { host: "127.13.163.3" port: 42407 } attrs { replace: true } } peers { permanent_uuid: "ea62c045fd9c4f5d8b128f5e2556d064" member_type: NON_VOTER last_known_addr { host: "127.13.163.4" port: 43949 } attrs { promote: true } }
I20260630 12:16:33.523464 16998 raft_consensus.cc:1275] T 832223531eb5411f9c262d9b6dc42a47 P c36df0c303f547d0acf9a289038cb108 [term 1 FOLLOWER]: Refusing update from remote peer 173a40a3eb1d4e3d86bfbab94dafc803: Log matching property violated. Preceding OpId in replica: term: 1 index: 1. Preceding OpId from leader: term: 1 index: 2. (index mismatch)
W20260630 12:16:33.523672 16891 consensus_peers.cc:597] T 832223531eb5411f9c262d9b6dc42a47 P 173a40a3eb1d4e3d86bfbab94dafc803 -> Peer ea62c045fd9c4f5d8b128f5e2556d064 (127.13.163.4:43949): Couldn't send request to peer ea62c045fd9c4f5d8b128f5e2556d064. Error code: TABLET_NOT_FOUND (6). Status: Not found: Tablet not found: 832223531eb5411f9c262d9b6dc42a47. This is attempt 1: this message will repeat every 5th retry.
I20260630 12:16:33.524076 17074 raft_consensus.cc:1275] T 832223531eb5411f9c262d9b6dc42a47 P 85c476f30eba4521b9544e480f743256 [term 1 FOLLOWER]: Refusing update from remote peer 173a40a3eb1d4e3d86bfbab94dafc803: Log matching property violated. Preceding OpId in replica: term: 1 index: 1. Preceding OpId from leader: term: 1 index: 2. (index mismatch)
I20260630 12:16:33.524791 17325 consensus_queue.cc:1048] T 832223531eb5411f9c262d9b6dc42a47 P 173a40a3eb1d4e3d86bfbab94dafc803 [LEADER]: Connected to new peer: Peer: permanent_uuid: "c36df0c303f547d0acf9a289038cb108" member_type: VOTER last_known_addr { host: "127.13.163.2" port: 41515 }, Status: LMP_MISMATCH, Last received: 0.0, Next index: 2, Last known committed idx: 1, Time since last communication: 0.000s
I20260630 12:16:33.525571 17162 consensus_queue.cc:1048] T 832223531eb5411f9c262d9b6dc42a47 P 173a40a3eb1d4e3d86bfbab94dafc803 [LEADER]: Connected to new peer: Peer: permanent_uuid: "85c476f30eba4521b9544e480f743256" member_type: VOTER last_known_addr { host: "127.13.163.3" port: 42407 } attrs { replace: true }, Status: LMP_MISMATCH, Last received: 0.0, Next index: 2, Last known committed idx: 1, Time since last communication: 0.000s
I20260630 12:16:33.533272 17325 raft_consensus.cc:2955] T 832223531eb5411f9c262d9b6dc42a47 P 173a40a3eb1d4e3d86bfbab94dafc803 [term 1 LEADER]: Committing config change with OpId 1.2: config changed from index -1 to 2, NON_VOTER ea62c045fd9c4f5d8b128f5e2556d064 (127.13.163.4) added. New config: { opid_index: 2 OBSOLETE_local: false peers { permanent_uuid: "c36df0c303f547d0acf9a289038cb108" member_type: VOTER last_known_addr { host: "127.13.163.2" port: 41515 } } peers { permanent_uuid: "173a40a3eb1d4e3d86bfbab94dafc803" member_type: VOTER last_known_addr { host: "127.13.163.1" port: 33971 } } peers { permanent_uuid: "85c476f30eba4521b9544e480f743256" member_type: VOTER last_known_addr { host: "127.13.163.3" port: 42407 } attrs { replace: true } } peers { permanent_uuid: "ea62c045fd9c4f5d8b128f5e2556d064" member_type: NON_VOTER last_known_addr { host: "127.13.163.4" port: 43949 } attrs { promote: true } } }
I20260630 12:16:33.535086 17072 raft_consensus.cc:2955] T 832223531eb5411f9c262d9b6dc42a47 P 85c476f30eba4521b9544e480f743256 [term 1 FOLLOWER]: Committing config change with OpId 1.2: config changed from index -1 to 2, NON_VOTER ea62c045fd9c4f5d8b128f5e2556d064 (127.13.163.4) added. New config: { opid_index: 2 OBSOLETE_local: false peers { permanent_uuid: "c36df0c303f547d0acf9a289038cb108" member_type: VOTER last_known_addr { host: "127.13.163.2" port: 41515 } } peers { permanent_uuid: "173a40a3eb1d4e3d86bfbab94dafc803" member_type: VOTER last_known_addr { host: "127.13.163.1" port: 33971 } } peers { permanent_uuid: "85c476f30eba4521b9544e480f743256" member_type: VOTER last_known_addr { host: "127.13.163.3" port: 42407 } attrs { replace: true } } peers { permanent_uuid: "ea62c045fd9c4f5d8b128f5e2556d064" member_type: NON_VOTER last_known_addr { host: "127.13.163.4" port: 43949 } attrs { promote: true } } }
I20260630 12:16:33.535719 16998 raft_consensus.cc:2955] T 832223531eb5411f9c262d9b6dc42a47 P c36df0c303f547d0acf9a289038cb108 [term 1 FOLLOWER]: Committing config change with OpId 1.2: config changed from index -1 to 2, NON_VOTER ea62c045fd9c4f5d8b128f5e2556d064 (127.13.163.4) added. New config: { opid_index: 2 OBSOLETE_local: false peers { permanent_uuid: "c36df0c303f547d0acf9a289038cb108" member_type: VOTER last_known_addr { host: "127.13.163.2" port: 41515 } } peers { permanent_uuid: "173a40a3eb1d4e3d86bfbab94dafc803" member_type: VOTER last_known_addr { host: "127.13.163.1" port: 33971 } } peers { permanent_uuid: "85c476f30eba4521b9544e480f743256" member_type: VOTER last_known_addr { host: "127.13.163.3" port: 42407 } attrs { replace: true } } peers { permanent_uuid: "ea62c045fd9c4f5d8b128f5e2556d064" member_type: NON_VOTER last_known_addr { host: "127.13.163.4" port: 43949 } attrs { promote: true } } }
I20260630 12:16:33.544886 16821 catalog_manager.cc:5697] T 832223531eb5411f9c262d9b6dc42a47 P 173a40a3eb1d4e3d86bfbab94dafc803 reported cstate change: config changed from index -1 to 2, NON_VOTER ea62c045fd9c4f5d8b128f5e2556d064 (127.13.163.4) added. New cstate: current_term: 1 leader_uuid: "173a40a3eb1d4e3d86bfbab94dafc803" committed_config { opid_index: 2 OBSOLETE_local: false peers { permanent_uuid: "c36df0c303f547d0acf9a289038cb108" member_type: VOTER last_known_addr { host: "127.13.163.2" port: 41515 } health_report { overall_health: HEALTHY } } peers { permanent_uuid: "173a40a3eb1d4e3d86bfbab94dafc803" member_type: VOTER last_known_addr { host: "127.13.163.1" port: 33971 } health_report { overall_health: HEALTHY } } peers { permanent_uuid: "85c476f30eba4521b9544e480f743256" member_type: VOTER last_known_addr { host: "127.13.163.3" port: 42407 } attrs { replace: true } health_report { overall_health: HEALTHY } } peers { permanent_uuid: "ea62c045fd9c4f5d8b128f5e2556d064" member_type: NON_VOTER last_known_addr { host: "127.13.163.4" port: 43949 } attrs { promote: true } health_report { overall_health: UNKNOWN } } }
I20260630 12:16:33.562521 17273 consensus_queue.cc:1048] T b137d6e2b745499082aa2ed09f676045 P 85c476f30eba4521b9544e480f743256 [LEADER]: Connected to new peer: Peer: permanent_uuid: "ea62c045fd9c4f5d8b128f5e2556d064" member_type: VOTER last_known_addr { host: "127.13.163.4" port: 43949 }, Status: LMP_MISMATCH, Last received: 0.0, Next index: 1, Last known committed idx: 0, Time since last communication: 0.001s
I20260630 12:16:33.564592 17127 consensus_queue.cc:1048] T e1d0849d87f74d8392e28830ed6daf67 P 173a40a3eb1d4e3d86bfbab94dafc803 [LEADER]: Connected to new peer: Peer: permanent_uuid: "c36df0c303f547d0acf9a289038cb108" member_type: VOTER last_known_addr { host: "127.13.163.2" port: 41515 }, Status: LMP_MISMATCH, Last received: 0.0, Next index: 1, Last known committed idx: 0, Time since last communication: 0.000s
I20260630 12:16:33.580703 17072 consensus_queue.cc:237] T 33a7139e0a1140109087cf27eee80cb5 P 85c476f30eba4521b9544e480f743256 [LEADER]: Queue going to LEADER mode. State: All replicated index: 0, Majority replicated index: 1, Committed index: 1, Last appended: 1.1, Last appended by leader: 0, Current term: 1, Majority size: 2, State: 0, Mode: LEADER, active raft config: opid_index: 2 OBSOLETE_local: false peers { permanent_uuid: "c36df0c303f547d0acf9a289038cb108" member_type: VOTER last_known_addr { host: "127.13.163.2" port: 41515 } attrs { replace: true } } peers { permanent_uuid: "173a40a3eb1d4e3d86bfbab94dafc803" member_type: VOTER last_known_addr { host: "127.13.163.1" port: 33971 } } peers { permanent_uuid: "85c476f30eba4521b9544e480f743256" member_type: VOTER last_known_addr { host: "127.13.163.3" port: 42407 } } peers { permanent_uuid: "ea62c045fd9c4f5d8b128f5e2556d064" member_type: NON_VOTER last_known_addr { host: "127.13.163.4" port: 43949 } attrs { promote: true } }
I20260630 12:16:33.585666 17127 consensus_queue.cc:1048] T 2fe055ab23d945daba13e12fe368047a P 173a40a3eb1d4e3d86bfbab94dafc803 [LEADER]: Connected to new peer: Peer: permanent_uuid: "85c476f30eba4521b9544e480f743256" member_type: VOTER last_known_addr { host: "127.13.163.3" port: 42407 }, Status: LMP_MISMATCH, Last received: 0.0, Next index: 1, Last known committed idx: 0, Time since last communication: 0.000s
I20260630 12:16:33.606600 17162 consensus_queue.cc:1048] T e1d0849d87f74d8392e28830ed6daf67 P 173a40a3eb1d4e3d86bfbab94dafc803 [LEADER]: Connected to new peer: Peer: permanent_uuid: "ea62c045fd9c4f5d8b128f5e2556d064" member_type: VOTER last_known_addr { host: "127.13.163.4" port: 43949 }, Status: LMP_MISMATCH, Last received: 0.0, Next index: 1, Last known committed idx: 0, Time since last communication: 0.000s
I20260630 12:16:33.613286 17273 consensus_queue.cc:1048] T b137d6e2b745499082aa2ed09f676045 P 85c476f30eba4521b9544e480f743256 [LEADER]: Connected to new peer: Peer: permanent_uuid: "173a40a3eb1d4e3d86bfbab94dafc803" member_type: VOTER last_known_addr { host: "127.13.163.1" port: 33971 }, Status: LMP_MISMATCH, Last received: 0.0, Next index: 1, Last known committed idx: 0, Time since last communication: 0.003s
I20260630 12:16:33.620141 17162 consensus_queue.cc:1048] T 2fe055ab23d945daba13e12fe368047a P 173a40a3eb1d4e3d86bfbab94dafc803 [LEADER]: Connected to new peer: Peer: permanent_uuid: "ea62c045fd9c4f5d8b128f5e2556d064" member_type: VOTER last_known_addr { host: "127.13.163.4" port: 43949 }, Status: LMP_MISMATCH, Last received: 0.0, Next index: 1, Last known committed idx: 0, Time since last communication: 0.000s
I20260630 12:16:33.630743 16924 raft_consensus.cc:1275] T 33a7139e0a1140109087cf27eee80cb5 P 173a40a3eb1d4e3d86bfbab94dafc803 [term 1 FOLLOWER]: Refusing update from remote peer 85c476f30eba4521b9544e480f743256: Log matching property violated. Preceding OpId in replica: term: 1 index: 1. Preceding OpId from leader: term: 1 index: 2. (index mismatch)
I20260630 12:16:33.634739 16999 raft_consensus.cc:1275] T 33a7139e0a1140109087cf27eee80cb5 P c36df0c303f547d0acf9a289038cb108 [term 1 FOLLOWER]: Refusing update from remote peer 85c476f30eba4521b9544e480f743256: Log matching property violated. Preceding OpId in replica: term: 1 index: 1. Preceding OpId from leader: term: 1 index: 2. (index mismatch)
I20260630 12:16:33.636883 17273 consensus_queue.cc:1048] T 33a7139e0a1140109087cf27eee80cb5 P 85c476f30eba4521b9544e480f743256 [LEADER]: Connected to new peer: Peer: permanent_uuid: "173a40a3eb1d4e3d86bfbab94dafc803" member_type: VOTER last_known_addr { host: "127.13.163.1" port: 33971 }, Status: LMP_MISMATCH, Last received: 0.0, Next index: 2, Last known committed idx: 1, Time since last communication: 0.000s
I20260630 12:16:33.637756 17126 consensus_queue.cc:1048] T 33a7139e0a1140109087cf27eee80cb5 P 85c476f30eba4521b9544e480f743256 [LEADER]: Connected to new peer: Peer: permanent_uuid: "c36df0c303f547d0acf9a289038cb108" member_type: VOTER last_known_addr { host: "127.13.163.2" port: 41515 } attrs { replace: true }, Status: LMP_MISMATCH, Last received: 0.0, Next index: 2, Last known committed idx: 1, Time since last communication: 0.000s
W20260630 12:16:33.640414 17040 consensus_peers.cc:597] T 33a7139e0a1140109087cf27eee80cb5 P 85c476f30eba4521b9544e480f743256 -> Peer ea62c045fd9c4f5d8b128f5e2556d064 (127.13.163.4:43949): Couldn't send request to peer ea62c045fd9c4f5d8b128f5e2556d064. Error code: TABLET_NOT_FOUND (6). Status: Not found: Tablet not found: 33a7139e0a1140109087cf27eee80cb5. This is attempt 1: this message will repeat every 5th retry.
I20260630 12:16:33.656002 17349 consensus_queue.cc:1048] T e84d25d45a754a338fcaecf4a41e2e74 P ea62c045fd9c4f5d8b128f5e2556d064 [LEADER]: Connected to new peer: Peer: permanent_uuid: "c36df0c303f547d0acf9a289038cb108" member_type: VOTER last_known_addr { host: "127.13.163.2" port: 41515 }, Status: LMP_MISMATCH, Last received: 0.0, Next index: 1, Last known committed idx: 0, Time since last communication: 0.000s
I20260630 12:16:33.661123 17303 consensus_queue.cc:1048] T fea3a340cba246729099c8a4e9a7e659 P ea62c045fd9c4f5d8b128f5e2556d064 [LEADER]: Connected to new peer: Peer: permanent_uuid: "c36df0c303f547d0acf9a289038cb108" member_type: VOTER last_known_addr { host: "127.13.163.2" port: 41515 }, Status: LMP_MISMATCH, Last received: 0.0, Next index: 1, Last known committed idx: 0, Time since last communication: 0.000s
I20260630 12:16:33.668416 17126 raft_consensus.cc:2955] T 33a7139e0a1140109087cf27eee80cb5 P 85c476f30eba4521b9544e480f743256 [term 1 LEADER]: Committing config change with OpId 1.2: config changed from index -1 to 2, NON_VOTER ea62c045fd9c4f5d8b128f5e2556d064 (127.13.163.4) added. New config: { opid_index: 2 OBSOLETE_local: false peers { permanent_uuid: "c36df0c303f547d0acf9a289038cb108" member_type: VOTER last_known_addr { host: "127.13.163.2" port: 41515 } attrs { replace: true } } peers { permanent_uuid: "173a40a3eb1d4e3d86bfbab94dafc803" member_type: VOTER last_known_addr { host: "127.13.163.1" port: 33971 } } peers { permanent_uuid: "85c476f30eba4521b9544e480f743256" member_type: VOTER last_known_addr { host: "127.13.163.3" port: 42407 } } peers { permanent_uuid: "ea62c045fd9c4f5d8b128f5e2556d064" member_type: NON_VOTER last_known_addr { host: "127.13.163.4" port: 43949 } attrs { promote: true } } }
