I20260630 12:15:27.217458 15256 sys_catalog.cc:455] T 00000000000000000000000000000000 P d7fa39ad531746819f97404f5dd02659 [sys.catalog]: SysCatalogTable state changed. Reason: RaftConsensus started. Latest consensus state: current_term: 0 committed_config { opid_index: -1 OBSOLETE_local: false peers { permanent_uuid: "b8f1ef1d6b1248188286c6010a8af6ca" member_type: VOTER last_known_addr { host: "127.13.163.62" port: 41913 } } peers { permanent_uuid: "c4898deab81d4d6298a2e80d56ea669b" member_type: VOTER last_known_addr { host: "127.13.163.61" port: 34359 } } peers { permanent_uuid: "d7fa39ad531746819f97404f5dd02659" member_type: VOTER last_known_addr { host: "127.13.163.60" port: 36321 } } }
I20260630 12:15:27.218345 15256 sys_catalog.cc:458] T 00000000000000000000000000000000 P d7fa39ad531746819f97404f5dd02659 [sys.catalog]: This master's current role is: FOLLOWER
I20260630 12:15:27.218997 15227 sys_catalog.cc:565] T 00000000000000000000000000000000 P d7fa39ad531746819f97404f5dd02659 [sys.catalog]: configured and running, proceeding with master startup.
I20260630 12:15:27.219246 13964 internal_mini_cluster.cc:184] Waiting to initialize catalog manager on master 1
I20260630 12:15:27.219564 13964 internal_mini_cluster.cc:184] Waiting to initialize catalog manager on master 2
W20260630 12:15:27.223932 15259 catalog_manager.cc:1594] T 00000000000000000000000000000000 P b8f1ef1d6b1248188286c6010a8af6ca: loading cluster ID for follower catalog manager: Not found: cluster ID entry not found
W20260630 12:15:27.224344 15259 catalog_manager.cc:883] Not found: cluster ID entry not found: failed to prepare follower catalog manager, will retry
I20260630 12:15:27.232496 13964 file_cache.cc:492] Constructed file cache file cache with capacity 419430
W20260630 12:15:27.235385 15270 catalog_manager.cc:1594] T 00000000000000000000000000000000 P d7fa39ad531746819f97404f5dd02659: loading cluster ID for follower catalog manager: Not found: cluster ID entry not found
W20260630 12:15:27.235806 15270 catalog_manager.cc:883] Not found: cluster ID entry not found: failed to prepare follower catalog manager, will retry
W20260630 12:15:27.240401 15271 instance_detector.cc:116] could not retrieve AWS instance metadata: Network error: curl error: HTTP response code said error: The requested URL returned error: 404
W20260630 12:15:27.240912 15272 instance_detector.cc:116] could not retrieve Azure instance metadata: Network error: curl error: HTTP response code said error: The requested URL returned error: 404
W20260630 12:15:27.242790 15274 instance_detector.cc:116] could not retrieve OpenStack instance metadata: Network error: curl error: HTTP response code said error: The requested URL returned error: 404
I20260630 12:15:27.243325 13964 server_base.cc:1061] running on GCE node
I20260630 12:15:27.244165 13964 hybrid_clock.cc:584] initializing the hybrid clock with 'system_unsync' time source
W20260630 12:15:27.244381 13964 system_unsync_time.cc:38] NTP support is disabled. Clock error bounds will not be accurate. This configuration is not suitable for distributed clusters.
I20260630 12:15:27.244588 13964 hybrid_clock.cc:648] HybridClock initialized: now 1782821727244548 us; error 0 us; skew 500 ppm
I20260630 12:15:27.245368 13964 server_base.cc:861] Flag tcmalloc_max_total_thread_cache_bytes is not working since tcmalloc is not enabled.
I20260630 12:15:27.248076 13964 webserver.cc:533] Webserver started at http://127.13.163.1:35979/ using document root <none> and password file <none>
I20260630 12:15:27.248557 13964 fs_manager.cc:362] Metadata directory not provided
I20260630 12:15:27.248760 13964 fs_manager.cc:368] Using write-ahead log directory (fs_wal_dir) as metadata directory
I20260630 12:15:27.249042 13964 server_base.cc:909] This appears to be a new deployment of Kudu; creating new FS layout
I20260630 12:15:27.250217 13964 fs_manager.cc:1068] Generated new instance metadata in path /tmp/dist-test-taskmOXYt5/test-tmp/auto_rebalancer-test.0.AutoRebalancerTest.NextLeaderResumesAutoRebalancing.1782821710538236-13964-0/minicluster-data/ts-0-root/instance:
uuid: "9923673533d64b23830fa5a7f7ad7274"
format_stamp: "Formatted at 2026-06-30 12:15:27 on dist-test-slave-9858"
I20260630 12:15:27.255069 13964 fs_manager.cc:696] Time spent creating directory manager: real 0.004s	user 0.006s	sys 0.000s
I20260630 12:15:27.258594 15279 log_block_manager.cc:4031] Time spent loading block containers with low live blocks: real 0.000s	user 0.000s	sys 0.000s
I20260630 12:15:27.259477 13964 fs_manager.cc:730] Time spent opening block manager: real 0.002s	user 0.003s	sys 0.000s
I20260630 12:15:27.259800 13964 fs_manager.cc:647] Opened local filesystem: /tmp/dist-test-taskmOXYt5/test-tmp/auto_rebalancer-test.0.AutoRebalancerTest.NextLeaderResumesAutoRebalancing.1782821710538236-13964-0/minicluster-data/ts-0-root
uuid: "9923673533d64b23830fa5a7f7ad7274"
format_stamp: "Formatted at 2026-06-30 12:15:27 on dist-test-slave-9858"
I20260630 12:15:27.260144 13964 fs_report.cc:389] FS layout report
--------------------
wal directory: /tmp/dist-test-taskmOXYt5/test-tmp/auto_rebalancer-test.0.AutoRebalancerTest.NextLeaderResumesAutoRebalancing.1782821710538236-13964-0/minicluster-data/ts-0-root
metadata directory: /tmp/dist-test-taskmOXYt5/test-tmp/auto_rebalancer-test.0.AutoRebalancerTest.NextLeaderResumesAutoRebalancing.1782821710538236-13964-0/minicluster-data/ts-0-root
1 data directories: /tmp/dist-test-taskmOXYt5/test-tmp/auto_rebalancer-test.0.AutoRebalancerTest.NextLeaderResumesAutoRebalancing.1782821710538236-13964-0/minicluster-data/ts-0-root/data
Total live blocks: 0
Total live bytes: 0
Total live bytes (after alignment): 0
Total number of LBM containers: 0 (0 full)
Did not check for missing blocks
Did not check for orphaned blocks
Total full LBM containers with extra space: 0 (0 repaired)
Total full LBM container extra space in bytes: 0 (0 repaired)
Total incomplete LBM containers: 0 (0 repaired)
Total LBM partial records: 0 (0 repaired)
Total corrupted LBM metadata records in RocksDB: 0 (0 repaired)
I20260630 12:15:27.285362 13964 rpc_server.cc:225] running with OpenSSL 1.1.1  11 Sep 2018
I20260630 12:15:27.286638 13964 kserver.cc:163] Server-wide thread pool size limit: 3276
I20260630 12:15:27.288288 13964 txn_system_client.cc:432] TxnSystemClient initialization is disabled...
I20260630 12:15:27.290609 13964 ts_tablet_manager.cc:585] Loaded tablet metadata (0 total tablets, 0 live tablets)
I20260630 12:15:27.290905 13964 ts_tablet_manager.cc:531] Time spent load tablet metadata: real 0.000s	user 0.000s	sys 0.000s
I20260630 12:15:27.291186 13964 ts_tablet_manager.cc:616] Registered 0 tablets
I20260630 12:15:27.291384 13964 ts_tablet_manager.cc:595] Time spent register tablets: real 0.000s	user 0.000s	sys 0.000s
I20260630 12:15:27.316710 15256 raft_consensus.cc:493] T 00000000000000000000000000000000 P d7fa39ad531746819f97404f5dd02659 [term 0 FOLLOWER]: Starting pre-election (no leader contacted us within the election timeout)
I20260630 12:15:27.317349 15256 raft_consensus.cc:515] T 00000000000000000000000000000000 P d7fa39ad531746819f97404f5dd02659 [term 0 FOLLOWER]: Starting pre-election with config: opid_index: -1 OBSOLETE_local: false peers { permanent_uuid: "b8f1ef1d6b1248188286c6010a8af6ca" member_type: VOTER last_known_addr { host: "127.13.163.62" port: 41913 } } peers { permanent_uuid: "c4898deab81d4d6298a2e80d56ea669b" member_type: VOTER last_known_addr { host: "127.13.163.61" port: 34359 } } peers { permanent_uuid: "d7fa39ad531746819f97404f5dd02659" member_type: VOTER last_known_addr { host: "127.13.163.60" port: 36321 } }
I20260630 12:15:27.319926 15256 leader_election.cc:290] T 00000000000000000000000000000000 P d7fa39ad531746819f97404f5dd02659 [CANDIDATE]: Term 1 pre-election: Requested pre-vote from peers b8f1ef1d6b1248188286c6010a8af6ca (127.13.163.62:41913), c4898deab81d4d6298a2e80d56ea669b (127.13.163.61:34359)
I20260630 12:15:27.320849 15072 tablet_service.cc:1917] Received RequestConsensusVote() RPC: tablet_id: "00000000000000000000000000000000" candidate_uuid: "d7fa39ad531746819f97404f5dd02659" candidate_term: 1 candidate_status { last_received { term: 0 index: 0 } } ignore_live_leader: false dest_uuid: "b8f1ef1d6b1248188286c6010a8af6ca" is_pre_election: true
I20260630 12:15:27.321691 15072 raft_consensus.cc:2468] T 00000000000000000000000000000000 P b8f1ef1d6b1248188286c6010a8af6ca [term 0 FOLLOWER]: Leader pre-election vote request: Granting yes vote for candidate d7fa39ad531746819f97404f5dd02659 in term 0.
I20260630 12:15:27.321657 15137 tablet_service.cc:1917] Received RequestConsensusVote() RPC: tablet_id: "00000000000000000000000000000000" candidate_uuid: "d7fa39ad531746819f97404f5dd02659" candidate_term: 1 candidate_status { last_received { term: 0 index: 0 } } ignore_live_leader: false dest_uuid: "c4898deab81d4d6298a2e80d56ea669b" is_pre_election: true
I20260630 12:15:27.322678 15137 raft_consensus.cc:2468] T 00000000000000000000000000000000 P c4898deab81d4d6298a2e80d56ea669b [term 0 FOLLOWER]: Leader pre-election vote request: Granting yes vote for candidate d7fa39ad531746819f97404f5dd02659 in term 0.
I20260630 12:15:27.323514 15176 leader_election.cc:304] T 00000000000000000000000000000000 P d7fa39ad531746819f97404f5dd02659 [CANDIDATE]: Term 1 pre-election: Election decided. Result: candidate won. Election summary: received 2 responses out of 3 voters: 2 yes votes; 0 no votes. yes voters: b8f1ef1d6b1248188286c6010a8af6ca, d7fa39ad531746819f97404f5dd02659; no voters: 
I20260630 12:15:27.324506 15256 raft_consensus.cc:2804] T 00000000000000000000000000000000 P d7fa39ad531746819f97404f5dd02659 [term 0 FOLLOWER]: Leader pre-election won for term 1
I20260630 12:15:27.325147 15256 raft_consensus.cc:493] T 00000000000000000000000000000000 P d7fa39ad531746819f97404f5dd02659 [term 0 FOLLOWER]: Starting leader election (no leader contacted us within the election timeout)
I20260630 12:15:27.326187 15256 raft_consensus.cc:3060] T 00000000000000000000000000000000 P d7fa39ad531746819f97404f5dd02659 [term 0 FOLLOWER]: Advancing to term 1
I20260630 12:15:27.333673 15256 raft_consensus.cc:515] T 00000000000000000000000000000000 P d7fa39ad531746819f97404f5dd02659 [term 1 FOLLOWER]: Starting leader election with config: opid_index: -1 OBSOLETE_local: false peers { permanent_uuid: "b8f1ef1d6b1248188286c6010a8af6ca" member_type: VOTER last_known_addr { host: "127.13.163.62" port: 41913 } } peers { permanent_uuid: "c4898deab81d4d6298a2e80d56ea669b" member_type: VOTER last_known_addr { host: "127.13.163.61" port: 34359 } } peers { permanent_uuid: "d7fa39ad531746819f97404f5dd02659" member_type: VOTER last_known_addr { host: "127.13.163.60" port: 36321 } }
I20260630 12:15:27.336829 15256 leader_election.cc:290] T 00000000000000000000000000000000 P d7fa39ad531746819f97404f5dd02659 [CANDIDATE]: Term 1 election: Requested vote from peers b8f1ef1d6b1248188286c6010a8af6ca (127.13.163.62:41913), c4898deab81d4d6298a2e80d56ea669b (127.13.163.61:34359)
I20260630 12:15:27.336983 15072 tablet_service.cc:1917] Received RequestConsensusVote() RPC: tablet_id: "00000000000000000000000000000000" candidate_uuid: "d7fa39ad531746819f97404f5dd02659" candidate_term: 1 candidate_status { last_received { term: 0 index: 0 } } ignore_live_leader: false dest_uuid: "b8f1ef1d6b1248188286c6010a8af6ca"
I20260630 12:15:27.337029 15137 tablet_service.cc:1917] Received RequestConsensusVote() RPC: tablet_id: "00000000000000000000000000000000" candidate_uuid: "d7fa39ad531746819f97404f5dd02659" candidate_term: 1 candidate_status { last_received { term: 0 index: 0 } } ignore_live_leader: false dest_uuid: "c4898deab81d4d6298a2e80d56ea669b"
I20260630 12:15:27.337805 15072 raft_consensus.cc:3060] T 00000000000000000000000000000000 P b8f1ef1d6b1248188286c6010a8af6ca [term 0 FOLLOWER]: Advancing to term 1
I20260630 12:15:27.338050 15137 raft_consensus.cc:3060] T 00000000000000000000000000000000 P c4898deab81d4d6298a2e80d56ea669b [term 0 FOLLOWER]: Advancing to term 1
I20260630 12:15:27.342237 13964 rpc_server.cc:307] RPC server started. Bound to: 127.13.163.1:43849
I20260630 12:15:27.342463 15341 acceptor_pool.cc:272] collecting diagnostics on the listening RPC socket 127.13.163.1:43849 every 8 connection(s)
I20260630 12:15:27.344039 15072 raft_consensus.cc:2468] T 00000000000000000000000000000000 P b8f1ef1d6b1248188286c6010a8af6ca [term 1 FOLLOWER]: Leader election vote request: Granting yes vote for candidate d7fa39ad531746819f97404f5dd02659 in term 1.
I20260630 12:15:27.345078 15176 leader_election.cc:304] T 00000000000000000000000000000000 P d7fa39ad531746819f97404f5dd02659 [CANDIDATE]: Term 1 election: Election decided. Result: candidate won. Election summary: received 2 responses out of 3 voters: 2 yes votes; 0 no votes. yes voters: b8f1ef1d6b1248188286c6010a8af6ca, d7fa39ad531746819f97404f5dd02659; no voters: 
I20260630 12:15:27.345767 15256 raft_consensus.cc:2804] T 00000000000000000000000000000000 P d7fa39ad531746819f97404f5dd02659 [term 1 FOLLOWER]: Leader election won for term 1
I20260630 12:15:27.347030 15256 raft_consensus.cc:697] T 00000000000000000000000000000000 P d7fa39ad531746819f97404f5dd02659 [term 1 LEADER]: Becoming Leader. State: Replica: d7fa39ad531746819f97404f5dd02659, State: Running, Role: LEADER
I20260630 12:15:27.348273 15256 consensus_queue.cc:237] T 00000000000000000000000000000000 P d7fa39ad531746819f97404f5dd02659 [LEADER]: Queue going to LEADER mode. State: All replicated index: 0, Majority replicated index: 0, Committed index: 0, Last appended: 0.0, Last appended by leader: 0, Current term: 1, Majority size: 2, State: 0, Mode: LEADER, active raft config: opid_index: -1 OBSOLETE_local: false peers { permanent_uuid: "b8f1ef1d6b1248188286c6010a8af6ca" member_type: VOTER last_known_addr { host: "127.13.163.62" port: 41913 } } peers { permanent_uuid: "c4898deab81d4d6298a2e80d56ea669b" member_type: VOTER last_known_addr { host: "127.13.163.61" port: 34359 } } peers { permanent_uuid: "d7fa39ad531746819f97404f5dd02659" member_type: VOTER last_known_addr { host: "127.13.163.60" port: 36321 } }
I20260630 12:15:27.347010 15137 raft_consensus.cc:2468] T 00000000000000000000000000000000 P c4898deab81d4d6298a2e80d56ea669b [term 1 FOLLOWER]: Leader election vote request: Granting yes vote for candidate d7fa39ad531746819f97404f5dd02659 in term 1.
I20260630 12:15:27.372081 15343 sys_catalog.cc:455] T 00000000000000000000000000000000 P d7fa39ad531746819f97404f5dd02659 [sys.catalog]: SysCatalogTable state changed. Reason: New leader d7fa39ad531746819f97404f5dd02659. Latest consensus state: current_term: 1 leader_uuid: "d7fa39ad531746819f97404f5dd02659" committed_config { opid_index: -1 OBSOLETE_local: false peers { permanent_uuid: "b8f1ef1d6b1248188286c6010a8af6ca" member_type: VOTER last_known_addr { host: "127.13.163.62" port: 41913 } } peers { permanent_uuid: "c4898deab81d4d6298a2e80d56ea669b" member_type: VOTER last_known_addr { host: "127.13.163.61" port: 34359 } } peers { permanent_uuid: "d7fa39ad531746819f97404f5dd02659" member_type: VOTER last_known_addr { host: "127.13.163.60" port: 36321 } } }
I20260630 12:15:27.373327 15343 sys_catalog.cc:458] T 00000000000000000000000000000000 P d7fa39ad531746819f97404f5dd02659 [sys.catalog]: This master's current role is: LEADER
I20260630 12:15:27.375976 15349 catalog_manager.cc:1511] Loading table and tablet metadata into memory...
I20260630 12:15:27.376031 15344 heartbeater.cc:344] Connected to a master server at 127.13.163.61:34359
I20260630 12:15:27.376679 15344 heartbeater.cc:461] Registering TS with master...
I20260630 12:15:27.377631 15344 heartbeater.cc:507] Master 127.13.163.61:34359 requested a full tablet report, sending...
I20260630 12:15:27.384166 15349 catalog_manager.cc:1520] Initializing Kudu cluster ID...
I20260630 12:15:27.386005 15127 ts_manager.cc:194] Registered new tserver with Master: 9923673533d64b23830fa5a7f7ad7274 (127.13.163.1:43849)
I20260630 12:15:27.386253 15342 heartbeater.cc:344] Connected to a master server at 127.13.163.60:36321
I20260630 12:15:27.386726 15342 heartbeater.cc:461] Registering TS with master...
I20260630 12:15:27.387652 13964 file_cache.cc:492] Constructed file cache file cache with capacity 419430
I20260630 12:15:27.387745 15342 heartbeater.cc:507] Master 127.13.163.60:36321 requested a full tablet report, sending...
I20260630 12:15:27.391052 15192 ts_manager.cc:194] Registered new tserver with Master: 9923673533d64b23830fa5a7f7ad7274 (127.13.163.1:43849)
W20260630 12:15:27.397092 15352 instance_detector.cc:116] could not retrieve AWS instance metadata: Network error: curl error: HTTP response code said error: The requested URL returned error: 404
W20260630 12:15:27.397971 15353 instance_detector.cc:116] could not retrieve Azure instance metadata: Network error: curl error: HTTP response code said error: The requested URL returned error: 404
I20260630 12:15:27.400293 15137 raft_consensus.cc:1275] T 00000000000000000000000000000000 P c4898deab81d4d6298a2e80d56ea669b [term 1 FOLLOWER]: Refusing update from remote peer d7fa39ad531746819f97404f5dd02659: Log matching property violated. Preceding OpId in replica: term: 0 index: 0. Preceding OpId from leader: term: 1 index: 2. (index mismatch)
I20260630 12:15:27.401722 15345 heartbeater.cc:344] Connected to a master server at 127.13.163.62:41913
I20260630 12:15:27.402132 15345 heartbeater.cc:461] Registering TS with master...
I20260630 12:15:27.402634 15072 raft_consensus.cc:1275] T 00000000000000000000000000000000 P b8f1ef1d6b1248188286c6010a8af6ca [term 1 FOLLOWER]: Refusing update from remote peer d7fa39ad531746819f97404f5dd02659: Log matching property violated. Preceding OpId in replica: term: 0 index: 0. Preceding OpId from leader: term: 1 index: 2. (index mismatch)
I20260630 12:15:27.403131 15345 heartbeater.cc:507] Master 127.13.163.62:41913 requested a full tablet report, sending...
I20260630 12:15:27.404907 15256 consensus_queue.cc:1048] T 00000000000000000000000000000000 P d7fa39ad531746819f97404f5dd02659 [LEADER]: Connected to new peer: Peer: permanent_uuid: "b8f1ef1d6b1248188286c6010a8af6ca" member_type: VOTER last_known_addr { host: "127.13.163.62" port: 41913 }, Status: LMP_MISMATCH, Last received: 0.0, Next index: 1, Last known committed idx: 0, Time since last communication: 0.000s
I20260630 12:15:27.406306 15062 ts_manager.cc:194] Registered new tserver with Master: 9923673533d64b23830fa5a7f7ad7274 (127.13.163.1:43849)
I20260630 12:15:27.406435 15256 consensus_queue.cc:1048] T 00000000000000000000000000000000 P d7fa39ad531746819f97404f5dd02659 [LEADER]: Connected to new peer: Peer: permanent_uuid: "c4898deab81d4d6298a2e80d56ea669b" member_type: VOTER last_known_addr { host: "127.13.163.61" port: 34359 }, Status: LMP_MISMATCH, Last received: 0.0, Next index: 1, Last known committed idx: 0, Time since last communication: 0.000s
I20260630 12:15:27.426319 13964 server_base.cc:1061] running on GCE node
I20260630 12:15:27.427507 15246 sys_catalog.cc:455] T 00000000000000000000000000000000 P b8f1ef1d6b1248188286c6010a8af6ca [sys.catalog]: SysCatalogTable state changed. Reason: New leader d7fa39ad531746819f97404f5dd02659. Latest consensus state: current_term: 1 leader_uuid: "d7fa39ad531746819f97404f5dd02659" committed_config { opid_index: -1 OBSOLETE_local: false peers { permanent_uuid: "b8f1ef1d6b1248188286c6010a8af6ca" member_type: VOTER last_known_addr { host: "127.13.163.62" port: 41913 } } peers { permanent_uuid: "c4898deab81d4d6298a2e80d56ea669b" member_type: VOTER last_known_addr { host: "127.13.163.61" port: 34359 } } peers { permanent_uuid: "d7fa39ad531746819f97404f5dd02659" member_type: VOTER last_known_addr { host: "127.13.163.60" port: 36321 } } }
I20260630 12:15:27.428468 15246 sys_catalog.cc:458] T 00000000000000000000000000000000 P b8f1ef1d6b1248188286c6010a8af6ca [sys.catalog]: This master's current role is: FOLLOWER
W20260630 12:15:27.429867 15355 instance_detector.cc:116] could not retrieve OpenStack instance metadata: Network error: curl error: HTTP response code said error: The requested URL returned error: 404
I20260630 12:15:27.429819 15233 sys_catalog.cc:455] T 00000000000000000000000000000000 P c4898deab81d4d6298a2e80d56ea669b [sys.catalog]: SysCatalogTable state changed. Reason: New leader d7fa39ad531746819f97404f5dd02659. Latest consensus state: current_term: 1 leader_uuid: "d7fa39ad531746819f97404f5dd02659" committed_config { opid_index: -1 OBSOLETE_local: false peers { permanent_uuid: "b8f1ef1d6b1248188286c6010a8af6ca" member_type: VOTER last_known_addr { host: "127.13.163.62" port: 41913 } } peers { permanent_uuid: "c4898deab81d4d6298a2e80d56ea669b" member_type: VOTER last_known_addr { host: "127.13.163.61" port: 34359 } } peers { permanent_uuid: "d7fa39ad531746819f97404f5dd02659" member_type: VOTER last_known_addr { host: "127.13.163.60" port: 36321 } } }
I20260630 12:15:27.430928 15233 sys_catalog.cc:458] T 00000000000000000000000000000000 P c4898deab81d4d6298a2e80d56ea669b [sys.catalog]: This master's current role is: FOLLOWER
I20260630 12:15:27.431460 13964 hybrid_clock.cc:584] initializing the hybrid clock with 'system_unsync' time source
W20260630 12:15:27.431667 13964 system_unsync_time.cc:38] NTP support is disabled. Clock error bounds will not be accurate. This configuration is not suitable for distributed clusters.
I20260630 12:15:27.431805 13964 hybrid_clock.cc:648] HybridClock initialized: now 1782821727431793 us; error 0 us; skew 500 ppm
I20260630 12:15:27.432312 13964 server_base.cc:861] Flag tcmalloc_max_total_thread_cache_bytes is not working since tcmalloc is not enabled.
I20260630 12:15:27.433914 15343 sys_catalog.cc:455] T 00000000000000000000000000000000 P d7fa39ad531746819f97404f5dd02659 [sys.catalog]: SysCatalogTable state changed. Reason: Peer health change. Latest consensus state: current_term: 1 leader_uuid: "d7fa39ad531746819f97404f5dd02659" committed_config { opid_index: -1 OBSOLETE_local: false peers { permanent_uuid: "b8f1ef1d6b1248188286c6010a8af6ca" member_type: VOTER last_known_addr { host: "127.13.163.62" port: 41913 } } peers { permanent_uuid: "c4898deab81d4d6298a2e80d56ea669b" member_type: VOTER last_known_addr { host: "127.13.163.61" port: 34359 } } peers { permanent_uuid: "d7fa39ad531746819f97404f5dd02659" member_type: VOTER last_known_addr { host: "127.13.163.60" port: 36321 } } }
I20260630 12:15:27.434556 15343 sys_catalog.cc:458] T 00000000000000000000000000000000 P d7fa39ad531746819f97404f5dd02659 [sys.catalog]: This master's current role is: LEADER
I20260630 12:15:27.435566 15349 catalog_manager.cc:1383] Generated new cluster ID: 7cffa5abb630430c94e76869c40cb705
I20260630 12:15:27.435930 15349 catalog_manager.cc:1531] Initializing Kudu internal certificate authority...
I20260630 12:15:27.435220 15343 sys_catalog.cc:455] T 00000000000000000000000000000000 P d7fa39ad531746819f97404f5dd02659 [sys.catalog]: SysCatalogTable state changed. Reason: Peer health change. Latest consensus state: current_term: 1 leader_uuid: "d7fa39ad531746819f97404f5dd02659" committed_config { opid_index: -1 OBSOLETE_local: false peers { permanent_uuid: "b8f1ef1d6b1248188286c6010a8af6ca" member_type: VOTER last_known_addr { host: "127.13.163.62" port: 41913 } } peers { permanent_uuid: "c4898deab81d4d6298a2e80d56ea669b" member_type: VOTER last_known_addr { host: "127.13.163.61" port: 34359 } } peers { permanent_uuid: "d7fa39ad531746819f97404f5dd02659" member_type: VOTER last_known_addr { host: "127.13.163.60" port: 36321 } } }
I20260630 12:15:27.443049 13964 webserver.cc:533] Webserver started at http://127.13.163.2:37747/ using document root <none> and password file <none>
I20260630 12:15:27.441514 15246 sys_catalog.cc:455] T 00000000000000000000000000000000 P b8f1ef1d6b1248188286c6010a8af6ca [sys.catalog]: SysCatalogTable state changed. Reason: Replicated consensus-only round. Latest consensus state: current_term: 1 leader_uuid: "d7fa39ad531746819f97404f5dd02659" committed_config { opid_index: -1 OBSOLETE_local: false peers { permanent_uuid: "b8f1ef1d6b1248188286c6010a8af6ca" member_type: VOTER last_known_addr { host: "127.13.163.62" port: 41913 } } peers { permanent_uuid: "c4898deab81d4d6298a2e80d56ea669b" member_type: VOTER last_known_addr { host: "127.13.163.61" port: 34359 } } peers { permanent_uuid: "d7fa39ad531746819f97404f5dd02659" member_type: VOTER last_known_addr { host: "127.13.163.60" port: 36321 } } }
I20260630 12:15:27.443198 15233 sys_catalog.cc:455] T 00000000000000000000000000000000 P c4898deab81d4d6298a2e80d56ea669b [sys.catalog]: SysCatalogTable state changed. Reason: Replicated consensus-only round. Latest consensus state: current_term: 1 leader_uuid: "d7fa39ad531746819f97404f5dd02659" committed_config { opid_index: -1 OBSOLETE_local: false peers { permanent_uuid: "b8f1ef1d6b1248188286c6010a8af6ca" member_type: VOTER last_known_addr { host: "127.13.163.62" port: 41913 } } peers { permanent_uuid: "c4898deab81d4d6298a2e80d56ea669b" member_type: VOTER last_known_addr { host: "127.13.163.61" port: 34359 } } peers { permanent_uuid: "d7fa39ad531746819f97404f5dd02659" member_type: VOTER last_known_addr { host: "127.13.163.60" port: 36321 } } }
I20260630 12:15:27.444308 13964 fs_manager.cc:362] Metadata directory not provided
I20260630 12:15:27.444329 15246 sys_catalog.cc:458] T 00000000000000000000000000000000 P b8f1ef1d6b1248188286c6010a8af6ca [sys.catalog]: This master's current role is: FOLLOWER
I20260630 12:15:27.444789 13964 fs_manager.cc:368] Using write-ahead log directory (fs_wal_dir) as metadata directory
I20260630 12:15:27.444716 15233 sys_catalog.cc:458] T 00000000000000000000000000000000 P c4898deab81d4d6298a2e80d56ea669b [sys.catalog]: This master's current role is: FOLLOWER
I20260630 12:15:27.443279 15343 sys_catalog.cc:458] T 00000000000000000000000000000000 P d7fa39ad531746819f97404f5dd02659 [sys.catalog]: This master's current role is: LEADER
I20260630 12:15:27.445359 13964 server_base.cc:909] This appears to be a new deployment of Kudu; creating new FS layout
I20260630 12:15:27.446715 13964 fs_manager.cc:1068] Generated new instance metadata in path /tmp/dist-test-taskmOXYt5/test-tmp/auto_rebalancer-test.0.AutoRebalancerTest.NextLeaderResumesAutoRebalancing.1782821710538236-13964-0/minicluster-data/ts-1-root/instance:
uuid: "697bc7d8cfc74bb7a1614860844adda5"
format_stamp: "Formatted at 2026-06-30 12:15:27 on dist-test-slave-9858"
I20260630 12:15:27.452139 13964 fs_manager.cc:696] Time spent creating directory manager: real 0.005s	user 0.004s	sys 0.000s
I20260630 12:15:27.458087 15367 log_block_manager.cc:4031] Time spent loading block containers with low live blocks: real 0.000s	user 0.000s	sys 0.000s
I20260630 12:15:27.459509 13964 fs_manager.cc:730] Time spent opening block manager: real 0.005s	user 0.003s	sys 0.002s
I20260630 12:15:27.459908 13964 fs_manager.cc:647] Opened local filesystem: /tmp/dist-test-taskmOXYt5/test-tmp/auto_rebalancer-test.0.AutoRebalancerTest.NextLeaderResumesAutoRebalancing.1782821710538236-13964-0/minicluster-data/ts-1-root
uuid: "697bc7d8cfc74bb7a1614860844adda5"
format_stamp: "Formatted at 2026-06-30 12:15:27 on dist-test-slave-9858"
I20260630 12:15:27.460296 13964 fs_report.cc:389] FS layout report
--------------------
wal directory: /tmp/dist-test-taskmOXYt5/test-tmp/auto_rebalancer-test.0.AutoRebalancerTest.NextLeaderResumesAutoRebalancing.1782821710538236-13964-0/minicluster-data/ts-1-root
metadata directory: /tmp/dist-test-taskmOXYt5/test-tmp/auto_rebalancer-test.0.AutoRebalancerTest.NextLeaderResumesAutoRebalancing.1782821710538236-13964-0/minicluster-data/ts-1-root
1 data directories: /tmp/dist-test-taskmOXYt5/test-tmp/auto_rebalancer-test.0.AutoRebalancerTest.NextLeaderResumesAutoRebalancing.1782821710538236-13964-0/minicluster-data/ts-1-root/data
Total live blocks: 0
Total live bytes: 0
Total live bytes (after alignment): 0
Total number of LBM containers: 0 (0 full)
Did not check for missing blocks
Did not check for orphaned blocks
Total full LBM containers with extra space: 0 (0 repaired)
Total full LBM container extra space in bytes: 0 (0 repaired)
Total incomplete LBM containers: 0 (0 repaired)
Total LBM partial records: 0 (0 repaired)
Total corrupted LBM metadata records in RocksDB: 0 (0 repaired)
I20260630 12:15:27.468801 15349 catalog_manager.cc:1406] Generated new certificate authority record
I20260630 12:15:27.471341 15349 catalog_manager.cc:1540] Loading token signing keys...
I20260630 12:15:27.488494 13964 rpc_server.cc:225] running with OpenSSL 1.1.1  11 Sep 2018
I20260630 12:15:27.490446 13964 kserver.cc:163] Server-wide thread pool size limit: 3276
I20260630 12:15:27.492630 13964 txn_system_client.cc:432] TxnSystemClient initialization is disabled...
I20260630 12:15:27.496949 15349 catalog_manager.cc:6070] T 00000000000000000000000000000000 P d7fa39ad531746819f97404f5dd02659: Generated new TSK 0
I20260630 12:15:27.497766 15349 catalog_manager.cc:1550] Initializing in-progress tserver states...
I20260630 12:15:27.499496 13964 ts_tablet_manager.cc:585] Loaded tablet metadata (0 total tablets, 0 live tablets)
I20260630 12:15:27.499872 13964 ts_tablet_manager.cc:531] Time spent load tablet metadata: real 0.000s	user 0.000s	sys 0.000s
I20260630 12:15:27.500244 13964 ts_tablet_manager.cc:616] Registered 0 tablets
I20260630 12:15:27.500501 13964 ts_tablet_manager.cc:595] Time spent register tablets: real 0.000s	user 0.000s	sys 0.000s
I20260630 12:15:27.548278 13964 rpc_server.cc:307] RPC server started. Bound to: 127.13.163.2:44047
I20260630 12:15:27.548382 15430 acceptor_pool.cc:272] collecting diagnostics on the listening RPC socket 127.13.163.2:44047 every 8 connection(s)
I20260630 12:15:27.560810 13964 file_cache.cc:492] Constructed file cache file cache with capacity 419430
I20260630 12:15:27.573103 15431 heartbeater.cc:344] Connected to a master server at 127.13.163.60:36321
I20260630 12:15:27.573601 15431 heartbeater.cc:461] Registering TS with master...
I20260630 12:15:27.574496 15431 heartbeater.cc:507] Master 127.13.163.60:36321 requested a full tablet report, sending...
W20260630 12:15:27.575914 15438 instance_detector.cc:116] could not retrieve AWS instance metadata: Network error: curl error: HTTP response code said error: The requested URL returned error: 404
I20260630 12:15:27.577611 15192 ts_manager.cc:194] Registered new tserver with Master: 697bc7d8cfc74bb7a1614860844adda5 (127.13.163.2:44047)
W20260630 12:15:27.579257 15439 instance_detector.cc:116] could not retrieve Azure instance metadata: Network error: curl error: HTTP response code said error: The requested URL returned error: 404
I20260630 12:15:27.580942 15192 master_service.cc:502] Signed X509 certificate for tserver {username='slave'} at 127.0.0.1:37948
I20260630 12:15:27.585819 15432 heartbeater.cc:344] Connected to a master server at 127.13.163.61:34359
I20260630 12:15:27.586244 15432 heartbeater.cc:461] Registering TS with master...
I20260630 12:15:27.586582 15433 heartbeater.cc:344] Connected to a master server at 127.13.163.62:41913
I20260630 12:15:27.586968 15432 heartbeater.cc:507] Master 127.13.163.61:34359 requested a full tablet report, sending...
I20260630 12:15:27.586992 15433 heartbeater.cc:461] Registering TS with master...
I20260630 12:15:27.587884 13964 server_base.cc:1061] running on GCE node
I20260630 12:15:27.587951 15433 heartbeater.cc:507] Master 127.13.163.62:41913 requested a full tablet report, sending...
W20260630 12:15:27.590166 15442 instance_detector.cc:116] could not retrieve OpenStack instance metadata: Network error: curl error: HTTP response code said error: The requested URL returned error: 404
I20260630 12:15:27.590183 15127 ts_manager.cc:194] Registered new tserver with Master: 697bc7d8cfc74bb7a1614860844adda5 (127.13.163.2:44047)
I20260630 12:15:27.590492 15062 ts_manager.cc:194] Registered new tserver with Master: 697bc7d8cfc74bb7a1614860844adda5 (127.13.163.2:44047)
I20260630 12:15:27.591539 13964 hybrid_clock.cc:584] initializing the hybrid clock with 'system_unsync' time source
W20260630 12:15:27.591856 13964 system_unsync_time.cc:38] NTP support is disabled. Clock error bounds will not be accurate. This configuration is not suitable for distributed clusters.
I20260630 12:15:27.592058 13964 hybrid_clock.cc:648] HybridClock initialized: now 1782821727592037 us; error 0 us; skew 500 ppm
I20260630 12:15:27.592614 13964 server_base.cc:861] Flag tcmalloc_max_total_thread_cache_bytes is not working since tcmalloc is not enabled.
I20260630 12:15:27.595451 13964 webserver.cc:533] Webserver started at http://127.13.163.3:43475/ using document root <none> and password file <none>
I20260630 12:15:27.595947 13964 fs_manager.cc:362] Metadata directory not provided
I20260630 12:15:27.596136 13964 fs_manager.cc:368] Using write-ahead log directory (fs_wal_dir) as metadata directory
I20260630 12:15:27.596412 13964 server_base.cc:909] This appears to be a new deployment of Kudu; creating new FS layout
I20260630 12:15:27.597431 13964 fs_manager.cc:1068] Generated new instance metadata in path /tmp/dist-test-taskmOXYt5/test-tmp/auto_rebalancer-test.0.AutoRebalancerTest.NextLeaderResumesAutoRebalancing.1782821710538236-13964-0/minicluster-data/ts-2-root/instance:
uuid: "fa3c6dd04f45478ab45f6d3dd7a039a2"
format_stamp: "Formatted at 2026-06-30 12:15:27 on dist-test-slave-9858"
I20260630 12:15:27.602025 13964 fs_manager.cc:696] Time spent creating directory manager: real 0.004s	user 0.006s	sys 0.000s
I20260630 12:15:27.605574 15446 log_block_manager.cc:4031] Time spent loading block containers with low live blocks: real 0.000s	user 0.000s	sys 0.000s
I20260630 12:15:27.606441 13964 fs_manager.cc:730] Time spent opening block manager: real 0.002s	user 0.002s	sys 0.000s
I20260630 12:15:27.606761 13964 fs_manager.cc:647] Opened local filesystem: /tmp/dist-test-taskmOXYt5/test-tmp/auto_rebalancer-test.0.AutoRebalancerTest.NextLeaderResumesAutoRebalancing.1782821710538236-13964-0/minicluster-data/ts-2-root
uuid: "fa3c6dd04f45478ab45f6d3dd7a039a2"
format_stamp: "Formatted at 2026-06-30 12:15:27 on dist-test-slave-9858"
I20260630 12:15:27.607103 13964 fs_report.cc:389] FS layout report
--------------------
wal directory: /tmp/dist-test-taskmOXYt5/test-tmp/auto_rebalancer-test.0.AutoRebalancerTest.NextLeaderResumesAutoRebalancing.1782821710538236-13964-0/minicluster-data/ts-2-root
metadata directory: /tmp/dist-test-taskmOXYt5/test-tmp/auto_rebalancer-test.0.AutoRebalancerTest.NextLeaderResumesAutoRebalancing.1782821710538236-13964-0/minicluster-data/ts-2-root
1 data directories: /tmp/dist-test-taskmOXYt5/test-tmp/auto_rebalancer-test.0.AutoRebalancerTest.NextLeaderResumesAutoRebalancing.1782821710538236-13964-0/minicluster-data/ts-2-root/data
Total live blocks: 0
Total live bytes: 0
Total live bytes (after alignment): 0
Total number of LBM containers: 0 (0 full)
Did not check for missing blocks
Did not check for orphaned blocks
Total full LBM containers with extra space: 0 (0 repaired)
Total full LBM container extra space in bytes: 0 (0 repaired)
Total incomplete LBM containers: 0 (0 repaired)
Total LBM partial records: 0 (0 repaired)
Total corrupted LBM metadata records in RocksDB: 0 (0 repaired)
I20260630 12:15:27.626323 13964 rpc_server.cc:225] running with OpenSSL 1.1.1  11 Sep 2018
I20260630 12:15:27.627724 13964 kserver.cc:163] Server-wide thread pool size limit: 3276
I20260630 12:15:27.629114 13964 txn_system_client.cc:432] TxnSystemClient initialization is disabled...
I20260630 12:15:27.631510 13964 ts_tablet_manager.cc:585] Loaded tablet metadata (0 total tablets, 0 live tablets)
I20260630 12:15:27.631745 13964 ts_tablet_manager.cc:531] Time spent load tablet metadata: real 0.000s	user 0.000s	sys 0.000s
I20260630 12:15:27.631989 13964 ts_tablet_manager.cc:616] Registered 0 tablets
I20260630 12:15:27.632169 13964 ts_tablet_manager.cc:595] Time spent register tablets: real 0.000s	user 0.000s	sys 0.000s
I20260630 12:15:27.673377 13964 rpc_server.cc:307] RPC server started. Bound to: 127.13.163.3:46493
I20260630 12:15:27.673498 15508 acceptor_pool.cc:272] collecting diagnostics on the listening RPC socket 127.13.163.3:46493 every 8 connection(s)
I20260630 12:15:27.695672 15509 heartbeater.cc:344] Connected to a master server at 127.13.163.60:36321
I20260630 12:15:27.696177 15509 heartbeater.cc:461] Registering TS with master...
I20260630 12:15:27.697340 15509 heartbeater.cc:507] Master 127.13.163.60:36321 requested a full tablet report, sending...
I20260630 12:15:27.699299 15510 heartbeater.cc:344] Connected to a master server at 127.13.163.61:34359
I20260630 12:15:27.699813 15510 heartbeater.cc:461] Registering TS with master...
I20260630 12:15:27.699867 15192 ts_manager.cc:194] Registered new tserver with Master: fa3c6dd04f45478ab45f6d3dd7a039a2 (127.13.163.3:46493)
I20260630 12:15:27.700850 15510 heartbeater.cc:507] Master 127.13.163.61:34359 requested a full tablet report, sending...
I20260630 12:15:27.701766 15192 master_service.cc:502] Signed X509 certificate for tserver {username='slave'} at 127.0.0.1:37956
I20260630 12:15:27.701872 15511 heartbeater.cc:344] Connected to a master server at 127.13.163.62:41913
I20260630 12:15:27.702350 15511 heartbeater.cc:461] Registering TS with master...
I20260630 12:15:27.703306 15511 heartbeater.cc:507] Master 127.13.163.62:41913 requested a full tablet report, sending...
I20260630 12:15:27.704036 15127 ts_manager.cc:194] Registered new tserver with Master: fa3c6dd04f45478ab45f6d3dd7a039a2 (127.13.163.3:46493)
I20260630 12:15:27.705999 15062 ts_manager.cc:194] Registered new tserver with Master: fa3c6dd04f45478ab45f6d3dd7a039a2 (127.13.163.3:46493)
I20260630 12:15:27.706190 13964 internal_mini_cluster.cc:371] 3 TS(s) registered with all masters after 0.027125104s
I20260630 12:15:28.211414 15245 catalog_manager.cc:1295] Loaded cluster ID: 7cffa5abb630430c94e76869c40cb705
I20260630 12:15:28.211690 15245 catalog_manager.cc:1588] T 00000000000000000000000000000000 P c4898deab81d4d6298a2e80d56ea669b: loading cluster ID for follower catalog manager: success
I20260630 12:15:28.216360 15245 catalog_manager.cc:1610] T 00000000000000000000000000000000 P c4898deab81d4d6298a2e80d56ea669b: acquiring CA information for follower catalog manager: success
I20260630 12:15:28.219686 15245 catalog_manager.cc:1638] T 00000000000000000000000000000000 P c4898deab81d4d6298a2e80d56ea669b: importing token verification keys for follower catalog manager: success; most recent TSK sequence number 0
I20260630 12:15:28.228528 15259 catalog_manager.cc:1295] Loaded cluster ID: 7cffa5abb630430c94e76869c40cb705
I20260630 12:15:28.228799 15259 catalog_manager.cc:1588] T 00000000000000000000000000000000 P b8f1ef1d6b1248188286c6010a8af6ca: loading cluster ID for follower catalog manager: success
I20260630 12:15:28.233196 15259 catalog_manager.cc:1610] T 00000000000000000000000000000000 P b8f1ef1d6b1248188286c6010a8af6ca: acquiring CA information for follower catalog manager: success
I20260630 12:15:28.236510 15259 catalog_manager.cc:1638] T 00000000000000000000000000000000 P b8f1ef1d6b1248188286c6010a8af6ca: importing token verification keys for follower catalog manager: success; most recent TSK sequence number 0
I20260630 12:15:28.396538 15192 master_service.cc:502] Signed X509 certificate for tserver {username='slave'} at 127.0.0.1:37934
I20260630 12:15:28.584646 15431 heartbeater.cc:499] Master 127.13.163.60:36321 was elected leader, sending a full tablet report...
I20260630 12:15:28.704484 15509 heartbeater.cc:499] Master 127.13.163.60:36321 was elected leader, sending a full tablet report...
I20260630 12:15:29.230615 15269 auto_leader_rebalancer.cc:515] All tables' leader rebalancing finished this round
I20260630 12:15:29.321861 15192 catalog_manager.cc:2283] Servicing CreateTable request from {username='slave'} at 127.0.0.1:37960:
name: "test-workload"
schema {
  columns {
    name: "key"
    type: INT32
    is_key: true
    is_nullable: false
    encoding: AUTO_ENCODING
    compression: DEFAULT_COMPRESSION
    cfile_block_size: 0
    immutable: false
  }
  columns {
    name: "int_val"
    type: INT32
    is_key: false
    is_nullable: false
    encoding: AUTO_ENCODING
    compression: DEFAULT_COMPRESSION
    cfile_block_size: 0
    immutable: false
  }
  columns {
    name: "string_val"
    type: STRING
    is_key: false
    is_nullable: true
    encoding: AUTO_ENCODING
    compression: DEFAULT_COMPRESSION
    cfile_block_size: 0
    immutable: false
  }
}
num_replicas: 1
split_rows_range_bounds {
  rows: "\004\001\000\252\252\252*\004\001\000TUUU""\004\001\000\252\252\252*\004\001\000TUUU"
  indirect_data: """"
}
partition_schema {
  range_schema {
    columns {
      name: "key"
    }
  }
}
I20260630 12:15:29.399436 15342 heartbeater.cc:499] Master 127.13.163.60:36321 was elected leader, sending a full tablet report...
I20260630 12:15:29.404528 15396 tablet_service.cc:1511] Processing CreateTablet for tablet ce816ed047e7433fb1feb30894b1943e (DEFAULT_TABLE table=test-workload [id=352c6ce39d234641b714c7aa963aa609]), partition=RANGE (key) PARTITION VALUES < 715827882
I20260630 12:15:29.405117 15307 tablet_service.cc:1511] Processing CreateTablet for tablet c40c1770bea24bb9a85ba16e07bc3dcc (DEFAULT_TABLE table=test-workload [id=352c6ce39d234641b714c7aa963aa609]), partition=RANGE (key) PARTITION 715827882 <= VALUES < 1431655764
I20260630 12:15:29.406351 15396 data_dirs.cc:400] Could only allocate 1 dirs of requested 3 for tablet ce816ed047e7433fb1feb30894b1943e. 1 dirs total, 0 dirs full, 0 dirs failed
I20260630 12:15:29.406760 15307 data_dirs.cc:400] Could only allocate 1 dirs of requested 3 for tablet c40c1770bea24bb9a85ba16e07bc3dcc. 1 dirs total, 0 dirs full, 0 dirs failed
I20260630 12:15:29.415120 15474 tablet_service.cc:1511] Processing CreateTablet for tablet a1166f35d3054c97866e43ae5e412426 (DEFAULT_TABLE table=test-workload [id=352c6ce39d234641b714c7aa963aa609]), partition=RANGE (key) PARTITION 1431655764 <= VALUES
I20260630 12:15:29.416620 15474 data_dirs.cc:400] Could only allocate 1 dirs of requested 3 for tablet a1166f35d3054c97866e43ae5e412426. 1 dirs total, 0 dirs full, 0 dirs failed
I20260630 12:15:29.423453 15545 tablet_bootstrap.cc:492] T ce816ed047e7433fb1feb30894b1943e P 697bc7d8cfc74bb7a1614860844adda5: Bootstrap starting.
I20260630 12:15:29.430368 15546 tablet_bootstrap.cc:492] T c40c1770bea24bb9a85ba16e07bc3dcc P 9923673533d64b23830fa5a7f7ad7274: Bootstrap starting.
I20260630 12:15:29.431694 15545 tablet_bootstrap.cc:654] T ce816ed047e7433fb1feb30894b1943e P 697bc7d8cfc74bb7a1614860844adda5: Neither blocks nor log segments found. Creating new log.
I20260630 12:15:29.432122 15547 tablet_bootstrap.cc:492] T a1166f35d3054c97866e43ae5e412426 P fa3c6dd04f45478ab45f6d3dd7a039a2: Bootstrap starting.
I20260630 12:15:29.437547 15546 tablet_bootstrap.cc:654] T c40c1770bea24bb9a85ba16e07bc3dcc P 9923673533d64b23830fa5a7f7ad7274: Neither blocks nor log segments found. Creating new log.
I20260630 12:15:29.437606 15545 tablet_bootstrap.cc:492] T ce816ed047e7433fb1feb30894b1943e P 697bc7d8cfc74bb7a1614860844adda5: No bootstrap required, opened a new log
I20260630 12:15:29.438459 15545 ts_tablet_manager.cc:1403] T ce816ed047e7433fb1feb30894b1943e P 697bc7d8cfc74bb7a1614860844adda5: Time spent bootstrapping tablet: real 0.015s	user 0.005s	sys 0.006s
I20260630 12:15:29.439299 15547 tablet_bootstrap.cc:654] T a1166f35d3054c97866e43ae5e412426 P fa3c6dd04f45478ab45f6d3dd7a039a2: Neither blocks nor log segments found. Creating new log.
I20260630 12:15:29.441036 15545 raft_consensus.cc:359] T ce816ed047e7433fb1feb30894b1943e P 697bc7d8cfc74bb7a1614860844adda5 [term 0 FOLLOWER]: Replica starting. Triggering 0 pending ops. Active config: opid_index: -1 OBSOLETE_local: true peers { permanent_uuid: "697bc7d8cfc74bb7a1614860844adda5" member_type: VOTER last_known_addr { host: "127.13.163.2" port: 44047 } }
I20260630 12:15:29.441816 15545 raft_consensus.cc:385] T ce816ed047e7433fb1feb30894b1943e P 697bc7d8cfc74bb7a1614860844adda5 [term 0 FOLLOWER]: Consensus starting up: Expiring failure detector timer to make a prompt election more likely
I20260630 12:15:29.442147 15545 raft_consensus.cc:740] T ce816ed047e7433fb1feb30894b1943e P 697bc7d8cfc74bb7a1614860844adda5 [term 0 FOLLOWER]: Becoming Follower/Learner. State: Replica: 697bc7d8cfc74bb7a1614860844adda5, State: Initialized, Role: FOLLOWER
I20260630 12:15:29.442922 15545 consensus_queue.cc:260] T ce816ed047e7433fb1feb30894b1943e P 697bc7d8cfc74bb7a1614860844adda5 [NON_LEADER]: Queue going to NON_LEADER mode. State: All replicated index: 0, Majority replicated index: 0, Committed index: 0, Last appended: 0.0, Last appended by leader: 0, Current term: 0, Majority size: -1, State: 0, Mode: NON_LEADER, active raft config: opid_index: -1 OBSOLETE_local: true peers { permanent_uuid: "697bc7d8cfc74bb7a1614860844adda5" member_type: VOTER last_known_addr { host: "127.13.163.2" port: 44047 } }
I20260630 12:15:29.443645 15545 raft_consensus.cc:399] T ce816ed047e7433fb1feb30894b1943e P 697bc7d8cfc74bb7a1614860844adda5 [term 0 FOLLOWER]: Only one voter in the Raft config. Triggering election immediately
I20260630 12:15:29.443989 15545 raft_consensus.cc:493] T ce816ed047e7433fb1feb30894b1943e P 697bc7d8cfc74bb7a1614860844adda5 [term 0 FOLLOWER]: Starting leader election (initial election of a single-replica configuration)
I20260630 12:15:29.444128 15546 tablet_bootstrap.cc:492] T c40c1770bea24bb9a85ba16e07bc3dcc P 9923673533d64b23830fa5a7f7ad7274: No bootstrap required, opened a new log
I20260630 12:15:29.444316 15545 raft_consensus.cc:3060] T ce816ed047e7433fb1feb30894b1943e P 697bc7d8cfc74bb7a1614860844adda5 [term 0 FOLLOWER]: Advancing to term 1
I20260630 12:15:29.444746 15546 ts_tablet_manager.cc:1403] T c40c1770bea24bb9a85ba16e07bc3dcc P 9923673533d64b23830fa5a7f7ad7274: Time spent bootstrapping tablet: real 0.015s	user 0.012s	sys 0.000s
I20260630 12:15:29.445737 15547 tablet_bootstrap.cc:492] T a1166f35d3054c97866e43ae5e412426 P fa3c6dd04f45478ab45f6d3dd7a039a2: No bootstrap required, opened a new log
I20260630 12:15:29.446245 15547 ts_tablet_manager.cc:1403] T a1166f35d3054c97866e43ae5e412426 P fa3c6dd04f45478ab45f6d3dd7a039a2: Time spent bootstrapping tablet: real 0.015s	user 0.011s	sys 0.000s
I20260630 12:15:29.448176 15546 raft_consensus.cc:359] T c40c1770bea24bb9a85ba16e07bc3dcc P 9923673533d64b23830fa5a7f7ad7274 [term 0 FOLLOWER]: Replica starting. Triggering 0 pending ops. Active config: opid_index: -1 OBSOLETE_local: true peers { permanent_uuid: "9923673533d64b23830fa5a7f7ad7274" member_type: VOTER last_known_addr { host: "127.13.163.1" port: 43849 } }
I20260630 12:15:29.448828 15546 raft_consensus.cc:385] T c40c1770bea24bb9a85ba16e07bc3dcc P 9923673533d64b23830fa5a7f7ad7274 [term 0 FOLLOWER]: Consensus starting up: Expiring failure detector timer to make a prompt election more likely
I20260630 12:15:29.449175 15546 raft_consensus.cc:740] T c40c1770bea24bb9a85ba16e07bc3dcc P 9923673533d64b23830fa5a7f7ad7274 [term 0 FOLLOWER]: Becoming Follower/Learner. State: Replica: 9923673533d64b23830fa5a7f7ad7274, State: Initialized, Role: FOLLOWER
I20260630 12:15:29.449347 15547 raft_consensus.cc:359] T a1166f35d3054c97866e43ae5e412426 P fa3c6dd04f45478ab45f6d3dd7a039a2 [term 0 FOLLOWER]: Replica starting. Triggering 0 pending ops. Active config: opid_index: -1 OBSOLETE_local: true peers { permanent_uuid: "fa3c6dd04f45478ab45f6d3dd7a039a2" member_type: VOTER last_known_addr { host: "127.13.163.3" port: 46493 } }
I20260630 12:15:29.449518 15545 raft_consensus.cc:515] T ce816ed047e7433fb1feb30894b1943e P 697bc7d8cfc74bb7a1614860844adda5 [term 1 FOLLOWER]: Starting leader election with config: opid_index: -1 OBSOLETE_local: true peers { permanent_uuid: "697bc7d8cfc74bb7a1614860844adda5" member_type: VOTER last_known_addr { host: "127.13.163.2" port: 44047 } }
I20260630 12:15:29.450007 15547 raft_consensus.cc:385] T a1166f35d3054c97866e43ae5e412426 P fa3c6dd04f45478ab45f6d3dd7a039a2 [term 0 FOLLOWER]: Consensus starting up: Expiring failure detector timer to make a prompt election more likely
I20260630 12:15:29.450248 15545 leader_election.cc:304] T ce816ed047e7433fb1feb30894b1943e P 697bc7d8cfc74bb7a1614860844adda5 [CANDIDATE]: Term 1 election: Election decided. Result: candidate won. Election summary: received 1 responses out of 1 voters: 1 yes votes; 0 no votes. yes voters: 697bc7d8cfc74bb7a1614860844adda5; no voters: 
I20260630 12:15:29.450045 15546 consensus_queue.cc:260] T c40c1770bea24bb9a85ba16e07bc3dcc P 9923673533d64b23830fa5a7f7ad7274 [NON_LEADER]: Queue going to NON_LEADER mode. State: All replicated index: 0, Majority replicated index: 0, Committed index: 0, Last appended: 0.0, Last appended by leader: 0, Current term: 0, Majority size: -1, State: 0, Mode: NON_LEADER, active raft config: opid_index: -1 OBSOLETE_local: true peers { permanent_uuid: "9923673533d64b23830fa5a7f7ad7274" member_type: VOTER last_known_addr { host: "127.13.163.1" port: 43849 } }
I20260630 12:15:29.450580 15547 raft_consensus.cc:740] T a1166f35d3054c97866e43ae5e412426 P fa3c6dd04f45478ab45f6d3dd7a039a2 [term 0 FOLLOWER]: Becoming Follower/Learner. State: Replica: fa3c6dd04f45478ab45f6d3dd7a039a2, State: Initialized, Role: FOLLOWER
I20260630 12:15:29.451068 15546 raft_consensus.cc:399] T c40c1770bea24bb9a85ba16e07bc3dcc P 9923673533d64b23830fa5a7f7ad7274 [term 0 FOLLOWER]: Only one voter in the Raft config. Triggering election immediately
I20260630 12:15:29.451452 15546 raft_consensus.cc:493] T c40c1770bea24bb9a85ba16e07bc3dcc P 9923673533d64b23830fa5a7f7ad7274 [term 0 FOLLOWER]: Starting leader election (initial election of a single-replica configuration)
