I20260630 12:17:19.560318 18397 data_dirs.cc:400] Could only allocate 1 dirs of requested 3 for tablet 77b051c114854b658a8ada9c479a9059. 1 dirs total, 0 dirs full, 0 dirs failed
I20260630 12:17:19.563344 18472 tablet_service.cc:1511] Processing CreateTablet for tablet 77b051c114854b658a8ada9c479a9059 (DEFAULT_TABLE table=test-workload [id=fb9176e94bc348f1978cf0614088ebb8]), partition=RANGE (key) PARTITION 1431655760 <= VALUES < 1610612730
I20260630 12:17:19.564924 18472 data_dirs.cc:400] Could only allocate 1 dirs of requested 3 for tablet 77b051c114854b658a8ada9c479a9059. 1 dirs total, 0 dirs full, 0 dirs failed
I20260630 12:17:19.558437 18547 data_dirs.cc:400] Could only allocate 1 dirs of requested 3 for tablet ca98ce5b95944dad981288e70f33ac08. 1 dirs total, 0 dirs full, 0 dirs failed
I20260630 12:17:19.584919 18546 tablet_service.cc:1511] Processing CreateTablet for tablet 77b051c114854b658a8ada9c479a9059 (DEFAULT_TABLE table=test-workload [id=fb9176e94bc348f1978cf0614088ebb8]), partition=RANGE (key) PARTITION 1431655760 <= VALUES < 1610612730
I20260630 12:17:19.586943 18546 data_dirs.cc:400] Could only allocate 1 dirs of requested 3 for tablet 77b051c114854b658a8ada9c479a9059. 1 dirs total, 0 dirs full, 0 dirs failed
I20260630 12:17:19.606050 18403 tablet_service.cc:1511] Processing CreateTablet for tablet d6731b1fed3742089fe9eea3bafe8b5b (DEFAULT_TABLE table=test-workload [id=fb9176e94bc348f1978cf0614088ebb8]), partition=RANGE (key) PARTITION 1610612730 <= VALUES < 1789569700
I20260630 12:17:19.607991 18403 data_dirs.cc:400] Could only allocate 1 dirs of requested 3 for tablet d6731b1fed3742089fe9eea3bafe8b5b. 1 dirs total, 0 dirs full, 0 dirs failed
I20260630 12:17:19.619112 18609 tablet_bootstrap.cc:492] T ef9f0cc20e2240d0a701266adfc1c39c P c3dcc1ef7c5742d4899fc7c56811f892: Bootstrap starting.
I20260630 12:17:19.619472 18477 tablet_service.cc:1511] Processing CreateTablet for tablet d6731b1fed3742089fe9eea3bafe8b5b (DEFAULT_TABLE table=test-workload [id=fb9176e94bc348f1978cf0614088ebb8]), partition=RANGE (key) PARTITION 1610612730 <= VALUES < 1789569700
I20260630 12:17:19.620957 18477 data_dirs.cc:400] Could only allocate 1 dirs of requested 3 for tablet d6731b1fed3742089fe9eea3bafe8b5b. 1 dirs total, 0 dirs full, 0 dirs failed
I20260630 12:17:19.624167 18610 tablet_bootstrap.cc:492] T ef9f0cc20e2240d0a701266adfc1c39c P f3f4e0a93fb1409290edbe6277e9fb39: Bootstrap starting.
I20260630 12:17:19.630686 18545 tablet_service.cc:1511] Processing CreateTablet for tablet d6731b1fed3742089fe9eea3bafe8b5b (DEFAULT_TABLE table=test-workload [id=fb9176e94bc348f1978cf0614088ebb8]), partition=RANGE (key) PARTITION 1610612730 <= VALUES < 1789569700
I20260630 12:17:19.632380 18545 data_dirs.cc:400] Could only allocate 1 dirs of requested 3 for tablet d6731b1fed3742089fe9eea3bafe8b5b. 1 dirs total, 0 dirs full, 0 dirs failed
I20260630 12:17:19.636093 18611 tablet_bootstrap.cc:492] T ec8046a4d7694b4bb51225ca94ffc373 P 967309f3a144499280ee47681bfc4876: Bootstrap starting.
I20260630 12:17:19.638819 18405 tablet_service.cc:1511] Processing CreateTablet for tablet 1f01b659fc684f23a73490527f299df4 (DEFAULT_TABLE table=test-workload [id=fb9176e94bc348f1978cf0614088ebb8]), partition=RANGE (key) PARTITION 1789569700 <= VALUES < 1968526670
I20260630 12:17:19.640465 18405 data_dirs.cc:400] Could only allocate 1 dirs of requested 3 for tablet 1f01b659fc684f23a73490527f299df4. 1 dirs total, 0 dirs full, 0 dirs failed
I20260630 12:17:19.640303 18480 tablet_service.cc:1511] Processing CreateTablet for tablet 1f01b659fc684f23a73490527f299df4 (DEFAULT_TABLE table=test-workload [id=fb9176e94bc348f1978cf0614088ebb8]), partition=RANGE (key) PARTITION 1789569700 <= VALUES < 1968526670
I20260630 12:17:19.641772 18480 data_dirs.cc:400] Could only allocate 1 dirs of requested 3 for tablet 1f01b659fc684f23a73490527f299df4. 1 dirs total, 0 dirs full, 0 dirs failed
I20260630 12:17:19.667079 18515 heartbeater.cc:499] Master 127.13.152.190:34479 was elected leader, sending a full tablet report...
I20260630 12:17:19.717933 18609 tablet_bootstrap.cc:654] T ef9f0cc20e2240d0a701266adfc1c39c P c3dcc1ef7c5742d4899fc7c56811f892: Neither blocks nor log segments found. Creating new log.
I20260630 12:17:19.726531 18611 tablet_bootstrap.cc:654] T ec8046a4d7694b4bb51225ca94ffc373 P 967309f3a144499280ee47681bfc4876: Neither blocks nor log segments found. Creating new log.
I20260630 12:17:19.737334 18610 tablet_bootstrap.cc:654] T ef9f0cc20e2240d0a701266adfc1c39c P f3f4e0a93fb1409290edbe6277e9fb39: Neither blocks nor log segments found. Creating new log.
I20260630 12:17:19.761142 18403 tablet_service.cc:1511] Processing CreateTablet for tablet 27c84e89c707486cab60c0ebfb25911b (DEFAULT_TABLE table=test-workload [id=fb9176e94bc348f1978cf0614088ebb8]), partition=RANGE (key) PARTITION 1968526670 <= VALUES
I20260630 12:17:19.761555 18480 tablet_service.cc:1511] Processing CreateTablet for tablet 27c84e89c707486cab60c0ebfb25911b (DEFAULT_TABLE table=test-workload [id=fb9176e94bc348f1978cf0614088ebb8]), partition=RANGE (key) PARTITION 1968526670 <= VALUES
I20260630 12:17:19.762923 18403 data_dirs.cc:400] Could only allocate 1 dirs of requested 3 for tablet 27c84e89c707486cab60c0ebfb25911b. 1 dirs total, 0 dirs full, 0 dirs failed
I20260630 12:17:19.762992 18480 data_dirs.cc:400] Could only allocate 1 dirs of requested 3 for tablet 27c84e89c707486cab60c0ebfb25911b. 1 dirs total, 0 dirs full, 0 dirs failed
I20260630 12:17:19.768244 18550 tablet_service.cc:1511] Processing CreateTablet for tablet 1f01b659fc684f23a73490527f299df4 (DEFAULT_TABLE table=test-workload [id=fb9176e94bc348f1978cf0614088ebb8]), partition=RANGE (key) PARTITION 1789569700 <= VALUES < 1968526670
I20260630 12:17:19.770259 18550 data_dirs.cc:400] Could only allocate 1 dirs of requested 3 for tablet 1f01b659fc684f23a73490527f299df4. 1 dirs total, 0 dirs full, 0 dirs failed
I20260630 12:17:19.776177 18589 heartbeater.cc:499] Master 127.13.152.190:34479 was elected leader, sending a full tablet report...
I20260630 12:17:19.794078 18609 tablet_bootstrap.cc:492] T ef9f0cc20e2240d0a701266adfc1c39c P c3dcc1ef7c5742d4899fc7c56811f892: No bootstrap required, opened a new log
I20260630 12:17:19.794958 18609 ts_tablet_manager.cc:1403] T ef9f0cc20e2240d0a701266adfc1c39c P c3dcc1ef7c5742d4899fc7c56811f892: Time spent bootstrapping tablet: real 0.176s	user 0.021s	sys 0.026s
I20260630 12:17:19.806753 18609 raft_consensus.cc:359] T ef9f0cc20e2240d0a701266adfc1c39c P c3dcc1ef7c5742d4899fc7c56811f892 [term 0 FOLLOWER]: Replica starting. Triggering 0 pending ops. Active config: opid_index: -1 OBSOLETE_local: false peers { permanent_uuid: "f3f4e0a93fb1409290edbe6277e9fb39" member_type: VOTER last_known_addr { host: "127.13.152.130" port: 46505 } } peers { permanent_uuid: "c3dcc1ef7c5742d4899fc7c56811f892" member_type: VOTER last_known_addr { host: "127.13.152.129" port: 46457 } } peers { permanent_uuid: "967309f3a144499280ee47681bfc4876" member_type: VOTER last_known_addr { host: "127.13.152.131" port: 43057 } }
I20260630 12:17:19.808107 18609 raft_consensus.cc:385] T ef9f0cc20e2240d0a701266adfc1c39c P c3dcc1ef7c5742d4899fc7c56811f892 [term 0 FOLLOWER]: Consensus starting up: Expiring failure detector timer to make a prompt election more likely
I20260630 12:17:19.808564 18609 raft_consensus.cc:740] T ef9f0cc20e2240d0a701266adfc1c39c P c3dcc1ef7c5742d4899fc7c56811f892 [term 0 FOLLOWER]: Becoming Follower/Learner. State: Replica: c3dcc1ef7c5742d4899fc7c56811f892, State: Initialized, Role: FOLLOWER
I20260630 12:17:19.823686 18609 consensus_queue.cc:260] T ef9f0cc20e2240d0a701266adfc1c39c P c3dcc1ef7c5742d4899fc7c56811f892 [NON_LEADER]: Queue going to NON_LEADER mode. State: All replicated index: 0, Majority replicated index: 0, Committed index: 0, Last appended: 0.0, Last appended by leader: 0, Current term: 0, Majority size: -1, State: 0, Mode: NON_LEADER, active raft config: opid_index: -1 OBSOLETE_local: false peers { permanent_uuid: "f3f4e0a93fb1409290edbe6277e9fb39" member_type: VOTER last_known_addr { host: "127.13.152.130" port: 46505 } } peers { permanent_uuid: "c3dcc1ef7c5742d4899fc7c56811f892" member_type: VOTER last_known_addr { host: "127.13.152.129" port: 46457 } } peers { permanent_uuid: "967309f3a144499280ee47681bfc4876" member_type: VOTER last_known_addr { host: "127.13.152.131" port: 43057 } }
I20260630 12:17:19.826061 18611 tablet_bootstrap.cc:492] T ec8046a4d7694b4bb51225ca94ffc373 P 967309f3a144499280ee47681bfc4876: No bootstrap required, opened a new log
I20260630 12:17:19.826725 18611 ts_tablet_manager.cc:1403] T ec8046a4d7694b4bb51225ca94ffc373 P 967309f3a144499280ee47681bfc4876: Time spent bootstrapping tablet: real 0.191s	user 0.047s	sys 0.053s
I20260630 12:17:19.833076 18610 tablet_bootstrap.cc:492] T ef9f0cc20e2240d0a701266adfc1c39c P f3f4e0a93fb1409290edbe6277e9fb39: No bootstrap required, opened a new log
I20260630 12:17:19.833750 18610 ts_tablet_manager.cc:1403] T ef9f0cc20e2240d0a701266adfc1c39c P f3f4e0a93fb1409290edbe6277e9fb39: Time spent bootstrapping tablet: real 0.210s	user 0.047s	sys 0.037s
I20260630 12:17:19.830150 18611 raft_consensus.cc:359] T ec8046a4d7694b4bb51225ca94ffc373 P 967309f3a144499280ee47681bfc4876 [term 0 FOLLOWER]: Replica starting. Triggering 0 pending ops. Active config: opid_index: -1 OBSOLETE_local: false peers { permanent_uuid: "c3dcc1ef7c5742d4899fc7c56811f892" member_type: VOTER last_known_addr { host: "127.13.152.129" port: 46457 } } peers { permanent_uuid: "f3f4e0a93fb1409290edbe6277e9fb39" member_type: VOTER last_known_addr { host: "127.13.152.130" port: 46505 } } peers { permanent_uuid: "967309f3a144499280ee47681bfc4876" member_type: VOTER last_known_addr { host: "127.13.152.131" port: 43057 } }
I20260630 12:17:19.839771 18545 tablet_service.cc:1511] Processing CreateTablet for tablet 27c84e89c707486cab60c0ebfb25911b (DEFAULT_TABLE table=test-workload [id=fb9176e94bc348f1978cf0614088ebb8]), partition=RANGE (key) PARTITION 1968526670 <= VALUES
I20260630 12:17:19.841301 18545 data_dirs.cc:400] Could only allocate 1 dirs of requested 3 for tablet 27c84e89c707486cab60c0ebfb25911b. 1 dirs total, 0 dirs full, 0 dirs failed
I20260630 12:17:19.839814 18611 raft_consensus.cc:385] T ec8046a4d7694b4bb51225ca94ffc373 P 967309f3a144499280ee47681bfc4876 [term 0 FOLLOWER]: Consensus starting up: Expiring failure detector timer to make a prompt election more likely
I20260630 12:17:19.843566 18611 raft_consensus.cc:740] T ec8046a4d7694b4bb51225ca94ffc373 P 967309f3a144499280ee47681bfc4876 [term 0 FOLLOWER]: Becoming Follower/Learner. State: Replica: 967309f3a144499280ee47681bfc4876, State: Initialized, Role: FOLLOWER
I20260630 12:17:19.844643 18611 consensus_queue.cc:260] T ec8046a4d7694b4bb51225ca94ffc373 P 967309f3a144499280ee47681bfc4876 [NON_LEADER]: Queue going to NON_LEADER mode. State: All replicated index: 0, Majority replicated index: 0, Committed index: 0, Last appended: 0.0, Last appended by leader: 0, Current term: 0, Majority size: -1, State: 0, Mode: NON_LEADER, active raft config: opid_index: -1 OBSOLETE_local: false peers { permanent_uuid: "c3dcc1ef7c5742d4899fc7c56811f892" member_type: VOTER last_known_addr { host: "127.13.152.129" port: 46457 } } peers { permanent_uuid: "f3f4e0a93fb1409290edbe6277e9fb39" member_type: VOTER last_known_addr { host: "127.13.152.130" port: 46505 } } peers { permanent_uuid: "967309f3a144499280ee47681bfc4876" member_type: VOTER last_known_addr { host: "127.13.152.131" port: 43057 } }
I20260630 12:17:19.842758 18610 raft_consensus.cc:359] T ef9f0cc20e2240d0a701266adfc1c39c P f3f4e0a93fb1409290edbe6277e9fb39 [term 0 FOLLOWER]: Replica starting. Triggering 0 pending ops. Active config: opid_index: -1 OBSOLETE_local: false peers { permanent_uuid: "f3f4e0a93fb1409290edbe6277e9fb39" member_type: VOTER last_known_addr { host: "127.13.152.130" port: 46505 } } peers { permanent_uuid: "c3dcc1ef7c5742d4899fc7c56811f892" member_type: VOTER last_known_addr { host: "127.13.152.129" port: 46457 } } peers { permanent_uuid: "967309f3a144499280ee47681bfc4876" member_type: VOTER last_known_addr { host: "127.13.152.131" port: 43057 } }
I20260630 12:17:19.846282 18610 raft_consensus.cc:385] T ef9f0cc20e2240d0a701266adfc1c39c P f3f4e0a93fb1409290edbe6277e9fb39 [term 0 FOLLOWER]: Consensus starting up: Expiring failure detector timer to make a prompt election more likely
I20260630 12:17:19.846793 18610 raft_consensus.cc:740] T ef9f0cc20e2240d0a701266adfc1c39c P f3f4e0a93fb1409290edbe6277e9fb39 [term 0 FOLLOWER]: Becoming Follower/Learner. State: Replica: f3f4e0a93fb1409290edbe6277e9fb39, State: Initialized, Role: FOLLOWER
I20260630 12:17:19.849629 18610 consensus_queue.cc:260] T ef9f0cc20e2240d0a701266adfc1c39c P f3f4e0a93fb1409290edbe6277e9fb39 [NON_LEADER]: Queue going to NON_LEADER mode. State: All replicated index: 0, Majority replicated index: 0, Committed index: 0, Last appended: 0.0, Last appended by leader: 0, Current term: 0, Majority size: -1, State: 0, Mode: NON_LEADER, active raft config: opid_index: -1 OBSOLETE_local: false peers { permanent_uuid: "f3f4e0a93fb1409290edbe6277e9fb39" member_type: VOTER last_known_addr { host: "127.13.152.130" port: 46505 } } peers { permanent_uuid: "c3dcc1ef7c5742d4899fc7c56811f892" member_type: VOTER last_known_addr { host: "127.13.152.129" port: 46457 } } peers { permanent_uuid: "967309f3a144499280ee47681bfc4876" member_type: VOTER last_known_addr { host: "127.13.152.131" port: 43057 } }
I20260630 12:17:19.858168 18609 ts_tablet_manager.cc:1434] T ef9f0cc20e2240d0a701266adfc1c39c P c3dcc1ef7c5742d4899fc7c56811f892: Time spent starting tablet: real 0.063s	user 0.020s	sys 0.020s
I20260630 12:17:19.867686 18609 tablet_bootstrap.cc:492] T f7f39a58fc364a84ad3630f3f09638e8 P c3dcc1ef7c5742d4899fc7c56811f892: Bootstrap starting.
I20260630 12:17:19.876741 18611 ts_tablet_manager.cc:1434] T ec8046a4d7694b4bb51225ca94ffc373 P 967309f3a144499280ee47681bfc4876: Time spent starting tablet: real 0.050s	user 0.017s	sys 0.019s
I20260630 12:17:19.877472 18610 ts_tablet_manager.cc:1434] T ef9f0cc20e2240d0a701266adfc1c39c P f3f4e0a93fb1409290edbe6277e9fb39: Time spent starting tablet: real 0.043s	user 0.012s	sys 0.009s
I20260630 12:17:19.878925 18610 tablet_bootstrap.cc:492] T b834d1173fb3449cb99feeeab363ba30 P f3f4e0a93fb1409290edbe6277e9fb39: Bootstrap starting.
I20260630 12:17:19.880156 18609 tablet_bootstrap.cc:654] T f7f39a58fc364a84ad3630f3f09638e8 P c3dcc1ef7c5742d4899fc7c56811f892: Neither blocks nor log segments found. Creating new log.
I20260630 12:17:19.888638 18610 tablet_bootstrap.cc:654] T b834d1173fb3449cb99feeeab363ba30 P f3f4e0a93fb1409290edbe6277e9fb39: Neither blocks nor log segments found. Creating new log.
I20260630 12:17:19.890828 18611 tablet_bootstrap.cc:492] T ef9f0cc20e2240d0a701266adfc1c39c P 967309f3a144499280ee47681bfc4876: Bootstrap starting.
I20260630 12:17:19.899853 18609 tablet_bootstrap.cc:492] T f7f39a58fc364a84ad3630f3f09638e8 P c3dcc1ef7c5742d4899fc7c56811f892: No bootstrap required, opened a new log
I20260630 12:17:19.900452 18609 ts_tablet_manager.cc:1403] T f7f39a58fc364a84ad3630f3f09638e8 P c3dcc1ef7c5742d4899fc7c56811f892: Time spent bootstrapping tablet: real 0.033s	user 0.020s	sys 0.007s
I20260630 12:17:19.902086 18610 tablet_bootstrap.cc:492] T b834d1173fb3449cb99feeeab363ba30 P f3f4e0a93fb1409290edbe6277e9fb39: No bootstrap required, opened a new log
I20260630 12:17:19.902727 18610 ts_tablet_manager.cc:1403] T b834d1173fb3449cb99feeeab363ba30 P f3f4e0a93fb1409290edbe6277e9fb39: Time spent bootstrapping tablet: real 0.024s	user 0.018s	sys 0.001s
I20260630 12:17:19.902806 18611 tablet_bootstrap.cc:654] T ef9f0cc20e2240d0a701266adfc1c39c P 967309f3a144499280ee47681bfc4876: Neither blocks nor log segments found. Creating new log.
I20260630 12:17:19.904075 18609 raft_consensus.cc:359] T f7f39a58fc364a84ad3630f3f09638e8 P c3dcc1ef7c5742d4899fc7c56811f892 [term 0 FOLLOWER]: Replica starting. Triggering 0 pending ops. Active config: opid_index: -1 OBSOLETE_local: false peers { permanent_uuid: "c3dcc1ef7c5742d4899fc7c56811f892" member_type: VOTER last_known_addr { host: "127.13.152.129" port: 46457 } } peers { permanent_uuid: "f3f4e0a93fb1409290edbe6277e9fb39" member_type: VOTER last_known_addr { host: "127.13.152.130" port: 46505 } } peers { permanent_uuid: "967309f3a144499280ee47681bfc4876" member_type: VOTER last_known_addr { host: "127.13.152.131" port: 43057 } }
I20260630 12:17:19.904912 18609 raft_consensus.cc:385] T f7f39a58fc364a84ad3630f3f09638e8 P c3dcc1ef7c5742d4899fc7c56811f892 [term 0 FOLLOWER]: Consensus starting up: Expiring failure detector timer to make a prompt election more likely
I20260630 12:17:19.905215 18609 raft_consensus.cc:740] T f7f39a58fc364a84ad3630f3f09638e8 P c3dcc1ef7c5742d4899fc7c56811f892 [term 0 FOLLOWER]: Becoming Follower/Learner. State: Replica: c3dcc1ef7c5742d4899fc7c56811f892, State: Initialized, Role: FOLLOWER
I20260630 12:17:19.906142 18610 raft_consensus.cc:359] T b834d1173fb3449cb99feeeab363ba30 P f3f4e0a93fb1409290edbe6277e9fb39 [term 0 FOLLOWER]: Replica starting. Triggering 0 pending ops. Active config: opid_index: -1 OBSOLETE_local: false peers { permanent_uuid: "c3dcc1ef7c5742d4899fc7c56811f892" member_type: VOTER last_known_addr { host: "127.13.152.129" port: 46457 } } peers { permanent_uuid: "f3f4e0a93fb1409290edbe6277e9fb39" member_type: VOTER last_known_addr { host: "127.13.152.130" port: 46505 } } peers { permanent_uuid: "967309f3a144499280ee47681bfc4876" member_type: VOTER last_known_addr { host: "127.13.152.131" port: 43057 } }
I20260630 12:17:19.906261 18609 consensus_queue.cc:260] T f7f39a58fc364a84ad3630f3f09638e8 P c3dcc1ef7c5742d4899fc7c56811f892 [NON_LEADER]: Queue going to NON_LEADER mode. State: All replicated index: 0, Majority replicated index: 0, Committed index: 0, Last appended: 0.0, Last appended by leader: 0, Current term: 0, Majority size: -1, State: 0, Mode: NON_LEADER, active raft config: opid_index: -1 OBSOLETE_local: false peers { permanent_uuid: "c3dcc1ef7c5742d4899fc7c56811f892" member_type: VOTER last_known_addr { host: "127.13.152.129" port: 46457 } } peers { permanent_uuid: "f3f4e0a93fb1409290edbe6277e9fb39" member_type: VOTER last_known_addr { host: "127.13.152.130" port: 46505 } } peers { permanent_uuid: "967309f3a144499280ee47681bfc4876" member_type: VOTER last_known_addr { host: "127.13.152.131" port: 43057 } }
I20260630 12:17:19.907508 18610 raft_consensus.cc:385] T b834d1173fb3449cb99feeeab363ba30 P f3f4e0a93fb1409290edbe6277e9fb39 [term 0 FOLLOWER]: Consensus starting up: Expiring failure detector timer to make a prompt election more likely
I20260630 12:17:19.907891 18610 raft_consensus.cc:740] T b834d1173fb3449cb99feeeab363ba30 P f3f4e0a93fb1409290edbe6277e9fb39 [term 0 FOLLOWER]: Becoming Follower/Learner. State: Replica: f3f4e0a93fb1409290edbe6277e9fb39, State: Initialized, Role: FOLLOWER
I20260630 12:17:19.909199 18609 ts_tablet_manager.cc:1434] T f7f39a58fc364a84ad3630f3f09638e8 P c3dcc1ef7c5742d4899fc7c56811f892: Time spent starting tablet: real 0.008s	user 0.006s	sys 0.000s
I20260630 12:17:19.908872 18610 consensus_queue.cc:260] T b834d1173fb3449cb99feeeab363ba30 P f3f4e0a93fb1409290edbe6277e9fb39 [NON_LEADER]: Queue going to NON_LEADER mode. State: All replicated index: 0, Majority replicated index: 0, Committed index: 0, Last appended: 0.0, Last appended by leader: 0, Current term: 0, Majority size: -1, State: 0, Mode: NON_LEADER, active raft config: opid_index: -1 OBSOLETE_local: false peers { permanent_uuid: "c3dcc1ef7c5742d4899fc7c56811f892" member_type: VOTER last_known_addr { host: "127.13.152.129" port: 46457 } } peers { permanent_uuid: "f3f4e0a93fb1409290edbe6277e9fb39" member_type: VOTER last_known_addr { host: "127.13.152.130" port: 46505 } } peers { permanent_uuid: "967309f3a144499280ee47681bfc4876" member_type: VOTER last_known_addr { host: "127.13.152.131" port: 43057 } }
I20260630 12:17:19.909269 18611 tablet_bootstrap.cc:492] T ef9f0cc20e2240d0a701266adfc1c39c P 967309f3a144499280ee47681bfc4876: No bootstrap required, opened a new log
I20260630 12:17:19.910080 18611 ts_tablet_manager.cc:1403] T ef9f0cc20e2240d0a701266adfc1c39c P 967309f3a144499280ee47681bfc4876: Time spent bootstrapping tablet: real 0.020s	user 0.014s	sys 0.000s
I20260630 12:17:19.911144 18610 ts_tablet_manager.cc:1434] T b834d1173fb3449cb99feeeab363ba30 P f3f4e0a93fb1409290edbe6277e9fb39: Time spent starting tablet: real 0.008s	user 0.007s	sys 0.000s
I20260630 12:17:19.912180 18610 tablet_bootstrap.cc:492] T ec8046a4d7694b4bb51225ca94ffc373 P f3f4e0a93fb1409290edbe6277e9fb39: Bootstrap starting.
I20260630 12:17:19.914386 18609 tablet_bootstrap.cc:492] T 8983c2bdb0d3486481267f2924ebd0b6 P c3dcc1ef7c5742d4899fc7c56811f892: Bootstrap starting.
I20260630 12:17:19.917987 18617 raft_consensus.cc:493] T b834d1173fb3449cb99feeeab363ba30 P f3f4e0a93fb1409290edbe6277e9fb39 [term 0 FOLLOWER]: Starting pre-election (no leader contacted us within the election timeout)
I20260630 12:17:19.918579 18617 raft_consensus.cc:515] T b834d1173fb3449cb99feeeab363ba30 P f3f4e0a93fb1409290edbe6277e9fb39 [term 0 FOLLOWER]: Starting pre-election with config: opid_index: -1 OBSOLETE_local: false peers { permanent_uuid: "c3dcc1ef7c5742d4899fc7c56811f892" member_type: VOTER last_known_addr { host: "127.13.152.129" port: 46457 } } peers { permanent_uuid: "f3f4e0a93fb1409290edbe6277e9fb39" member_type: VOTER last_known_addr { host: "127.13.152.130" port: 46505 } } peers { permanent_uuid: "967309f3a144499280ee47681bfc4876" member_type: VOTER last_known_addr { host: "127.13.152.131" port: 43057 } }
I20260630 12:17:19.920209 18610 tablet_bootstrap.cc:654] T ec8046a4d7694b4bb51225ca94ffc373 P f3f4e0a93fb1409290edbe6277e9fb39: Neither blocks nor log segments found. Creating new log.
I20260630 12:17:19.922639 18609 tablet_bootstrap.cc:654] T 8983c2bdb0d3486481267f2924ebd0b6 P c3dcc1ef7c5742d4899fc7c56811f892: Neither blocks nor log segments found. Creating new log.
I20260630 12:17:19.922076 18611 raft_consensus.cc:359] T ef9f0cc20e2240d0a701266adfc1c39c P 967309f3a144499280ee47681bfc4876 [term 0 FOLLOWER]: Replica starting. Triggering 0 pending ops. Active config: opid_index: -1 OBSOLETE_local: false peers { permanent_uuid: "f3f4e0a93fb1409290edbe6277e9fb39" member_type: VOTER last_known_addr { host: "127.13.152.130" port: 46505 } } peers { permanent_uuid: "c3dcc1ef7c5742d4899fc7c56811f892" member_type: VOTER last_known_addr { host: "127.13.152.129" port: 46457 } } peers { permanent_uuid: "967309f3a144499280ee47681bfc4876" member_type: VOTER last_known_addr { host: "127.13.152.131" port: 43057 } }
I20260630 12:17:19.923197 18611 raft_consensus.cc:385] T ef9f0cc20e2240d0a701266adfc1c39c P 967309f3a144499280ee47681bfc4876 [term 0 FOLLOWER]: Consensus starting up: Expiring failure detector timer to make a prompt election more likely
I20260630 12:17:19.923586 18611 raft_consensus.cc:740] T ef9f0cc20e2240d0a701266adfc1c39c P 967309f3a144499280ee47681bfc4876 [term 0 FOLLOWER]: Becoming Follower/Learner. State: Replica: 967309f3a144499280ee47681bfc4876, State: Initialized, Role: FOLLOWER
I20260630 12:17:19.924551 18611 consensus_queue.cc:260] T ef9f0cc20e2240d0a701266adfc1c39c P 967309f3a144499280ee47681bfc4876 [NON_LEADER]: Queue going to NON_LEADER mode. State: All replicated index: 0, Majority replicated index: 0, Committed index: 0, Last appended: 0.0, Last appended by leader: 0, Current term: 0, Majority size: -1, State: 0, Mode: NON_LEADER, active raft config: opid_index: -1 OBSOLETE_local: false peers { permanent_uuid: "f3f4e0a93fb1409290edbe6277e9fb39" member_type: VOTER last_known_addr { host: "127.13.152.130" port: 46505 } } peers { permanent_uuid: "c3dcc1ef7c5742d4899fc7c56811f892" member_type: VOTER last_known_addr { host: "127.13.152.129" port: 46457 } } peers { permanent_uuid: "967309f3a144499280ee47681bfc4876" member_type: VOTER last_known_addr { host: "127.13.152.131" port: 43057 } }
I20260630 12:17:19.927120 18611 ts_tablet_manager.cc:1434] T ef9f0cc20e2240d0a701266adfc1c39c P 967309f3a144499280ee47681bfc4876: Time spent starting tablet: real 0.017s	user 0.007s	sys 0.001s
I20260630 12:17:19.928359 18611 tablet_bootstrap.cc:492] T ca98ce5b95944dad981288e70f33ac08 P 967309f3a144499280ee47681bfc4876: Bootstrap starting.
I20260630 12:17:19.943755 18617 leader_election.cc:290] T b834d1173fb3449cb99feeeab363ba30 P f3f4e0a93fb1409290edbe6277e9fb39 [CANDIDATE]: Term 1 pre-election: Requested pre-vote from peers c3dcc1ef7c5742d4899fc7c56811f892 (127.13.152.129:46457), 967309f3a144499280ee47681bfc4876 (127.13.152.131:43057)
I20260630 12:17:19.945457 18609 tablet_bootstrap.cc:492] T 8983c2bdb0d3486481267f2924ebd0b6 P c3dcc1ef7c5742d4899fc7c56811f892: No bootstrap required, opened a new log
I20260630 12:17:19.946372 18609 ts_tablet_manager.cc:1403] T 8983c2bdb0d3486481267f2924ebd0b6 P c3dcc1ef7c5742d4899fc7c56811f892: Time spent bootstrapping tablet: real 0.034s	user 0.012s	sys 0.004s
I20260630 12:17:19.956485 18611 tablet_bootstrap.cc:654] T ca98ce5b95944dad981288e70f33ac08 P 967309f3a144499280ee47681bfc4876: Neither blocks nor log segments found. Creating new log.
I20260630 12:17:19.958938 18415 tablet_service.cc:1917] Received RequestConsensusVote() RPC: tablet_id: "b834d1173fb3449cb99feeeab363ba30" candidate_uuid: "f3f4e0a93fb1409290edbe6277e9fb39" candidate_term: 1 candidate_status { last_received { term: 0 index: 0 } } ignore_live_leader: false dest_uuid: "c3dcc1ef7c5742d4899fc7c56811f892" is_pre_election: true
I20260630 12:17:19.959252 18609 raft_consensus.cc:359] T 8983c2bdb0d3486481267f2924ebd0b6 P c3dcc1ef7c5742d4899fc7c56811f892 [term 0 FOLLOWER]: Replica starting. Triggering 0 pending ops. Active config: opid_index: -1 OBSOLETE_local: false peers { permanent_uuid: "c3dcc1ef7c5742d4899fc7c56811f892" member_type: VOTER last_known_addr { host: "127.13.152.129" port: 46457 } } peers { permanent_uuid: "f3f4e0a93fb1409290edbe6277e9fb39" member_type: VOTER last_known_addr { host: "127.13.152.130" port: 46505 } } peers { permanent_uuid: "967309f3a144499280ee47681bfc4876" member_type: VOTER last_known_addr { host: "127.13.152.131" port: 43057 } }
I20260630 12:17:19.960057 18609 raft_consensus.cc:385] T 8983c2bdb0d3486481267f2924ebd0b6 P c3dcc1ef7c5742d4899fc7c56811f892 [term 0 FOLLOWER]: Consensus starting up: Expiring failure detector timer to make a prompt election more likely
I20260630 12:17:19.960397 18609 raft_consensus.cc:740] T 8983c2bdb0d3486481267f2924ebd0b6 P c3dcc1ef7c5742d4899fc7c56811f892 [term 0 FOLLOWER]: Becoming Follower/Learner. State: Replica: c3dcc1ef7c5742d4899fc7c56811f892, State: Initialized, Role: FOLLOWER
W20260630 12:17:19.961196 18453 leader_election.cc:343] T b834d1173fb3449cb99feeeab363ba30 P f3f4e0a93fb1409290edbe6277e9fb39 [CANDIDATE]: Term 1 pre-election: Tablet error from VoteRequest() call to peer c3dcc1ef7c5742d4899fc7c56811f892 (127.13.152.129:46457): Illegal state: must be running to vote when last-logged opid is not known
I20260630 12:17:19.961304 18610 tablet_bootstrap.cc:492] T ec8046a4d7694b4bb51225ca94ffc373 P f3f4e0a93fb1409290edbe6277e9fb39: No bootstrap required, opened a new log
I20260630 12:17:19.961393 18609 consensus_queue.cc:260] T 8983c2bdb0d3486481267f2924ebd0b6 P c3dcc1ef7c5742d4899fc7c56811f892 [NON_LEADER]: Queue going to NON_LEADER mode. State: All replicated index: 0, Majority replicated index: 0, Committed index: 0, Last appended: 0.0, Last appended by leader: 0, Current term: 0, Majority size: -1, State: 0, Mode: NON_LEADER, active raft config: opid_index: -1 OBSOLETE_local: false peers { permanent_uuid: "c3dcc1ef7c5742d4899fc7c56811f892" member_type: VOTER last_known_addr { host: "127.13.152.129" port: 46457 } } peers { permanent_uuid: "f3f4e0a93fb1409290edbe6277e9fb39" member_type: VOTER last_known_addr { host: "127.13.152.130" port: 46505 } } peers { permanent_uuid: "967309f3a144499280ee47681bfc4876" member_type: VOTER last_known_addr { host: "127.13.152.131" port: 43057 } }
I20260630 12:17:19.962139 18610 ts_tablet_manager.cc:1403] T ec8046a4d7694b4bb51225ca94ffc373 P f3f4e0a93fb1409290edbe6277e9fb39: Time spent bootstrapping tablet: real 0.050s	user 0.024s	sys 0.025s
I20260630 12:17:19.965432 18617 raft_consensus.cc:493] T ef9f0cc20e2240d0a701266adfc1c39c P f3f4e0a93fb1409290edbe6277e9fb39 [term 0 FOLLOWER]: Starting pre-election (no leader contacted us within the election timeout)
I20260630 12:17:19.966153 18617 raft_consensus.cc:515] T ef9f0cc20e2240d0a701266adfc1c39c P f3f4e0a93fb1409290edbe6277e9fb39 [term 0 FOLLOWER]: Starting pre-election with config: opid_index: -1 OBSOLETE_local: false peers { permanent_uuid: "f3f4e0a93fb1409290edbe6277e9fb39" member_type: VOTER last_known_addr { host: "127.13.152.130" port: 46505 } } peers { permanent_uuid: "c3dcc1ef7c5742d4899fc7c56811f892" member_type: VOTER last_known_addr { host: "127.13.152.129" port: 46457 } } peers { permanent_uuid: "967309f3a144499280ee47681bfc4876" member_type: VOTER last_known_addr { host: "127.13.152.131" port: 43057 } }
I20260630 12:17:19.969892 18617 leader_election.cc:290] T ef9f0cc20e2240d0a701266adfc1c39c P f3f4e0a93fb1409290edbe6277e9fb39 [CANDIDATE]: Term 1 pre-election: Requested pre-vote from peers c3dcc1ef7c5742d4899fc7c56811f892 (127.13.152.129:46457), 967309f3a144499280ee47681bfc4876 (127.13.152.131:43057)
I20260630 12:17:19.971421 18415 tablet_service.cc:1917] Received RequestConsensusVote() RPC: tablet_id: "ef9f0cc20e2240d0a701266adfc1c39c" candidate_uuid: "f3f4e0a93fb1409290edbe6277e9fb39" candidate_term: 1 candidate_status { last_received { term: 0 index: 0 } } ignore_live_leader: false dest_uuid: "c3dcc1ef7c5742d4899fc7c56811f892" is_pre_election: true
I20260630 12:17:19.972319 18609 ts_tablet_manager.cc:1434] T 8983c2bdb0d3486481267f2924ebd0b6 P c3dcc1ef7c5742d4899fc7c56811f892: Time spent starting tablet: real 0.025s	user 0.008s	sys 0.000s
I20260630 12:17:19.972254 18415 raft_consensus.cc:2468] T ef9f0cc20e2240d0a701266adfc1c39c P c3dcc1ef7c5742d4899fc7c56811f892 [term 0 FOLLOWER]: Leader pre-election vote request: Granting yes vote for candidate f3f4e0a93fb1409290edbe6277e9fb39 in term 0.
I20260630 12:17:19.972162 18610 raft_consensus.cc:359] T ec8046a4d7694b4bb51225ca94ffc373 P f3f4e0a93fb1409290edbe6277e9fb39 [term 0 FOLLOWER]: Replica starting. Triggering 0 pending ops. Active config: opid_index: -1 OBSOLETE_local: false peers { permanent_uuid: "c3dcc1ef7c5742d4899fc7c56811f892" member_type: VOTER last_known_addr { host: "127.13.152.129" port: 46457 } } peers { permanent_uuid: "f3f4e0a93fb1409290edbe6277e9fb39" member_type: VOTER last_known_addr { host: "127.13.152.130" port: 46505 } } peers { permanent_uuid: "967309f3a144499280ee47681bfc4876" member_type: VOTER last_known_addr { host: "127.13.152.131" port: 43057 } }
I20260630 12:17:19.973583 18610 raft_consensus.cc:385] T ec8046a4d7694b4bb51225ca94ffc373 P f3f4e0a93fb1409290edbe6277e9fb39 [term 0 FOLLOWER]: Consensus starting up: Expiring failure detector timer to make a prompt election more likely
I20260630 12:17:19.974094 18610 raft_consensus.cc:740] T ec8046a4d7694b4bb51225ca94ffc373 P f3f4e0a93fb1409290edbe6277e9fb39 [term 0 FOLLOWER]: Becoming Follower/Learner. State: Replica: f3f4e0a93fb1409290edbe6277e9fb39, State: Initialized, Role: FOLLOWER
I20260630 12:17:19.974175 18453 leader_election.cc:304] T ef9f0cc20e2240d0a701266adfc1c39c P f3f4e0a93fb1409290edbe6277e9fb39 [CANDIDATE]: Term 1 pre-election: Election decided. Result: candidate won. Election summary: received 2 responses out of 3 voters: 2 yes votes; 0 no votes. yes voters: c3dcc1ef7c5742d4899fc7c56811f892, f3f4e0a93fb1409290edbe6277e9fb39; no voters: 
I20260630 12:17:19.975435 18617 raft_consensus.cc:2804] T ef9f0cc20e2240d0a701266adfc1c39c P f3f4e0a93fb1409290edbe6277e9fb39 [term 0 FOLLOWER]: Leader pre-election won for term 1
I20260630 12:17:19.976126 18617 raft_consensus.cc:493] T ef9f0cc20e2240d0a701266adfc1c39c P f3f4e0a93fb1409290edbe6277e9fb39 [term 0 FOLLOWER]: Starting leader election (no leader contacted us within the election timeout)
I20260630 12:17:19.975378 18610 consensus_queue.cc:260] T ec8046a4d7694b4bb51225ca94ffc373 P f3f4e0a93fb1409290edbe6277e9fb39 [NON_LEADER]: Queue going to NON_LEADER mode. State: All replicated index: 0, Majority replicated index: 0, Committed index: 0, Last appended: 0.0, Last appended by leader: 0, Current term: 0, Majority size: -1, State: 0, Mode: NON_LEADER, active raft config: opid_index: -1 OBSOLETE_local: false peers { permanent_uuid: "c3dcc1ef7c5742d4899fc7c56811f892" member_type: VOTER last_known_addr { host: "127.13.152.129" port: 46457 } } peers { permanent_uuid: "f3f4e0a93fb1409290edbe6277e9fb39" member_type: VOTER last_known_addr { host: "127.13.152.130" port: 46505 } } peers { permanent_uuid: "967309f3a144499280ee47681bfc4876" member_type: VOTER last_known_addr { host: "127.13.152.131" port: 43057 } }
I20260630 12:17:19.976572 18617 raft_consensus.cc:3060] T ef9f0cc20e2240d0a701266adfc1c39c P f3f4e0a93fb1409290edbe6277e9fb39 [term 0 FOLLOWER]: Advancing to term 1
I20260630 12:17:19.981801 18609 tablet_bootstrap.cc:492] T c6796467c7ca44d394093bdfcbaa2d3d P c3dcc1ef7c5742d4899fc7c56811f892: Bootstrap starting.
I20260630 12:17:19.986225 18617 raft_consensus.cc:515] T ef9f0cc20e2240d0a701266adfc1c39c P f3f4e0a93fb1409290edbe6277e9fb39 [term 1 FOLLOWER]: Starting leader election with config: opid_index: -1 OBSOLETE_local: false peers { permanent_uuid: "f3f4e0a93fb1409290edbe6277e9fb39" member_type: VOTER last_known_addr { host: "127.13.152.130" port: 46505 } } peers { permanent_uuid: "c3dcc1ef7c5742d4899fc7c56811f892" member_type: VOTER last_known_addr { host: "127.13.152.129" port: 46457 } } peers { permanent_uuid: "967309f3a144499280ee47681bfc4876" member_type: VOTER last_known_addr { host: "127.13.152.131" port: 43057 } }
I20260630 12:17:19.991501 18564 tablet_service.cc:1917] Received RequestConsensusVote() RPC: tablet_id: "b834d1173fb3449cb99feeeab363ba30" candidate_uuid: "f3f4e0a93fb1409290edbe6277e9fb39" candidate_term: 1 candidate_status { last_received { term: 0 index: 0 } } ignore_live_leader: false dest_uuid: "967309f3a144499280ee47681bfc4876" is_pre_election: true
I20260630 12:17:19.992094 18611 tablet_bootstrap.cc:492] T ca98ce5b95944dad981288e70f33ac08 P 967309f3a144499280ee47681bfc4876: No bootstrap required, opened a new log
I20260630 12:17:19.991720 18563 tablet_service.cc:1917] Received RequestConsensusVote() RPC: tablet_id: "ef9f0cc20e2240d0a701266adfc1c39c" candidate_uuid: "f3f4e0a93fb1409290edbe6277e9fb39" candidate_term: 1 candidate_status { last_received { term: 0 index: 0 } } ignore_live_leader: false dest_uuid: "967309f3a144499280ee47681bfc4876" is_pre_election: true
I20260630 12:17:19.992623 18611 ts_tablet_manager.cc:1403] T ca98ce5b95944dad981288e70f33ac08 P 967309f3a144499280ee47681bfc4876: Time spent bootstrapping tablet: real 0.065s	user 0.019s	sys 0.016s
I20260630 12:17:19.992811 18563 raft_consensus.cc:2468] T ef9f0cc20e2240d0a701266adfc1c39c P 967309f3a144499280ee47681bfc4876 [term 0 FOLLOWER]: Leader pre-election vote request: Granting yes vote for candidate f3f4e0a93fb1409290edbe6277e9fb39 in term 0.
W20260630 12:17:19.993597 18456 leader_election.cc:343] T b834d1173fb3449cb99feeeab363ba30 P f3f4e0a93fb1409290edbe6277e9fb39 [CANDIDATE]: Term 1 pre-election: Tablet error from VoteRequest() call to peer 967309f3a144499280ee47681bfc4876 (127.13.152.131:43057): Illegal state: must be running to vote when last-logged opid is not known
I20260630 12:17:19.994239 18456 leader_election.cc:304] T b834d1173fb3449cb99feeeab363ba30 P f3f4e0a93fb1409290edbe6277e9fb39 [CANDIDATE]: Term 1 pre-election: Election decided. Result: candidate lost. Election summary: received 3 responses out of 3 voters: 1 yes votes; 2 no votes. yes voters: f3f4e0a93fb1409290edbe6277e9fb39; no voters: 967309f3a144499280ee47681bfc4876, c3dcc1ef7c5742d4899fc7c56811f892
I20260630 12:17:19.995661 18609 tablet_bootstrap.cc:654] T c6796467c7ca44d394093bdfcbaa2d3d P c3dcc1ef7c5742d4899fc7c56811f892: Neither blocks nor log segments found. Creating new log.
I20260630 12:17:19.997340 18617 leader_election.cc:290] T ef9f0cc20e2240d0a701266adfc1c39c P f3f4e0a93fb1409290edbe6277e9fb39 [CANDIDATE]: Term 1 election: Requested vote from peers c3dcc1ef7c5742d4899fc7c56811f892 (127.13.152.129:46457), 967309f3a144499280ee47681bfc4876 (127.13.152.131:43057)
I20260630 12:17:19.998306 18415 tablet_service.cc:1917] Received RequestConsensusVote() RPC: tablet_id: "ef9f0cc20e2240d0a701266adfc1c39c" candidate_uuid: "f3f4e0a93fb1409290edbe6277e9fb39" candidate_term: 1 candidate_status { last_received { term: 0 index: 0 } } ignore_live_leader: false dest_uuid: "c3dcc1ef7c5742d4899fc7c56811f892"
I20260630 12:17:19.999119 18415 raft_consensus.cc:3060] T ef9f0cc20e2240d0a701266adfc1c39c P c3dcc1ef7c5742d4899fc7c56811f892 [term 0 FOLLOWER]: Advancing to term 1
I20260630 12:17:20.001621 18611 raft_consensus.cc:359] T ca98ce5b95944dad981288e70f33ac08 P 967309f3a144499280ee47681bfc4876 [term 0 FOLLOWER]: Replica starting. Triggering 0 pending ops. Active config: opid_index: -1 OBSOLETE_local: false peers { permanent_uuid: "c3dcc1ef7c5742d4899fc7c56811f892" member_type: VOTER last_known_addr { host: "127.13.152.129" port: 46457 } } peers { permanent_uuid: "f3f4e0a93fb1409290edbe6277e9fb39" member_type: VOTER last_known_addr { host: "127.13.152.130" port: 46505 } } peers { permanent_uuid: "967309f3a144499280ee47681bfc4876" member_type: VOTER last_known_addr { host: "127.13.152.131" port: 43057 } }
I20260630 12:17:20.002769 18611 raft_consensus.cc:385] T ca98ce5b95944dad981288e70f33ac08 P 967309f3a144499280ee47681bfc4876 [term 0 FOLLOWER]: Consensus starting up: Expiring failure detector timer to make a prompt election more likely
I20260630 12:17:20.003118 18611 raft_consensus.cc:740] T ca98ce5b95944dad981288e70f33ac08 P 967309f3a144499280ee47681bfc4876 [term 0 FOLLOWER]: Becoming Follower/Learner. State: Replica: 967309f3a144499280ee47681bfc4876, State: Initialized, Role: FOLLOWER
I20260630 12:17:20.004048 18611 consensus_queue.cc:260] T ca98ce5b95944dad981288e70f33ac08 P 967309f3a144499280ee47681bfc4876 [NON_LEADER]: Queue going to NON_LEADER mode. State: All replicated index: 0, Majority replicated index: 0, Committed index: 0, Last appended: 0.0, Last appended by leader: 0, Current term: 0, Majority size: -1, State: 0, Mode: NON_LEADER, active raft config: opid_index: -1 OBSOLETE_local: false peers { permanent_uuid: "c3dcc1ef7c5742d4899fc7c56811f892" member_type: VOTER last_known_addr { host: "127.13.152.129" port: 46457 } } peers { permanent_uuid: "f3f4e0a93fb1409290edbe6277e9fb39" member_type: VOTER last_known_addr { host: "127.13.152.130" port: 46505 } } peers { permanent_uuid: "967309f3a144499280ee47681bfc4876" member_type: VOTER last_known_addr { host: "127.13.152.131" port: 43057 } }
I20260630 12:17:20.006664 18611 ts_tablet_manager.cc:1434] T ca98ce5b95944dad981288e70f33ac08 P 967309f3a144499280ee47681bfc4876: Time spent starting tablet: real 0.014s	user 0.007s	sys 0.000s
I20260630 12:17:20.013047 18611 tablet_bootstrap.cc:492] T b834d1173fb3449cb99feeeab363ba30 P 967309f3a144499280ee47681bfc4876: Bootstrap starting.
I20260630 12:17:20.014249 18415 raft_consensus.cc:2468] T ef9f0cc20e2240d0a701266adfc1c39c P c3dcc1ef7c5742d4899fc7c56811f892 [term 1 FOLLOWER]: Leader election vote request: Granting yes vote for candidate f3f4e0a93fb1409290edbe6277e9fb39 in term 1.
I20260630 12:17:20.015941 18453 leader_election.cc:304] T ef9f0cc20e2240d0a701266adfc1c39c P f3f4e0a93fb1409290edbe6277e9fb39 [CANDIDATE]: Term 1 election: Election decided. Result: candidate won. Election summary: received 2 responses out of 3 voters: 2 yes votes; 0 no votes. yes voters: c3dcc1ef7c5742d4899fc7c56811f892, f3f4e0a93fb1409290edbe6277e9fb39; no voters: 
I20260630 12:17:20.029556 18611 tablet_bootstrap.cc:654] T b834d1173fb3449cb99feeeab363ba30 P 967309f3a144499280ee47681bfc4876: Neither blocks nor log segments found. Creating new log.
I20260630 12:17:20.038563 18617 raft_consensus.cc:2749] T b834d1173fb3449cb99feeeab363ba30 P f3f4e0a93fb1409290edbe6277e9fb39 [term 0 FOLLOWER]: Leader pre-election lost for term 1. Reason: could not achieve majority
I20260630 12:17:20.040464 18617 raft_consensus.cc:2804] T ef9f0cc20e2240d0a701266adfc1c39c P f3f4e0a93fb1409290edbe6277e9fb39 [term 1 FOLLOWER]: Leader election won for term 1
I20260630 12:17:20.041240 18617 raft_consensus.cc:697] T ef9f0cc20e2240d0a701266adfc1c39c P f3f4e0a93fb1409290edbe6277e9fb39 [term 1 LEADER]: Becoming Leader. State: Replica: f3f4e0a93fb1409290edbe6277e9fb39, State: Running, Role: LEADER
I20260630 12:17:20.043834 18610 ts_tablet_manager.cc:1434] T ec8046a4d7694b4bb51225ca94ffc373 P f3f4e0a93fb1409290edbe6277e9fb39: Time spent starting tablet: real 0.081s	user 0.029s	sys 0.044s
I20260630 12:17:20.045161 18610 tablet_bootstrap.cc:492] T c6796467c7ca44d394093bdfcbaa2d3d P f3f4e0a93fb1409290edbe6277e9fb39: Bootstrap starting.
I20260630 12:17:20.043320 18617 consensus_queue.cc:237] T ef9f0cc20e2240d0a701266adfc1c39c P f3f4e0a93fb1409290edbe6277e9fb39 [LEADER]: Queue going to LEADER mode. State: All replicated index: 0, Majority replicated index: 0, Committed index: 0, Last appended: 0.0, Last appended by leader: 0, Current term: 1, Majority size: 2, State: 0, Mode: LEADER, active raft config: opid_index: -1 OBSOLETE_local: false peers { permanent_uuid: "f3f4e0a93fb1409290edbe6277e9fb39" member_type: VOTER last_known_addr { host: "127.13.152.130" port: 46505 } } peers { permanent_uuid: "c3dcc1ef7c5742d4899fc7c56811f892" member_type: VOTER last_known_addr { host: "127.13.152.129" port: 46457 } } peers { permanent_uuid: "967309f3a144499280ee47681bfc4876" member_type: VOTER last_known_addr { host: "127.13.152.131" port: 43057 } }
W20260630 12:17:20.046244 18456 outbound_call.cc:321] RPC callback for RPC call kudu.consensus.ConsensusService.RequestConsensusVote -> {remote=127.13.152.131:43057, user_credentials={real_user=slave}} blocked reactor thread for 52891.4us
I20260630 12:17:20.049017 18563 tablet_service.cc:1917] Received RequestConsensusVote() RPC: tablet_id: "ef9f0cc20e2240d0a701266adfc1c39c" candidate_uuid: "f3f4e0a93fb1409290edbe6277e9fb39" candidate_term: 1 candidate_status { last_received { term: 0 index: 0 } } ignore_live_leader: false dest_uuid: "967309f3a144499280ee47681bfc4876"
I20260630 12:17:20.049885 18563 raft_consensus.cc:3060] T ef9f0cc20e2240d0a701266adfc1c39c P 967309f3a144499280ee47681bfc4876 [term 0 FOLLOWER]: Advancing to term 1
I20260630 12:17:20.058991 18610 tablet_bootstrap.cc:654] T c6796467c7ca44d394093bdfcbaa2d3d P f3f4e0a93fb1409290edbe6277e9fb39: Neither blocks nor log segments found. Creating new log.
I20260630 12:17:20.059939 18609 tablet_bootstrap.cc:492] T c6796467c7ca44d394093bdfcbaa2d3d P c3dcc1ef7c5742d4899fc7c56811f892: No bootstrap required, opened a new log
I20260630 12:17:20.060757 18609 ts_tablet_manager.cc:1403] T c6796467c7ca44d394093bdfcbaa2d3d P c3dcc1ef7c5742d4899fc7c56811f892: Time spent bootstrapping tablet: real 0.079s	user 0.026s	sys 0.022s
I20260630 12:17:20.065784 18611 tablet_bootstrap.cc:492] T b834d1173fb3449cb99feeeab363ba30 P 967309f3a144499280ee47681bfc4876: No bootstrap required, opened a new log
I20260630 12:17:20.065403 18609 raft_consensus.cc:359] T c6796467c7ca44d394093bdfcbaa2d3d P c3dcc1ef7c5742d4899fc7c56811f892 [term 0 FOLLOWER]: Replica starting. Triggering 0 pending ops. Active config: opid_index: -1 OBSOLETE_local: false peers { permanent_uuid: "c3dcc1ef7c5742d4899fc7c56811f892" member_type: VOTER last_known_addr { host: "127.13.152.129" port: 46457 } } peers { permanent_uuid: "f3f4e0a93fb1409290edbe6277e9fb39" member_type: VOTER last_known_addr { host: "127.13.152.130" port: 46505 } } peers { permanent_uuid: "967309f3a144499280ee47681bfc4876" member_type: VOTER last_known_addr { host: "127.13.152.131" port: 43057 } }
I20260630 12:17:20.066234 18609 raft_consensus.cc:385] T c6796467c7ca44d394093bdfcbaa2d3d P c3dcc1ef7c5742d4899fc7c56811f892 [term 0 FOLLOWER]: Consensus starting up: Expiring failure detector timer to make a prompt election more likely
I20260630 12:17:20.066427 18611 ts_tablet_manager.cc:1403] T b834d1173fb3449cb99feeeab363ba30 P 967309f3a144499280ee47681bfc4876: Time spent bootstrapping tablet: real 0.054s	user 0.017s	sys 0.010s
I20260630 12:17:20.066573 18609 raft_consensus.cc:740] T c6796467c7ca44d394093bdfcbaa2d3d P c3dcc1ef7c5742d4899fc7c56811f892 [term 0 FOLLOWER]: Becoming Follower/Learner. State: Replica: c3dcc1ef7c5742d4899fc7c56811f892, State: Initialized, Role: FOLLOWER
I20260630 12:17:20.067001 18563 raft_consensus.cc:2468] T ef9f0cc20e2240d0a701266adfc1c39c P 967309f3a144499280ee47681bfc4876 [term 1 FOLLOWER]: Leader election vote request: Granting yes vote for candidate f3f4e0a93fb1409290edbe6277e9fb39 in term 1.
I20260630 12:17:20.070166 18611 raft_consensus.cc:359] T b834d1173fb3449cb99feeeab363ba30 P 967309f3a144499280ee47681bfc4876 [term 0 FOLLOWER]: Replica starting. Triggering 0 pending ops. Active config: opid_index: -1 OBSOLETE_local: false peers { permanent_uuid: "c3dcc1ef7c5742d4899fc7c56811f892" member_type: VOTER last_known_addr { host: "127.13.152.129" port: 46457 } } peers { permanent_uuid: "f3f4e0a93fb1409290edbe6277e9fb39" member_type: VOTER last_known_addr { host: "127.13.152.130" port: 46505 } } peers { permanent_uuid: "967309f3a144499280ee47681bfc4876" member_type: VOTER last_known_addr { host: "127.13.152.131" port: 43057 } }
I20260630 12:17:20.071170 18611 raft_consensus.cc:385] T b834d1173fb3449cb99feeeab363ba30 P 967309f3a144499280ee47681bfc4876 [term 0 FOLLOWER]: Consensus starting up: Expiring failure detector timer to make a prompt election more likely
I20260630 12:17:20.070644 18609 consensus_queue.cc:260] T c6796467c7ca44d394093bdfcbaa2d3d P c3dcc1ef7c5742d4899fc7c56811f892 [NON_LEADER]: Queue going to NON_LEADER mode. State: All replicated index: 0, Majority replicated index: 0, Committed index: 0, Last appended: 0.0, Last appended by leader: 0, Current term: 0, Majority size: -1, State: 0, Mode: NON_LEADER, active raft config: opid_index: -1 OBSOLETE_local: false peers { permanent_uuid: "c3dcc1ef7c5742d4899fc7c56811f892" member_type: VOTER last_known_addr { host: "127.13.152.129" port: 46457 } } peers { permanent_uuid: "f3f4e0a93fb1409290edbe6277e9fb39" member_type: VOTER last_known_addr { host: "127.13.152.130" port: 46505 } } peers { permanent_uuid: "967309f3a144499280ee47681bfc4876" member_type: VOTER last_known_addr { host: "127.13.152.131" port: 43057 } }
I20260630 12:17:20.071552 18611 raft_consensus.cc:740] T b834d1173fb3449cb99feeeab363ba30 P 967309f3a144499280ee47681bfc4876 [term 0 FOLLOWER]: Becoming Follower/Learner. State: Replica: 967309f3a144499280ee47681bfc4876, State: Initialized, Role: FOLLOWER
I20260630 12:17:20.072710 18610 tablet_bootstrap.cc:492] T c6796467c7ca44d394093bdfcbaa2d3d P f3f4e0a93fb1409290edbe6277e9fb39: No bootstrap required, opened a new log
I20260630 12:17:20.073292 18610 ts_tablet_manager.cc:1403] T c6796467c7ca44d394093bdfcbaa2d3d P f3f4e0a93fb1409290edbe6277e9fb39: Time spent bootstrapping tablet: real 0.028s	user 0.012s	sys 0.011s
I20260630 12:17:20.073892 18609 ts_tablet_manager.cc:1434] T c6796467c7ca44d394093bdfcbaa2d3d P c3dcc1ef7c5742d4899fc7c56811f892: Time spent starting tablet: real 0.013s	user 0.011s	sys 0.000s
I20260630 12:17:20.075289 18609 tablet_bootstrap.cc:492] T ec8046a4d7694b4bb51225ca94ffc373 P c3dcc1ef7c5742d4899fc7c56811f892: Bootstrap starting.
I20260630 12:17:20.075621 18611 consensus_queue.cc:260] T b834d1173fb3449cb99feeeab363ba30 P 967309f3a144499280ee47681bfc4876 [NON_LEADER]: Queue going to NON_LEADER mode. State: All replicated index: 0, Majority replicated index: 0, Committed index: 0, Last appended: 0.0, Last appended by leader: 0, Current term: 0, Majority size: -1, State: 0, Mode: NON_LEADER, active raft config: opid_index: -1 OBSOLETE_local: false peers { permanent_uuid: "c3dcc1ef7c5742d4899fc7c56811f892" member_type: VOTER last_known_addr { host: "127.13.152.129" port: 46457 } } peers { permanent_uuid: "f3f4e0a93fb1409290edbe6277e9fb39" member_type: VOTER last_known_addr { host: "127.13.152.130" port: 46505 } } peers { permanent_uuid: "967309f3a144499280ee47681bfc4876" member_type: VOTER last_known_addr { host: "127.13.152.131" port: 43057 } }
I20260630 12:17:20.077332 18616 raft_consensus.cc:493] T b834d1173fb3449cb99feeeab363ba30 P 967309f3a144499280ee47681bfc4876 [term 0 FOLLOWER]: Starting pre-election (no leader contacted us within the election timeout)
I20260630 12:17:20.077847 18616 raft_consensus.cc:515] T b834d1173fb3449cb99feeeab363ba30 P 967309f3a144499280ee47681bfc4876 [term 0 FOLLOWER]: Starting pre-election with config: opid_index: -1 OBSOLETE_local: false peers { permanent_uuid: "c3dcc1ef7c5742d4899fc7c56811f892" member_type: VOTER last_known_addr { host: "127.13.152.129" port: 46457 } } peers { permanent_uuid: "f3f4e0a93fb1409290edbe6277e9fb39" member_type: VOTER last_known_addr { host: "127.13.152.130" port: 46505 } } peers { permanent_uuid: "967309f3a144499280ee47681bfc4876" member_type: VOTER last_known_addr { host: "127.13.152.131" port: 43057 } }
