I20260630 12:17:05.872635 22173 tablet_service.cc:1917] Received RequestConsensusVote() RPC: tablet_id: "57fa35897c6f4eb8ae7a79b51abd9c6b" candidate_uuid: "c1b53693a82c4b5a8e538df771f78818" candidate_term: 1 candidate_status { last_received { term: 0 index: 0 } } ignore_live_leader: false dest_uuid: "e3789a4f82694b4089e72836988bb611" is_pre_election: true
W20260630 12:17:05.873600 22287 leader_election.cc:343] T 57fa35897c6f4eb8ae7a79b51abd9c6b P c1b53693a82c4b5a8e538df771f78818 [CANDIDATE]: Term 1 pre-election: Tablet error from VoteRequest() call to peer 1b9d15a6fc184346b71038d82eca1f13 (127.17.71.2:33535): Illegal state: must be running to vote when last-logged opid is not known
W20260630 12:17:05.874092 22290 leader_election.cc:343] T 57fa35897c6f4eb8ae7a79b51abd9c6b P c1b53693a82c4b5a8e538df771f78818 [CANDIDATE]: Term 1 pre-election: Tablet error from VoteRequest() call to peer e3789a4f82694b4089e72836988bb611 (127.17.71.1:34555): Illegal state: must be running to vote when last-logged opid is not known
I20260630 12:17:05.874511 22290 leader_election.cc:304] T 57fa35897c6f4eb8ae7a79b51abd9c6b P c1b53693a82c4b5a8e538df771f78818 [CANDIDATE]: Term 1 pre-election: Election decided. Result: candidate lost. Election summary: received 3 responses out of 3 voters: 1 yes votes; 2 no votes. yes voters: c1b53693a82c4b5a8e538df771f78818; no voters: 1b9d15a6fc184346b71038d82eca1f13, e3789a4f82694b4089e72836988bb611
I20260630 12:17:05.875286 22370 tablet_bootstrap.cc:492] T 54e623f836594d13b53e8eed7e583794 P c1b53693a82c4b5a8e538df771f78818: Bootstrap starting.
I20260630 12:17:05.875764 22376 raft_consensus.cc:2749] T 57fa35897c6f4eb8ae7a79b51abd9c6b P c1b53693a82c4b5a8e538df771f78818 [term 0 FOLLOWER]: Leader pre-election lost for term 1. Reason: could not achieve majority
I20260630 12:17:05.876494 22323 raft_consensus.cc:2468] T d6da12e80a724f89bc3260f9d37751dd P c1b53693a82c4b5a8e538df771f78818 [term 1 FOLLOWER]: Leader election vote request: Granting yes vote for candidate e3789a4f82694b4089e72836988bb611 in term 1.
I20260630 12:17:05.877976 22138 leader_election.cc:304] T d6da12e80a724f89bc3260f9d37751dd P e3789a4f82694b4089e72836988bb611 [CANDIDATE]: Term 1 election: Election decided. Result: candidate won. Election summary: received 2 responses out of 3 voters: 2 yes votes; 0 no votes. yes voters: c1b53693a82c4b5a8e538df771f78818, e3789a4f82694b4089e72836988bb611; no voters: 
I20260630 12:17:05.879161 22395 raft_consensus.cc:2804] T d6da12e80a724f89bc3260f9d37751dd P e3789a4f82694b4089e72836988bb611 [term 1 FOLLOWER]: Leader election won for term 1
I20260630 12:17:05.890424 22384 raft_consensus.cc:697] T df2aebf899b64efb97b957a9c81fb320 P 1b9d15a6fc184346b71038d82eca1f13 [term 1 LEADER]: Becoming Leader. State: Replica: 1b9d15a6fc184346b71038d82eca1f13, State: Running, Role: LEADER
I20260630 12:17:05.891662 22384 consensus_queue.cc:237] T df2aebf899b64efb97b957a9c81fb320 P 1b9d15a6fc184346b71038d82eca1f13 [LEADER]: Queue going to LEADER mode. State: All replicated index: 0, Majority replicated index: 0, Committed index: 0, Last appended: 0.0, Last appended by leader: 0, Current term: 1, Majority size: 2, State: 0, Mode: LEADER, active raft config: opid_index: -1 OBSOLETE_local: false peers { permanent_uuid: "e3789a4f82694b4089e72836988bb611" member_type: VOTER last_known_addr { host: "127.17.71.1" port: 34555 } } peers { permanent_uuid: "1b9d15a6fc184346b71038d82eca1f13" member_type: VOTER last_known_addr { host: "127.17.71.2" port: 33535 } } peers { permanent_uuid: "c1b53693a82c4b5a8e538df771f78818" member_type: VOTER last_known_addr { host: "127.17.71.3" port: 42065 } }
I20260630 12:17:05.895246 22370 tablet_bootstrap.cc:654] T 54e623f836594d13b53e8eed7e583794 P c1b53693a82c4b5a8e538df771f78818: Neither blocks nor log segments found. Creating new log.
I20260630 12:17:05.895943 22375 raft_consensus.cc:515] T 1a7ea066cbc54644b92f6e0fc154b2bf P e3789a4f82694b4089e72836988bb611 [term 1 FOLLOWER]: Starting leader election with config: opid_index: -1 OBSOLETE_local: false peers { permanent_uuid: "e3789a4f82694b4089e72836988bb611" member_type: VOTER last_known_addr { host: "127.17.71.1" port: 34555 } } peers { permanent_uuid: "1b9d15a6fc184346b71038d82eca1f13" member_type: VOTER last_known_addr { host: "127.17.71.2" port: 33535 } } peers { permanent_uuid: "c1b53693a82c4b5a8e538df771f78818" member_type: VOTER last_known_addr { host: "127.17.71.3" port: 42065 } }
I20260630 12:17:05.901865 22369 tablet_bootstrap.cc:492] T 54e623f836594d13b53e8eed7e583794 P e3789a4f82694b4089e72836988bb611: No bootstrap required, opened a new log
I20260630 12:17:05.902704 22369 ts_tablet_manager.cc:1403] T 54e623f836594d13b53e8eed7e583794 P e3789a4f82694b4089e72836988bb611: Time spent bootstrapping tablet: real 0.093s	user 0.014s	sys 0.019s
I20260630 12:17:05.906173 22370 tablet_bootstrap.cc:492] T 54e623f836594d13b53e8eed7e583794 P c1b53693a82c4b5a8e538df771f78818: No bootstrap required, opened a new log
I20260630 12:17:05.906991 22370 ts_tablet_manager.cc:1403] T 54e623f836594d13b53e8eed7e583794 P c1b53693a82c4b5a8e538df771f78818: Time spent bootstrapping tablet: real 0.041s	user 0.014s	sys 0.002s
I20260630 12:17:05.906781 22369 raft_consensus.cc:359] T 54e623f836594d13b53e8eed7e583794 P e3789a4f82694b4089e72836988bb611 [term 0 FOLLOWER]: Replica starting. Triggering 0 pending ops. Active config: opid_index: -1 OBSOLETE_local: false peers { permanent_uuid: "e3789a4f82694b4089e72836988bb611" member_type: VOTER last_known_addr { host: "127.17.71.1" port: 34555 } } peers { permanent_uuid: "1b9d15a6fc184346b71038d82eca1f13" member_type: VOTER last_known_addr { host: "127.17.71.2" port: 33535 } } peers { permanent_uuid: "c1b53693a82c4b5a8e538df771f78818" member_type: VOTER last_known_addr { host: "127.17.71.3" port: 42065 } }
I20260630 12:17:05.907822 22369 raft_consensus.cc:385] T 54e623f836594d13b53e8eed7e583794 P e3789a4f82694b4089e72836988bb611 [term 0 FOLLOWER]: Consensus starting up: Expiring failure detector timer to make a prompt election more likely
I20260630 12:17:05.908186 22369 raft_consensus.cc:740] T 54e623f836594d13b53e8eed7e583794 P e3789a4f82694b4089e72836988bb611 [term 0 FOLLOWER]: Becoming Follower/Learner. State: Replica: e3789a4f82694b4089e72836988bb611, State: Initialized, Role: FOLLOWER
I20260630 12:17:05.910584 22370 raft_consensus.cc:359] T 54e623f836594d13b53e8eed7e583794 P c1b53693a82c4b5a8e538df771f78818 [term 0 FOLLOWER]: Replica starting. Triggering 0 pending ops. Active config: opid_index: -1 OBSOLETE_local: false peers { permanent_uuid: "e3789a4f82694b4089e72836988bb611" member_type: VOTER last_known_addr { host: "127.17.71.1" port: 34555 } } peers { permanent_uuid: "1b9d15a6fc184346b71038d82eca1f13" member_type: VOTER last_known_addr { host: "127.17.71.2" port: 33535 } } peers { permanent_uuid: "c1b53693a82c4b5a8e538df771f78818" member_type: VOTER last_known_addr { host: "127.17.71.3" port: 42065 } }
I20260630 12:17:05.911537 22370 raft_consensus.cc:385] T 54e623f836594d13b53e8eed7e583794 P c1b53693a82c4b5a8e538df771f78818 [term 0 FOLLOWER]: Consensus starting up: Expiring failure detector timer to make a prompt election more likely
I20260630 12:17:05.911643 22395 raft_consensus.cc:697] T d6da12e80a724f89bc3260f9d37751dd P e3789a4f82694b4089e72836988bb611 [term 1 LEADER]: Becoming Leader. State: Replica: e3789a4f82694b4089e72836988bb611, State: Running, Role: LEADER
I20260630 12:17:05.911958 22370 raft_consensus.cc:740] T 54e623f836594d13b53e8eed7e583794 P c1b53693a82c4b5a8e538df771f78818 [term 0 FOLLOWER]: Becoming Follower/Learner. State: Replica: c1b53693a82c4b5a8e538df771f78818, State: Initialized, Role: FOLLOWER
I20260630 12:17:05.913067 22395 consensus_queue.cc:237] T d6da12e80a724f89bc3260f9d37751dd P e3789a4f82694b4089e72836988bb611 [LEADER]: Queue going to LEADER mode. State: All replicated index: 0, Majority replicated index: 0, Committed index: 0, Last appended: 0.0, Last appended by leader: 0, Current term: 1, Majority size: 2, State: 0, Mode: LEADER, active raft config: opid_index: -1 OBSOLETE_local: false peers { permanent_uuid: "e3789a4f82694b4089e72836988bb611" member_type: VOTER last_known_addr { host: "127.17.71.1" port: 34555 } } peers { permanent_uuid: "1b9d15a6fc184346b71038d82eca1f13" member_type: VOTER last_known_addr { host: "127.17.71.2" port: 33535 } } peers { permanent_uuid: "c1b53693a82c4b5a8e538df771f78818" member_type: VOTER last_known_addr { host: "127.17.71.3" port: 42065 } }
I20260630 12:17:05.912951 22370 consensus_queue.cc:260] T 54e623f836594d13b53e8eed7e583794 P c1b53693a82c4b5a8e538df771f78818 [NON_LEADER]: Queue going to NON_LEADER mode. State: All replicated index: 0, Majority replicated index: 0, Committed index: 0, Last appended: 0.0, Last appended by leader: 0, Current term: 0, Majority size: -1, State: 0, Mode: NON_LEADER, active raft config: opid_index: -1 OBSOLETE_local: false peers { permanent_uuid: "e3789a4f82694b4089e72836988bb611" member_type: VOTER last_known_addr { host: "127.17.71.1" port: 34555 } } peers { permanent_uuid: "1b9d15a6fc184346b71038d82eca1f13" member_type: VOTER last_known_addr { host: "127.17.71.2" port: 33535 } } peers { permanent_uuid: "c1b53693a82c4b5a8e538df771f78818" member_type: VOTER last_known_addr { host: "127.17.71.3" port: 42065 } }
I20260630 12:17:05.910588 22369 consensus_queue.cc:260] T 54e623f836594d13b53e8eed7e583794 P e3789a4f82694b4089e72836988bb611 [NON_LEADER]: Queue going to NON_LEADER mode. State: All replicated index: 0, Majority replicated index: 0, Committed index: 0, Last appended: 0.0, Last appended by leader: 0, Current term: 0, Majority size: -1, State: 0, Mode: NON_LEADER, active raft config: opid_index: -1 OBSOLETE_local: false peers { permanent_uuid: "e3789a4f82694b4089e72836988bb611" member_type: VOTER last_known_addr { host: "127.17.71.1" port: 34555 } } peers { permanent_uuid: "1b9d15a6fc184346b71038d82eca1f13" member_type: VOTER last_known_addr { host: "127.17.71.2" port: 33535 } } peers { permanent_uuid: "c1b53693a82c4b5a8e538df771f78818" member_type: VOTER last_known_addr { host: "127.17.71.3" port: 42065 } }
I20260630 12:17:05.918381 22371 ts_tablet_manager.cc:1434] T 1a7ea066cbc54644b92f6e0fc154b2bf P 1b9d15a6fc184346b71038d82eca1f13: Time spent starting tablet: real 0.093s	user 0.041s	sys 0.042s
I20260630 12:17:05.919448 22371 tablet_bootstrap.cc:492] T 23424885158740da809bcda4f23920db P 1b9d15a6fc184346b71038d82eca1f13: Bootstrap starting.
I20260630 12:17:05.922359 22248 tablet_service.cc:1917] Received RequestConsensusVote() RPC: tablet_id: "1a7ea066cbc54644b92f6e0fc154b2bf" candidate_uuid: "e3789a4f82694b4089e72836988bb611" candidate_term: 1 candidate_status { last_received { term: 0 index: 0 } } ignore_live_leader: false dest_uuid: "1b9d15a6fc184346b71038d82eca1f13"
I20260630 12:17:05.923154 22248 raft_consensus.cc:3060] T 1a7ea066cbc54644b92f6e0fc154b2bf P 1b9d15a6fc184346b71038d82eca1f13 [term 0 FOLLOWER]: Advancing to term 1
I20260630 12:17:05.924515 22370 ts_tablet_manager.cc:1434] T 54e623f836594d13b53e8eed7e583794 P c1b53693a82c4b5a8e538df771f78818: Time spent starting tablet: real 0.017s	user 0.008s	sys 0.000s
I20260630 12:17:05.926054 22371 tablet_bootstrap.cc:654] T 23424885158740da809bcda4f23920db P 1b9d15a6fc184346b71038d82eca1f13: Neither blocks nor log segments found. Creating new log.
I20260630 12:17:05.931039 22369 ts_tablet_manager.cc:1434] T 54e623f836594d13b53e8eed7e583794 P e3789a4f82694b4089e72836988bb611: Time spent starting tablet: real 0.028s	user 0.008s	sys 0.000s
I20260630 12:17:05.932126 22369 tablet_bootstrap.cc:492] T 57fa35897c6f4eb8ae7a79b51abd9c6b P e3789a4f82694b4089e72836988bb611: Bootstrap starting.
I20260630 12:17:05.933585 22370 tablet_bootstrap.cc:492] T 01930fe35388405db49f3cef13ebc67b P c1b53693a82c4b5a8e538df771f78818: Bootstrap starting.
I20260630 12:17:05.937992 22371 tablet_bootstrap.cc:492] T 23424885158740da809bcda4f23920db P 1b9d15a6fc184346b71038d82eca1f13: No bootstrap required, opened a new log
I20260630 12:17:05.938535 22371 ts_tablet_manager.cc:1403] T 23424885158740da809bcda4f23920db P 1b9d15a6fc184346b71038d82eca1f13: Time spent bootstrapping tablet: real 0.019s	user 0.017s	sys 0.000s
I20260630 12:17:05.939945 22370 tablet_bootstrap.cc:654] T 01930fe35388405db49f3cef13ebc67b P c1b53693a82c4b5a8e538df771f78818: Neither blocks nor log segments found. Creating new log.
I20260630 12:17:05.941129 22323 tablet_service.cc:1917] Received RequestConsensusVote() RPC: tablet_id: "1a7ea066cbc54644b92f6e0fc154b2bf" candidate_uuid: "e3789a4f82694b4089e72836988bb611" candidate_term: 1 candidate_status { last_received { term: 0 index: 0 } } ignore_live_leader: false dest_uuid: "c1b53693a82c4b5a8e538df771f78818"
I20260630 12:17:05.941444 22371 raft_consensus.cc:359] T 23424885158740da809bcda4f23920db P 1b9d15a6fc184346b71038d82eca1f13 [term 0 FOLLOWER]: Replica starting. Triggering 0 pending ops. Active config: opid_index: -1 OBSOLETE_local: false peers { permanent_uuid: "e3789a4f82694b4089e72836988bb611" member_type: VOTER last_known_addr { host: "127.17.71.1" port: 34555 } } peers { permanent_uuid: "1b9d15a6fc184346b71038d82eca1f13" member_type: VOTER last_known_addr { host: "127.17.71.2" port: 33535 } } peers { permanent_uuid: "c1b53693a82c4b5a8e538df771f78818" member_type: VOTER last_known_addr { host: "127.17.71.3" port: 42065 } }
I20260630 12:17:05.942651 22428 raft_consensus.cc:493] T 01930fe35388405db49f3cef13ebc67b P e3789a4f82694b4089e72836988bb611 [term 0 FOLLOWER]: Starting pre-election (no leader contacted us within the election timeout)
W20260630 12:17:05.942826 22138 leader_election.cc:343] T 1a7ea066cbc54644b92f6e0fc154b2bf P e3789a4f82694b4089e72836988bb611 [CANDIDATE]: Term 1 election: Tablet error from VoteRequest() call to peer c1b53693a82c4b5a8e538df771f78818 (127.17.71.3:42065): Illegal state: must be running to vote when last-logged opid is not known
I20260630 12:17:05.943295 22428 raft_consensus.cc:515] T 01930fe35388405db49f3cef13ebc67b P e3789a4f82694b4089e72836988bb611 [term 0 FOLLOWER]: Starting pre-election with config: opid_index: -1 OBSOLETE_local: false peers { permanent_uuid: "e3789a4f82694b4089e72836988bb611" member_type: VOTER last_known_addr { host: "127.17.71.1" port: 34555 } } peers { permanent_uuid: "1b9d15a6fc184346b71038d82eca1f13" member_type: VOTER last_known_addr { host: "127.17.71.2" port: 33535 } } peers { permanent_uuid: "c1b53693a82c4b5a8e538df771f78818" member_type: VOTER last_known_addr { host: "127.17.71.3" port: 42065 } }
I20260630 12:17:05.943817 22375 leader_election.cc:290] T 1a7ea066cbc54644b92f6e0fc154b2bf P e3789a4f82694b4089e72836988bb611 [CANDIDATE]: Term 1 election: Requested vote from peers 1b9d15a6fc184346b71038d82eca1f13 (127.17.71.2:33535), c1b53693a82c4b5a8e538df771f78818 (127.17.71.3:42065)
I20260630 12:17:05.945988 22428 leader_election.cc:290] T 01930fe35388405db49f3cef13ebc67b P e3789a4f82694b4089e72836988bb611 [CANDIDATE]: Term 1 pre-election: Requested pre-vote from peers 1b9d15a6fc184346b71038d82eca1f13 (127.17.71.2:33535), c1b53693a82c4b5a8e538df771f78818 (127.17.71.3:42065)
I20260630 12:17:05.947813 22248 raft_consensus.cc:2468] T 1a7ea066cbc54644b92f6e0fc154b2bf P 1b9d15a6fc184346b71038d82eca1f13 [term 1 FOLLOWER]: Leader election vote request: Granting yes vote for candidate e3789a4f82694b4089e72836988bb611 in term 1.
I20260630 12:17:05.948495 22250 tablet_service.cc:1917] Received RequestConsensusVote() RPC: tablet_id: "01930fe35388405db49f3cef13ebc67b" candidate_uuid: "e3789a4f82694b4089e72836988bb611" candidate_term: 1 candidate_status { last_received { term: 0 index: 0 } } ignore_live_leader: false dest_uuid: "1b9d15a6fc184346b71038d82eca1f13" is_pre_election: true
I20260630 12:17:05.949146 22250 raft_consensus.cc:2468] T 01930fe35388405db49f3cef13ebc67b P 1b9d15a6fc184346b71038d82eca1f13 [term 0 FOLLOWER]: Leader pre-election vote request: Granting yes vote for candidate e3789a4f82694b4089e72836988bb611 in term 0.
I20260630 12:17:05.949386 22138 leader_election.cc:304] T 1a7ea066cbc54644b92f6e0fc154b2bf P e3789a4f82694b4089e72836988bb611 [CANDIDATE]: Term 1 election: Election decided. Result: candidate won. Election summary: received 3 responses out of 3 voters: 2 yes votes; 1 no votes. yes voters: 1b9d15a6fc184346b71038d82eca1f13, e3789a4f82694b4089e72836988bb611; no voters: c1b53693a82c4b5a8e538df771f78818
I20260630 12:17:05.950862 22428 raft_consensus.cc:2804] T 1a7ea066cbc54644b92f6e0fc154b2bf P e3789a4f82694b4089e72836988bb611 [term 1 FOLLOWER]: Leader election won for term 1
I20260630 12:17:05.951028 22370 tablet_bootstrap.cc:492] T 01930fe35388405db49f3cef13ebc67b P c1b53693a82c4b5a8e538df771f78818: No bootstrap required, opened a new log
I20260630 12:17:05.951529 22370 ts_tablet_manager.cc:1403] T 01930fe35388405db49f3cef13ebc67b P c1b53693a82c4b5a8e538df771f78818: Time spent bootstrapping tablet: real 0.018s	user 0.012s	sys 0.004s
I20260630 12:17:05.951090 22138 leader_election.cc:304] T 01930fe35388405db49f3cef13ebc67b P e3789a4f82694b4089e72836988bb611 [CANDIDATE]: Term 1 pre-election: Election decided. Result: candidate won. Election summary: received 2 responses out of 3 voters: 2 yes votes; 0 no votes. yes voters: 1b9d15a6fc184346b71038d82eca1f13, e3789a4f82694b4089e72836988bb611; no voters: 
I20260630 12:17:05.952180 22323 tablet_service.cc:1917] Received RequestConsensusVote() RPC: tablet_id: "01930fe35388405db49f3cef13ebc67b" candidate_uuid: "e3789a4f82694b4089e72836988bb611" candidate_term: 1 candidate_status { last_received { term: 0 index: 0 } } ignore_live_leader: false dest_uuid: "c1b53693a82c4b5a8e538df771f78818" is_pre_election: true
I20260630 12:17:05.951445 22428 raft_consensus.cc:697] T 1a7ea066cbc54644b92f6e0fc154b2bf P e3789a4f82694b4089e72836988bb611 [term 1 LEADER]: Becoming Leader. State: Replica: e3789a4f82694b4089e72836988bb611, State: Running, Role: LEADER
I20260630 12:17:05.952875 22425 raft_consensus.cc:2804] T 01930fe35388405db49f3cef13ebc67b P e3789a4f82694b4089e72836988bb611 [term 0 FOLLOWER]: Leader pre-election won for term 1
I20260630 12:17:05.953433 22425 raft_consensus.cc:493] T 01930fe35388405db49f3cef13ebc67b P e3789a4f82694b4089e72836988bb611 [term 0 FOLLOWER]: Starting leader election (no leader contacted us within the election timeout)
I20260630 12:17:05.953915 22425 raft_consensus.cc:3060] T 01930fe35388405db49f3cef13ebc67b P e3789a4f82694b4089e72836988bb611 [term 0 FOLLOWER]: Advancing to term 1
I20260630 12:17:05.953631 22428 consensus_queue.cc:237] T 1a7ea066cbc54644b92f6e0fc154b2bf P e3789a4f82694b4089e72836988bb611 [LEADER]: Queue going to LEADER mode. State: All replicated index: 0, Majority replicated index: 0, Committed index: 0, Last appended: 0.0, Last appended by leader: 0, Current term: 1, Majority size: 2, State: 0, Mode: LEADER, active raft config: opid_index: -1 OBSOLETE_local: false peers { permanent_uuid: "e3789a4f82694b4089e72836988bb611" member_type: VOTER last_known_addr { host: "127.17.71.1" port: 34555 } } peers { permanent_uuid: "1b9d15a6fc184346b71038d82eca1f13" member_type: VOTER last_known_addr { host: "127.17.71.2" port: 33535 } } peers { permanent_uuid: "c1b53693a82c4b5a8e538df771f78818" member_type: VOTER last_known_addr { host: "127.17.71.3" port: 42065 } }
I20260630 12:17:05.954401 22370 raft_consensus.cc:359] T 01930fe35388405db49f3cef13ebc67b P c1b53693a82c4b5a8e538df771f78818 [term 0 FOLLOWER]: Replica starting. Triggering 0 pending ops. Active config: opid_index: -1 OBSOLETE_local: false peers { permanent_uuid: "e3789a4f82694b4089e72836988bb611" member_type: VOTER last_known_addr { host: "127.17.71.1" port: 34555 } } peers { permanent_uuid: "1b9d15a6fc184346b71038d82eca1f13" member_type: VOTER last_known_addr { host: "127.17.71.2" port: 33535 } } peers { permanent_uuid: "c1b53693a82c4b5a8e538df771f78818" member_type: VOTER last_known_addr { host: "127.17.71.3" port: 42065 } }
I20260630 12:17:05.955052 22370 raft_consensus.cc:385] T 01930fe35388405db49f3cef13ebc67b P c1b53693a82c4b5a8e538df771f78818 [term 0 FOLLOWER]: Consensus starting up: Expiring failure detector timer to make a prompt election more likely
I20260630 12:17:05.955331 22370 raft_consensus.cc:740] T 01930fe35388405db49f3cef13ebc67b P c1b53693a82c4b5a8e538df771f78818 [term 0 FOLLOWER]: Becoming Follower/Learner. State: Replica: c1b53693a82c4b5a8e538df771f78818, State: Initialized, Role: FOLLOWER
I20260630 12:17:05.942289 22371 raft_consensus.cc:385] T 23424885158740da809bcda4f23920db P 1b9d15a6fc184346b71038d82eca1f13 [term 0 FOLLOWER]: Consensus starting up: Expiring failure detector timer to make a prompt election more likely
I20260630 12:17:05.958328 22371 raft_consensus.cc:740] T 23424885158740da809bcda4f23920db P 1b9d15a6fc184346b71038d82eca1f13 [term 0 FOLLOWER]: Becoming Follower/Learner. State: Replica: 1b9d15a6fc184346b71038d82eca1f13, State: Initialized, Role: FOLLOWER
I20260630 12:17:05.959182 22371 consensus_queue.cc:260] T 23424885158740da809bcda4f23920db P 1b9d15a6fc184346b71038d82eca1f13 [NON_LEADER]: Queue going to NON_LEADER mode. State: All replicated index: 0, Majority replicated index: 0, Committed index: 0, Last appended: 0.0, Last appended by leader: 0, Current term: 0, Majority size: -1, State: 0, Mode: NON_LEADER, active raft config: opid_index: -1 OBSOLETE_local: false peers { permanent_uuid: "e3789a4f82694b4089e72836988bb611" member_type: VOTER last_known_addr { host: "127.17.71.1" port: 34555 } } peers { permanent_uuid: "1b9d15a6fc184346b71038d82eca1f13" member_type: VOTER last_known_addr { host: "127.17.71.2" port: 33535 } } peers { permanent_uuid: "c1b53693a82c4b5a8e538df771f78818" member_type: VOTER last_known_addr { host: "127.17.71.3" port: 42065 } }
I20260630 12:17:05.959256 22370 consensus_queue.cc:260] T 01930fe35388405db49f3cef13ebc67b P c1b53693a82c4b5a8e538df771f78818 [NON_LEADER]: Queue going to NON_LEADER mode. State: All replicated index: 0, Majority replicated index: 0, Committed index: 0, Last appended: 0.0, Last appended by leader: 0, Current term: 0, Majority size: -1, State: 0, Mode: NON_LEADER, active raft config: opid_index: -1 OBSOLETE_local: false peers { permanent_uuid: "e3789a4f82694b4089e72836988bb611" member_type: VOTER last_known_addr { host: "127.17.71.1" port: 34555 } } peers { permanent_uuid: "1b9d15a6fc184346b71038d82eca1f13" member_type: VOTER last_known_addr { host: "127.17.71.2" port: 33535 } } peers { permanent_uuid: "c1b53693a82c4b5a8e538df771f78818" member_type: VOTER last_known_addr { host: "127.17.71.3" port: 42065 } }
I20260630 12:17:05.960211 22323 raft_consensus.cc:2468] T 01930fe35388405db49f3cef13ebc67b P c1b53693a82c4b5a8e538df771f78818 [term 0 FOLLOWER]: Leader pre-election vote request: Granting yes vote for candidate e3789a4f82694b4089e72836988bb611 in term 0.
I20260630 12:17:05.961910 22371 ts_tablet_manager.cc:1434] T 23424885158740da809bcda4f23920db P 1b9d15a6fc184346b71038d82eca1f13: Time spent starting tablet: real 0.023s	user 0.006s	sys 0.000s
I20260630 12:17:05.963394 22371 tablet_bootstrap.cc:492] T 57fa35897c6f4eb8ae7a79b51abd9c6b P 1b9d15a6fc184346b71038d82eca1f13: Bootstrap starting.
I20260630 12:17:05.971654 22073 catalog_manager.cc:5697] T d6da12e80a724f89bc3260f9d37751dd P e3789a4f82694b4089e72836988bb611 reported cstate change: term changed from 0 to 1, leader changed from <none> to e3789a4f82694b4089e72836988bb611 (127.17.71.1). New cstate: current_term: 1 leader_uuid: "e3789a4f82694b4089e72836988bb611" committed_config { opid_index: -1 OBSOLETE_local: false peers { permanent_uuid: "e3789a4f82694b4089e72836988bb611" member_type: VOTER last_known_addr { host: "127.17.71.1" port: 34555 } health_report { overall_health: HEALTHY } } peers { permanent_uuid: "1b9d15a6fc184346b71038d82eca1f13" member_type: VOTER last_known_addr { host: "127.17.71.2" port: 33535 } health_report { overall_health: UNKNOWN } } peers { permanent_uuid: "c1b53693a82c4b5a8e538df771f78818" member_type: VOTER last_known_addr { host: "127.17.71.3" port: 42065 } health_report { overall_health: UNKNOWN } } }
I20260630 12:17:05.972643 22370 ts_tablet_manager.cc:1434] T 01930fe35388405db49f3cef13ebc67b P c1b53693a82c4b5a8e538df771f78818: Time spent starting tablet: real 0.021s	user 0.001s	sys 0.004s
I20260630 12:17:05.974084 22371 tablet_bootstrap.cc:654] T 57fa35897c6f4eb8ae7a79b51abd9c6b P 1b9d15a6fc184346b71038d82eca1f13: Neither blocks nor log segments found. Creating new log.
I20260630 12:17:05.976362 22425 raft_consensus.cc:515] T 01930fe35388405db49f3cef13ebc67b P e3789a4f82694b4089e72836988bb611 [term 1 FOLLOWER]: Starting leader election with config: opid_index: -1 OBSOLETE_local: false peers { permanent_uuid: "e3789a4f82694b4089e72836988bb611" member_type: VOTER last_known_addr { host: "127.17.71.1" port: 34555 } } peers { permanent_uuid: "1b9d15a6fc184346b71038d82eca1f13" member_type: VOTER last_known_addr { host: "127.17.71.2" port: 33535 } } peers { permanent_uuid: "c1b53693a82c4b5a8e538df771f78818" member_type: VOTER last_known_addr { host: "127.17.71.3" port: 42065 } }
I20260630 12:17:05.978335 22424 consensus_queue.cc:1048] T 51a8cb3569e9447db820a8f2d531095f P 1b9d15a6fc184346b71038d82eca1f13 [LEADER]: Connected to new peer: Peer: permanent_uuid: "c1b53693a82c4b5a8e538df771f78818" member_type: VOTER last_known_addr { host: "127.17.71.3" port: 42065 }, Status: LMP_MISMATCH, Last received: 0.0, Next index: 1, Last known committed idx: 0, Time since last communication: 0.001s
I20260630 12:17:05.981261 22370 tablet_bootstrap.cc:492] T 1a7ea066cbc54644b92f6e0fc154b2bf P c1b53693a82c4b5a8e538df771f78818: Bootstrap starting.
I20260630 12:17:05.986650 22369 tablet_bootstrap.cc:654] T 57fa35897c6f4eb8ae7a79b51abd9c6b P e3789a4f82694b4089e72836988bb611: Neither blocks nor log segments found. Creating new log.
I20260630 12:17:05.992092 22323 tablet_service.cc:1917] Received RequestConsensusVote() RPC: tablet_id: "01930fe35388405db49f3cef13ebc67b" candidate_uuid: "e3789a4f82694b4089e72836988bb611" candidate_term: 1 candidate_status { last_received { term: 0 index: 0 } } ignore_live_leader: false dest_uuid: "c1b53693a82c4b5a8e538df771f78818"
I20260630 12:17:05.992910 22323 raft_consensus.cc:3060] T 01930fe35388405db49f3cef13ebc67b P c1b53693a82c4b5a8e538df771f78818 [term 0 FOLLOWER]: Advancing to term 1
I20260630 12:17:05.994760 22425 leader_election.cc:290] T 01930fe35388405db49f3cef13ebc67b P e3789a4f82694b4089e72836988bb611 [CANDIDATE]: Term 1 election: Requested vote from peers 1b9d15a6fc184346b71038d82eca1f13 (127.17.71.2:33535), c1b53693a82c4b5a8e538df771f78818 (127.17.71.3:42065)
I20260630 12:17:05.987939 22071 catalog_manager.cc:5697] T df2aebf899b64efb97b957a9c81fb320 P 1b9d15a6fc184346b71038d82eca1f13 reported cstate change: term changed from 0 to 1, leader changed from <none> to 1b9d15a6fc184346b71038d82eca1f13 (127.17.71.2). New cstate: current_term: 1 leader_uuid: "1b9d15a6fc184346b71038d82eca1f13" committed_config { opid_index: -1 OBSOLETE_local: false peers { permanent_uuid: "e3789a4f82694b4089e72836988bb611" member_type: VOTER last_known_addr { host: "127.17.71.1" port: 34555 } health_report { overall_health: UNKNOWN } } peers { permanent_uuid: "1b9d15a6fc184346b71038d82eca1f13" member_type: VOTER last_known_addr { host: "127.17.71.2" port: 33535 } health_report { overall_health: HEALTHY } } peers { permanent_uuid: "c1b53693a82c4b5a8e538df771f78818" member_type: VOTER last_known_addr { host: "127.17.71.3" port: 42065 } health_report { overall_health: UNKNOWN } } }
I20260630 12:17:06.003736 22248 tablet_service.cc:1917] Received RequestConsensusVote() RPC: tablet_id: "01930fe35388405db49f3cef13ebc67b" candidate_uuid: "e3789a4f82694b4089e72836988bb611" candidate_term: 1 candidate_status { last_received { term: 0 index: 0 } } ignore_live_leader: false dest_uuid: "1b9d15a6fc184346b71038d82eca1f13"
I20260630 12:17:06.004621 22248 raft_consensus.cc:3060] T 01930fe35388405db49f3cef13ebc67b P 1b9d15a6fc184346b71038d82eca1f13 [term 0 FOLLOWER]: Advancing to term 1
I20260630 12:17:06.006425 22384 consensus_queue.cc:1048] T 51a8cb3569e9447db820a8f2d531095f P 1b9d15a6fc184346b71038d82eca1f13 [LEADER]: Connected to new peer: Peer: permanent_uuid: "e3789a4f82694b4089e72836988bb611" member_type: VOTER last_known_addr { host: "127.17.71.1" port: 34555 }, Status: LMP_MISMATCH, Last received: 0.0, Next index: 1, Last known committed idx: 0, Time since last communication: 0.001s
I20260630 12:17:06.013805 22376 raft_consensus.cc:493] T 54e623f836594d13b53e8eed7e583794 P c1b53693a82c4b5a8e538df771f78818 [term 0 FOLLOWER]: Starting pre-election (no leader contacted us within the election timeout)
I20260630 12:17:06.014528 22376 raft_consensus.cc:515] T 54e623f836594d13b53e8eed7e583794 P c1b53693a82c4b5a8e538df771f78818 [term 0 FOLLOWER]: Starting pre-election with config: opid_index: -1 OBSOLETE_local: false peers { permanent_uuid: "e3789a4f82694b4089e72836988bb611" member_type: VOTER last_known_addr { host: "127.17.71.1" port: 34555 } } peers { permanent_uuid: "1b9d15a6fc184346b71038d82eca1f13" member_type: VOTER last_known_addr { host: "127.17.71.2" port: 33535 } } peers { permanent_uuid: "c1b53693a82c4b5a8e538df771f78818" member_type: VOTER last_known_addr { host: "127.17.71.3" port: 42065 } }
I20260630 12:17:06.016304 22370 tablet_bootstrap.cc:654] T 1a7ea066cbc54644b92f6e0fc154b2bf P c1b53693a82c4b5a8e538df771f78818: Neither blocks nor log segments found. Creating new log.
I20260630 12:17:06.017757 22376 leader_election.cc:290] T 54e623f836594d13b53e8eed7e583794 P c1b53693a82c4b5a8e538df771f78818 [CANDIDATE]: Term 1 pre-election: Requested pre-vote from peers e3789a4f82694b4089e72836988bb611 (127.17.71.1:34555), 1b9d15a6fc184346b71038d82eca1f13 (127.17.71.2:33535)
I20260630 12:17:06.018481 22250 tablet_service.cc:1917] Received RequestConsensusVote() RPC: tablet_id: "54e623f836594d13b53e8eed7e583794" candidate_uuid: "c1b53693a82c4b5a8e538df771f78818" candidate_term: 1 candidate_status { last_received { term: 0 index: 0 } } ignore_live_leader: false dest_uuid: "1b9d15a6fc184346b71038d82eca1f13" is_pre_election: true
W20260630 12:17:06.020030 22287 leader_election.cc:343] T 54e623f836594d13b53e8eed7e583794 P c1b53693a82c4b5a8e538df771f78818 [CANDIDATE]: Term 1 pre-election: Tablet error from VoteRequest() call to peer 1b9d15a6fc184346b71038d82eca1f13 (127.17.71.2:33535): Illegal state: must be running to vote when last-logged opid is not known
I20260630 12:17:06.019879 22174 tablet_service.cc:1917] Received RequestConsensusVote() RPC: tablet_id: "54e623f836594d13b53e8eed7e583794" candidate_uuid: "c1b53693a82c4b5a8e538df771f78818" candidate_term: 1 candidate_status { last_received { term: 0 index: 0 } } ignore_live_leader: false dest_uuid: "e3789a4f82694b4089e72836988bb611" is_pre_election: true
I20260630 12:17:06.020463 22425 consensus_queue.cc:1048] T 5084da1de8c641bb838a51da2f386816 P e3789a4f82694b4089e72836988bb611 [LEADER]: Connected to new peer: Peer: permanent_uuid: "1b9d15a6fc184346b71038d82eca1f13" member_type: VOTER last_known_addr { host: "127.17.71.2" port: 33535 }, Status: LMP_MISMATCH, Last received: 0.0, Next index: 1, Last known committed idx: 0, Time since last communication: 0.000s
I20260630 12:17:06.020989 22174 raft_consensus.cc:2468] T 54e623f836594d13b53e8eed7e583794 P e3789a4f82694b4089e72836988bb611 [term 0 FOLLOWER]: Leader pre-election vote request: Granting yes vote for candidate c1b53693a82c4b5a8e538df771f78818 in term 0.
I20260630 12:17:06.022583 22290 leader_election.cc:304] T 54e623f836594d13b53e8eed7e583794 P c1b53693a82c4b5a8e538df771f78818 [CANDIDATE]: Term 1 pre-election: Election decided. Result: candidate won. Election summary: received 3 responses out of 3 voters: 2 yes votes; 1 no votes. yes voters: c1b53693a82c4b5a8e538df771f78818, e3789a4f82694b4089e72836988bb611; no voters: 1b9d15a6fc184346b71038d82eca1f13
I20260630 12:17:06.023792 22376 raft_consensus.cc:2804] T 54e623f836594d13b53e8eed7e583794 P c1b53693a82c4b5a8e538df771f78818 [term 0 FOLLOWER]: Leader pre-election won for term 1
I20260630 12:17:06.024231 22376 raft_consensus.cc:493] T 54e623f836594d13b53e8eed7e583794 P c1b53693a82c4b5a8e538df771f78818 [term 0 FOLLOWER]: Starting leader election (no leader contacted us within the election timeout)
I20260630 12:17:06.024611 22376 raft_consensus.cc:3060] T 54e623f836594d13b53e8eed7e583794 P c1b53693a82c4b5a8e538df771f78818 [term 0 FOLLOWER]: Advancing to term 1
I20260630 12:17:06.025815 22070 catalog_manager.cc:5697] T 1a7ea066cbc54644b92f6e0fc154b2bf P e3789a4f82694b4089e72836988bb611 reported cstate change: term changed from 0 to 1, leader changed from <none> to e3789a4f82694b4089e72836988bb611 (127.17.71.1). New cstate: current_term: 1 leader_uuid: "e3789a4f82694b4089e72836988bb611" committed_config { opid_index: -1 OBSOLETE_local: false peers { permanent_uuid: "e3789a4f82694b4089e72836988bb611" member_type: VOTER last_known_addr { host: "127.17.71.1" port: 34555 } health_report { overall_health: HEALTHY } } peers { permanent_uuid: "1b9d15a6fc184346b71038d82eca1f13" member_type: VOTER last_known_addr { host: "127.17.71.2" port: 33535 } health_report { overall_health: UNKNOWN } } peers { permanent_uuid: "c1b53693a82c4b5a8e538df771f78818" member_type: VOTER last_known_addr { host: "127.17.71.3" port: 42065 } health_report { overall_health: UNKNOWN } } }
I20260630 12:17:06.036895 22376 raft_consensus.cc:515] T 54e623f836594d13b53e8eed7e583794 P c1b53693a82c4b5a8e538df771f78818 [term 1 FOLLOWER]: Starting leader election with config: opid_index: -1 OBSOLETE_local: false peers { permanent_uuid: "e3789a4f82694b4089e72836988bb611" member_type: VOTER last_known_addr { host: "127.17.71.1" port: 34555 } } peers { permanent_uuid: "1b9d15a6fc184346b71038d82eca1f13" member_type: VOTER last_known_addr { host: "127.17.71.2" port: 33535 } } peers { permanent_uuid: "c1b53693a82c4b5a8e538df771f78818" member_type: VOTER last_known_addr { host: "127.17.71.3" port: 42065 } }
I20260630 12:17:06.040262 22323 raft_consensus.cc:2468] T 01930fe35388405db49f3cef13ebc67b P c1b53693a82c4b5a8e538df771f78818 [term 1 FOLLOWER]: Leader election vote request: Granting yes vote for candidate e3789a4f82694b4089e72836988bb611 in term 1.
I20260630 12:17:06.041791 22138 leader_election.cc:304] T 01930fe35388405db49f3cef13ebc67b P e3789a4f82694b4089e72836988bb611 [CANDIDATE]: Term 1 election: Election decided. Result: candidate won. Election summary: received 2 responses out of 3 voters: 2 yes votes; 0 no votes. yes voters: c1b53693a82c4b5a8e538df771f78818, e3789a4f82694b4089e72836988bb611; no voters: 
I20260630 12:17:06.042593 22425 raft_consensus.cc:2804] T 01930fe35388405db49f3cef13ebc67b P e3789a4f82694b4089e72836988bb611 [term 1 FOLLOWER]: Leader election won for term 1
I20260630 12:17:06.043090 22425 raft_consensus.cc:697] T 01930fe35388405db49f3cef13ebc67b P e3789a4f82694b4089e72836988bb611 [term 1 LEADER]: Becoming Leader. State: Replica: e3789a4f82694b4089e72836988bb611, State: Running, Role: LEADER
I20260630 12:17:06.043195 22174 tablet_service.cc:1917] Received RequestConsensusVote() RPC: tablet_id: "54e623f836594d13b53e8eed7e583794" candidate_uuid: "c1b53693a82c4b5a8e538df771f78818" candidate_term: 1 candidate_status { last_received { term: 0 index: 0 } } ignore_live_leader: false dest_uuid: "e3789a4f82694b4089e72836988bb611"
I20260630 12:17:06.043951 22174 raft_consensus.cc:3060] T 54e623f836594d13b53e8eed7e583794 P e3789a4f82694b4089e72836988bb611 [term 0 FOLLOWER]: Advancing to term 1
I20260630 12:17:06.044116 22425 consensus_queue.cc:237] T 01930fe35388405db49f3cef13ebc67b P e3789a4f82694b4089e72836988bb611 [LEADER]: Queue going to LEADER mode. State: All replicated index: 0, Majority replicated index: 0, Committed index: 0, Last appended: 0.0, Last appended by leader: 0, Current term: 1, Majority size: 2, State: 0, Mode: LEADER, active raft config: opid_index: -1 OBSOLETE_local: false peers { permanent_uuid: "e3789a4f82694b4089e72836988bb611" member_type: VOTER last_known_addr { host: "127.17.71.1" port: 34555 } } peers { permanent_uuid: "1b9d15a6fc184346b71038d82eca1f13" member_type: VOTER last_known_addr { host: "127.17.71.2" port: 33535 } } peers { permanent_uuid: "c1b53693a82c4b5a8e538df771f78818" member_type: VOTER last_known_addr { host: "127.17.71.3" port: 42065 } }
I20260630 12:17:06.052057 22174 raft_consensus.cc:2468] T 54e623f836594d13b53e8eed7e583794 P e3789a4f82694b4089e72836988bb611 [term 1 FOLLOWER]: Leader election vote request: Granting yes vote for candidate c1b53693a82c4b5a8e538df771f78818 in term 1.
I20260630 12:17:06.053332 22290 leader_election.cc:304] T 54e623f836594d13b53e8eed7e583794 P c1b53693a82c4b5a8e538df771f78818 [CANDIDATE]: Term 1 election: Election decided. Result: candidate won. Election summary: received 2 responses out of 3 voters: 2 yes votes; 0 no votes. yes voters: c1b53693a82c4b5a8e538df771f78818, e3789a4f82694b4089e72836988bb611; no voters: 
I20260630 12:17:06.054174 22407 raft_consensus.cc:2804] T 54e623f836594d13b53e8eed7e583794 P c1b53693a82c4b5a8e538df771f78818 [term 1 FOLLOWER]: Leader election won for term 1
I20260630 12:17:06.054648 22407 raft_consensus.cc:697] T 54e623f836594d13b53e8eed7e583794 P c1b53693a82c4b5a8e538df771f78818 [term 1 LEADER]: Becoming Leader. State: Replica: c1b53693a82c4b5a8e538df771f78818, State: Running, Role: LEADER
I20260630 12:17:06.055510 22407 consensus_queue.cc:237] T 54e623f836594d13b53e8eed7e583794 P c1b53693a82c4b5a8e538df771f78818 [LEADER]: Queue going to LEADER mode. State: All replicated index: 0, Majority replicated index: 0, Committed index: 0, Last appended: 0.0, Last appended by leader: 0, Current term: 1, Majority size: 2, State: 0, Mode: LEADER, active raft config: opid_index: -1 OBSOLETE_local: false peers { permanent_uuid: "e3789a4f82694b4089e72836988bb611" member_type: VOTER last_known_addr { host: "127.17.71.1" port: 34555 } } peers { permanent_uuid: "1b9d15a6fc184346b71038d82eca1f13" member_type: VOTER last_known_addr { host: "127.17.71.2" port: 33535 } } peers { permanent_uuid: "c1b53693a82c4b5a8e538df771f78818" member_type: VOTER last_known_addr { host: "127.17.71.3" port: 42065 } }
I20260630 12:17:06.056815 22369 tablet_bootstrap.cc:492] T 57fa35897c6f4eb8ae7a79b51abd9c6b P e3789a4f82694b4089e72836988bb611: No bootstrap required, opened a new log
I20260630 12:17:06.057281 22369 ts_tablet_manager.cc:1403] T 57fa35897c6f4eb8ae7a79b51abd9c6b P e3789a4f82694b4089e72836988bb611: Time spent bootstrapping tablet: real 0.125s	user 0.008s	sys 0.012s
I20260630 12:17:06.058480 22428 consensus_queue.cc:1048] T 5084da1de8c641bb838a51da2f386816 P e3789a4f82694b4089e72836988bb611 [LEADER]: Connected to new peer: Peer: permanent_uuid: "c1b53693a82c4b5a8e538df771f78818" member_type: VOTER last_known_addr { host: "127.17.71.3" port: 42065 }, Status: LMP_MISMATCH, Last received: 0.0, Next index: 1, Last known committed idx: 0, Time since last communication: 0.000s
I20260630 12:17:06.060061 22369 raft_consensus.cc:359] T 57fa35897c6f4eb8ae7a79b51abd9c6b P e3789a4f82694b4089e72836988bb611 [term 0 FOLLOWER]: Replica starting. Triggering 0 pending ops. Active config: opid_index: -1 OBSOLETE_local: false peers { permanent_uuid: "e3789a4f82694b4089e72836988bb611" member_type: VOTER last_known_addr { host: "127.17.71.1" port: 34555 } } peers { permanent_uuid: "1b9d15a6fc184346b71038d82eca1f13" member_type: VOTER last_known_addr { host: "127.17.71.2" port: 33535 } } peers { permanent_uuid: "c1b53693a82c4b5a8e538df771f78818" member_type: VOTER last_known_addr { host: "127.17.71.3" port: 42065 } }
I20260630 12:17:06.060878 22369 raft_consensus.cc:385] T 57fa35897c6f4eb8ae7a79b51abd9c6b P e3789a4f82694b4089e72836988bb611 [term 0 FOLLOWER]: Consensus starting up: Expiring failure detector timer to make a prompt election more likely
I20260630 12:17:06.063862 22371 tablet_bootstrap.cc:492] T 57fa35897c6f4eb8ae7a79b51abd9c6b P 1b9d15a6fc184346b71038d82eca1f13: No bootstrap required, opened a new log
I20260630 12:17:06.061240 22369 raft_consensus.cc:740] T 57fa35897c6f4eb8ae7a79b51abd9c6b P e3789a4f82694b4089e72836988bb611 [term 0 FOLLOWER]: Becoming Follower/Learner. State: Replica: e3789a4f82694b4089e72836988bb611, State: Initialized, Role: FOLLOWER
I20260630 12:17:06.054493 22248 raft_consensus.cc:2468] T 01930fe35388405db49f3cef13ebc67b P 1b9d15a6fc184346b71038d82eca1f13 [term 1 FOLLOWER]: Leader election vote request: Granting yes vote for candidate e3789a4f82694b4089e72836988bb611 in term 1.
I20260630 12:17:06.066339 22371 ts_tablet_manager.cc:1403] T 57fa35897c6f4eb8ae7a79b51abd9c6b P 1b9d15a6fc184346b71038d82eca1f13: Time spent bootstrapping tablet: real 0.103s	user 0.022s	sys 0.026s
I20260630 12:17:06.066355 22369 consensus_queue.cc:260] T 57fa35897c6f4eb8ae7a79b51abd9c6b P e3789a4f82694b4089e72836988bb611 [NON_LEADER]: Queue going to NON_LEADER mode. State: All replicated index: 0, Majority replicated index: 0, Committed index: 0, Last appended: 0.0, Last appended by leader: 0, Current term: 0, Majority size: -1, State: 0, Mode: NON_LEADER, active raft config: opid_index: -1 OBSOLETE_local: false peers { permanent_uuid: "e3789a4f82694b4089e72836988bb611" member_type: VOTER last_known_addr { host: "127.17.71.1" port: 34555 } } peers { permanent_uuid: "1b9d15a6fc184346b71038d82eca1f13" member_type: VOTER last_known_addr { host: "127.17.71.2" port: 33535 } } peers { permanent_uuid: "c1b53693a82c4b5a8e538df771f78818" member_type: VOTER last_known_addr { host: "127.17.71.3" port: 42065 } }
I20260630 12:17:06.070644 22369 ts_tablet_manager.cc:1434] T 57fa35897c6f4eb8ae7a79b51abd9c6b P e3789a4f82694b4089e72836988bb611: Time spent starting tablet: real 0.013s	user 0.006s	sys 0.000s
I20260630 12:17:06.074035 22376 leader_election.cc:290] T 54e623f836594d13b53e8eed7e583794 P c1b53693a82c4b5a8e538df771f78818 [CANDIDATE]: Term 1 election: Requested vote from peers e3789a4f82694b4089e72836988bb611 (127.17.71.1:34555), 1b9d15a6fc184346b71038d82eca1f13 (127.17.71.2:33535)
I20260630 12:17:06.075064 22370 tablet_bootstrap.cc:492] T 1a7ea066cbc54644b92f6e0fc154b2bf P c1b53693a82c4b5a8e538df771f78818: No bootstrap required, opened a new log
I20260630 12:17:06.074713 22371 raft_consensus.cc:359] T 57fa35897c6f4eb8ae7a79b51abd9c6b P 1b9d15a6fc184346b71038d82eca1f13 [term 0 FOLLOWER]: Replica starting. Triggering 0 pending ops. Active config: opid_index: -1 OBSOLETE_local: false peers { permanent_uuid: "e3789a4f82694b4089e72836988bb611" member_type: VOTER last_known_addr { host: "127.17.71.1" port: 34555 } } peers { permanent_uuid: "1b9d15a6fc184346b71038d82eca1f13" member_type: VOTER last_known_addr { host: "127.17.71.2" port: 33535 } } peers { permanent_uuid: "c1b53693a82c4b5a8e538df771f78818" member_type: VOTER last_known_addr { host: "127.17.71.3" port: 42065 } }
I20260630 12:17:06.075222 22249 tablet_service.cc:1917] Received RequestConsensusVote() RPC: tablet_id: "54e623f836594d13b53e8eed7e583794" candidate_uuid: "c1b53693a82c4b5a8e538df771f78818" candidate_term: 1 candidate_status { last_received { term: 0 index: 0 } } ignore_live_leader: false dest_uuid: "1b9d15a6fc184346b71038d82eca1f13"
I20260630 12:17:06.075445 22371 raft_consensus.cc:385] T 57fa35897c6f4eb8ae7a79b51abd9c6b P 1b9d15a6fc184346b71038d82eca1f13 [term 0 FOLLOWER]: Consensus starting up: Expiring failure detector timer to make a prompt election more likely
I20260630 12:17:06.075558 22370 ts_tablet_manager.cc:1403] T 1a7ea066cbc54644b92f6e0fc154b2bf P c1b53693a82c4b5a8e538df771f78818: Time spent bootstrapping tablet: real 0.095s	user 0.010s	sys 0.003s
I20260630 12:17:06.075762 22371 raft_consensus.cc:740] T 57fa35897c6f4eb8ae7a79b51abd9c6b P 1b9d15a6fc184346b71038d82eca1f13 [term 0 FOLLOWER]: Becoming Follower/Learner. State: Replica: 1b9d15a6fc184346b71038d82eca1f13, State: Initialized, Role: FOLLOWER
W20260630 12:17:06.076821 22287 leader_election.cc:343] T 54e623f836594d13b53e8eed7e583794 P c1b53693a82c4b5a8e538df771f78818 [CANDIDATE]: Term 1 election: Tablet error from VoteRequest() call to peer 1b9d15a6fc184346b71038d82eca1f13 (127.17.71.2:33535): Illegal state: must be running to vote when last-logged opid is not known
I20260630 12:17:06.076524 22371 consensus_queue.cc:260] T 57fa35897c6f4eb8ae7a79b51abd9c6b P 1b9d15a6fc184346b71038d82eca1f13 [NON_LEADER]: Queue going to NON_LEADER mode. State: All replicated index: 0, Majority replicated index: 0, Committed index: 0, Last appended: 0.0, Last appended by leader: 0, Current term: 0, Majority size: -1, State: 0, Mode: NON_LEADER, active raft config: opid_index: -1 OBSOLETE_local: false peers { permanent_uuid: "e3789a4f82694b4089e72836988bb611" member_type: VOTER last_known_addr { host: "127.17.71.1" port: 34555 } } peers { permanent_uuid: "1b9d15a6fc184346b71038d82eca1f13" member_type: VOTER last_known_addr { host: "127.17.71.2" port: 33535 } } peers { permanent_uuid: "c1b53693a82c4b5a8e538df771f78818" member_type: VOTER last_known_addr { host: "127.17.71.3" port: 42065 } }
I20260630 12:17:06.078940 22371 ts_tablet_manager.cc:1434] T 57fa35897c6f4eb8ae7a79b51abd9c6b P 1b9d15a6fc184346b71038d82eca1f13: Time spent starting tablet: real 0.011s	user 0.005s	sys 0.000s
I20260630 12:17:06.080015 22371 tablet_bootstrap.cc:492] T 54e623f836594d13b53e8eed7e583794 P 1b9d15a6fc184346b71038d82eca1f13: Bootstrap starting.
I20260630 12:17:06.083863 22071 catalog_manager.cc:5697] T 54e623f836594d13b53e8eed7e583794 P c1b53693a82c4b5a8e538df771f78818 reported cstate change: term changed from 0 to 1, leader changed from <none> to c1b53693a82c4b5a8e538df771f78818 (127.17.71.3). New cstate: current_term: 1 leader_uuid: "c1b53693a82c4b5a8e538df771f78818" committed_config { opid_index: -1 OBSOLETE_local: false peers { permanent_uuid: "e3789a4f82694b4089e72836988bb611" member_type: VOTER last_known_addr { host: "127.17.71.1" port: 34555 } health_report { overall_health: UNKNOWN } } peers { permanent_uuid: "1b9d15a6fc184346b71038d82eca1f13" member_type: VOTER last_known_addr { host: "127.17.71.2" port: 33535 } health_report { overall_health: UNKNOWN } } peers { permanent_uuid: "c1b53693a82c4b5a8e538df771f78818" member_type: VOTER last_known_addr { host: "127.17.71.3" port: 42065 } health_report { overall_health: HEALTHY } } }
I20260630 12:17:06.088955 22371 tablet_bootstrap.cc:654] T 54e623f836594d13b53e8eed7e583794 P 1b9d15a6fc184346b71038d82eca1f13: Neither blocks nor log segments found. Creating new log.
I20260630 12:17:06.101626 22370 raft_consensus.cc:359] T 1a7ea066cbc54644b92f6e0fc154b2bf P c1b53693a82c4b5a8e538df771f78818 [term 0 FOLLOWER]: Replica starting. Triggering 0 pending ops. Active config: opid_index: -1 OBSOLETE_local: false peers { permanent_uuid: "e3789a4f82694b4089e72836988bb611" member_type: VOTER last_known_addr { host: "127.17.71.1" port: 34555 } } peers { permanent_uuid: "1b9d15a6fc184346b71038d82eca1f13" member_type: VOTER last_known_addr { host: "127.17.71.2" port: 33535 } } peers { permanent_uuid: "c1b53693a82c4b5a8e538df771f78818" member_type: VOTER last_known_addr { host: "127.17.71.3" port: 42065 } }
I20260630 12:17:06.102418 22370 raft_consensus.cc:385] T 1a7ea066cbc54644b92f6e0fc154b2bf P c1b53693a82c4b5a8e538df771f78818 [term 0 FOLLOWER]: Consensus starting up: Expiring failure detector timer to make a prompt election more likely
I20260630 12:17:06.102682 22370 raft_consensus.cc:740] T 1a7ea066cbc54644b92f6e0fc154b2bf P c1b53693a82c4b5a8e538df771f78818 [term 0 FOLLOWER]: Becoming Follower/Learner. State: Replica: c1b53693a82c4b5a8e538df771f78818, State: Initialized, Role: FOLLOWER
I20260630 12:17:06.103370 22370 consensus_queue.cc:260] T 1a7ea066cbc54644b92f6e0fc154b2bf P c1b53693a82c4b5a8e538df771f78818 [NON_LEADER]: Queue going to NON_LEADER mode. State: All replicated index: 0, Majority replicated index: 0, Committed index: 0, Last appended: 0.0, Last appended by leader: 0, Current term: 0, Majority size: -1, State: 0, Mode: NON_LEADER, active raft config: opid_index: -1 OBSOLETE_local: false peers { permanent_uuid: "e3789a4f82694b4089e72836988bb611" member_type: VOTER last_known_addr { host: "127.17.71.1" port: 34555 } } peers { permanent_uuid: "1b9d15a6fc184346b71038d82eca1f13" member_type: VOTER last_known_addr { host: "127.17.71.2" port: 33535 } } peers { permanent_uuid: "c1b53693a82c4b5a8e538df771f78818" member_type: VOTER last_known_addr { host: "127.17.71.3" port: 42065 } }
I20260630 12:17:06.106175 22370 ts_tablet_manager.cc:1434] T 1a7ea066cbc54644b92f6e0fc154b2bf P c1b53693a82c4b5a8e538df771f78818: Time spent starting tablet: real 0.030s	user 0.008s	sys 0.000s
I20260630 12:17:06.107190 22370 tablet_bootstrap.cc:492] T 23424885158740da809bcda4f23920db P c1b53693a82c4b5a8e538df771f78818: Bootstrap starting.
I20260630 12:17:06.119568 22071 catalog_manager.cc:5697] T 01930fe35388405db49f3cef13ebc67b P e3789a4f82694b4089e72836988bb611 reported cstate change: term changed from 0 to 1, leader changed from <none> to e3789a4f82694b4089e72836988bb611 (127.17.71.1). New cstate: current_term: 1 leader_uuid: "e3789a4f82694b4089e72836988bb611" committed_config { opid_index: -1 OBSOLETE_local: false peers { permanent_uuid: "e3789a4f82694b4089e72836988bb611" member_type: VOTER last_known_addr { host: "127.17.71.1" port: 34555 } health_report { overall_health: HEALTHY } } peers { permanent_uuid: "1b9d15a6fc184346b71038d82eca1f13" member_type: VOTER last_known_addr { host: "127.17.71.2" port: 33535 } health_report { overall_health: UNKNOWN } } peers { permanent_uuid: "c1b53693a82c4b5a8e538df771f78818" member_type: VOTER last_known_addr { host: "127.17.71.3" port: 42065 } health_report { overall_health: UNKNOWN } } }
I20260630 12:17:06.126962 22370 tablet_bootstrap.cc:654] T 23424885158740da809bcda4f23920db P c1b53693a82c4b5a8e538df771f78818: Neither blocks nor log segments found. Creating new log.
I20260630 12:17:06.139394 22371 tablet_bootstrap.cc:492] T 54e623f836594d13b53e8eed7e583794 P 1b9d15a6fc184346b71038d82eca1f13: No bootstrap required, opened a new log
