I20260630 12:16:33.256137 20747 raft_consensus.cc:2955] T 2db17ac03e0a496bbb11bceeab749fed P 3be39453940e4677bd8d4e3e0ecbeb96 [term 1 FOLLOWER]: Committing config change with OpId 1.3: config changed from index 2 to 3, 05101ca5a0af4e90b9ef36628a38f063 (127.17.71.3) changed from NON_VOTER to VOTER. New config: { opid_index: 3 OBSOLETE_local: false peers { permanent_uuid: "3be39453940e4677bd8d4e3e0ecbeb96" member_type: VOTER last_known_addr { host: "127.17.71.2" port: 41531 } } peers { permanent_uuid: "24113c1388694a879af0356e90a8bf8a" member_type: VOTER last_known_addr { host: "127.17.71.1" port: 37135 } } peers { permanent_uuid: "8c914a519cee410f98c21a17e8fa2ac6" member_type: VOTER last_known_addr { host: "127.17.71.4" port: 36565 } attrs { replace: true } } peers { permanent_uuid: "05101ca5a0af4e90b9ef36628a38f063" member_type: VOTER last_known_addr { host: "127.17.71.3" port: 35083 } attrs { promote: false } } }
I20260630 12:16:33.257190 20571 catalog_manager.cc:5697] T 2db17ac03e0a496bbb11bceeab749fed P 24113c1388694a879af0356e90a8bf8a reported cstate change: config changed from index 2 to 3, 05101ca5a0af4e90b9ef36628a38f063 (127.17.71.3) changed from NON_VOTER to VOTER. New cstate: current_term: 1 leader_uuid: "24113c1388694a879af0356e90a8bf8a" committed_config { opid_index: 3 OBSOLETE_local: false peers { permanent_uuid: "3be39453940e4677bd8d4e3e0ecbeb96" member_type: VOTER last_known_addr { host: "127.17.71.2" port: 41531 } health_report { overall_health: HEALTHY } } peers { permanent_uuid: "24113c1388694a879af0356e90a8bf8a" member_type: VOTER last_known_addr { host: "127.17.71.1" port: 37135 } health_report { overall_health: HEALTHY } } peers { permanent_uuid: "8c914a519cee410f98c21a17e8fa2ac6" member_type: VOTER last_known_addr { host: "127.17.71.4" port: 36565 } attrs { replace: true } health_report { overall_health: HEALTHY } } peers { permanent_uuid: "05101ca5a0af4e90b9ef36628a38f063" member_type: VOTER last_known_addr { host: "127.17.71.3" port: 35083 } attrs { promote: false } health_report { overall_health: HEALTHY } } }
I20260630 12:16:33.275264 20673 consensus_queue.cc:237] T 2db17ac03e0a496bbb11bceeab749fed P 24113c1388694a879af0356e90a8bf8a [LEADER]: Queue going to LEADER mode. State: All replicated index: 0, Majority replicated index: 3, Committed index: 3, Last appended: 1.3, Last appended by leader: 0, Current term: 1, Majority size: 2, State: 0, Mode: LEADER, active raft config: opid_index: 4 OBSOLETE_local: false peers { permanent_uuid: "3be39453940e4677bd8d4e3e0ecbeb96" member_type: VOTER last_known_addr { host: "127.17.71.2" port: 41531 } } peers { permanent_uuid: "24113c1388694a879af0356e90a8bf8a" member_type: VOTER last_known_addr { host: "127.17.71.1" port: 37135 } } peers { permanent_uuid: "05101ca5a0af4e90b9ef36628a38f063" member_type: VOTER last_known_addr { host: "127.17.71.3" port: 35083 } attrs { promote: false } }
I20260630 12:16:33.280560 20747 raft_consensus.cc:1275] T 2db17ac03e0a496bbb11bceeab749fed P 3be39453940e4677bd8d4e3e0ecbeb96 [term 1 FOLLOWER]: Refusing update from remote peer 24113c1388694a879af0356e90a8bf8a: Log matching property violated. Preceding OpId in replica: term: 1 index: 3. Preceding OpId from leader: term: 1 index: 4. (index mismatch)
I20260630 12:16:33.280565 20821 raft_consensus.cc:1275] T 2db17ac03e0a496bbb11bceeab749fed P 05101ca5a0af4e90b9ef36628a38f063 [term 1 FOLLOWER]: Refusing update from remote peer 24113c1388694a879af0356e90a8bf8a: Log matching property violated. Preceding OpId in replica: term: 1 index: 3. Preceding OpId from leader: term: 1 index: 4. (index mismatch)
I20260630 12:16:33.282406 21220 consensus_queue.cc:1048] T 2db17ac03e0a496bbb11bceeab749fed P 24113c1388694a879af0356e90a8bf8a [LEADER]: Connected to new peer: Peer: permanent_uuid: "3be39453940e4677bd8d4e3e0ecbeb96" member_type: VOTER last_known_addr { host: "127.17.71.2" port: 41531 }, Status: LMP_MISMATCH, Last received: 0.0, Next index: 4, Last known committed idx: 3, Time since last communication: 0.000s
I20260630 12:16:33.283358 21201 consensus_queue.cc:1048] T 2db17ac03e0a496bbb11bceeab749fed P 24113c1388694a879af0356e90a8bf8a [LEADER]: Connected to new peer: Peer: permanent_uuid: "05101ca5a0af4e90b9ef36628a38f063" member_type: VOTER last_known_addr { host: "127.17.71.3" port: 35083 } attrs { promote: false }, Status: LMP_MISMATCH, Last received: 0.0, Next index: 4, Last known committed idx: 3, Time since last communication: 0.000s
I20260630 12:16:33.290625 21201 raft_consensus.cc:2955] T 2db17ac03e0a496bbb11bceeab749fed P 24113c1388694a879af0356e90a8bf8a [term 1 LEADER]: Committing config change with OpId 1.4: config changed from index 3 to 4, VOTER 8c914a519cee410f98c21a17e8fa2ac6 (127.17.71.4) evicted. New config: { opid_index: 4 OBSOLETE_local: false peers { permanent_uuid: "3be39453940e4677bd8d4e3e0ecbeb96" member_type: VOTER last_known_addr { host: "127.17.71.2" port: 41531 } } peers { permanent_uuid: "24113c1388694a879af0356e90a8bf8a" member_type: VOTER last_known_addr { host: "127.17.71.1" port: 37135 } } peers { permanent_uuid: "05101ca5a0af4e90b9ef36628a38f063" member_type: VOTER last_known_addr { host: "127.17.71.3" port: 35083 } attrs { promote: false } } }
I20260630 12:16:33.292968 20748 raft_consensus.cc:2955] T 2db17ac03e0a496bbb11bceeab749fed P 3be39453940e4677bd8d4e3e0ecbeb96 [term 1 FOLLOWER]: Committing config change with OpId 1.4: config changed from index 3 to 4, VOTER 8c914a519cee410f98c21a17e8fa2ac6 (127.17.71.4) evicted. New config: { opid_index: 4 OBSOLETE_local: false peers { permanent_uuid: "3be39453940e4677bd8d4e3e0ecbeb96" member_type: VOTER last_known_addr { host: "127.17.71.2" port: 41531 } } peers { permanent_uuid: "24113c1388694a879af0356e90a8bf8a" member_type: VOTER last_known_addr { host: "127.17.71.1" port: 37135 } } peers { permanent_uuid: "05101ca5a0af4e90b9ef36628a38f063" member_type: VOTER last_known_addr { host: "127.17.71.3" port: 35083 } attrs { promote: false } } }
I20260630 12:16:33.298715 20558 catalog_manager.cc:5210] ChangeConfig:REMOVE_PEER RPC for tablet 2db17ac03e0a496bbb11bceeab749fed with cas_config_opid_index 3: ChangeConfig:REMOVE_PEER succeeded (attempt 1)
I20260630 12:16:33.300113 20821 raft_consensus.cc:2955] T 2db17ac03e0a496bbb11bceeab749fed P 05101ca5a0af4e90b9ef36628a38f063 [term 1 FOLLOWER]: Committing config change with OpId 1.4: config changed from index 3 to 4, VOTER 8c914a519cee410f98c21a17e8fa2ac6 (127.17.71.4) evicted. New config: { opid_index: 4 OBSOLETE_local: false peers { permanent_uuid: "3be39453940e4677bd8d4e3e0ecbeb96" member_type: VOTER last_known_addr { host: "127.17.71.2" port: 41531 } } peers { permanent_uuid: "24113c1388694a879af0356e90a8bf8a" member_type: VOTER last_known_addr { host: "127.17.71.1" port: 37135 } } peers { permanent_uuid: "05101ca5a0af4e90b9ef36628a38f063" member_type: VOTER last_known_addr { host: "127.17.71.3" port: 35083 } attrs { promote: false } } }
I20260630 12:16:33.306633 20569 catalog_manager.cc:5697] T 2db17ac03e0a496bbb11bceeab749fed P 24113c1388694a879af0356e90a8bf8a reported cstate change: config changed from index 3 to 4, VOTER 8c914a519cee410f98c21a17e8fa2ac6 (127.17.71.4) evicted. New cstate: current_term: 1 leader_uuid: "24113c1388694a879af0356e90a8bf8a" committed_config { opid_index: 4 OBSOLETE_local: false peers { permanent_uuid: "3be39453940e4677bd8d4e3e0ecbeb96" member_type: VOTER last_known_addr { host: "127.17.71.2" port: 41531 } health_report { overall_health: HEALTHY } } peers { permanent_uuid: "24113c1388694a879af0356e90a8bf8a" member_type: VOTER last_known_addr { host: "127.17.71.1" port: 37135 } health_report { overall_health: HEALTHY } } peers { permanent_uuid: "05101ca5a0af4e90b9ef36628a38f063" member_type: VOTER last_known_addr { host: "127.17.71.3" port: 35083 } attrs { promote: false } health_report { overall_health: HEALTHY } } }
I20260630 12:16:33.317775 20963 tablet_service.cc:1558] Processing DeleteTablet for tablet 2db17ac03e0a496bbb11bceeab749fed with delete_type TABLET_DATA_TOMBSTONED (TS 8c914a519cee410f98c21a17e8fa2ac6 not found in new config with opid_index 4) from {username='slave'} at 127.0.0.1:46260
I20260630 12:16:33.325143 21227 tablet_replica.cc:333] T 2db17ac03e0a496bbb11bceeab749fed P 8c914a519cee410f98c21a17e8fa2ac6: stopping tablet replica
I20260630 12:16:33.327123 21227 raft_consensus.cc:2243] T 2db17ac03e0a496bbb11bceeab749fed P 8c914a519cee410f98c21a17e8fa2ac6 [term 1 FOLLOWER]: Raft consensus shutting down.
I20260630 12:16:33.327286 21204 raft_consensus.cc:1064] T 916376fdda8a4adface01d1606356d80 P 05101ca5a0af4e90b9ef36628a38f063: attempting to promote NON_VOTER 3be39453940e4677bd8d4e3e0ecbeb96 to VOTER
I20260630 12:16:33.328269 21227 raft_consensus.cc:2272] T 2db17ac03e0a496bbb11bceeab749fed P 8c914a519cee410f98c21a17e8fa2ac6 [term 1 FOLLOWER]: Raft consensus is shut down!
I20260630 12:16:33.330215 21204 consensus_queue.cc:237] T 916376fdda8a4adface01d1606356d80 P 05101ca5a0af4e90b9ef36628a38f063 [LEADER]: Queue going to LEADER mode. State: All replicated index: 0, Majority replicated index: 2, Committed index: 2, Last appended: 1.2, Last appended by leader: 0, Current term: 1, Majority size: 3, State: 0, Mode: LEADER, active raft config: opid_index: 3 OBSOLETE_local: false peers { permanent_uuid: "8c914a519cee410f98c21a17e8fa2ac6" member_type: VOTER last_known_addr { host: "127.17.71.4" port: 36565 } attrs { replace: true } } peers { permanent_uuid: "05101ca5a0af4e90b9ef36628a38f063" member_type: VOTER last_known_addr { host: "127.17.71.3" port: 35083 } } peers { permanent_uuid: "24113c1388694a879af0356e90a8bf8a" member_type: VOTER last_known_addr { host: "127.17.71.1" port: 37135 } } peers { permanent_uuid: "3be39453940e4677bd8d4e3e0ecbeb96" member_type: VOTER last_known_addr { host: "127.17.71.2" port: 41531 } attrs { promote: false } }
I20260630 12:16:33.331261 21227 ts_tablet_manager.cc:1916] T 2db17ac03e0a496bbb11bceeab749fed P 8c914a519cee410f98c21a17e8fa2ac6: Deleting tablet data with delete state TABLET_DATA_TOMBSTONED
I20260630 12:16:33.344296 20748 raft_consensus.cc:1275] T 916376fdda8a4adface01d1606356d80 P 3be39453940e4677bd8d4e3e0ecbeb96 [term 1 LEARNER]: Refusing update from remote peer 05101ca5a0af4e90b9ef36628a38f063: Log matching property violated. Preceding OpId in replica: term: 1 index: 2. Preceding OpId from leader: term: 1 index: 3. (index mismatch)
I20260630 12:16:33.348662 20673 raft_consensus.cc:1275] T 916376fdda8a4adface01d1606356d80 P 24113c1388694a879af0356e90a8bf8a [term 1 FOLLOWER]: Refusing update from remote peer 05101ca5a0af4e90b9ef36628a38f063: Log matching property violated. Preceding OpId in replica: term: 1 index: 2. Preceding OpId from leader: term: 1 index: 3. (index mismatch)
I20260630 12:16:33.349710 21227 ts_tablet_manager.cc:1929] T 2db17ac03e0a496bbb11bceeab749fed P 8c914a519cee410f98c21a17e8fa2ac6: tablet deleted with delete type TABLET_DATA_TOMBSTONED: last-logged OpId 1.3
I20260630 12:16:33.350121 21227 log.cc:1199] T 2db17ac03e0a496bbb11bceeab749fed P 8c914a519cee410f98c21a17e8fa2ac6: Deleting WAL directory at /tmp/dist-test-taskeDmqvu/test-tmp/auto_rebalancer-test.0.AutoRebalancerTest.RangeAwareRebalancesNewRangeReplicas.1782821704567497-17692-0/minicluster-data/ts-3-root/wals/2db17ac03e0a496bbb11bceeab749fed
I20260630 12:16:33.351897 20555 catalog_manager.cc:5028] TS 8c914a519cee410f98c21a17e8fa2ac6 (127.17.71.4:36565): tablet 2db17ac03e0a496bbb11bceeab749fed (table range_aware_rebalance_new_range [id=dbefa357c8894e7ca02095c636d62815]) successfully deleted
I20260630 12:16:33.354012 20976 raft_consensus.cc:1275] T 916376fdda8a4adface01d1606356d80 P 8c914a519cee410f98c21a17e8fa2ac6 [term 1 FOLLOWER]: Refusing update from remote peer 05101ca5a0af4e90b9ef36628a38f063: Log matching property violated. Preceding OpId in replica: term: 1 index: 2. Preceding OpId from leader: term: 1 index: 3. (index mismatch)
I20260630 12:16:33.355676 21183 consensus_queue.cc:1048] T 916376fdda8a4adface01d1606356d80 P 05101ca5a0af4e90b9ef36628a38f063 [LEADER]: Connected to new peer: Peer: permanent_uuid: "24113c1388694a879af0356e90a8bf8a" member_type: VOTER last_known_addr { host: "127.17.71.1" port: 37135 }, Status: LMP_MISMATCH, Last received: 0.0, Next index: 3, Last known committed idx: 2, Time since last communication: 0.000s
I20260630 12:16:33.356688 21203 consensus_queue.cc:1048] T 916376fdda8a4adface01d1606356d80 P 05101ca5a0af4e90b9ef36628a38f063 [LEADER]: Connected to new peer: Peer: permanent_uuid: "3be39453940e4677bd8d4e3e0ecbeb96" member_type: VOTER last_known_addr { host: "127.17.71.2" port: 41531 } attrs { promote: false }, Status: LMP_MISMATCH, Last received: 0.0, Next index: 3, Last known committed idx: 2, Time since last communication: 0.001s
I20260630 12:16:33.364634 21229 consensus_queue.cc:1048] T 916376fdda8a4adface01d1606356d80 P 05101ca5a0af4e90b9ef36628a38f063 [LEADER]: Connected to new peer: Peer: permanent_uuid: "8c914a519cee410f98c21a17e8fa2ac6" member_type: VOTER last_known_addr { host: "127.17.71.4" port: 36565 } attrs { replace: true }, Status: LMP_MISMATCH, Last received: 0.0, Next index: 3, Last known committed idx: 2, Time since last communication: 0.001s
I20260630 12:16:33.373895 21204 raft_consensus.cc:2955] T 916376fdda8a4adface01d1606356d80 P 05101ca5a0af4e90b9ef36628a38f063 [term 1 LEADER]: Committing config change with OpId 1.3: config changed from index 2 to 3, 3be39453940e4677bd8d4e3e0ecbeb96 (127.17.71.2) changed from NON_VOTER to VOTER. New config: { opid_index: 3 OBSOLETE_local: false peers { permanent_uuid: "8c914a519cee410f98c21a17e8fa2ac6" member_type: VOTER last_known_addr { host: "127.17.71.4" port: 36565 } attrs { replace: true } } peers { permanent_uuid: "05101ca5a0af4e90b9ef36628a38f063" member_type: VOTER last_known_addr { host: "127.17.71.3" port: 35083 } } peers { permanent_uuid: "24113c1388694a879af0356e90a8bf8a" member_type: VOTER last_known_addr { host: "127.17.71.1" port: 37135 } } peers { permanent_uuid: "3be39453940e4677bd8d4e3e0ecbeb96" member_type: VOTER last_known_addr { host: "127.17.71.2" port: 41531 } attrs { promote: false } } }
I20260630 12:16:33.375766 20976 raft_consensus.cc:2955] T 916376fdda8a4adface01d1606356d80 P 8c914a519cee410f98c21a17e8fa2ac6 [term 1 FOLLOWER]: Committing config change with OpId 1.3: config changed from index 2 to 3, 3be39453940e4677bd8d4e3e0ecbeb96 (127.17.71.2) changed from NON_VOTER to VOTER. New config: { opid_index: 3 OBSOLETE_local: false peers { permanent_uuid: "8c914a519cee410f98c21a17e8fa2ac6" member_type: VOTER last_known_addr { host: "127.17.71.4" port: 36565 } attrs { replace: true } } peers { permanent_uuid: "05101ca5a0af4e90b9ef36628a38f063" member_type: VOTER last_known_addr { host: "127.17.71.3" port: 35083 } } peers { permanent_uuid: "24113c1388694a879af0356e90a8bf8a" member_type: VOTER last_known_addr { host: "127.17.71.1" port: 37135 } } peers { permanent_uuid: "3be39453940e4677bd8d4e3e0ecbeb96" member_type: VOTER last_known_addr { host: "127.17.71.2" port: 41531 } attrs { promote: false } } }
I20260630 12:16:33.388266 20747 raft_consensus.cc:2955] T 916376fdda8a4adface01d1606356d80 P 3be39453940e4677bd8d4e3e0ecbeb96 [term 1 FOLLOWER]: Committing config change with OpId 1.3: config changed from index 2 to 3, 3be39453940e4677bd8d4e3e0ecbeb96 (127.17.71.2) changed from NON_VOTER to VOTER. New config: { opid_index: 3 OBSOLETE_local: false peers { permanent_uuid: "8c914a519cee410f98c21a17e8fa2ac6" member_type: VOTER last_known_addr { host: "127.17.71.4" port: 36565 } attrs { replace: true } } peers { permanent_uuid: "05101ca5a0af4e90b9ef36628a38f063" member_type: VOTER last_known_addr { host: "127.17.71.3" port: 35083 } } peers { permanent_uuid: "24113c1388694a879af0356e90a8bf8a" member_type: VOTER last_known_addr { host: "127.17.71.1" port: 37135 } } peers { permanent_uuid: "3be39453940e4677bd8d4e3e0ecbeb96" member_type: VOTER last_known_addr { host: "127.17.71.2" port: 41531 } attrs { promote: false } } }
I20260630 12:16:33.391584 20570 catalog_manager.cc:5697] T 916376fdda8a4adface01d1606356d80 P 05101ca5a0af4e90b9ef36628a38f063 reported cstate change: config changed from index 2 to 3, 3be39453940e4677bd8d4e3e0ecbeb96 (127.17.71.2) changed from NON_VOTER to VOTER. New cstate: current_term: 1 leader_uuid: "05101ca5a0af4e90b9ef36628a38f063" committed_config { opid_index: 3 OBSOLETE_local: false peers { permanent_uuid: "8c914a519cee410f98c21a17e8fa2ac6" member_type: VOTER last_known_addr { host: "127.17.71.4" port: 36565 } attrs { replace: true } health_report { overall_health: HEALTHY } } peers { permanent_uuid: "05101ca5a0af4e90b9ef36628a38f063" member_type: VOTER last_known_addr { host: "127.17.71.3" port: 35083 } health_report { overall_health: HEALTHY } } peers { permanent_uuid: "24113c1388694a879af0356e90a8bf8a" member_type: VOTER last_known_addr { host: "127.17.71.1" port: 37135 } health_report { overall_health: HEALTHY } } peers { permanent_uuid: "3be39453940e4677bd8d4e3e0ecbeb96" member_type: VOTER last_known_addr { host: "127.17.71.2" port: 41531 } attrs { promote: false } health_report { overall_health: HEALTHY } } }
I20260630 12:16:33.394447 20673 raft_consensus.cc:2955] T 916376fdda8a4adface01d1606356d80 P 24113c1388694a879af0356e90a8bf8a [term 1 FOLLOWER]: Committing config change with OpId 1.3: config changed from index 2 to 3, 3be39453940e4677bd8d4e3e0ecbeb96 (127.17.71.2) changed from NON_VOTER to VOTER. New config: { opid_index: 3 OBSOLETE_local: false peers { permanent_uuid: "8c914a519cee410f98c21a17e8fa2ac6" member_type: VOTER last_known_addr { host: "127.17.71.4" port: 36565 } attrs { replace: true } } peers { permanent_uuid: "05101ca5a0af4e90b9ef36628a38f063" member_type: VOTER last_known_addr { host: "127.17.71.3" port: 35083 } } peers { permanent_uuid: "24113c1388694a879af0356e90a8bf8a" member_type: VOTER last_known_addr { host: "127.17.71.1" port: 37135 } } peers { permanent_uuid: "3be39453940e4677bd8d4e3e0ecbeb96" member_type: VOTER last_known_addr { host: "127.17.71.2" port: 41531 } attrs { promote: false } } }
I20260630 12:16:33.406250 20821 consensus_queue.cc:237] T 916376fdda8a4adface01d1606356d80 P 05101ca5a0af4e90b9ef36628a38f063 [LEADER]: Queue going to LEADER mode. State: All replicated index: 0, Majority replicated index: 3, Committed index: 3, Last appended: 1.3, Last appended by leader: 0, Current term: 1, Majority size: 2, State: 0, Mode: LEADER, active raft config: opid_index: 4 OBSOLETE_local: false peers { permanent_uuid: "05101ca5a0af4e90b9ef36628a38f063" member_type: VOTER last_known_addr { host: "127.17.71.3" port: 35083 } } peers { permanent_uuid: "24113c1388694a879af0356e90a8bf8a" member_type: VOTER last_known_addr { host: "127.17.71.1" port: 37135 } } peers { permanent_uuid: "3be39453940e4677bd8d4e3e0ecbeb96" member_type: VOTER last_known_addr { host: "127.17.71.2" port: 41531 } attrs { promote: false } }
I20260630 12:16:33.412035 20747 raft_consensus.cc:1275] T 916376fdda8a4adface01d1606356d80 P 3be39453940e4677bd8d4e3e0ecbeb96 [term 1 FOLLOWER]: Refusing update from remote peer 05101ca5a0af4e90b9ef36628a38f063: Log matching property violated. Preceding OpId in replica: term: 1 index: 3. Preceding OpId from leader: term: 1 index: 4. (index mismatch)
I20260630 12:16:33.413990 21204 consensus_queue.cc:1048] T 916376fdda8a4adface01d1606356d80 P 05101ca5a0af4e90b9ef36628a38f063 [LEADER]: Connected to new peer: Peer: permanent_uuid: "3be39453940e4677bd8d4e3e0ecbeb96" member_type: VOTER last_known_addr { host: "127.17.71.2" port: 41531 } attrs { promote: false }, Status: LMP_MISMATCH, Last received: 0.0, Next index: 4, Last known committed idx: 3, Time since last communication: 0.000s
I20260630 12:16:33.414026 20673 raft_consensus.cc:1275] T 916376fdda8a4adface01d1606356d80 P 24113c1388694a879af0356e90a8bf8a [term 1 FOLLOWER]: Refusing update from remote peer 05101ca5a0af4e90b9ef36628a38f063: Log matching property violated. Preceding OpId in replica: term: 1 index: 3. Preceding OpId from leader: term: 1 index: 4. (index mismatch)
I20260630 12:16:33.416385 21204 consensus_queue.cc:1048] T 916376fdda8a4adface01d1606356d80 P 05101ca5a0af4e90b9ef36628a38f063 [LEADER]: Connected to new peer: Peer: permanent_uuid: "24113c1388694a879af0356e90a8bf8a" member_type: VOTER last_known_addr { host: "127.17.71.1" port: 37135 }, Status: LMP_MISMATCH, Last received: 0.0, Next index: 4, Last known committed idx: 3, Time since last communication: 0.000s
I20260630 12:16:33.421836 21203 raft_consensus.cc:2955] T 916376fdda8a4adface01d1606356d80 P 05101ca5a0af4e90b9ef36628a38f063 [term 1 LEADER]: Committing config change with OpId 1.4: config changed from index 3 to 4, VOTER 8c914a519cee410f98c21a17e8fa2ac6 (127.17.71.4) evicted. New config: { opid_index: 4 OBSOLETE_local: false peers { permanent_uuid: "05101ca5a0af4e90b9ef36628a38f063" member_type: VOTER last_known_addr { host: "127.17.71.3" port: 35083 } } peers { permanent_uuid: "24113c1388694a879af0356e90a8bf8a" member_type: VOTER last_known_addr { host: "127.17.71.1" port: 37135 } } peers { permanent_uuid: "3be39453940e4677bd8d4e3e0ecbeb96" member_type: VOTER last_known_addr { host: "127.17.71.2" port: 41531 } attrs { promote: false } } }
I20260630 12:16:33.423916 20747 raft_consensus.cc:2955] T 916376fdda8a4adface01d1606356d80 P 3be39453940e4677bd8d4e3e0ecbeb96 [term 1 FOLLOWER]: Committing config change with OpId 1.4: config changed from index 3 to 4, VOTER 8c914a519cee410f98c21a17e8fa2ac6 (127.17.71.4) evicted. New config: { opid_index: 4 OBSOLETE_local: false peers { permanent_uuid: "05101ca5a0af4e90b9ef36628a38f063" member_type: VOTER last_known_addr { host: "127.17.71.3" port: 35083 } } peers { permanent_uuid: "24113c1388694a879af0356e90a8bf8a" member_type: VOTER last_known_addr { host: "127.17.71.1" port: 37135 } } peers { permanent_uuid: "3be39453940e4677bd8d4e3e0ecbeb96" member_type: VOTER last_known_addr { host: "127.17.71.2" port: 41531 } attrs { promote: false } } }
I20260630 12:16:33.424252 20673 raft_consensus.cc:2955] T 916376fdda8a4adface01d1606356d80 P 24113c1388694a879af0356e90a8bf8a [term 1 FOLLOWER]: Committing config change with OpId 1.4: config changed from index 3 to 4, VOTER 8c914a519cee410f98c21a17e8fa2ac6 (127.17.71.4) evicted. New config: { opid_index: 4 OBSOLETE_local: false peers { permanent_uuid: "05101ca5a0af4e90b9ef36628a38f063" member_type: VOTER last_known_addr { host: "127.17.71.3" port: 35083 } } peers { permanent_uuid: "24113c1388694a879af0356e90a8bf8a" member_type: VOTER last_known_addr { host: "127.17.71.1" port: 37135 } } peers { permanent_uuid: "3be39453940e4677bd8d4e3e0ecbeb96" member_type: VOTER last_known_addr { host: "127.17.71.2" port: 41531 } attrs { promote: false } } }
I20260630 12:16:33.433408 20556 catalog_manager.cc:5210] ChangeConfig:REMOVE_PEER RPC for tablet 916376fdda8a4adface01d1606356d80 with cas_config_opid_index 3: ChangeConfig:REMOVE_PEER succeeded (attempt 1)
I20260630 12:16:33.436172 20569 catalog_manager.cc:5697] T 916376fdda8a4adface01d1606356d80 P 05101ca5a0af4e90b9ef36628a38f063 reported cstate change: config changed from index 3 to 4, VOTER 8c914a519cee410f98c21a17e8fa2ac6 (127.17.71.4) evicted. New cstate: current_term: 1 leader_uuid: "05101ca5a0af4e90b9ef36628a38f063" committed_config { opid_index: 4 OBSOLETE_local: false peers { permanent_uuid: "05101ca5a0af4e90b9ef36628a38f063" member_type: VOTER last_known_addr { host: "127.17.71.3" port: 35083 } health_report { overall_health: HEALTHY } } peers { permanent_uuid: "24113c1388694a879af0356e90a8bf8a" member_type: VOTER last_known_addr { host: "127.17.71.1" port: 37135 } health_report { overall_health: HEALTHY } } peers { permanent_uuid: "3be39453940e4677bd8d4e3e0ecbeb96" member_type: VOTER last_known_addr { host: "127.17.71.2" port: 41531 } attrs { promote: false } health_report { overall_health: HEALTHY } } }
I20260630 12:16:33.448880 20963 tablet_service.cc:1558] Processing DeleteTablet for tablet 916376fdda8a4adface01d1606356d80 with delete_type TABLET_DATA_TOMBSTONED (TS 8c914a519cee410f98c21a17e8fa2ac6 not found in new config with opid_index 4) from {username='slave'} at 127.0.0.1:46260
I20260630 12:16:33.450165 21227 tablet_replica.cc:333] T 916376fdda8a4adface01d1606356d80 P 8c914a519cee410f98c21a17e8fa2ac6: stopping tablet replica
I20260630 12:16:33.451112 21227 raft_consensus.cc:2243] T 916376fdda8a4adface01d1606356d80 P 8c914a519cee410f98c21a17e8fa2ac6 [term 1 FOLLOWER]: Raft consensus shutting down.
I20260630 12:16:33.451855 21227 raft_consensus.cc:2272] T 916376fdda8a4adface01d1606356d80 P 8c914a519cee410f98c21a17e8fa2ac6 [term 1 FOLLOWER]: Raft consensus is shut down!
I20260630 12:16:33.454761 21227 ts_tablet_manager.cc:1916] T 916376fdda8a4adface01d1606356d80 P 8c914a519cee410f98c21a17e8fa2ac6: Deleting tablet data with delete state TABLET_DATA_TOMBSTONED
I20260630 12:16:33.465065 21227 ts_tablet_manager.cc:1929] T 916376fdda8a4adface01d1606356d80 P 8c914a519cee410f98c21a17e8fa2ac6: tablet deleted with delete type TABLET_DATA_TOMBSTONED: last-logged OpId 1.3
I20260630 12:16:33.465444 21227 log.cc:1199] T 916376fdda8a4adface01d1606356d80 P 8c914a519cee410f98c21a17e8fa2ac6: Deleting WAL directory at /tmp/dist-test-taskeDmqvu/test-tmp/auto_rebalancer-test.0.AutoRebalancerTest.RangeAwareRebalancesNewRangeReplicas.1782821704567497-17692-0/minicluster-data/ts-3-root/wals/916376fdda8a4adface01d1606356d80
I20260630 12:16:33.466750 20555 catalog_manager.cc:5028] TS 8c914a519cee410f98c21a17e8fa2ac6 (127.17.71.4:36565): tablet 916376fdda8a4adface01d1606356d80 (table range_aware_rebalance_new_range [id=dbefa357c8894e7ca02095c636d62815]) successfully deleted
I20260630 12:16:33.526008 20673 raft_consensus.cc:1275] T 02702b8d545b43c98f12c7b1d88451d9 P 24113c1388694a879af0356e90a8bf8a [term 2 FOLLOWER]: Refusing update from remote peer 05101ca5a0af4e90b9ef36628a38f063: Log matching property violated. Preceding OpId in replica: term: 1 index: 1. Preceding OpId from leader: term: 2 index: 2. (index mismatch)
I20260630 12:16:33.527630 21204 consensus_queue.cc:1048] T 02702b8d545b43c98f12c7b1d88451d9 P 05101ca5a0af4e90b9ef36628a38f063 [LEADER]: Connected to new peer: Peer: permanent_uuid: "24113c1388694a879af0356e90a8bf8a" member_type: VOTER last_known_addr { host: "127.17.71.1" port: 37135 }, Status: LMP_MISMATCH, Last received: 0.0, Next index: 2, Last known committed idx: 1, Time since last communication: 0.000s
I20260630 12:16:33.537794 20747 raft_consensus.cc:1275] T 02702b8d545b43c98f12c7b1d88451d9 P 3be39453940e4677bd8d4e3e0ecbeb96 [term 2 FOLLOWER]: Refusing update from remote peer 05101ca5a0af4e90b9ef36628a38f063: Log matching property violated. Preceding OpId in replica: term: 1 index: 1. Preceding OpId from leader: term: 2 index: 2. (index mismatch)
I20260630 12:16:33.539310 21203 consensus_queue.cc:1048] T 02702b8d545b43c98f12c7b1d88451d9 P 05101ca5a0af4e90b9ef36628a38f063 [LEADER]: Connected to new peer: Peer: permanent_uuid: "3be39453940e4677bd8d4e3e0ecbeb96" member_type: VOTER last_known_addr { host: "127.17.71.2" port: 41531 }, Status: LMP_MISMATCH, Last received: 0.0, Next index: 2, Last known committed idx: 1, Time since last communication: 0.000s
I20260630 12:16:34.466141 20821 consensus_queue.cc:237] T 9d39cdac87e54fb09bff473e9dc4f722 P 05101ca5a0af4e90b9ef36628a38f063 [LEADER]: Queue going to LEADER mode. State: All replicated index: 0, Majority replicated index: 1, Committed index: 1, Last appended: 1.1, Last appended by leader: 0, Current term: 1, Majority size: 2, State: 0, Mode: LEADER, active raft config: opid_index: 2 OBSOLETE_local: false peers { permanent_uuid: "24113c1388694a879af0356e90a8bf8a" member_type: VOTER last_known_addr { host: "127.17.71.1" port: 37135 } } peers { permanent_uuid: "3be39453940e4677bd8d4e3e0ecbeb96" member_type: VOTER last_known_addr { host: "127.17.71.2" port: 41531 } attrs { replace: true } } peers { permanent_uuid: "05101ca5a0af4e90b9ef36628a38f063" member_type: VOTER last_known_addr { host: "127.17.71.3" port: 35083 } } peers { permanent_uuid: "8c914a519cee410f98c21a17e8fa2ac6" member_type: NON_VOTER last_known_addr { host: "127.17.71.4" port: 36565 } attrs { promote: true } }
W20260630 12:16:34.472510 20785 consensus_peers.cc:597] T 9d39cdac87e54fb09bff473e9dc4f722 P 05101ca5a0af4e90b9ef36628a38f063 -> Peer 8c914a519cee410f98c21a17e8fa2ac6 (127.17.71.4:36565): Couldn't send request to peer 8c914a519cee410f98c21a17e8fa2ac6. Error code: TABLET_NOT_FOUND (6). Status: Not found: Tablet not found: 9d39cdac87e54fb09bff473e9dc4f722. This is attempt 1: this message will repeat every 5th retry.
I20260630 12:16:34.472947 20747 raft_consensus.cc:1275] T 9d39cdac87e54fb09bff473e9dc4f722 P 3be39453940e4677bd8d4e3e0ecbeb96 [term 1 FOLLOWER]: Refusing update from remote peer 05101ca5a0af4e90b9ef36628a38f063: Log matching property violated. Preceding OpId in replica: term: 1 index: 1. Preceding OpId from leader: term: 1 index: 2. (index mismatch)
I20260630 12:16:34.473896 20673 raft_consensus.cc:1275] T 9d39cdac87e54fb09bff473e9dc4f722 P 24113c1388694a879af0356e90a8bf8a [term 1 FOLLOWER]: Refusing update from remote peer 05101ca5a0af4e90b9ef36628a38f063: Log matching property violated. Preceding OpId in replica: term: 1 index: 1. Preceding OpId from leader: term: 1 index: 2. (index mismatch)
I20260630 12:16:34.474131 21203 consensus_queue.cc:1048] T 9d39cdac87e54fb09bff473e9dc4f722 P 05101ca5a0af4e90b9ef36628a38f063 [LEADER]: Connected to new peer: Peer: permanent_uuid: "3be39453940e4677bd8d4e3e0ecbeb96" member_type: VOTER last_known_addr { host: "127.17.71.2" port: 41531 } attrs { replace: true }, Status: LMP_MISMATCH, Last received: 0.0, Next index: 2, Last known committed idx: 1, Time since last communication: 0.000s
I20260630 12:16:34.475029 21239 consensus_queue.cc:1048] T 9d39cdac87e54fb09bff473e9dc4f722 P 05101ca5a0af4e90b9ef36628a38f063 [LEADER]: Connected to new peer: Peer: permanent_uuid: "24113c1388694a879af0356e90a8bf8a" member_type: VOTER last_known_addr { host: "127.17.71.1" port: 37135 }, Status: LMP_MISMATCH, Last received: 0.0, Next index: 2, Last known committed idx: 1, Time since last communication: 0.000s
I20260630 12:16:34.481899 21203 raft_consensus.cc:2955] T 9d39cdac87e54fb09bff473e9dc4f722 P 05101ca5a0af4e90b9ef36628a38f063 [term 1 LEADER]: Committing config change with OpId 1.2: config changed from index -1 to 2, NON_VOTER 8c914a519cee410f98c21a17e8fa2ac6 (127.17.71.4) added. New config: { opid_index: 2 OBSOLETE_local: false peers { permanent_uuid: "24113c1388694a879af0356e90a8bf8a" member_type: VOTER last_known_addr { host: "127.17.71.1" port: 37135 } } peers { permanent_uuid: "3be39453940e4677bd8d4e3e0ecbeb96" member_type: VOTER last_known_addr { host: "127.17.71.2" port: 41531 } attrs { replace: true } } peers { permanent_uuid: "05101ca5a0af4e90b9ef36628a38f063" member_type: VOTER last_known_addr { host: "127.17.71.3" port: 35083 } } peers { permanent_uuid: "8c914a519cee410f98c21a17e8fa2ac6" member_type: NON_VOTER last_known_addr { host: "127.17.71.4" port: 36565 } attrs { promote: true } } }
I20260630 12:16:34.482946 20747 raft_consensus.cc:2955] T 9d39cdac87e54fb09bff473e9dc4f722 P 3be39453940e4677bd8d4e3e0ecbeb96 [term 1 FOLLOWER]: Committing config change with OpId 1.2: config changed from index -1 to 2, NON_VOTER 8c914a519cee410f98c21a17e8fa2ac6 (127.17.71.4) added. New config: { opid_index: 2 OBSOLETE_local: false peers { permanent_uuid: "24113c1388694a879af0356e90a8bf8a" member_type: VOTER last_known_addr { host: "127.17.71.1" port: 37135 } } peers { permanent_uuid: "3be39453940e4677bd8d4e3e0ecbeb96" member_type: VOTER last_known_addr { host: "127.17.71.2" port: 41531 } attrs { replace: true } } peers { permanent_uuid: "05101ca5a0af4e90b9ef36628a38f063" member_type: VOTER last_known_addr { host: "127.17.71.3" port: 35083 } } peers { permanent_uuid: "8c914a519cee410f98c21a17e8fa2ac6" member_type: NON_VOTER last_known_addr { host: "127.17.71.4" port: 36565 } attrs { promote: true } } }
I20260630 12:16:34.485067 20673 raft_consensus.cc:2955] T 9d39cdac87e54fb09bff473e9dc4f722 P 24113c1388694a879af0356e90a8bf8a [term 1 FOLLOWER]: Committing config change with OpId 1.2: config changed from index -1 to 2, NON_VOTER 8c914a519cee410f98c21a17e8fa2ac6 (127.17.71.4) added. New config: { opid_index: 2 OBSOLETE_local: false peers { permanent_uuid: "24113c1388694a879af0356e90a8bf8a" member_type: VOTER last_known_addr { host: "127.17.71.1" port: 37135 } } peers { permanent_uuid: "3be39453940e4677bd8d4e3e0ecbeb96" member_type: VOTER last_known_addr { host: "127.17.71.2" port: 41531 } attrs { replace: true } } peers { permanent_uuid: "05101ca5a0af4e90b9ef36628a38f063" member_type: VOTER last_known_addr { host: "127.17.71.3" port: 35083 } } peers { permanent_uuid: "8c914a519cee410f98c21a17e8fa2ac6" member_type: NON_VOTER last_known_addr { host: "127.17.71.4" port: 36565 } attrs { promote: true } } }
I20260630 12:16:34.493377 20571 catalog_manager.cc:5697] T 9d39cdac87e54fb09bff473e9dc4f722 P 3be39453940e4677bd8d4e3e0ecbeb96 reported cstate change: config changed from index -1 to 2, NON_VOTER 8c914a519cee410f98c21a17e8fa2ac6 (127.17.71.4) added. New cstate: current_term: 1 leader_uuid: "05101ca5a0af4e90b9ef36628a38f063" committed_config { opid_index: 2 OBSOLETE_local: false peers { permanent_uuid: "24113c1388694a879af0356e90a8bf8a" member_type: VOTER last_known_addr { host: "127.17.71.1" port: 37135 } } peers { permanent_uuid: "3be39453940e4677bd8d4e3e0ecbeb96" member_type: VOTER last_known_addr { host: "127.17.71.2" port: 41531 } attrs { replace: true } } peers { permanent_uuid: "05101ca5a0af4e90b9ef36628a38f063" member_type: VOTER last_known_addr { host: "127.17.71.3" port: 35083 } } peers { permanent_uuid: "8c914a519cee410f98c21a17e8fa2ac6" member_type: NON_VOTER last_known_addr { host: "127.17.71.4" port: 36565 } attrs { promote: true } } }
I20260630 12:16:34.729750 20624 auto_leader_rebalancer.cc:141] leader rebalance for table range_aware_rebalance_new_range
I20260630 12:16:34.744084 20821 tablet_service.cc:2072] Received LeaderStepDown RPC: tablet_id: "fa872224bddd4c59805bf482cf5c7af9"
dest_uuid: "05101ca5a0af4e90b9ef36628a38f063"
mode: GRACEFUL
new_leader_uuid: "8c914a519cee410f98c21a17e8fa2ac6"
 from {username='slave'} at 127.0.0.1:35578
I20260630 12:16:34.744611 20821 raft_consensus.cc:606] T fa872224bddd4c59805bf482cf5c7af9 P 05101ca5a0af4e90b9ef36628a38f063 [term 1 LEADER]: Received request to transfer leadership to TS 8c914a519cee410f98c21a17e8fa2ac6
I20260630 12:16:34.745823 20624 auto_leader_rebalancer.cc:440] table: range_aware_rebalance_new_range, leader rebalance finish, leader transfer count: 1
I20260630 12:16:34.746460 20624 auto_leader_rebalancer.cc:515] All tables' leader rebalancing finished this round
I20260630 12:16:34.934123 21248 ts_tablet_manager.cc:933] T 9d39cdac87e54fb09bff473e9dc4f722 P 8c914a519cee410f98c21a17e8fa2ac6: Initiating tablet copy from peer 05101ca5a0af4e90b9ef36628a38f063 (127.17.71.3:35083)
I20260630 12:16:34.935642 21248 tablet_copy_client.cc:323] T 9d39cdac87e54fb09bff473e9dc4f722 P 8c914a519cee410f98c21a17e8fa2ac6: tablet copy: Beginning tablet copy session from remote peer at address 127.17.71.3:35083
I20260630 12:16:34.937211 20833 tablet_copy_service.cc:140] P 05101ca5a0af4e90b9ef36628a38f063: Received BeginTabletCopySession request for tablet 9d39cdac87e54fb09bff473e9dc4f722 from peer 8c914a519cee410f98c21a17e8fa2ac6 ({username='slave'} at 127.0.0.1:35554)
I20260630 12:16:34.937788 20833 tablet_copy_service.cc:161] P 05101ca5a0af4e90b9ef36628a38f063: Beginning new tablet copy session on tablet 9d39cdac87e54fb09bff473e9dc4f722 from peer 8c914a519cee410f98c21a17e8fa2ac6 at {username='slave'} at 127.0.0.1:35554: session id = 8c914a519cee410f98c21a17e8fa2ac6-9d39cdac87e54fb09bff473e9dc4f722
I20260630 12:16:34.945144 20833 tablet_copy_source_session.cc:215] T 9d39cdac87e54fb09bff473e9dc4f722 P 05101ca5a0af4e90b9ef36628a38f063: Tablet Copy: opened 0 blocks and 1 log segments
I20260630 12:16:34.948120 21248 data_dirs.cc:400] Could only allocate 1 dirs of requested 3 for tablet 9d39cdac87e54fb09bff473e9dc4f722. 1 dirs total, 0 dirs full, 0 dirs failed
I20260630 12:16:34.958787 21248 tablet_copy_client.cc:806] T 9d39cdac87e54fb09bff473e9dc4f722 P 8c914a519cee410f98c21a17e8fa2ac6: tablet copy: Starting download of 0 data blocks...
I20260630 12:16:34.959407 21248 tablet_copy_client.cc:670] T 9d39cdac87e54fb09bff473e9dc4f722 P 8c914a519cee410f98c21a17e8fa2ac6: tablet copy: Starting download of 1 WAL segments...
I20260630 12:16:34.963089 21248 tablet_copy_client.cc:538] T 9d39cdac87e54fb09bff473e9dc4f722 P 8c914a519cee410f98c21a17e8fa2ac6: tablet copy: Tablet Copy complete. Replacing tablet superblock.
I20260630 12:16:34.969760 21248 tablet_bootstrap.cc:492] T 9d39cdac87e54fb09bff473e9dc4f722 P 8c914a519cee410f98c21a17e8fa2ac6: Bootstrap starting.
I20260630 12:16:34.991551 21248 tablet_bootstrap.cc:492] T 9d39cdac87e54fb09bff473e9dc4f722 P 8c914a519cee410f98c21a17e8fa2ac6: Bootstrap replayed 1/1 log segments. Stats: ops{read=2 overwritten=0 applied=2 ignored=0} inserts{seen=0 ignored=0} mutations{seen=0 ignored=0} orphaned_commits=0. Pending: 0 replicates
I20260630 12:16:34.992444 21248 tablet_bootstrap.cc:492] T 9d39cdac87e54fb09bff473e9dc4f722 P 8c914a519cee410f98c21a17e8fa2ac6: Bootstrap complete.
I20260630 12:16:34.993100 21248 ts_tablet_manager.cc:1403] T 9d39cdac87e54fb09bff473e9dc4f722 P 8c914a519cee410f98c21a17e8fa2ac6: Time spent bootstrapping tablet: real 0.024s	user 0.013s	sys 0.005s
I20260630 12:16:34.996001 21248 raft_consensus.cc:359] T 9d39cdac87e54fb09bff473e9dc4f722 P 8c914a519cee410f98c21a17e8fa2ac6 [term 1 LEARNER]: Replica starting. Triggering 0 pending ops. Active config: opid_index: 2 OBSOLETE_local: false peers { permanent_uuid: "24113c1388694a879af0356e90a8bf8a" member_type: VOTER last_known_addr { host: "127.17.71.1" port: 37135 } } peers { permanent_uuid: "3be39453940e4677bd8d4e3e0ecbeb96" member_type: VOTER last_known_addr { host: "127.17.71.2" port: 41531 } attrs { replace: true } } peers { permanent_uuid: "05101ca5a0af4e90b9ef36628a38f063" member_type: VOTER last_known_addr { host: "127.17.71.3" port: 35083 } } peers { permanent_uuid: "8c914a519cee410f98c21a17e8fa2ac6" member_type: NON_VOTER last_known_addr { host: "127.17.71.4" port: 36565 } attrs { promote: true } }
I20260630 12:16:34.996805 21248 raft_consensus.cc:740] T 9d39cdac87e54fb09bff473e9dc4f722 P 8c914a519cee410f98c21a17e8fa2ac6 [term 1 LEARNER]: Becoming Follower/Learner. State: Replica: 8c914a519cee410f98c21a17e8fa2ac6, State: Initialized, Role: LEARNER
I20260630 12:16:34.997483 21248 consensus_queue.cc:260] T 9d39cdac87e54fb09bff473e9dc4f722 P 8c914a519cee410f98c21a17e8fa2ac6 [NON_LEADER]: Queue going to NON_LEADER mode. State: All replicated index: 0, Majority replicated index: 0, Committed index: 2, Last appended: 1.2, Last appended by leader: 2, Current term: 0, Majority size: -1, State: 0, Mode: NON_LEADER, active raft config: opid_index: 2 OBSOLETE_local: false peers { permanent_uuid: "24113c1388694a879af0356e90a8bf8a" member_type: VOTER last_known_addr { host: "127.17.71.1" port: 37135 } } peers { permanent_uuid: "3be39453940e4677bd8d4e3e0ecbeb96" member_type: VOTER last_known_addr { host: "127.17.71.2" port: 41531 } attrs { replace: true } } peers { permanent_uuid: "05101ca5a0af4e90b9ef36628a38f063" member_type: VOTER last_known_addr { host: "127.17.71.3" port: 35083 } } peers { permanent_uuid: "8c914a519cee410f98c21a17e8fa2ac6" member_type: NON_VOTER last_known_addr { host: "127.17.71.4" port: 36565 } attrs { promote: true } }
I20260630 12:16:35.000027 21248 ts_tablet_manager.cc:1434] T 9d39cdac87e54fb09bff473e9dc4f722 P 8c914a519cee410f98c21a17e8fa2ac6: Time spent starting tablet: real 0.007s	user 0.005s	sys 0.000s
I20260630 12:16:35.001710 20833 tablet_copy_service.cc:342] P 05101ca5a0af4e90b9ef36628a38f063: Request end of tablet copy session 8c914a519cee410f98c21a17e8fa2ac6-9d39cdac87e54fb09bff473e9dc4f722 received from {username='slave'} at 127.0.0.1:35554
I20260630 12:16:35.002144 20833 tablet_copy_service.cc:434] P 05101ca5a0af4e90b9ef36628a38f063: ending tablet copy session 8c914a519cee410f98c21a17e8fa2ac6-9d39cdac87e54fb09bff473e9dc4f722 on tablet 9d39cdac87e54fb09bff473e9dc4f722 with peer 8c914a519cee410f98c21a17e8fa2ac6
I20260630 12:16:35.047588 21242 raft_consensus.cc:993] T fa872224bddd4c59805bf482cf5c7af9 P 05101ca5a0af4e90b9ef36628a38f063: : Instructing follower 8c914a519cee410f98c21a17e8fa2ac6 to start an election
I20260630 12:16:35.048084 21203 raft_consensus.cc:1081] T fa872224bddd4c59805bf482cf5c7af9 P 05101ca5a0af4e90b9ef36628a38f063 [term 1 LEADER]: Signalling peer 8c914a519cee410f98c21a17e8fa2ac6 to start an election
I20260630 12:16:35.049662 20976 tablet_service.cc:2044] Received Run Leader Election RPC: tablet_id: "fa872224bddd4c59805bf482cf5c7af9"
dest_uuid: "8c914a519cee410f98c21a17e8fa2ac6"
 from {username='slave'} at 127.0.0.1:46268
I20260630 12:16:35.050129 20976 raft_consensus.cc:493] T fa872224bddd4c59805bf482cf5c7af9 P 8c914a519cee410f98c21a17e8fa2ac6 [term 1 FOLLOWER]: Starting forced leader election (received explicit request)
I20260630 12:16:35.050421 20976 raft_consensus.cc:3060] T fa872224bddd4c59805bf482cf5c7af9 P 8c914a519cee410f98c21a17e8fa2ac6 [term 1 FOLLOWER]: Advancing to term 2
I20260630 12:16:35.054684 20976 raft_consensus.cc:515] T fa872224bddd4c59805bf482cf5c7af9 P 8c914a519cee410f98c21a17e8fa2ac6 [term 2 FOLLOWER]: Starting forced leader election with config: opid_index: -1 OBSOLETE_local: false peers { permanent_uuid: "8c914a519cee410f98c21a17e8fa2ac6" member_type: VOTER last_known_addr { host: "127.17.71.4" port: 36565 } } peers { permanent_uuid: "24113c1388694a879af0356e90a8bf8a" member_type: VOTER last_known_addr { host: "127.17.71.1" port: 37135 } } peers { permanent_uuid: "05101ca5a0af4e90b9ef36628a38f063" member_type: VOTER last_known_addr { host: "127.17.71.3" port: 35083 } }
I20260630 12:16:35.057683 20821 tablet_service.cc:1917] Received RequestConsensusVote() RPC: tablet_id: "fa872224bddd4c59805bf482cf5c7af9" candidate_uuid: "8c914a519cee410f98c21a17e8fa2ac6" candidate_term: 2 candidate_status { last_received { term: 1 index: 1 } } ignore_live_leader: true dest_uuid: "05101ca5a0af4e90b9ef36628a38f063"
I20260630 12:16:35.056092 20976 leader_election.cc:290] T fa872224bddd4c59805bf482cf5c7af9 P 8c914a519cee410f98c21a17e8fa2ac6 [CANDIDATE]: Term 2 election: Requested vote from peers 24113c1388694a879af0356e90a8bf8a (127.17.71.1:37135), 05101ca5a0af4e90b9ef36628a38f063 (127.17.71.3:35083)
I20260630 12:16:35.058399 20821 raft_consensus.cc:3055] T fa872224bddd4c59805bf482cf5c7af9 P 05101ca5a0af4e90b9ef36628a38f063 [term 1 LEADER]: Stepping down as leader of term 1
I20260630 12:16:35.058765 20821 raft_consensus.cc:740] T fa872224bddd4c59805bf482cf5c7af9 P 05101ca5a0af4e90b9ef36628a38f063 [term 1 LEADER]: Becoming Follower/Learner. State: Replica: 05101ca5a0af4e90b9ef36628a38f063, State: Running, Role: LEADER
I20260630 12:16:35.057569 20673 tablet_service.cc:1917] Received RequestConsensusVote() RPC: tablet_id: "fa872224bddd4c59805bf482cf5c7af9" candidate_uuid: "8c914a519cee410f98c21a17e8fa2ac6" candidate_term: 2 candidate_status { last_received { term: 1 index: 1 } } ignore_live_leader: true dest_uuid: "24113c1388694a879af0356e90a8bf8a"
I20260630 12:16:35.059525 20821 consensus_queue.cc:260] T fa872224bddd4c59805bf482cf5c7af9 P 05101ca5a0af4e90b9ef36628a38f063 [NON_LEADER]: Queue going to NON_LEADER mode. State: All replicated index: 0, Majority replicated index: 1, Committed index: 1, Last appended: 1.1, Last appended by leader: 1, Current term: 1, Majority size: -1, State: 0, Mode: NON_LEADER, active raft config: opid_index: -1 OBSOLETE_local: false peers { permanent_uuid: "8c914a519cee410f98c21a17e8fa2ac6" member_type: VOTER last_known_addr { host: "127.17.71.4" port: 36565 } } peers { permanent_uuid: "24113c1388694a879af0356e90a8bf8a" member_type: VOTER last_known_addr { host: "127.17.71.1" port: 37135 } } peers { permanent_uuid: "05101ca5a0af4e90b9ef36628a38f063" member_type: VOTER last_known_addr { host: "127.17.71.3" port: 35083 } }
I20260630 12:16:35.059931 20673 raft_consensus.cc:3060] T fa872224bddd4c59805bf482cf5c7af9 P 24113c1388694a879af0356e90a8bf8a [term 1 FOLLOWER]: Advancing to term 2
I20260630 12:16:35.060760 20821 raft_consensus.cc:3060] T fa872224bddd4c59805bf482cf5c7af9 P 05101ca5a0af4e90b9ef36628a38f063 [term 1 FOLLOWER]: Advancing to term 2
I20260630 12:16:35.066286 20673 raft_consensus.cc:2468] T fa872224bddd4c59805bf482cf5c7af9 P 24113c1388694a879af0356e90a8bf8a [term 2 FOLLOWER]: Leader election vote request: Granting yes vote for candidate 8c914a519cee410f98c21a17e8fa2ac6 in term 2.
I20260630 12:16:35.066671 20821 raft_consensus.cc:2468] T fa872224bddd4c59805bf482cf5c7af9 P 05101ca5a0af4e90b9ef36628a38f063 [term 2 FOLLOWER]: Leader election vote request: Granting yes vote for candidate 8c914a519cee410f98c21a17e8fa2ac6 in term 2.
I20260630 12:16:35.067621 20942 leader_election.cc:304] T fa872224bddd4c59805bf482cf5c7af9 P 8c914a519cee410f98c21a17e8fa2ac6 [CANDIDATE]: Term 2 election: Election decided. Result: candidate won. Election summary: received 2 responses out of 3 voters: 2 yes votes; 0 no votes. yes voters: 24113c1388694a879af0356e90a8bf8a, 8c914a519cee410f98c21a17e8fa2ac6; no voters: 
I20260630 12:16:35.068336 21119 raft_consensus.cc:2804] T fa872224bddd4c59805bf482cf5c7af9 P 8c914a519cee410f98c21a17e8fa2ac6 [term 2 FOLLOWER]: Leader election won for term 2
I20260630 12:16:35.069516 21119 raft_consensus.cc:697] T fa872224bddd4c59805bf482cf5c7af9 P 8c914a519cee410f98c21a17e8fa2ac6 [term 2 LEADER]: Becoming Leader. State: Replica: 8c914a519cee410f98c21a17e8fa2ac6, State: Running, Role: LEADER
I20260630 12:16:35.070282 21119 consensus_queue.cc:237] T fa872224bddd4c59805bf482cf5c7af9 P 8c914a519cee410f98c21a17e8fa2ac6 [LEADER]: Queue going to LEADER mode. State: All replicated index: 0, Majority replicated index: 1, Committed index: 1, Last appended: 1.1, Last appended by leader: 1, Current term: 2, Majority size: 2, State: 0, Mode: LEADER, active raft config: opid_index: -1 OBSOLETE_local: false peers { permanent_uuid: "8c914a519cee410f98c21a17e8fa2ac6" member_type: VOTER last_known_addr { host: "127.17.71.4" port: 36565 } } peers { permanent_uuid: "24113c1388694a879af0356e90a8bf8a" member_type: VOTER last_known_addr { host: "127.17.71.1" port: 37135 } } peers { permanent_uuid: "05101ca5a0af4e90b9ef36628a38f063" member_type: VOTER last_known_addr { host: "127.17.71.3" port: 35083 } }
I20260630 12:16:35.077502 20570 catalog_manager.cc:5697] T fa872224bddd4c59805bf482cf5c7af9 P 8c914a519cee410f98c21a17e8fa2ac6 reported cstate change: term changed from 1 to 2, leader changed from 05101ca5a0af4e90b9ef36628a38f063 (127.17.71.3) to 8c914a519cee410f98c21a17e8fa2ac6 (127.17.71.4). New cstate: current_term: 2 leader_uuid: "8c914a519cee410f98c21a17e8fa2ac6" committed_config { opid_index: -1 OBSOLETE_local: false peers { permanent_uuid: "8c914a519cee410f98c21a17e8fa2ac6" member_type: VOTER last_known_addr { host: "127.17.71.4" port: 36565 } health_report { overall_health: HEALTHY } } peers { permanent_uuid: "24113c1388694a879af0356e90a8bf8a" member_type: VOTER last_known_addr { host: "127.17.71.1" port: 37135 } health_report { overall_health: UNKNOWN } } peers { permanent_uuid: "05101ca5a0af4e90b9ef36628a38f063" member_type: VOTER last_known_addr { host: "127.17.71.3" port: 35083 } health_report { overall_health: UNKNOWN } } }
I20260630 12:16:35.352111 20976 raft_consensus.cc:1217] T 9d39cdac87e54fb09bff473e9dc4f722 P 8c914a519cee410f98c21a17e8fa2ac6 [term 1 LEARNER]: Deduplicated request from leader. Original: 1.1->[1.2-1.2]   Dedup: 1.2->[]
I20260630 12:16:35.508682 20821 raft_consensus.cc:1275] T fa872224bddd4c59805bf482cf5c7af9 P 05101ca5a0af4e90b9ef36628a38f063 [term 2 FOLLOWER]: Refusing update from remote peer 8c914a519cee410f98c21a17e8fa2ac6: Log matching property violated. Preceding OpId in replica: term: 1 index: 1. Preceding OpId from leader: term: 2 index: 2. (index mismatch)
I20260630 12:16:35.510658 21251 consensus_queue.cc:1048] T fa872224bddd4c59805bf482cf5c7af9 P 8c914a519cee410f98c21a17e8fa2ac6 [LEADER]: Connected to new peer: Peer: permanent_uuid: "05101ca5a0af4e90b9ef36628a38f063" member_type: VOTER last_known_addr { host: "127.17.71.3" port: 35083 }, Status: LMP_MISMATCH, Last received: 0.0, Next index: 2, Last known committed idx: 1, Time since last communication: 0.001s
I20260630 12:16:35.513504 20673 raft_consensus.cc:1275] T fa872224bddd4c59805bf482cf5c7af9 P 24113c1388694a879af0356e90a8bf8a [term 2 FOLLOWER]: Refusing update from remote peer 8c914a519cee410f98c21a17e8fa2ac6: Log matching property violated. Preceding OpId in replica: term: 1 index: 1. Preceding OpId from leader: term: 2 index: 2. (index mismatch)
I20260630 12:16:35.515386 21251 consensus_queue.cc:1048] T fa872224bddd4c59805bf482cf5c7af9 P 8c914a519cee410f98c21a17e8fa2ac6 [LEADER]: Connected to new peer: Peer: permanent_uuid: "24113c1388694a879af0356e90a8bf8a" member_type: VOTER last_known_addr { host: "127.17.71.1" port: 37135 }, Status: LMP_MISMATCH, Last received: 0.0, Next index: 2, Last known committed idx: 1, Time since last communication: 0.000s
I20260630 12:16:35.834980 21242 raft_consensus.cc:1064] T 9d39cdac87e54fb09bff473e9dc4f722 P 05101ca5a0af4e90b9ef36628a38f063: attempting to promote NON_VOTER 8c914a519cee410f98c21a17e8fa2ac6 to VOTER
