I20260630 12:17:04.058079 19709 tablet_service.cc:1917] Received RequestConsensusVote() RPC: tablet_id: "0bf6d5e28631445c9857b40b883ef325" candidate_uuid: "ef19fe5d19cd4e6880c148c5d7d0f387" candidate_term: 1 candidate_status { last_received { term: 0 index: 0 } } ignore_live_leader: false dest_uuid: "f6cc6a42ff0b4daeb5b6c9dbc61347f2"
I20260630 12:17:04.058712 19939 leader_election.cc:290] T 0bf6d5e28631445c9857b40b883ef325 P ef19fe5d19cd4e6880c148c5d7d0f387 [CANDIDATE]: Term 1 election: Requested vote from peers f6cc6a42ff0b4daeb5b6c9dbc61347f2 (127.14.236.65:33619), be020839e71d465897f46fd61bd9f4a2 (127.14.236.66:38391)
I20260630 12:17:04.058887 19709 raft_consensus.cc:2393] T 0bf6d5e28631445c9857b40b883ef325 P f6cc6a42ff0b4daeb5b6c9dbc61347f2 [term 1 FOLLOWER]: Leader election vote request: Denying vote to candidate ef19fe5d19cd4e6880c148c5d7d0f387 in current term 1: Already voted for candidate be020839e71d465897f46fd61bd9f4a2 in this term.
I20260630 12:17:04.059149 19785 tablet_service.cc:1917] Received RequestConsensusVote() RPC: tablet_id: "0bf6d5e28631445c9857b40b883ef325" candidate_uuid: "ef19fe5d19cd4e6880c148c5d7d0f387" candidate_term: 1 candidate_status { last_received { term: 0 index: 0 } } ignore_live_leader: false dest_uuid: "be020839e71d465897f46fd61bd9f4a2"
I20260630 12:17:04.059480 19860 tablet_service.cc:1917] Received RequestConsensusVote() RPC: tablet_id: "3a4bc3061ced4ad4aa9cf0c7ecf62312" candidate_uuid: "f6cc6a42ff0b4daeb5b6c9dbc61347f2" candidate_term: 1 candidate_status { last_received { term: 0 index: 0 } } ignore_live_leader: false dest_uuid: "ef19fe5d19cd4e6880c148c5d7d0f387" is_pre_election: true
I20260630 12:17:04.060441 19905 tablet_bootstrap.cc:654] T 3a4bc3061ced4ad4aa9cf0c7ecf62312 P ef19fe5d19cd4e6880c148c5d7d0f387: Neither blocks nor log segments found. Creating new log.
W20260630 12:17:04.061084 19675 leader_election.cc:343] T 3a4bc3061ced4ad4aa9cf0c7ecf62312 P f6cc6a42ff0b4daeb5b6c9dbc61347f2 [CANDIDATE]: Term 1 pre-election: Tablet error from VoteRequest() call to peer ef19fe5d19cd4e6880c148c5d7d0f387 (127.14.236.67:44077): Illegal state: must be running to vote when last-logged opid is not known
I20260630 12:17:04.062727 19824 leader_election.cc:304] T 0bf6d5e28631445c9857b40b883ef325 P ef19fe5d19cd4e6880c148c5d7d0f387 [CANDIDATE]: Term 1 election: Election decided. Result: candidate lost. Election summary: received 3 responses out of 3 voters: 1 yes votes; 2 no votes. yes voters: ef19fe5d19cd4e6880c148c5d7d0f387; no voters: be020839e71d465897f46fd61bd9f4a2, f6cc6a42ff0b4daeb5b6c9dbc61347f2
I20260630 12:17:04.064491 19913 raft_consensus.cc:515] T 3a4bc3061ced4ad4aa9cf0c7ecf62312 P f6cc6a42ff0b4daeb5b6c9dbc61347f2 [term 1 FOLLOWER]: Starting leader election with config: opid_index: -1 OBSOLETE_local: false peers { permanent_uuid: "f6cc6a42ff0b4daeb5b6c9dbc61347f2" member_type: VOTER last_known_addr { host: "127.14.236.65" port: 33619 } } peers { permanent_uuid: "be020839e71d465897f46fd61bd9f4a2" member_type: VOTER last_known_addr { host: "127.14.236.66" port: 38391 } } peers { permanent_uuid: "ef19fe5d19cd4e6880c148c5d7d0f387" member_type: VOTER last_known_addr { host: "127.14.236.67" port: 44077 } }
I20260630 12:17:04.070088 19785 tablet_service.cc:1917] Received RequestConsensusVote() RPC: tablet_id: "3a4bc3061ced4ad4aa9cf0c7ecf62312" candidate_uuid: "f6cc6a42ff0b4daeb5b6c9dbc61347f2" candidate_term: 1 candidate_status { last_received { term: 0 index: 0 } } ignore_live_leader: false dest_uuid: "be020839e71d465897f46fd61bd9f4a2"
I20260630 12:17:04.071136 19911 raft_consensus.cc:515] T 3a4bc3061ced4ad4aa9cf0c7ecf62312 P be020839e71d465897f46fd61bd9f4a2 [term 1 FOLLOWER]: Starting leader election with config: opid_index: -1 OBSOLETE_local: false peers { permanent_uuid: "f6cc6a42ff0b4daeb5b6c9dbc61347f2" member_type: VOTER last_known_addr { host: "127.14.236.65" port: 33619 } } peers { permanent_uuid: "be020839e71d465897f46fd61bd9f4a2" member_type: VOTER last_known_addr { host: "127.14.236.66" port: 38391 } } peers { permanent_uuid: "ef19fe5d19cd4e6880c148c5d7d0f387" member_type: VOTER last_known_addr { host: "127.14.236.67" port: 44077 } }
I20260630 12:17:04.070669 19609 catalog_manager.cc:5697] T 416673c82f034ee28141939602a71b30 P f6cc6a42ff0b4daeb5b6c9dbc61347f2 reported cstate change: term changed from 0 to 1, leader changed from <none> to f6cc6a42ff0b4daeb5b6c9dbc61347f2 (127.14.236.65). New cstate: current_term: 1 leader_uuid: "f6cc6a42ff0b4daeb5b6c9dbc61347f2" committed_config { opid_index: -1 OBSOLETE_local: false peers { permanent_uuid: "f6cc6a42ff0b4daeb5b6c9dbc61347f2" member_type: VOTER last_known_addr { host: "127.14.236.65" port: 33619 } health_report { overall_health: HEALTHY } } peers { permanent_uuid: "be020839e71d465897f46fd61bd9f4a2" member_type: VOTER last_known_addr { host: "127.14.236.66" port: 38391 } health_report { overall_health: UNKNOWN } } peers { permanent_uuid: "ef19fe5d19cd4e6880c148c5d7d0f387" member_type: VOTER last_known_addr { host: "127.14.236.67" port: 44077 } health_report { overall_health: UNKNOWN } } }
I20260630 12:17:04.074084 19860 tablet_service.cc:1917] Received RequestConsensusVote() RPC: tablet_id: "3a4bc3061ced4ad4aa9cf0c7ecf62312" candidate_uuid: "f6cc6a42ff0b4daeb5b6c9dbc61347f2" candidate_term: 1 candidate_status { last_received { term: 0 index: 0 } } ignore_live_leader: false dest_uuid: "ef19fe5d19cd4e6880c148c5d7d0f387"
I20260630 12:17:04.074237 19913 leader_election.cc:290] T 3a4bc3061ced4ad4aa9cf0c7ecf62312 P f6cc6a42ff0b4daeb5b6c9dbc61347f2 [CANDIDATE]: Term 1 election: Requested vote from peers be020839e71d465897f46fd61bd9f4a2 (127.14.236.66:38391), ef19fe5d19cd4e6880c148c5d7d0f387 (127.14.236.67:44077)
W20260630 12:17:04.075558 19675 leader_election.cc:343] T 3a4bc3061ced4ad4aa9cf0c7ecf62312 P f6cc6a42ff0b4daeb5b6c9dbc61347f2 [CANDIDATE]: Term 1 election: Tablet error from VoteRequest() call to peer ef19fe5d19cd4e6880c148c5d7d0f387 (127.14.236.67:44077): Illegal state: must be running to vote when last-logged opid is not known
I20260630 12:17:04.067513 19907 tablet_bootstrap.cc:654] T 5d463bfbe28043bfaf12b9f8a26f9e83 P f6cc6a42ff0b4daeb5b6c9dbc61347f2: Neither blocks nor log segments found. Creating new log.
I20260630 12:17:04.083016 19860 tablet_service.cc:1917] Received RequestConsensusVote() RPC: tablet_id: "3a4bc3061ced4ad4aa9cf0c7ecf62312" candidate_uuid: "be020839e71d465897f46fd61bd9f4a2" candidate_term: 1 candidate_status { last_received { term: 0 index: 0 } } ignore_live_leader: false dest_uuid: "ef19fe5d19cd4e6880c148c5d7d0f387" is_pre_election: true
I20260630 12:17:04.083554 19709 tablet_service.cc:1917] Received RequestConsensusVote() RPC: tablet_id: "3a4bc3061ced4ad4aa9cf0c7ecf62312" candidate_uuid: "be020839e71d465897f46fd61bd9f4a2" candidate_term: 1 candidate_status { last_received { term: 0 index: 0 } } ignore_live_leader: false dest_uuid: "f6cc6a42ff0b4daeb5b6c9dbc61347f2"
I20260630 12:17:04.084334 19709 raft_consensus.cc:2393] T 3a4bc3061ced4ad4aa9cf0c7ecf62312 P f6cc6a42ff0b4daeb5b6c9dbc61347f2 [term 1 FOLLOWER]: Leader election vote request: Denying vote to candidate be020839e71d465897f46fd61bd9f4a2 in current term 1: Already voted for candidate f6cc6a42ff0b4daeb5b6c9dbc61347f2 in this term.
W20260630 12:17:04.084488 19750 leader_election.cc:343] T 3a4bc3061ced4ad4aa9cf0c7ecf62312 P be020839e71d465897f46fd61bd9f4a2 [CANDIDATE]: Term 1 pre-election: Tablet error from VoteRequest() call to peer ef19fe5d19cd4e6880c148c5d7d0f387 (127.14.236.67:44077): Illegal state: must be running to vote when last-logged opid is not known
I20260630 12:17:04.081359 19941 leader_election.cc:290] T 3a4bc3061ced4ad4aa9cf0c7ecf62312 P be020839e71d465897f46fd61bd9f4a2 [CANDIDATE]: Term 1 pre-election: Requested pre-vote from peers f6cc6a42ff0b4daeb5b6c9dbc61347f2 (127.14.236.65:33619), ef19fe5d19cd4e6880c148c5d7d0f387 (127.14.236.67:44077)
I20260630 12:17:04.081399 19785 raft_consensus.cc:2393] T 3a4bc3061ced4ad4aa9cf0c7ecf62312 P be020839e71d465897f46fd61bd9f4a2 [term 1 FOLLOWER]: Leader election vote request: Denying vote to candidate f6cc6a42ff0b4daeb5b6c9dbc61347f2 in current term 1: Already voted for candidate be020839e71d465897f46fd61bd9f4a2 in this term.
I20260630 12:17:04.065961 19939 raft_consensus.cc:2749] T 0bf6d5e28631445c9857b40b883ef325 P ef19fe5d19cd4e6880c148c5d7d0f387 [term 1 FOLLOWER]: Leader election lost for term 1. Reason: could not achieve majority
I20260630 12:17:04.094694 19675 leader_election.cc:304] T 3a4bc3061ced4ad4aa9cf0c7ecf62312 P f6cc6a42ff0b4daeb5b6c9dbc61347f2 [CANDIDATE]: Term 1 election: Election decided. Result: candidate lost. Election summary: received 3 responses out of 3 voters: 1 yes votes; 2 no votes. yes voters: f6cc6a42ff0b4daeb5b6c9dbc61347f2; no voters: be020839e71d465897f46fd61bd9f4a2, ef19fe5d19cd4e6880c148c5d7d0f387
I20260630 12:17:04.095885 19913 raft_consensus.cc:2749] T 3a4bc3061ced4ad4aa9cf0c7ecf62312 P f6cc6a42ff0b4daeb5b6c9dbc61347f2 [term 1 FOLLOWER]: Leader election lost for term 1. Reason: could not achieve majority
I20260630 12:17:04.096002 19860 tablet_service.cc:1917] Received RequestConsensusVote() RPC: tablet_id: "3a4bc3061ced4ad4aa9cf0c7ecf62312" candidate_uuid: "be020839e71d465897f46fd61bd9f4a2" candidate_term: 1 candidate_status { last_received { term: 0 index: 0 } } ignore_live_leader: false dest_uuid: "ef19fe5d19cd4e6880c148c5d7d0f387"
I20260630 12:17:04.093801 19911 leader_election.cc:290] T 3a4bc3061ced4ad4aa9cf0c7ecf62312 P be020839e71d465897f46fd61bd9f4a2 [CANDIDATE]: Term 1 election: Requested vote from peers f6cc6a42ff0b4daeb5b6c9dbc61347f2 (127.14.236.65:33619), ef19fe5d19cd4e6880c148c5d7d0f387 (127.14.236.67:44077)
W20260630 12:17:04.098628 19750 leader_election.cc:343] T 3a4bc3061ced4ad4aa9cf0c7ecf62312 P be020839e71d465897f46fd61bd9f4a2 [CANDIDATE]: Term 1 election: Tablet error from VoteRequest() call to peer ef19fe5d19cd4e6880c148c5d7d0f387 (127.14.236.67:44077): Illegal state: must be running to vote when last-logged opid is not known
I20260630 12:17:04.106675 19750 leader_election.cc:304] T 3a4bc3061ced4ad4aa9cf0c7ecf62312 P be020839e71d465897f46fd61bd9f4a2 [CANDIDATE]: Term 1 election: Election decided. Result: candidate lost. Election summary: received 3 responses out of 3 voters: 1 yes votes; 2 no votes. yes voters: be020839e71d465897f46fd61bd9f4a2; no voters: ef19fe5d19cd4e6880c148c5d7d0f387, f6cc6a42ff0b4daeb5b6c9dbc61347f2
I20260630 12:17:04.107784 19784 raft_consensus.cc:2468] T 7ab711da0f184d48aaa887c8e11bd6f0 P be020839e71d465897f46fd61bd9f4a2 [term 1 FOLLOWER]: Leader election vote request: Granting yes vote for candidate ef19fe5d19cd4e6880c148c5d7d0f387 in term 1.
I20260630 12:17:04.108347 19941 raft_consensus.cc:2749] T 3a4bc3061ced4ad4aa9cf0c7ecf62312 P be020839e71d465897f46fd61bd9f4a2 [term 1 FOLLOWER]: Leader election lost for term 1. Reason: could not achieve majority
I20260630 12:17:04.109061 19786 raft_consensus.cc:2468] T 33af58ce9d46400aa5e607dcb2dc5fd0 P be020839e71d465897f46fd61bd9f4a2 [term 1 FOLLOWER]: Leader election vote request: Granting yes vote for candidate ef19fe5d19cd4e6880c148c5d7d0f387 in term 1.
I20260630 12:17:04.100816 19905 tablet_bootstrap.cc:492] T 3a4bc3061ced4ad4aa9cf0c7ecf62312 P ef19fe5d19cd4e6880c148c5d7d0f387: No bootstrap required, opened a new log
I20260630 12:17:04.110174 19824 leader_election.cc:304] T 33af58ce9d46400aa5e607dcb2dc5fd0 P ef19fe5d19cd4e6880c148c5d7d0f387 [CANDIDATE]: Term 1 election: Election decided. Result: candidate won. Election summary: received 3 responses out of 3 voters: 2 yes votes; 1 no votes. yes voters: be020839e71d465897f46fd61bd9f4a2, ef19fe5d19cd4e6880c148c5d7d0f387; no voters: f6cc6a42ff0b4daeb5b6c9dbc61347f2
I20260630 12:17:04.102005 19940 raft_consensus.cc:493] T 5d463bfbe28043bfaf12b9f8a26f9e83 P be020839e71d465897f46fd61bd9f4a2 [term 0 FOLLOWER]: Starting pre-election (no leader contacted us within the election timeout)
I20260630 12:17:04.110987 19939 raft_consensus.cc:2804] T 33af58ce9d46400aa5e607dcb2dc5fd0 P ef19fe5d19cd4e6880c148c5d7d0f387 [term 1 FOLLOWER]: Leader election won for term 1
I20260630 12:17:04.110460 19609 catalog_manager.cc:5697] T 7ab711da0f184d48aaa887c8e11bd6f0 P ef19fe5d19cd4e6880c148c5d7d0f387 reported cstate change: term changed from 0 to 1, leader changed from <none> to ef19fe5d19cd4e6880c148c5d7d0f387 (127.14.236.67). New cstate: current_term: 1 leader_uuid: "ef19fe5d19cd4e6880c148c5d7d0f387" committed_config { opid_index: -1 OBSOLETE_local: false peers { permanent_uuid: "f6cc6a42ff0b4daeb5b6c9dbc61347f2" member_type: VOTER last_known_addr { host: "127.14.236.65" port: 33619 } health_report { overall_health: UNKNOWN } } peers { permanent_uuid: "be020839e71d465897f46fd61bd9f4a2" member_type: VOTER last_known_addr { host: "127.14.236.66" port: 38391 } health_report { overall_health: UNKNOWN } } peers { permanent_uuid: "ef19fe5d19cd4e6880c148c5d7d0f387" member_type: VOTER last_known_addr { host: "127.14.236.67" port: 44077 } health_report { overall_health: HEALTHY } } }
I20260630 12:17:04.111493 19939 raft_consensus.cc:697] T 33af58ce9d46400aa5e607dcb2dc5fd0 P ef19fe5d19cd4e6880c148c5d7d0f387 [term 1 LEADER]: Becoming Leader. State: Replica: ef19fe5d19cd4e6880c148c5d7d0f387, State: Running, Role: LEADER
I20260630 12:17:04.111334 19940 raft_consensus.cc:515] T 5d463bfbe28043bfaf12b9f8a26f9e83 P be020839e71d465897f46fd61bd9f4a2 [term 0 FOLLOWER]: Starting pre-election with config: opid_index: -1 OBSOLETE_local: false peers { permanent_uuid: "f6cc6a42ff0b4daeb5b6c9dbc61347f2" member_type: VOTER last_known_addr { host: "127.14.236.65" port: 33619 } } peers { permanent_uuid: "be020839e71d465897f46fd61bd9f4a2" member_type: VOTER last_known_addr { host: "127.14.236.66" port: 38391 } } peers { permanent_uuid: "ef19fe5d19cd4e6880c148c5d7d0f387" member_type: VOTER last_known_addr { host: "127.14.236.67" port: 44077 } }
I20260630 12:17:04.112366 19939 consensus_queue.cc:237] T 33af58ce9d46400aa5e607dcb2dc5fd0 P ef19fe5d19cd4e6880c148c5d7d0f387 [LEADER]: Queue going to LEADER mode. State: All replicated index: 0, Majority replicated index: 0, Committed index: 0, Last appended: 0.0, Last appended by leader: 0, Current term: 1, Majority size: 2, State: 0, Mode: LEADER, active raft config: opid_index: -1 OBSOLETE_local: false peers { permanent_uuid: "f6cc6a42ff0b4daeb5b6c9dbc61347f2" member_type: VOTER last_known_addr { host: "127.14.236.65" port: 33619 } } peers { permanent_uuid: "be020839e71d465897f46fd61bd9f4a2" member_type: VOTER last_known_addr { host: "127.14.236.66" port: 38391 } } peers { permanent_uuid: "ef19fe5d19cd4e6880c148c5d7d0f387" member_type: VOTER last_known_addr { host: "127.14.236.67" port: 44077 } }
I20260630 12:17:04.105695 19906 tablet_bootstrap.cc:492] T 416673c82f034ee28141939602a71b30 P be020839e71d465897f46fd61bd9f4a2: No bootstrap required, opened a new log
I20260630 12:17:04.113590 19905 ts_tablet_manager.cc:1403] T 3a4bc3061ced4ad4aa9cf0c7ecf62312 P ef19fe5d19cd4e6880c148c5d7d0f387: Time spent bootstrapping tablet: real 0.096s	user 0.011s	sys 0.009s
I20260630 12:17:04.113730 19906 ts_tablet_manager.cc:1403] T 416673c82f034ee28141939602a71b30 P be020839e71d465897f46fd61bd9f4a2: Time spent bootstrapping tablet: real 0.095s	user 0.008s	sys 0.004s
I20260630 12:17:04.114154 19940 leader_election.cc:290] T 5d463bfbe28043bfaf12b9f8a26f9e83 P be020839e71d465897f46fd61bd9f4a2 [CANDIDATE]: Term 1 pre-election: Requested pre-vote from peers f6cc6a42ff0b4daeb5b6c9dbc61347f2 (127.14.236.65:33619), ef19fe5d19cd4e6880c148c5d7d0f387 (127.14.236.67:44077)
I20260630 12:17:04.117493 19860 tablet_service.cc:1917] Received RequestConsensusVote() RPC: tablet_id: "5d463bfbe28043bfaf12b9f8a26f9e83" candidate_uuid: "be020839e71d465897f46fd61bd9f4a2" candidate_term: 1 candidate_status { last_received { term: 0 index: 0 } } ignore_live_leader: false dest_uuid: "ef19fe5d19cd4e6880c148c5d7d0f387" is_pre_election: true
I20260630 12:17:04.116643 19607 catalog_manager.cc:5697] T 3700635443b244cdaf61f2e62106ff6b P be020839e71d465897f46fd61bd9f4a2 reported cstate change: term changed from 0 to 1, leader changed from <none> to be020839e71d465897f46fd61bd9f4a2 (127.14.236.66). New cstate: current_term: 1 leader_uuid: "be020839e71d465897f46fd61bd9f4a2" committed_config { opid_index: -1 OBSOLETE_local: false peers { permanent_uuid: "f6cc6a42ff0b4daeb5b6c9dbc61347f2" member_type: VOTER last_known_addr { host: "127.14.236.65" port: 33619 } health_report { overall_health: UNKNOWN } } peers { permanent_uuid: "be020839e71d465897f46fd61bd9f4a2" member_type: VOTER last_known_addr { host: "127.14.236.66" port: 38391 } health_report { overall_health: HEALTHY } } peers { permanent_uuid: "ef19fe5d19cd4e6880c148c5d7d0f387" member_type: VOTER last_known_addr { host: "127.14.236.67" port: 44077 } health_report { overall_health: UNKNOWN } } }
I20260630 12:17:04.118085 19860 raft_consensus.cc:2468] T 5d463bfbe28043bfaf12b9f8a26f9e83 P ef19fe5d19cd4e6880c148c5d7d0f387 [term 0 FOLLOWER]: Leader pre-election vote request: Granting yes vote for candidate be020839e71d465897f46fd61bd9f4a2 in term 0.
I20260630 12:17:04.118387 19906 raft_consensus.cc:359] T 416673c82f034ee28141939602a71b30 P be020839e71d465897f46fd61bd9f4a2 [term 0 FOLLOWER]: Replica starting. Triggering 0 pending ops. Active config: opid_index: -1 OBSOLETE_local: false peers { permanent_uuid: "f6cc6a42ff0b4daeb5b6c9dbc61347f2" member_type: VOTER last_known_addr { host: "127.14.236.65" port: 33619 } } peers { permanent_uuid: "be020839e71d465897f46fd61bd9f4a2" member_type: VOTER last_known_addr { host: "127.14.236.66" port: 38391 } } peers { permanent_uuid: "ef19fe5d19cd4e6880c148c5d7d0f387" member_type: VOTER last_known_addr { host: "127.14.236.67" port: 44077 } }
I20260630 12:17:04.119007 19906 raft_consensus.cc:385] T 416673c82f034ee28141939602a71b30 P be020839e71d465897f46fd61bd9f4a2 [term 0 FOLLOWER]: Consensus starting up: Expiring failure detector timer to make a prompt election more likely
I20260630 12:17:04.119381 19906 raft_consensus.cc:740] T 416673c82f034ee28141939602a71b30 P be020839e71d465897f46fd61bd9f4a2 [term 0 FOLLOWER]: Becoming Follower/Learner. State: Replica: be020839e71d465897f46fd61bd9f4a2, State: Initialized, Role: FOLLOWER
I20260630 12:17:04.119568 19709 tablet_service.cc:1917] Received RequestConsensusVote() RPC: tablet_id: "5d463bfbe28043bfaf12b9f8a26f9e83" candidate_uuid: "be020839e71d465897f46fd61bd9f4a2" candidate_term: 1 candidate_status { last_received { term: 0 index: 0 } } ignore_live_leader: false dest_uuid: "f6cc6a42ff0b4daeb5b6c9dbc61347f2" is_pre_election: true
I20260630 12:17:04.118927 19607 catalog_manager.cc:5697] T 0bf6d5e28631445c9857b40b883ef325 P be020839e71d465897f46fd61bd9f4a2 reported cstate change: term changed from 0 to 1, leader changed from <none> to be020839e71d465897f46fd61bd9f4a2 (127.14.236.66). New cstate: current_term: 1 leader_uuid: "be020839e71d465897f46fd61bd9f4a2" committed_config { opid_index: -1 OBSOLETE_local: false peers { permanent_uuid: "f6cc6a42ff0b4daeb5b6c9dbc61347f2" member_type: VOTER last_known_addr { host: "127.14.236.65" port: 33619 } health_report { overall_health: UNKNOWN } } peers { permanent_uuid: "be020839e71d465897f46fd61bd9f4a2" member_type: VOTER last_known_addr { host: "127.14.236.66" port: 38391 } health_report { overall_health: HEALTHY } } peers { permanent_uuid: "ef19fe5d19cd4e6880c148c5d7d0f387" member_type: VOTER last_known_addr { host: "127.14.236.67" port: 44077 } health_report { overall_health: UNKNOWN } } }
I20260630 12:17:04.120167 19906 consensus_queue.cc:260] T 416673c82f034ee28141939602a71b30 P be020839e71d465897f46fd61bd9f4a2 [NON_LEADER]: Queue going to NON_LEADER mode. State: All replicated index: 0, Majority replicated index: 0, Committed index: 0, Last appended: 0.0, Last appended by leader: 0, Current term: 0, Majority size: -1, State: 0, Mode: NON_LEADER, active raft config: opid_index: -1 OBSOLETE_local: false peers { permanent_uuid: "f6cc6a42ff0b4daeb5b6c9dbc61347f2" member_type: VOTER last_known_addr { host: "127.14.236.65" port: 33619 } } peers { permanent_uuid: "be020839e71d465897f46fd61bd9f4a2" member_type: VOTER last_known_addr { host: "127.14.236.66" port: 38391 } } peers { permanent_uuid: "ef19fe5d19cd4e6880c148c5d7d0f387" member_type: VOTER last_known_addr { host: "127.14.236.67" port: 44077 } }
W20260630 12:17:04.121073 19751 leader_election.cc:343] T 5d463bfbe28043bfaf12b9f8a26f9e83 P be020839e71d465897f46fd61bd9f4a2 [CANDIDATE]: Term 1 pre-election: Tablet error from VoteRequest() call to peer f6cc6a42ff0b4daeb5b6c9dbc61347f2 (127.14.236.65:33619): Illegal state: must be running to vote when last-logged opid is not known
I20260630 12:17:04.122503 19906 ts_tablet_manager.cc:1434] T 416673c82f034ee28141939602a71b30 P be020839e71d465897f46fd61bd9f4a2: Time spent starting tablet: real 0.007s	user 0.005s	sys 0.000s
I20260630 12:17:04.122766 19905 raft_consensus.cc:359] T 3a4bc3061ced4ad4aa9cf0c7ecf62312 P ef19fe5d19cd4e6880c148c5d7d0f387 [term 0 FOLLOWER]: Replica starting. Triggering 0 pending ops. Active config: opid_index: -1 OBSOLETE_local: false peers { permanent_uuid: "f6cc6a42ff0b4daeb5b6c9dbc61347f2" member_type: VOTER last_known_addr { host: "127.14.236.65" port: 33619 } } peers { permanent_uuid: "be020839e71d465897f46fd61bd9f4a2" member_type: VOTER last_known_addr { host: "127.14.236.66" port: 38391 } } peers { permanent_uuid: "ef19fe5d19cd4e6880c148c5d7d0f387" member_type: VOTER last_known_addr { host: "127.14.236.67" port: 44077 } }
I20260630 12:17:04.124476 19905 raft_consensus.cc:385] T 3a4bc3061ced4ad4aa9cf0c7ecf62312 P ef19fe5d19cd4e6880c148c5d7d0f387 [term 0 FOLLOWER]: Consensus starting up: Expiring failure detector timer to make a prompt election more likely
I20260630 12:17:04.124760 19905 raft_consensus.cc:740] T 3a4bc3061ced4ad4aa9cf0c7ecf62312 P ef19fe5d19cd4e6880c148c5d7d0f387 [term 0 FOLLOWER]: Becoming Follower/Learner. State: Replica: ef19fe5d19cd4e6880c148c5d7d0f387, State: Initialized, Role: FOLLOWER
I20260630 12:17:04.125417 19905 consensus_queue.cc:260] T 3a4bc3061ced4ad4aa9cf0c7ecf62312 P ef19fe5d19cd4e6880c148c5d7d0f387 [NON_LEADER]: Queue going to NON_LEADER mode. State: All replicated index: 0, Majority replicated index: 0, Committed index: 0, Last appended: 0.0, Last appended by leader: 0, Current term: 0, Majority size: -1, State: 0, Mode: NON_LEADER, active raft config: opid_index: -1 OBSOLETE_local: false peers { permanent_uuid: "f6cc6a42ff0b4daeb5b6c9dbc61347f2" member_type: VOTER last_known_addr { host: "127.14.236.65" port: 33619 } } peers { permanent_uuid: "be020839e71d465897f46fd61bd9f4a2" member_type: VOTER last_known_addr { host: "127.14.236.66" port: 38391 } } peers { permanent_uuid: "ef19fe5d19cd4e6880c148c5d7d0f387" member_type: VOTER last_known_addr { host: "127.14.236.67" port: 44077 } }
I20260630 12:17:04.127358 19905 ts_tablet_manager.cc:1434] T 3a4bc3061ced4ad4aa9cf0c7ecf62312 P ef19fe5d19cd4e6880c148c5d7d0f387: Time spent starting tablet: real 0.013s	user 0.002s	sys 0.002s
I20260630 12:17:04.123483 19906 tablet_bootstrap.cc:492] T 7b38304cd98b4231af44e511dc074973 P be020839e71d465897f46fd61bd9f4a2: Bootstrap starting.
I20260630 12:17:04.123381 19750 leader_election.cc:304] T 5d463bfbe28043bfaf12b9f8a26f9e83 P be020839e71d465897f46fd61bd9f4a2 [CANDIDATE]: Term 1 pre-election: Election decided. Result: candidate won. Election summary: received 3 responses out of 3 voters: 2 yes votes; 1 no votes. yes voters: be020839e71d465897f46fd61bd9f4a2, ef19fe5d19cd4e6880c148c5d7d0f387; no voters: f6cc6a42ff0b4daeb5b6c9dbc61347f2
I20260630 12:17:04.129457 19940 raft_consensus.cc:2804] T 5d463bfbe28043bfaf12b9f8a26f9e83 P be020839e71d465897f46fd61bd9f4a2 [term 0 FOLLOWER]: Leader pre-election won for term 1
I20260630 12:17:04.129803 19940 raft_consensus.cc:493] T 5d463bfbe28043bfaf12b9f8a26f9e83 P be020839e71d465897f46fd61bd9f4a2 [term 0 FOLLOWER]: Starting leader election (no leader contacted us within the election timeout)
I20260630 12:17:04.130117 19940 raft_consensus.cc:3060] T 5d463bfbe28043bfaf12b9f8a26f9e83 P be020839e71d465897f46fd61bd9f4a2 [term 0 FOLLOWER]: Advancing to term 1
I20260630 12:17:04.123608 19907 tablet_bootstrap.cc:492] T 5d463bfbe28043bfaf12b9f8a26f9e83 P f6cc6a42ff0b4daeb5b6c9dbc61347f2: No bootstrap required, opened a new log
I20260630 12:17:04.131008 19907 ts_tablet_manager.cc:1403] T 5d463bfbe28043bfaf12b9f8a26f9e83 P f6cc6a42ff0b4daeb5b6c9dbc61347f2: Time spent bootstrapping tablet: real 0.095s	user 0.021s	sys 0.005s
I20260630 12:17:04.132603 19911 raft_consensus.cc:493] T 416673c82f034ee28141939602a71b30 P be020839e71d465897f46fd61bd9f4a2 [term 0 FOLLOWER]: Starting pre-election (no leader contacted us within the election timeout)
I20260630 12:17:04.133059 19911 raft_consensus.cc:515] T 416673c82f034ee28141939602a71b30 P be020839e71d465897f46fd61bd9f4a2 [term 0 FOLLOWER]: Starting pre-election with config: opid_index: -1 OBSOLETE_local: false peers { permanent_uuid: "f6cc6a42ff0b4daeb5b6c9dbc61347f2" member_type: VOTER last_known_addr { host: "127.14.236.65" port: 33619 } } peers { permanent_uuid: "be020839e71d465897f46fd61bd9f4a2" member_type: VOTER last_known_addr { host: "127.14.236.66" port: 38391 } } peers { permanent_uuid: "ef19fe5d19cd4e6880c148c5d7d0f387" member_type: VOTER last_known_addr { host: "127.14.236.67" port: 44077 } }
I20260630 12:17:04.134161 19906 tablet_bootstrap.cc:654] T 7b38304cd98b4231af44e511dc074973 P be020839e71d465897f46fd61bd9f4a2: Neither blocks nor log segments found. Creating new log.
I20260630 12:17:04.134238 19907 raft_consensus.cc:359] T 5d463bfbe28043bfaf12b9f8a26f9e83 P f6cc6a42ff0b4daeb5b6c9dbc61347f2 [term 0 FOLLOWER]: Replica starting. Triggering 0 pending ops. Active config: opid_index: -1 OBSOLETE_local: false peers { permanent_uuid: "f6cc6a42ff0b4daeb5b6c9dbc61347f2" member_type: VOTER last_known_addr { host: "127.14.236.65" port: 33619 } } peers { permanent_uuid: "be020839e71d465897f46fd61bd9f4a2" member_type: VOTER last_known_addr { host: "127.14.236.66" port: 38391 } } peers { permanent_uuid: "ef19fe5d19cd4e6880c148c5d7d0f387" member_type: VOTER last_known_addr { host: "127.14.236.67" port: 44077 } }
I20260630 12:17:04.135100 19911 leader_election.cc:290] T 416673c82f034ee28141939602a71b30 P be020839e71d465897f46fd61bd9f4a2 [CANDIDATE]: Term 1 pre-election: Requested pre-vote from peers f6cc6a42ff0b4daeb5b6c9dbc61347f2 (127.14.236.65:33619), ef19fe5d19cd4e6880c148c5d7d0f387 (127.14.236.67:44077)
I20260630 12:17:04.128161 19905 tablet_bootstrap.cc:492] T 50d35111410e4ee78ed387cef3ea2d91 P ef19fe5d19cd4e6880c148c5d7d0f387: Bootstrap starting.
I20260630 12:17:04.136869 19709 tablet_service.cc:1917] Received RequestConsensusVote() RPC: tablet_id: "416673c82f034ee28141939602a71b30" candidate_uuid: "be020839e71d465897f46fd61bd9f4a2" candidate_term: 1 candidate_status { last_received { term: 0 index: 0 } } ignore_live_leader: false dest_uuid: "f6cc6a42ff0b4daeb5b6c9dbc61347f2" is_pre_election: true
I20260630 12:17:04.135087 19907 raft_consensus.cc:385] T 5d463bfbe28043bfaf12b9f8a26f9e83 P f6cc6a42ff0b4daeb5b6c9dbc61347f2 [term 0 FOLLOWER]: Consensus starting up: Expiring failure detector timer to make a prompt election more likely
I20260630 12:17:04.138412 19907 raft_consensus.cc:740] T 5d463bfbe28043bfaf12b9f8a26f9e83 P f6cc6a42ff0b4daeb5b6c9dbc61347f2 [term 0 FOLLOWER]: Becoming Follower/Learner. State: Replica: f6cc6a42ff0b4daeb5b6c9dbc61347f2, State: Initialized, Role: FOLLOWER
I20260630 12:17:04.139289 19907 consensus_queue.cc:260] T 5d463bfbe28043bfaf12b9f8a26f9e83 P f6cc6a42ff0b4daeb5b6c9dbc61347f2 [NON_LEADER]: Queue going to NON_LEADER mode. State: All replicated index: 0, Majority replicated index: 0, Committed index: 0, Last appended: 0.0, Last appended by leader: 0, Current term: 0, Majority size: -1, State: 0, Mode: NON_LEADER, active raft config: opid_index: -1 OBSOLETE_local: false peers { permanent_uuid: "f6cc6a42ff0b4daeb5b6c9dbc61347f2" member_type: VOTER last_known_addr { host: "127.14.236.65" port: 33619 } } peers { permanent_uuid: "be020839e71d465897f46fd61bd9f4a2" member_type: VOTER last_known_addr { host: "127.14.236.66" port: 38391 } } peers { permanent_uuid: "ef19fe5d19cd4e6880c148c5d7d0f387" member_type: VOTER last_known_addr { host: "127.14.236.67" port: 44077 } }
I20260630 12:17:04.142062 19860 tablet_service.cc:1917] Received RequestConsensusVote() RPC: tablet_id: "416673c82f034ee28141939602a71b30" candidate_uuid: "be020839e71d465897f46fd61bd9f4a2" candidate_term: 1 candidate_status { last_received { term: 0 index: 0 } } ignore_live_leader: false dest_uuid: "ef19fe5d19cd4e6880c148c5d7d0f387" is_pre_election: true
I20260630 12:17:04.142756 19905 tablet_bootstrap.cc:654] T 50d35111410e4ee78ed387cef3ea2d91 P ef19fe5d19cd4e6880c148c5d7d0f387: Neither blocks nor log segments found. Creating new log.
I20260630 12:17:04.142819 19860 raft_consensus.cc:2393] T 416673c82f034ee28141939602a71b30 P ef19fe5d19cd4e6880c148c5d7d0f387 [term 1 FOLLOWER]: Leader pre-election vote request: Denying vote to candidate be020839e71d465897f46fd61bd9f4a2 in current term 1: Already voted for candidate f6cc6a42ff0b4daeb5b6c9dbc61347f2 in this term.
I20260630 12:17:04.144176 19750 leader_election.cc:304] T 416673c82f034ee28141939602a71b30 P be020839e71d465897f46fd61bd9f4a2 [CANDIDATE]: Term 1 pre-election: Election decided. Result: candidate lost. Election summary: received 3 responses out of 3 voters: 1 yes votes; 2 no votes. yes voters: be020839e71d465897f46fd61bd9f4a2; no voters: ef19fe5d19cd4e6880c148c5d7d0f387, f6cc6a42ff0b4daeb5b6c9dbc61347f2
I20260630 12:17:04.145366 19941 raft_consensus.cc:3060] T 416673c82f034ee28141939602a71b30 P be020839e71d465897f46fd61bd9f4a2 [term 0 FOLLOWER]: Advancing to term 1
I20260630 12:17:04.147781 19907 ts_tablet_manager.cc:1434] T 5d463bfbe28043bfaf12b9f8a26f9e83 P f6cc6a42ff0b4daeb5b6c9dbc61347f2: Time spent starting tablet: real 0.016s	user 0.006s	sys 0.001s
I20260630 12:17:04.147140 19607 catalog_manager.cc:5697] T 33af58ce9d46400aa5e607dcb2dc5fd0 P ef19fe5d19cd4e6880c148c5d7d0f387 reported cstate change: term changed from 0 to 1, leader changed from <none> to ef19fe5d19cd4e6880c148c5d7d0f387 (127.14.236.67). New cstate: current_term: 1 leader_uuid: "ef19fe5d19cd4e6880c148c5d7d0f387" committed_config { opid_index: -1 OBSOLETE_local: false peers { permanent_uuid: "f6cc6a42ff0b4daeb5b6c9dbc61347f2" member_type: VOTER last_known_addr { host: "127.14.236.65" port: 33619 } health_report { overall_health: UNKNOWN } } peers { permanent_uuid: "be020839e71d465897f46fd61bd9f4a2" member_type: VOTER last_known_addr { host: "127.14.236.66" port: 38391 } health_report { overall_health: UNKNOWN } } peers { permanent_uuid: "ef19fe5d19cd4e6880c148c5d7d0f387" member_type: VOTER last_known_addr { host: "127.14.236.67" port: 44077 } health_report { overall_health: HEALTHY } } }
I20260630 12:17:04.148445 19911 raft_consensus.cc:493] T 26c76d6c83854a9ab347a3020eaee545 P be020839e71d465897f46fd61bd9f4a2 [term 0 FOLLOWER]: Starting pre-election (no leader contacted us within the election timeout)
I20260630 12:17:04.148900 19911 raft_consensus.cc:515] T 26c76d6c83854a9ab347a3020eaee545 P be020839e71d465897f46fd61bd9f4a2 [term 0 FOLLOWER]: Starting pre-election with config: opid_index: -1 OBSOLETE_local: false peers { permanent_uuid: "f6cc6a42ff0b4daeb5b6c9dbc61347f2" member_type: VOTER last_known_addr { host: "127.14.236.65" port: 33619 } } peers { permanent_uuid: "be020839e71d465897f46fd61bd9f4a2" member_type: VOTER last_known_addr { host: "127.14.236.66" port: 38391 } } peers { permanent_uuid: "ef19fe5d19cd4e6880c148c5d7d0f387" member_type: VOTER last_known_addr { host: "127.14.236.67" port: 44077 } }
I20260630 12:17:04.150837 19911 leader_election.cc:290] T 26c76d6c83854a9ab347a3020eaee545 P be020839e71d465897f46fd61bd9f4a2 [CANDIDATE]: Term 1 pre-election: Requested pre-vote from peers f6cc6a42ff0b4daeb5b6c9dbc61347f2 (127.14.236.65:33619), ef19fe5d19cd4e6880c148c5d7d0f387 (127.14.236.67:44077)
I20260630 12:17:04.152711 19709 tablet_service.cc:1917] Received RequestConsensusVote() RPC: tablet_id: "26c76d6c83854a9ab347a3020eaee545" candidate_uuid: "be020839e71d465897f46fd61bd9f4a2" candidate_term: 1 candidate_status { last_received { term: 0 index: 0 } } ignore_live_leader: false dest_uuid: "f6cc6a42ff0b4daeb5b6c9dbc61347f2" is_pre_election: true
W20260630 12:17:04.154310 19751 leader_election.cc:343] T 26c76d6c83854a9ab347a3020eaee545 P be020839e71d465897f46fd61bd9f4a2 [CANDIDATE]: Term 1 pre-election: Tablet error from VoteRequest() call to peer f6cc6a42ff0b4daeb5b6c9dbc61347f2 (127.14.236.65:33619): Illegal state: must be running to vote when last-logged opid is not known
I20260630 12:17:04.155186 19860 tablet_service.cc:1917] Received RequestConsensusVote() RPC: tablet_id: "26c76d6c83854a9ab347a3020eaee545" candidate_uuid: "be020839e71d465897f46fd61bd9f4a2" candidate_term: 1 candidate_status { last_received { term: 0 index: 0 } } ignore_live_leader: false dest_uuid: "ef19fe5d19cd4e6880c148c5d7d0f387" is_pre_election: true
I20260630 12:17:04.155534 19941 raft_consensus.cc:2749] T 416673c82f034ee28141939602a71b30 P be020839e71d465897f46fd61bd9f4a2 [term 1 FOLLOWER]: Leader pre-election lost for term 1. Reason: could not achieve majority
I20260630 12:17:04.155732 19907 tablet_bootstrap.cc:492] T ef01c1d1c21a47f9b8b4ccfb91a62698 P f6cc6a42ff0b4daeb5b6c9dbc61347f2: Bootstrap starting.
W20260630 12:17:04.156785 19750 leader_election.cc:343] T 26c76d6c83854a9ab347a3020eaee545 P be020839e71d465897f46fd61bd9f4a2 [CANDIDATE]: Term 1 pre-election: Tablet error from VoteRequest() call to peer ef19fe5d19cd4e6880c148c5d7d0f387 (127.14.236.67:44077): Illegal state: must be running to vote when last-logged opid is not known
I20260630 12:17:04.157285 19750 leader_election.cc:304] T 26c76d6c83854a9ab347a3020eaee545 P be020839e71d465897f46fd61bd9f4a2 [CANDIDATE]: Term 1 pre-election: Election decided. Result: candidate lost. Election summary: received 3 responses out of 3 voters: 1 yes votes; 2 no votes. yes voters: be020839e71d465897f46fd61bd9f4a2; no voters: ef19fe5d19cd4e6880c148c5d7d0f387, f6cc6a42ff0b4daeb5b6c9dbc61347f2
I20260630 12:17:04.158223 19906 tablet_bootstrap.cc:492] T 7b38304cd98b4231af44e511dc074973 P be020839e71d465897f46fd61bd9f4a2: No bootstrap required, opened a new log
I20260630 12:17:04.158526 19941 raft_consensus.cc:2749] T 26c76d6c83854a9ab347a3020eaee545 P be020839e71d465897f46fd61bd9f4a2 [term 0 FOLLOWER]: Leader pre-election lost for term 1. Reason: could not achieve majority
I20260630 12:17:04.158699 19906 ts_tablet_manager.cc:1403] T 7b38304cd98b4231af44e511dc074973 P be020839e71d465897f46fd61bd9f4a2: Time spent bootstrapping tablet: real 0.035s	user 0.007s	sys 0.005s
I20260630 12:17:04.159061 19940 raft_consensus.cc:515] T 5d463bfbe28043bfaf12b9f8a26f9e83 P be020839e71d465897f46fd61bd9f4a2 [term 1 FOLLOWER]: Starting leader election with config: opid_index: -1 OBSOLETE_local: false peers { permanent_uuid: "f6cc6a42ff0b4daeb5b6c9dbc61347f2" member_type: VOTER last_known_addr { host: "127.14.236.65" port: 33619 } } peers { permanent_uuid: "be020839e71d465897f46fd61bd9f4a2" member_type: VOTER last_known_addr { host: "127.14.236.66" port: 38391 } } peers { permanent_uuid: "ef19fe5d19cd4e6880c148c5d7d0f387" member_type: VOTER last_known_addr { host: "127.14.236.67" port: 44077 } }
I20260630 12:17:04.161680 19906 raft_consensus.cc:359] T 7b38304cd98b4231af44e511dc074973 P be020839e71d465897f46fd61bd9f4a2 [term 0 FOLLOWER]: Replica starting. Triggering 0 pending ops. Active config: opid_index: -1 OBSOLETE_local: false peers { permanent_uuid: "f6cc6a42ff0b4daeb5b6c9dbc61347f2" member_type: VOTER last_known_addr { host: "127.14.236.65" port: 33619 } } peers { permanent_uuid: "be020839e71d465897f46fd61bd9f4a2" member_type: VOTER last_known_addr { host: "127.14.236.66" port: 38391 } } peers { permanent_uuid: "ef19fe5d19cd4e6880c148c5d7d0f387" member_type: VOTER last_known_addr { host: "127.14.236.67" port: 44077 } }
I20260630 12:17:04.162346 19906 raft_consensus.cc:385] T 7b38304cd98b4231af44e511dc074973 P be020839e71d465897f46fd61bd9f4a2 [term 0 FOLLOWER]: Consensus starting up: Expiring failure detector timer to make a prompt election more likely
I20260630 12:17:04.162381 19709 tablet_service.cc:1917] Received RequestConsensusVote() RPC: tablet_id: "5d463bfbe28043bfaf12b9f8a26f9e83" candidate_uuid: "be020839e71d465897f46fd61bd9f4a2" candidate_term: 1 candidate_status { last_received { term: 0 index: 0 } } ignore_live_leader: false dest_uuid: "f6cc6a42ff0b4daeb5b6c9dbc61347f2"
I20260630 12:17:04.162578 19907 tablet_bootstrap.cc:654] T ef01c1d1c21a47f9b8b4ccfb91a62698 P f6cc6a42ff0b4daeb5b6c9dbc61347f2: Neither blocks nor log segments found. Creating new log.
I20260630 12:17:04.163151 19709 raft_consensus.cc:3060] T 5d463bfbe28043bfaf12b9f8a26f9e83 P f6cc6a42ff0b4daeb5b6c9dbc61347f2 [term 0 FOLLOWER]: Advancing to term 1
I20260630 12:17:04.163995 19940 leader_election.cc:290] T 5d463bfbe28043bfaf12b9f8a26f9e83 P be020839e71d465897f46fd61bd9f4a2 [CANDIDATE]: Term 1 election: Requested vote from peers f6cc6a42ff0b4daeb5b6c9dbc61347f2 (127.14.236.65:33619), ef19fe5d19cd4e6880c148c5d7d0f387 (127.14.236.67:44077)
I20260630 12:17:04.164628 19860 tablet_service.cc:1917] Received RequestConsensusVote() RPC: tablet_id: "5d463bfbe28043bfaf12b9f8a26f9e83" candidate_uuid: "be020839e71d465897f46fd61bd9f4a2" candidate_term: 1 candidate_status { last_received { term: 0 index: 0 } } ignore_live_leader: false dest_uuid: "ef19fe5d19cd4e6880c148c5d7d0f387"
I20260630 12:17:04.162763 19906 raft_consensus.cc:740] T 7b38304cd98b4231af44e511dc074973 P be020839e71d465897f46fd61bd9f4a2 [term 0 FOLLOWER]: Becoming Follower/Learner. State: Replica: be020839e71d465897f46fd61bd9f4a2, State: Initialized, Role: FOLLOWER
I20260630 12:17:04.165228 19860 raft_consensus.cc:3060] T 5d463bfbe28043bfaf12b9f8a26f9e83 P ef19fe5d19cd4e6880c148c5d7d0f387 [term 0 FOLLOWER]: Advancing to term 1
I20260630 12:17:04.165793 19906 consensus_queue.cc:260] T 7b38304cd98b4231af44e511dc074973 P be020839e71d465897f46fd61bd9f4a2 [NON_LEADER]: Queue going to NON_LEADER mode. State: All replicated index: 0, Majority replicated index: 0, Committed index: 0, Last appended: 0.0, Last appended by leader: 0, Current term: 0, Majority size: -1, State: 0, Mode: NON_LEADER, active raft config: opid_index: -1 OBSOLETE_local: false peers { permanent_uuid: "f6cc6a42ff0b4daeb5b6c9dbc61347f2" member_type: VOTER last_known_addr { host: "127.14.236.65" port: 33619 } } peers { permanent_uuid: "be020839e71d465897f46fd61bd9f4a2" member_type: VOTER last_known_addr { host: "127.14.236.66" port: 38391 } } peers { permanent_uuid: "ef19fe5d19cd4e6880c148c5d7d0f387" member_type: VOTER last_known_addr { host: "127.14.236.67" port: 44077 } }
I20260630 12:17:04.167716 19906 ts_tablet_manager.cc:1434] T 7b38304cd98b4231af44e511dc074973 P be020839e71d465897f46fd61bd9f4a2: Time spent starting tablet: real 0.009s	user 0.006s	sys 0.001s
I20260630 12:17:04.168555 19906 tablet_bootstrap.cc:492] T 50d35111410e4ee78ed387cef3ea2d91 P be020839e71d465897f46fd61bd9f4a2: Bootstrap starting.
I20260630 12:17:04.171030 19709 raft_consensus.cc:2468] T 5d463bfbe28043bfaf12b9f8a26f9e83 P f6cc6a42ff0b4daeb5b6c9dbc61347f2 [term 1 FOLLOWER]: Leader election vote request: Granting yes vote for candidate be020839e71d465897f46fd61bd9f4a2 in term 1.
I20260630 12:17:04.172571 19751 leader_election.cc:304] T 5d463bfbe28043bfaf12b9f8a26f9e83 P be020839e71d465897f46fd61bd9f4a2 [CANDIDATE]: Term 1 election: Election decided. Result: candidate won. Election summary: received 2 responses out of 3 voters: 2 yes votes; 0 no votes. yes voters: be020839e71d465897f46fd61bd9f4a2, f6cc6a42ff0b4daeb5b6c9dbc61347f2; no voters: 
I20260630 12:17:04.173506 19940 raft_consensus.cc:2804] T 5d463bfbe28043bfaf12b9f8a26f9e83 P be020839e71d465897f46fd61bd9f4a2 [term 1 FOLLOWER]: Leader election won for term 1
I20260630 12:17:04.174255 19860 raft_consensus.cc:2468] T 5d463bfbe28043bfaf12b9f8a26f9e83 P ef19fe5d19cd4e6880c148c5d7d0f387 [term 1 FOLLOWER]: Leader election vote request: Granting yes vote for candidate be020839e71d465897f46fd61bd9f4a2 in term 1.
I20260630 12:17:04.175458 19940 raft_consensus.cc:697] T 5d463bfbe28043bfaf12b9f8a26f9e83 P be020839e71d465897f46fd61bd9f4a2 [term 1 LEADER]: Becoming Leader. State: Replica: be020839e71d465897f46fd61bd9f4a2, State: Running, Role: LEADER
I20260630 12:17:04.175717 19905 tablet_bootstrap.cc:492] T 50d35111410e4ee78ed387cef3ea2d91 P ef19fe5d19cd4e6880c148c5d7d0f387: No bootstrap required, opened a new log
I20260630 12:17:04.176366 19905 ts_tablet_manager.cc:1403] T 50d35111410e4ee78ed387cef3ea2d91 P ef19fe5d19cd4e6880c148c5d7d0f387: Time spent bootstrapping tablet: real 0.048s	user 0.011s	sys 0.000s
I20260630 12:17:04.177744 19940 consensus_queue.cc:237] T 5d463bfbe28043bfaf12b9f8a26f9e83 P be020839e71d465897f46fd61bd9f4a2 [LEADER]: Queue going to LEADER mode. State: All replicated index: 0, Majority replicated index: 0, Committed index: 0, Last appended: 0.0, Last appended by leader: 0, Current term: 1, Majority size: 2, State: 0, Mode: LEADER, active raft config: opid_index: -1 OBSOLETE_local: false peers { permanent_uuid: "f6cc6a42ff0b4daeb5b6c9dbc61347f2" member_type: VOTER last_known_addr { host: "127.14.236.65" port: 33619 } } peers { permanent_uuid: "be020839e71d465897f46fd61bd9f4a2" member_type: VOTER last_known_addr { host: "127.14.236.66" port: 38391 } } peers { permanent_uuid: "ef19fe5d19cd4e6880c148c5d7d0f387" member_type: VOTER last_known_addr { host: "127.14.236.67" port: 44077 } }
I20260630 12:17:04.178117 19906 tablet_bootstrap.cc:654] T 50d35111410e4ee78ed387cef3ea2d91 P be020839e71d465897f46fd61bd9f4a2: Neither blocks nor log segments found. Creating new log.
I20260630 12:17:04.182912 19905 raft_consensus.cc:359] T 50d35111410e4ee78ed387cef3ea2d91 P ef19fe5d19cd4e6880c148c5d7d0f387 [term 0 FOLLOWER]: Replica starting. Triggering 0 pending ops. Active config: opid_index: -1 OBSOLETE_local: false peers { permanent_uuid: "f6cc6a42ff0b4daeb5b6c9dbc61347f2" member_type: VOTER last_known_addr { host: "127.14.236.65" port: 33619 } } peers { permanent_uuid: "be020839e71d465897f46fd61bd9f4a2" member_type: VOTER last_known_addr { host: "127.14.236.66" port: 38391 } } peers { permanent_uuid: "ef19fe5d19cd4e6880c148c5d7d0f387" member_type: VOTER last_known_addr { host: "127.14.236.67" port: 44077 } }
I20260630 12:17:04.183801 19905 raft_consensus.cc:385] T 50d35111410e4ee78ed387cef3ea2d91 P ef19fe5d19cd4e6880c148c5d7d0f387 [term 0 FOLLOWER]: Consensus starting up: Expiring failure detector timer to make a prompt election more likely
I20260630 12:17:04.184145 19905 raft_consensus.cc:740] T 50d35111410e4ee78ed387cef3ea2d91 P ef19fe5d19cd4e6880c148c5d7d0f387 [term 0 FOLLOWER]: Becoming Follower/Learner. State: Replica: ef19fe5d19cd4e6880c148c5d7d0f387, State: Initialized, Role: FOLLOWER
I20260630 12:17:04.186250 19905 consensus_queue.cc:260] T 50d35111410e4ee78ed387cef3ea2d91 P ef19fe5d19cd4e6880c148c5d7d0f387 [NON_LEADER]: Queue going to NON_LEADER mode. State: All replicated index: 0, Majority replicated index: 0, Committed index: 0, Last appended: 0.0, Last appended by leader: 0, Current term: 0, Majority size: -1, State: 0, Mode: NON_LEADER, active raft config: opid_index: -1 OBSOLETE_local: false peers { permanent_uuid: "f6cc6a42ff0b4daeb5b6c9dbc61347f2" member_type: VOTER last_known_addr { host: "127.14.236.65" port: 33619 } } peers { permanent_uuid: "be020839e71d465897f46fd61bd9f4a2" member_type: VOTER last_known_addr { host: "127.14.236.66" port: 38391 } } peers { permanent_uuid: "ef19fe5d19cd4e6880c148c5d7d0f387" member_type: VOTER last_known_addr { host: "127.14.236.67" port: 44077 } }
I20260630 12:17:04.187232 19907 tablet_bootstrap.cc:492] T ef01c1d1c21a47f9b8b4ccfb91a62698 P f6cc6a42ff0b4daeb5b6c9dbc61347f2: No bootstrap required, opened a new log
I20260630 12:17:04.187668 19907 ts_tablet_manager.cc:1403] T ef01c1d1c21a47f9b8b4ccfb91a62698 P f6cc6a42ff0b4daeb5b6c9dbc61347f2: Time spent bootstrapping tablet: real 0.032s	user 0.003s	sys 0.015s
I20260630 12:17:04.188385 19905 ts_tablet_manager.cc:1434] T 50d35111410e4ee78ed387cef3ea2d91 P ef19fe5d19cd4e6880c148c5d7d0f387: Time spent starting tablet: real 0.012s	user 0.006s	sys 0.000s
I20260630 12:17:04.189800 19905 tablet_bootstrap.cc:492] T 7b38304cd98b4231af44e511dc074973 P ef19fe5d19cd4e6880c148c5d7d0f387: Bootstrap starting.
I20260630 12:17:04.190070 19907 raft_consensus.cc:359] T ef01c1d1c21a47f9b8b4ccfb91a62698 P f6cc6a42ff0b4daeb5b6c9dbc61347f2 [term 0 FOLLOWER]: Replica starting. Triggering 0 pending ops. Active config: opid_index: -1 OBSOLETE_local: false peers { permanent_uuid: "f6cc6a42ff0b4daeb5b6c9dbc61347f2" member_type: VOTER last_known_addr { host: "127.14.236.65" port: 33619 } } peers { permanent_uuid: "be020839e71d465897f46fd61bd9f4a2" member_type: VOTER last_known_addr { host: "127.14.236.66" port: 38391 } } peers { permanent_uuid: "ef19fe5d19cd4e6880c148c5d7d0f387" member_type: VOTER last_known_addr { host: "127.14.236.67" port: 44077 } }
I20260630 12:17:04.190662 19907 raft_consensus.cc:385] T ef01c1d1c21a47f9b8b4ccfb91a62698 P f6cc6a42ff0b4daeb5b6c9dbc61347f2 [term 0 FOLLOWER]: Consensus starting up: Expiring failure detector timer to make a prompt election more likely
I20260630 12:17:04.190894 19907 raft_consensus.cc:740] T ef01c1d1c21a47f9b8b4ccfb91a62698 P f6cc6a42ff0b4daeb5b6c9dbc61347f2 [term 0 FOLLOWER]: Becoming Follower/Learner. State: Replica: f6cc6a42ff0b4daeb5b6c9dbc61347f2, State: Initialized, Role: FOLLOWER
I20260630 12:17:04.191599 19907 consensus_queue.cc:260] T ef01c1d1c21a47f9b8b4ccfb91a62698 P f6cc6a42ff0b4daeb5b6c9dbc61347f2 [NON_LEADER]: Queue going to NON_LEADER mode. State: All replicated index: 0, Majority replicated index: 0, Committed index: 0, Last appended: 0.0, Last appended by leader: 0, Current term: 0, Majority size: -1, State: 0, Mode: NON_LEADER, active raft config: opid_index: -1 OBSOLETE_local: false peers { permanent_uuid: "f6cc6a42ff0b4daeb5b6c9dbc61347f2" member_type: VOTER last_known_addr { host: "127.14.236.65" port: 33619 } } peers { permanent_uuid: "be020839e71d465897f46fd61bd9f4a2" member_type: VOTER last_known_addr { host: "127.14.236.66" port: 38391 } } peers { permanent_uuid: "ef19fe5d19cd4e6880c148c5d7d0f387" member_type: VOTER last_known_addr { host: "127.14.236.67" port: 44077 } }
I20260630 12:17:04.195346 19905 tablet_bootstrap.cc:654] T 7b38304cd98b4231af44e511dc074973 P ef19fe5d19cd4e6880c148c5d7d0f387: Neither blocks nor log segments found. Creating new log.
I20260630 12:17:04.200220 19907 ts_tablet_manager.cc:1434] T ef01c1d1c21a47f9b8b4ccfb91a62698 P f6cc6a42ff0b4daeb5b6c9dbc61347f2: Time spent starting tablet: real 0.012s	user 0.006s	sys 0.000s
I20260630 12:17:04.202423 19906 tablet_bootstrap.cc:492] T 50d35111410e4ee78ed387cef3ea2d91 P be020839e71d465897f46fd61bd9f4a2: No bootstrap required, opened a new log
I20260630 12:17:04.202862 19906 ts_tablet_manager.cc:1403] T 50d35111410e4ee78ed387cef3ea2d91 P be020839e71d465897f46fd61bd9f4a2: Time spent bootstrapping tablet: real 0.035s	user 0.006s	sys 0.003s
I20260630 12:17:04.205299 19906 raft_consensus.cc:359] T 50d35111410e4ee78ed387cef3ea2d91 P be020839e71d465897f46fd61bd9f4a2 [term 0 FOLLOWER]: Replica starting. Triggering 0 pending ops. Active config: opid_index: -1 OBSOLETE_local: false peers { permanent_uuid: "f6cc6a42ff0b4daeb5b6c9dbc61347f2" member_type: VOTER last_known_addr { host: "127.14.236.65" port: 33619 } } peers { permanent_uuid: "be020839e71d465897f46fd61bd9f4a2" member_type: VOTER last_known_addr { host: "127.14.236.66" port: 38391 } } peers { permanent_uuid: "ef19fe5d19cd4e6880c148c5d7d0f387" member_type: VOTER last_known_addr { host: "127.14.236.67" port: 44077 } }
I20260630 12:17:04.206007 19907 tablet_bootstrap.cc:492] T 26c76d6c83854a9ab347a3020eaee545 P f6cc6a42ff0b4daeb5b6c9dbc61347f2: Bootstrap starting.
I20260630 12:17:04.205920 19906 raft_consensus.cc:385] T 50d35111410e4ee78ed387cef3ea2d91 P be020839e71d465897f46fd61bd9f4a2 [term 0 FOLLOWER]: Consensus starting up: Expiring failure detector timer to make a prompt election more likely
I20260630 12:17:04.206539 19906 raft_consensus.cc:740] T 50d35111410e4ee78ed387cef3ea2d91 P be020839e71d465897f46fd61bd9f4a2 [term 0 FOLLOWER]: Becoming Follower/Learner. State: Replica: be020839e71d465897f46fd61bd9f4a2, State: Initialized, Role: FOLLOWER
I20260630 12:17:04.207211 19906 consensus_queue.cc:260] T 50d35111410e4ee78ed387cef3ea2d91 P be020839e71d465897f46fd61bd9f4a2 [NON_LEADER]: Queue going to NON_LEADER mode. State: All replicated index: 0, Majority replicated index: 0, Committed index: 0, Last appended: 0.0, Last appended by leader: 0, Current term: 0, Majority size: -1, State: 0, Mode: NON_LEADER, active raft config: opid_index: -1 OBSOLETE_local: false peers { permanent_uuid: "f6cc6a42ff0b4daeb5b6c9dbc61347f2" member_type: VOTER last_known_addr { host: "127.14.236.65" port: 33619 } } peers { permanent_uuid: "be020839e71d465897f46fd61bd9f4a2" member_type: VOTER last_known_addr { host: "127.14.236.66" port: 38391 } } peers { permanent_uuid: "ef19fe5d19cd4e6880c148c5d7d0f387" member_type: VOTER last_known_addr { host: "127.14.236.67" port: 44077 } }
I20260630 12:17:04.205499 19905 tablet_bootstrap.cc:492] T 7b38304cd98b4231af44e511dc074973 P ef19fe5d19cd4e6880c148c5d7d0f387: No bootstrap required, opened a new log
I20260630 12:17:04.209049 19906 ts_tablet_manager.cc:1434] T 50d35111410e4ee78ed387cef3ea2d91 P be020839e71d465897f46fd61bd9f4a2: Time spent starting tablet: real 0.006s	user 0.007s	sys 0.001s
