I20260630 12:16:27.835662 17633 raft_consensus.cc:2955] T 8eba1f51c764483e9e6c3ad4694ecf05 P 7129e1b31af8484eacf50ee21a9d1361 [term 1 FOLLOWER]: Committing config change with OpId 1.4: config changed from index 3 to 4, VOTER f3e195fc75b744d7b4656396f5dcdf87 (127.14.46.68) evicted. New config: { opid_index: 4 OBSOLETE_local: false peers { permanent_uuid: "35ce8e8f7fed4a17843e38bfbec7f64f" member_type: VOTER last_known_addr { host: "127.14.46.65" port: 36779 } } peers { permanent_uuid: "a18b40f11d4d42db89647bfc95b3f758" member_type: VOTER last_known_addr { host: "127.14.46.66" port: 41213 } } peers { permanent_uuid: "7129e1b31af8484eacf50ee21a9d1361" member_type: VOTER last_known_addr { host: "127.14.46.67" port: 36437 } attrs { promote: false } } }
I20260630 12:16:27.838364 18036 raft_consensus.cc:2243] T f2c887031899420bb0eea1d048a67157 P f3e195fc75b744d7b4656396f5dcdf87 [term 1 FOLLOWER]: Raft consensus shutting down.
I20260630 12:16:27.839030 18036 pending_rounds.cc:70] T f2c887031899420bb0eea1d048a67157 P f3e195fc75b744d7b4656396f5dcdf87: Trying to abort 1 pending ops.
I20260630 12:16:27.839274 18036 pending_rounds.cc:77] T f2c887031899420bb0eea1d048a67157 P f3e195fc75b744d7b4656396f5dcdf87: Aborting op as it isn't in flight: id { term: 1 index: 3 } timestamp: 7302438041781301248 op_type: CHANGE_CONFIG_OP change_config_record { tablet_id: "f2c887031899420bb0eea1d048a67157" old_config { opid_index: 2 OBSOLETE_local: false peers { permanent_uuid: "f3e195fc75b744d7b4656396f5dcdf87" member_type: VOTER last_known_addr { host: "127.14.46.68" port: 39957 } attrs { replace: true } } peers { permanent_uuid: "7129e1b31af8484eacf50ee21a9d1361" member_type: VOTER last_known_addr { host: "127.14.46.67" port: 36437 } } peers { permanent_uuid: "35ce8e8f7fed4a17843e38bfbec7f64f" member_type: VOTER last_known_addr { host: "127.14.46.65" port: 36779 } } peers { permanent_uuid: "a18b40f11d4d42db89647bfc95b3f758" member_type: NON_VOTER last_known_addr { host: "127.14.46.66" port: 41213 } attrs { promote: true } } } new_config { opid_index: 3 OBSOLETE_local: false peers { permanent_uuid: "f3e195fc75b744d7b4656396f5dcdf87" member_type: VOTER last_known_addr { host: "127.14.46.68" port: 39957 } attrs { replace: true } } peers { permanent_uuid: "7129e1b31af8484eacf50ee21a9d1361" member_type: VOTER last_known_addr { host: "127.14.46.67" port: 36437 } } peers { permanent_uuid: "35ce8e8f7fed4a17843e38bfbec7f64f" member_type: VOTER last_known_addr { host: "127.14.46.65" port: 36779 } } peers { permanent_uuid: "a18b40f11d4d42db89647bfc95b3f758" member_type: VOTER last_known_addr { host: "127.14.46.66" port: 41213 } attrs { promote: false } } } }
I20260630 12:16:27.840390 18036 raft_consensus.cc:2917] T f2c887031899420bb0eea1d048a67157 P f3e195fc75b744d7b4656396f5dcdf87 [term 1 FOLLOWER]: Aborting config change with OpId 1.3: Aborted: Op aborted
I20260630 12:16:27.840457 17370 catalog_manager.cc:5210] ChangeConfig:REMOVE_PEER RPC for tablet 8eba1f51c764483e9e6c3ad4694ecf05 with cas_config_opid_index 3: ChangeConfig:REMOVE_PEER succeeded (attempt 1)
I20260630 12:16:27.840883 18036 raft_consensus.cc:2889] T f2c887031899420bb0eea1d048a67157 P f3e195fc75b744d7b4656396f5dcdf87 [term 1 FOLLOWER]: CHANGE_CONFIG_OP replication failed: Aborted: Op aborted
I20260630 12:16:27.841288 18036 raft_consensus.cc:2272] T f2c887031899420bb0eea1d048a67157 P f3e195fc75b744d7b4656396f5dcdf87 [term 1 FOLLOWER]: Raft consensus is shut down!
I20260630 12:16:27.843559 18036 ts_tablet_manager.cc:1916] T f2c887031899420bb0eea1d048a67157 P f3e195fc75b744d7b4656396f5dcdf87: Deleting tablet data with delete state TABLET_DATA_TOMBSTONED
I20260630 12:16:27.852360 17382 catalog_manager.cc:5697] T 8eba1f51c764483e9e6c3ad4694ecf05 P 35ce8e8f7fed4a17843e38bfbec7f64f reported cstate change: config changed from index 3 to 4, VOTER f3e195fc75b744d7b4656396f5dcdf87 (127.14.46.68) evicted. New cstate: current_term: 1 leader_uuid: "35ce8e8f7fed4a17843e38bfbec7f64f" committed_config { opid_index: 4 OBSOLETE_local: false peers { permanent_uuid: "35ce8e8f7fed4a17843e38bfbec7f64f" member_type: VOTER last_known_addr { host: "127.14.46.65" port: 36779 } health_report { overall_health: HEALTHY } } peers { permanent_uuid: "a18b40f11d4d42db89647bfc95b3f758" member_type: VOTER last_known_addr { host: "127.14.46.66" port: 41213 } health_report { overall_health: HEALTHY } } peers { permanent_uuid: "7129e1b31af8484eacf50ee21a9d1361" member_type: VOTER last_known_addr { host: "127.14.46.67" port: 36437 } attrs { promote: false } health_report { overall_health: HEALTHY } } }
I20260630 12:16:27.857136 18036 ts_tablet_manager.cc:1929] T f2c887031899420bb0eea1d048a67157 P f3e195fc75b744d7b4656396f5dcdf87: tablet deleted with delete type TABLET_DATA_TOMBSTONED: last-logged OpId 1.3
I20260630 12:16:27.857470 18036 log.cc:1199] T f2c887031899420bb0eea1d048a67157 P f3e195fc75b744d7b4656396f5dcdf87: Deleting WAL directory at /tmp/dist-test-tasklS4ROL/test-tmp/auto_rebalancer-test.0.AutoRebalancerTest.RangeAwareRebalancesNewRangeReplicas.1782821701936432-14521-0/minicluster-data/ts-3-root/wals/f2c887031899420bb0eea1d048a67157
I20260630 12:16:27.859026 17370 catalog_manager.cc:5028] TS f3e195fc75b744d7b4656396f5dcdf87 (127.14.46.68:39957): tablet f2c887031899420bb0eea1d048a67157 (table range_aware_rebalance_new_range [id=3e3d09f529e1464db1ee861a386ec7f4]) successfully deleted
I20260630 12:16:27.860958 17774 tablet_service.cc:1558] Processing DeleteTablet for tablet 8eba1f51c764483e9e6c3ad4694ecf05 with delete_type TABLET_DATA_TOMBSTONED (TS f3e195fc75b744d7b4656396f5dcdf87 not found in new config with opid_index 4) from {username='slave'} at 127.0.0.1:58620
I20260630 12:16:27.861665 18036 tablet_replica.cc:333] T 8eba1f51c764483e9e6c3ad4694ecf05 P f3e195fc75b744d7b4656396f5dcdf87: stopping tablet replica
I20260630 12:16:27.862293 18036 raft_consensus.cc:2243] T 8eba1f51c764483e9e6c3ad4694ecf05 P f3e195fc75b744d7b4656396f5dcdf87 [term 1 FOLLOWER]: Raft consensus shutting down.
I20260630 12:16:27.862922 18036 raft_consensus.cc:2272] T 8eba1f51c764483e9e6c3ad4694ecf05 P f3e195fc75b744d7b4656396f5dcdf87 [term 1 FOLLOWER]: Raft consensus is shut down!
I20260630 12:16:27.866693 18036 ts_tablet_manager.cc:1916] T 8eba1f51c764483e9e6c3ad4694ecf05 P f3e195fc75b744d7b4656396f5dcdf87: Deleting tablet data with delete state TABLET_DATA_TOMBSTONED
I20260630 12:16:27.875950 18036 ts_tablet_manager.cc:1929] T 8eba1f51c764483e9e6c3ad4694ecf05 P f3e195fc75b744d7b4656396f5dcdf87: tablet deleted with delete type TABLET_DATA_TOMBSTONED: last-logged OpId 1.3
I20260630 12:16:27.876195 18036 log.cc:1199] T 8eba1f51c764483e9e6c3ad4694ecf05 P f3e195fc75b744d7b4656396f5dcdf87: Deleting WAL directory at /tmp/dist-test-tasklS4ROL/test-tmp/auto_rebalancer-test.0.AutoRebalancerTest.RangeAwareRebalancesNewRangeReplicas.1782821701936432-14521-0/minicluster-data/ts-3-root/wals/8eba1f51c764483e9e6c3ad4694ecf05
I20260630 12:16:27.877322 17370 catalog_manager.cc:5028] TS f3e195fc75b744d7b4656396f5dcdf87 (127.14.46.68:39957): tablet 8eba1f51c764483e9e6c3ad4694ecf05 (table range_aware_rebalance_new_range [id=3e3d09f529e1464db1ee861a386ec7f4]) successfully deleted
I20260630 12:16:27.951442 17485 raft_consensus.cc:1275] T 2989968d2e6f4cd994dbf84615fa5e80 P 35ce8e8f7fed4a17843e38bfbec7f64f [term 2 FOLLOWER]: Refusing update from remote peer f3e195fc75b744d7b4656396f5dcdf87: Log matching property violated. Preceding OpId in replica: term: 1 index: 4. Preceding OpId from leader: term: 2 index: 5. (index mismatch)
I20260630 12:16:27.952587 17862 consensus_queue.cc:1048] T 2989968d2e6f4cd994dbf84615fa5e80 P f3e195fc75b744d7b4656396f5dcdf87 [LEADER]: Connected to new peer: Peer: permanent_uuid: "35ce8e8f7fed4a17843e38bfbec7f64f" member_type: VOTER last_known_addr { host: "127.14.46.65" port: 36779 }, Status: LMP_MISMATCH, Last received: 0.0, Next index: 5, Last known committed idx: 4, Time since last communication: 0.000s
I20260630 12:16:27.962020 17633 raft_consensus.cc:1275] T 2989968d2e6f4cd994dbf84615fa5e80 P 7129e1b31af8484eacf50ee21a9d1361 [term 2 FOLLOWER]: Refusing update from remote peer f3e195fc75b744d7b4656396f5dcdf87: Log matching property violated. Preceding OpId in replica: term: 1 index: 4. Preceding OpId from leader: term: 2 index: 5. (index mismatch)
I20260630 12:16:27.963721 17862 consensus_queue.cc:1048] T 2989968d2e6f4cd994dbf84615fa5e80 P f3e195fc75b744d7b4656396f5dcdf87 [LEADER]: Connected to new peer: Peer: permanent_uuid: "7129e1b31af8484eacf50ee21a9d1361" member_type: VOTER last_known_addr { host: "127.14.46.67" port: 36437 }, Status: LMP_MISMATCH, Last received: 0.0, Next index: 5, Last known committed idx: 4, Time since last communication: 0.000s
I20260630 12:16:28.878726 17485 consensus_queue.cc:237] T 2dcecf78894d45b5a3cc96049f998a20 P 35ce8e8f7fed4a17843e38bfbec7f64f [LEADER]: Queue going to LEADER mode. State: All replicated index: 0, Majority replicated index: 1, Committed index: 1, Last appended: 1.1, Last appended by leader: 0, Current term: 1, Majority size: 2, State: 0, Mode: LEADER, active raft config: opid_index: 2 OBSOLETE_local: false peers { permanent_uuid: "7129e1b31af8484eacf50ee21a9d1361" member_type: VOTER last_known_addr { host: "127.14.46.67" port: 36437 } attrs { replace: true } } peers { permanent_uuid: "a18b40f11d4d42db89647bfc95b3f758" member_type: VOTER last_known_addr { host: "127.14.46.66" port: 41213 } } peers { permanent_uuid: "35ce8e8f7fed4a17843e38bfbec7f64f" member_type: VOTER last_known_addr { host: "127.14.46.65" port: 36779 } } peers { permanent_uuid: "f3e195fc75b744d7b4656396f5dcdf87" member_type: NON_VOTER last_known_addr { host: "127.14.46.68" port: 39957 } attrs { promote: true } }
I20260630 12:16:28.883651 17560 raft_consensus.cc:1275] T 2dcecf78894d45b5a3cc96049f998a20 P a18b40f11d4d42db89647bfc95b3f758 [term 1 FOLLOWER]: Refusing update from remote peer 35ce8e8f7fed4a17843e38bfbec7f64f: Log matching property violated. Preceding OpId in replica: term: 1 index: 1. Preceding OpId from leader: term: 1 index: 2. (index mismatch)
I20260630 12:16:28.884997 18006 consensus_queue.cc:1048] T 2dcecf78894d45b5a3cc96049f998a20 P 35ce8e8f7fed4a17843e38bfbec7f64f [LEADER]: Connected to new peer: Peer: permanent_uuid: "a18b40f11d4d42db89647bfc95b3f758" member_type: VOTER last_known_addr { host: "127.14.46.66" port: 41213 }, Status: LMP_MISMATCH, Last received: 0.0, Next index: 2, Last known committed idx: 1, Time since last communication: 0.000s
I20260630 12:16:28.885576 17633 raft_consensus.cc:1275] T 2dcecf78894d45b5a3cc96049f998a20 P 7129e1b31af8484eacf50ee21a9d1361 [term 1 FOLLOWER]: Refusing update from remote peer 35ce8e8f7fed4a17843e38bfbec7f64f: Log matching property violated. Preceding OpId in replica: term: 1 index: 1. Preceding OpId from leader: term: 1 index: 2. (index mismatch)
W20260630 12:16:28.885845 17451 consensus_peers.cc:597] T 2dcecf78894d45b5a3cc96049f998a20 P 35ce8e8f7fed4a17843e38bfbec7f64f -> Peer f3e195fc75b744d7b4656396f5dcdf87 (127.14.46.68:39957): Couldn't send request to peer f3e195fc75b744d7b4656396f5dcdf87. Error code: TABLET_NOT_FOUND (6). Status: Not found: Tablet not found: 2dcecf78894d45b5a3cc96049f998a20. This is attempt 1: this message will repeat every 5th retry.
I20260630 12:16:28.886737 18046 consensus_queue.cc:1048] T 2dcecf78894d45b5a3cc96049f998a20 P 35ce8e8f7fed4a17843e38bfbec7f64f [LEADER]: Connected to new peer: Peer: permanent_uuid: "7129e1b31af8484eacf50ee21a9d1361" member_type: VOTER last_known_addr { host: "127.14.46.67" port: 36437 } attrs { replace: true }, Status: LMP_MISMATCH, Last received: 0.0, Next index: 2, Last known committed idx: 1, Time since last communication: 0.000s
I20260630 12:16:28.892370 18006 raft_consensus.cc:2955] T 2dcecf78894d45b5a3cc96049f998a20 P 35ce8e8f7fed4a17843e38bfbec7f64f [term 1 LEADER]: Committing config change with OpId 1.2: config changed from index -1 to 2, NON_VOTER f3e195fc75b744d7b4656396f5dcdf87 (127.14.46.68) added. New config: { opid_index: 2 OBSOLETE_local: false peers { permanent_uuid: "7129e1b31af8484eacf50ee21a9d1361" member_type: VOTER last_known_addr { host: "127.14.46.67" port: 36437 } attrs { replace: true } } peers { permanent_uuid: "a18b40f11d4d42db89647bfc95b3f758" member_type: VOTER last_known_addr { host: "127.14.46.66" port: 41213 } } peers { permanent_uuid: "35ce8e8f7fed4a17843e38bfbec7f64f" member_type: VOTER last_known_addr { host: "127.14.46.65" port: 36779 } } peers { permanent_uuid: "f3e195fc75b744d7b4656396f5dcdf87" member_type: NON_VOTER last_known_addr { host: "127.14.46.68" port: 39957 } attrs { promote: true } } }
I20260630 12:16:28.894227 17560 raft_consensus.cc:2955] T 2dcecf78894d45b5a3cc96049f998a20 P a18b40f11d4d42db89647bfc95b3f758 [term 1 FOLLOWER]: Committing config change with OpId 1.2: config changed from index -1 to 2, NON_VOTER f3e195fc75b744d7b4656396f5dcdf87 (127.14.46.68) added. New config: { opid_index: 2 OBSOLETE_local: false peers { permanent_uuid: "7129e1b31af8484eacf50ee21a9d1361" member_type: VOTER last_known_addr { host: "127.14.46.67" port: 36437 } attrs { replace: true } } peers { permanent_uuid: "a18b40f11d4d42db89647bfc95b3f758" member_type: VOTER last_known_addr { host: "127.14.46.66" port: 41213 } } peers { permanent_uuid: "35ce8e8f7fed4a17843e38bfbec7f64f" member_type: VOTER last_known_addr { host: "127.14.46.65" port: 36779 } } peers { permanent_uuid: "f3e195fc75b744d7b4656396f5dcdf87" member_type: NON_VOTER last_known_addr { host: "127.14.46.68" port: 39957 } attrs { promote: true } } }
I20260630 12:16:28.895346 17633 raft_consensus.cc:2955] T 2dcecf78894d45b5a3cc96049f998a20 P 7129e1b31af8484eacf50ee21a9d1361 [term 1 FOLLOWER]: Committing config change with OpId 1.2: config changed from index -1 to 2, NON_VOTER f3e195fc75b744d7b4656396f5dcdf87 (127.14.46.68) added. New config: { opid_index: 2 OBSOLETE_local: false peers { permanent_uuid: "7129e1b31af8484eacf50ee21a9d1361" member_type: VOTER last_known_addr { host: "127.14.46.67" port: 36437 } attrs { replace: true } } peers { permanent_uuid: "a18b40f11d4d42db89647bfc95b3f758" member_type: VOTER last_known_addr { host: "127.14.46.66" port: 41213 } } peers { permanent_uuid: "35ce8e8f7fed4a17843e38bfbec7f64f" member_type: VOTER last_known_addr { host: "127.14.46.65" port: 36779 } } peers { permanent_uuid: "f3e195fc75b744d7b4656396f5dcdf87" member_type: NON_VOTER last_known_addr { host: "127.14.46.68" port: 39957 } attrs { promote: true } } }
I20260630 12:16:28.906193 17380 catalog_manager.cc:5697] T 2dcecf78894d45b5a3cc96049f998a20 P a18b40f11d4d42db89647bfc95b3f758 reported cstate change: config changed from index -1 to 2, NON_VOTER f3e195fc75b744d7b4656396f5dcdf87 (127.14.46.68) added. New cstate: current_term: 1 leader_uuid: "35ce8e8f7fed4a17843e38bfbec7f64f" committed_config { opid_index: 2 OBSOLETE_local: false peers { permanent_uuid: "7129e1b31af8484eacf50ee21a9d1361" member_type: VOTER last_known_addr { host: "127.14.46.67" port: 36437 } attrs { replace: true } } peers { permanent_uuid: "a18b40f11d4d42db89647bfc95b3f758" member_type: VOTER last_known_addr { host: "127.14.46.66" port: 41213 } } peers { permanent_uuid: "35ce8e8f7fed4a17843e38bfbec7f64f" member_type: VOTER last_known_addr { host: "127.14.46.65" port: 36779 } } peers { permanent_uuid: "f3e195fc75b744d7b4656396f5dcdf87" member_type: NON_VOTER last_known_addr { host: "127.14.46.68" port: 39957 } attrs { promote: true } } }
I20260630 12:16:29.130179 17436 auto_leader_rebalancer.cc:141] leader rebalance for table range_aware_rebalance_new_range
I20260630 12:16:29.142918 17436 auto_leader_rebalancer.cc:440] table: range_aware_rebalance_new_range, leader rebalance finish, leader transfer count: 0
I20260630 12:16:29.143446 17436 auto_leader_rebalancer.cc:515] All tables' leader rebalancing finished this round
I20260630 12:16:29.510435 18055 ts_tablet_manager.cc:933] T 2dcecf78894d45b5a3cc96049f998a20 P f3e195fc75b744d7b4656396f5dcdf87: Initiating tablet copy from peer 35ce8e8f7fed4a17843e38bfbec7f64f (127.14.46.65:36779)
I20260630 12:16:29.511987 18055 tablet_copy_client.cc:323] T 2dcecf78894d45b5a3cc96049f998a20 P f3e195fc75b744d7b4656396f5dcdf87: tablet copy: Beginning tablet copy session from remote peer at address 127.14.46.65:36779
I20260630 12:16:29.513424 17495 tablet_copy_service.cc:140] P 35ce8e8f7fed4a17843e38bfbec7f64f: Received BeginTabletCopySession request for tablet 2dcecf78894d45b5a3cc96049f998a20 from peer f3e195fc75b744d7b4656396f5dcdf87 ({username='slave'} at 127.0.0.1:34980)
I20260630 12:16:29.513827 17495 tablet_copy_service.cc:161] P 35ce8e8f7fed4a17843e38bfbec7f64f: Beginning new tablet copy session on tablet 2dcecf78894d45b5a3cc96049f998a20 from peer f3e195fc75b744d7b4656396f5dcdf87 at {username='slave'} at 127.0.0.1:34980: session id = f3e195fc75b744d7b4656396f5dcdf87-2dcecf78894d45b5a3cc96049f998a20
I20260630 12:16:29.518378 17495 tablet_copy_source_session.cc:215] T 2dcecf78894d45b5a3cc96049f998a20 P 35ce8e8f7fed4a17843e38bfbec7f64f: Tablet Copy: opened 0 blocks and 1 log segments
I20260630 12:16:29.520836 18055 data_dirs.cc:400] Could only allocate 1 dirs of requested 3 for tablet 2dcecf78894d45b5a3cc96049f998a20. 1 dirs total, 0 dirs full, 0 dirs failed
I20260630 12:16:29.530258 18055 tablet_copy_client.cc:806] T 2dcecf78894d45b5a3cc96049f998a20 P f3e195fc75b744d7b4656396f5dcdf87: tablet copy: Starting download of 0 data blocks...
I20260630 12:16:29.530782 18055 tablet_copy_client.cc:670] T 2dcecf78894d45b5a3cc96049f998a20 P f3e195fc75b744d7b4656396f5dcdf87: tablet copy: Starting download of 1 WAL segments...
I20260630 12:16:29.534139 18055 tablet_copy_client.cc:538] T 2dcecf78894d45b5a3cc96049f998a20 P f3e195fc75b744d7b4656396f5dcdf87: tablet copy: Tablet Copy complete. Replacing tablet superblock.
I20260630 12:16:29.541846 18055 tablet_bootstrap.cc:492] T 2dcecf78894d45b5a3cc96049f998a20 P f3e195fc75b744d7b4656396f5dcdf87: Bootstrap starting.
I20260630 12:16:29.559171 18055 tablet_bootstrap.cc:492] T 2dcecf78894d45b5a3cc96049f998a20 P f3e195fc75b744d7b4656396f5dcdf87: Bootstrap replayed 1/1 log segments. Stats: ops{read=2 overwritten=0 applied=2 ignored=0} inserts{seen=0 ignored=0} mutations{seen=0 ignored=0} orphaned_commits=0. Pending: 0 replicates
I20260630 12:16:29.559759 18055 tablet_bootstrap.cc:492] T 2dcecf78894d45b5a3cc96049f998a20 P f3e195fc75b744d7b4656396f5dcdf87: Bootstrap complete.
I20260630 12:16:29.560245 18055 ts_tablet_manager.cc:1403] T 2dcecf78894d45b5a3cc96049f998a20 P f3e195fc75b744d7b4656396f5dcdf87: Time spent bootstrapping tablet: real 0.019s	user 0.016s	sys 0.000s
I20260630 12:16:29.562194 18055 raft_consensus.cc:359] T 2dcecf78894d45b5a3cc96049f998a20 P f3e195fc75b744d7b4656396f5dcdf87 [term 1 LEARNER]: Replica starting. Triggering 0 pending ops. Active config: opid_index: 2 OBSOLETE_local: false peers { permanent_uuid: "7129e1b31af8484eacf50ee21a9d1361" member_type: VOTER last_known_addr { host: "127.14.46.67" port: 36437 } attrs { replace: true } } peers { permanent_uuid: "a18b40f11d4d42db89647bfc95b3f758" member_type: VOTER last_known_addr { host: "127.14.46.66" port: 41213 } } peers { permanent_uuid: "35ce8e8f7fed4a17843e38bfbec7f64f" member_type: VOTER last_known_addr { host: "127.14.46.65" port: 36779 } } peers { permanent_uuid: "f3e195fc75b744d7b4656396f5dcdf87" member_type: NON_VOTER last_known_addr { host: "127.14.46.68" port: 39957 } attrs { promote: true } }
I20260630 12:16:29.562718 18055 raft_consensus.cc:740] T 2dcecf78894d45b5a3cc96049f998a20 P f3e195fc75b744d7b4656396f5dcdf87 [term 1 LEARNER]: Becoming Follower/Learner. State: Replica: f3e195fc75b744d7b4656396f5dcdf87, State: Initialized, Role: LEARNER
I20260630 12:16:29.563171 18055 consensus_queue.cc:260] T 2dcecf78894d45b5a3cc96049f998a20 P f3e195fc75b744d7b4656396f5dcdf87 [NON_LEADER]: Queue going to NON_LEADER mode. State: All replicated index: 0, Majority replicated index: 0, Committed index: 2, Last appended: 1.2, Last appended by leader: 2, Current term: 0, Majority size: -1, State: 0, Mode: NON_LEADER, active raft config: opid_index: 2 OBSOLETE_local: false peers { permanent_uuid: "7129e1b31af8484eacf50ee21a9d1361" member_type: VOTER last_known_addr { host: "127.14.46.67" port: 36437 } attrs { replace: true } } peers { permanent_uuid: "a18b40f11d4d42db89647bfc95b3f758" member_type: VOTER last_known_addr { host: "127.14.46.66" port: 41213 } } peers { permanent_uuid: "35ce8e8f7fed4a17843e38bfbec7f64f" member_type: VOTER last_known_addr { host: "127.14.46.65" port: 36779 } } peers { permanent_uuid: "f3e195fc75b744d7b4656396f5dcdf87" member_type: NON_VOTER last_known_addr { host: "127.14.46.68" port: 39957 } attrs { promote: true } }
I20260630 12:16:29.565163 18055 ts_tablet_manager.cc:1434] T 2dcecf78894d45b5a3cc96049f998a20 P f3e195fc75b744d7b4656396f5dcdf87: Time spent starting tablet: real 0.005s	user 0.008s	sys 0.000s
I20260630 12:16:29.566627 17495 tablet_copy_service.cc:342] P 35ce8e8f7fed4a17843e38bfbec7f64f: Request end of tablet copy session f3e195fc75b744d7b4656396f5dcdf87-2dcecf78894d45b5a3cc96049f998a20 received from {username='slave'} at 127.0.0.1:34980
I20260630 12:16:29.567019 17495 tablet_copy_service.cc:434] P 35ce8e8f7fed4a17843e38bfbec7f64f: ending tablet copy session f3e195fc75b744d7b4656396f5dcdf87-2dcecf78894d45b5a3cc96049f998a20 on tablet 2dcecf78894d45b5a3cc96049f998a20 with peer f3e195fc75b744d7b4656396f5dcdf87
I20260630 12:16:29.888787 17783 raft_consensus.cc:1217] T 2dcecf78894d45b5a3cc96049f998a20 P f3e195fc75b744d7b4656396f5dcdf87 [term 1 LEARNER]: Deduplicated request from leader. Original: 1.1->[1.2-1.2]   Dedup: 1.2->[]
I20260630 12:16:30.446261 18058 raft_consensus.cc:1064] T 2dcecf78894d45b5a3cc96049f998a20 P 35ce8e8f7fed4a17843e38bfbec7f64f: attempting to promote NON_VOTER f3e195fc75b744d7b4656396f5dcdf87 to VOTER
I20260630 12:16:30.448098 18058 consensus_queue.cc:237] T 2dcecf78894d45b5a3cc96049f998a20 P 35ce8e8f7fed4a17843e38bfbec7f64f [LEADER]: Queue going to LEADER mode. State: All replicated index: 0, Majority replicated index: 2, Committed index: 2, Last appended: 1.2, Last appended by leader: 0, Current term: 1, Majority size: 3, State: 0, Mode: LEADER, active raft config: opid_index: 3 OBSOLETE_local: false peers { permanent_uuid: "7129e1b31af8484eacf50ee21a9d1361" member_type: VOTER last_known_addr { host: "127.14.46.67" port: 36437 } attrs { replace: true } } peers { permanent_uuid: "a18b40f11d4d42db89647bfc95b3f758" member_type: VOTER last_known_addr { host: "127.14.46.66" port: 41213 } } peers { permanent_uuid: "35ce8e8f7fed4a17843e38bfbec7f64f" member_type: VOTER last_known_addr { host: "127.14.46.65" port: 36779 } } peers { permanent_uuid: "f3e195fc75b744d7b4656396f5dcdf87" member_type: VOTER last_known_addr { host: "127.14.46.68" port: 39957 } attrs { promote: false } }
I20260630 12:16:30.454516 17560 raft_consensus.cc:1275] T 2dcecf78894d45b5a3cc96049f998a20 P a18b40f11d4d42db89647bfc95b3f758 [term 1 FOLLOWER]: Refusing update from remote peer 35ce8e8f7fed4a17843e38bfbec7f64f: Log matching property violated. Preceding OpId in replica: term: 1 index: 2. Preceding OpId from leader: term: 1 index: 3. (index mismatch)
I20260630 12:16:30.454517 17783 raft_consensus.cc:1275] T 2dcecf78894d45b5a3cc96049f998a20 P f3e195fc75b744d7b4656396f5dcdf87 [term 1 LEARNER]: Refusing update from remote peer 35ce8e8f7fed4a17843e38bfbec7f64f: Log matching property violated. Preceding OpId in replica: term: 1 index: 2. Preceding OpId from leader: term: 1 index: 3. (index mismatch)
I20260630 12:16:30.455770 17633 raft_consensus.cc:1275] T 2dcecf78894d45b5a3cc96049f998a20 P 7129e1b31af8484eacf50ee21a9d1361 [term 1 FOLLOWER]: Refusing update from remote peer 35ce8e8f7fed4a17843e38bfbec7f64f: Log matching property violated. Preceding OpId in replica: term: 1 index: 2. Preceding OpId from leader: term: 1 index: 3. (index mismatch)
I20260630 12:16:30.456051 18058 consensus_queue.cc:1048] T 2dcecf78894d45b5a3cc96049f998a20 P 35ce8e8f7fed4a17843e38bfbec7f64f [LEADER]: Connected to new peer: Peer: permanent_uuid: "a18b40f11d4d42db89647bfc95b3f758" member_type: VOTER last_known_addr { host: "127.14.46.66" port: 41213 }, Status: LMP_MISMATCH, Last received: 0.0, Next index: 3, Last known committed idx: 2, Time since last communication: 0.000s
I20260630 12:16:30.456885 18059 consensus_queue.cc:1048] T 2dcecf78894d45b5a3cc96049f998a20 P 35ce8e8f7fed4a17843e38bfbec7f64f [LEADER]: Connected to new peer: Peer: permanent_uuid: "7129e1b31af8484eacf50ee21a9d1361" member_type: VOTER last_known_addr { host: "127.14.46.67" port: 36437 } attrs { replace: true }, Status: LMP_MISMATCH, Last received: 0.0, Next index: 3, Last known committed idx: 2, Time since last communication: 0.000s
I20260630 12:16:30.457603 18062 consensus_queue.cc:1048] T 2dcecf78894d45b5a3cc96049f998a20 P 35ce8e8f7fed4a17843e38bfbec7f64f [LEADER]: Connected to new peer: Peer: permanent_uuid: "f3e195fc75b744d7b4656396f5dcdf87" member_type: VOTER last_known_addr { host: "127.14.46.68" port: 39957 } attrs { promote: false }, Status: LMP_MISMATCH, Last received: 0.0, Next index: 3, Last known committed idx: 2, Time since last communication: 0.000s
I20260630 12:16:30.469219 18062 raft_consensus.cc:2955] T 2dcecf78894d45b5a3cc96049f998a20 P 35ce8e8f7fed4a17843e38bfbec7f64f [term 1 LEADER]: Committing config change with OpId 1.3: config changed from index 2 to 3, f3e195fc75b744d7b4656396f5dcdf87 (127.14.46.68) changed from NON_VOTER to VOTER. New config: { opid_index: 3 OBSOLETE_local: false peers { permanent_uuid: "7129e1b31af8484eacf50ee21a9d1361" member_type: VOTER last_known_addr { host: "127.14.46.67" port: 36437 } attrs { replace: true } } peers { permanent_uuid: "a18b40f11d4d42db89647bfc95b3f758" member_type: VOTER last_known_addr { host: "127.14.46.66" port: 41213 } } peers { permanent_uuid: "35ce8e8f7fed4a17843e38bfbec7f64f" member_type: VOTER last_known_addr { host: "127.14.46.65" port: 36779 } } peers { permanent_uuid: "f3e195fc75b744d7b4656396f5dcdf87" member_type: VOTER last_known_addr { host: "127.14.46.68" port: 39957 } attrs { promote: false } } }
I20260630 12:16:30.472687 17783 raft_consensus.cc:2955] T 2dcecf78894d45b5a3cc96049f998a20 P f3e195fc75b744d7b4656396f5dcdf87 [term 1 FOLLOWER]: Committing config change with OpId 1.3: config changed from index 2 to 3, f3e195fc75b744d7b4656396f5dcdf87 (127.14.46.68) changed from NON_VOTER to VOTER. New config: { opid_index: 3 OBSOLETE_local: false peers { permanent_uuid: "7129e1b31af8484eacf50ee21a9d1361" member_type: VOTER last_known_addr { host: "127.14.46.67" port: 36437 } attrs { replace: true } } peers { permanent_uuid: "a18b40f11d4d42db89647bfc95b3f758" member_type: VOTER last_known_addr { host: "127.14.46.66" port: 41213 } } peers { permanent_uuid: "35ce8e8f7fed4a17843e38bfbec7f64f" member_type: VOTER last_known_addr { host: "127.14.46.65" port: 36779 } } peers { permanent_uuid: "f3e195fc75b744d7b4656396f5dcdf87" member_type: VOTER last_known_addr { host: "127.14.46.68" port: 39957 } attrs { promote: false } } }
I20260630 12:16:30.475205 17559 raft_consensus.cc:2955] T 2dcecf78894d45b5a3cc96049f998a20 P a18b40f11d4d42db89647bfc95b3f758 [term 1 FOLLOWER]: Committing config change with OpId 1.3: config changed from index 2 to 3, f3e195fc75b744d7b4656396f5dcdf87 (127.14.46.68) changed from NON_VOTER to VOTER. New config: { opid_index: 3 OBSOLETE_local: false peers { permanent_uuid: "7129e1b31af8484eacf50ee21a9d1361" member_type: VOTER last_known_addr { host: "127.14.46.67" port: 36437 } attrs { replace: true } } peers { permanent_uuid: "a18b40f11d4d42db89647bfc95b3f758" member_type: VOTER last_known_addr { host: "127.14.46.66" port: 41213 } } peers { permanent_uuid: "35ce8e8f7fed4a17843e38bfbec7f64f" member_type: VOTER last_known_addr { host: "127.14.46.65" port: 36779 } } peers { permanent_uuid: "f3e195fc75b744d7b4656396f5dcdf87" member_type: VOTER last_known_addr { host: "127.14.46.68" port: 39957 } attrs { promote: false } } }
I20260630 12:16:30.483732 17633 raft_consensus.cc:2955] T 2dcecf78894d45b5a3cc96049f998a20 P 7129e1b31af8484eacf50ee21a9d1361 [term 1 FOLLOWER]: Committing config change with OpId 1.3: config changed from index 2 to 3, f3e195fc75b744d7b4656396f5dcdf87 (127.14.46.68) changed from NON_VOTER to VOTER. New config: { opid_index: 3 OBSOLETE_local: false peers { permanent_uuid: "7129e1b31af8484eacf50ee21a9d1361" member_type: VOTER last_known_addr { host: "127.14.46.67" port: 36437 } attrs { replace: true } } peers { permanent_uuid: "a18b40f11d4d42db89647bfc95b3f758" member_type: VOTER last_known_addr { host: "127.14.46.66" port: 41213 } } peers { permanent_uuid: "35ce8e8f7fed4a17843e38bfbec7f64f" member_type: VOTER last_known_addr { host: "127.14.46.65" port: 36779 } } peers { permanent_uuid: "f3e195fc75b744d7b4656396f5dcdf87" member_type: VOTER last_known_addr { host: "127.14.46.68" port: 39957 } attrs { promote: false } } }
I20260630 12:16:30.486511 17382 catalog_manager.cc:5697] T 2dcecf78894d45b5a3cc96049f998a20 P f3e195fc75b744d7b4656396f5dcdf87 reported cstate change: config changed from index 2 to 3, f3e195fc75b744d7b4656396f5dcdf87 (127.14.46.68) changed from NON_VOTER to VOTER. New cstate: current_term: 1 leader_uuid: "35ce8e8f7fed4a17843e38bfbec7f64f" committed_config { opid_index: 3 OBSOLETE_local: false peers { permanent_uuid: "7129e1b31af8484eacf50ee21a9d1361" member_type: VOTER last_known_addr { host: "127.14.46.67" port: 36437 } attrs { replace: true } } peers { permanent_uuid: "a18b40f11d4d42db89647bfc95b3f758" member_type: VOTER last_known_addr { host: "127.14.46.66" port: 41213 } } peers { permanent_uuid: "35ce8e8f7fed4a17843e38bfbec7f64f" member_type: VOTER last_known_addr { host: "127.14.46.65" port: 36779 } } peers { permanent_uuid: "f3e195fc75b744d7b4656396f5dcdf87" member_type: VOTER last_known_addr { host: "127.14.46.68" port: 39957 } attrs { promote: false } } }
I20260630 12:16:30.512023 17485 consensus_queue.cc:237] T 2dcecf78894d45b5a3cc96049f998a20 P 35ce8e8f7fed4a17843e38bfbec7f64f [LEADER]: Queue going to LEADER mode. State: All replicated index: 0, Majority replicated index: 3, Committed index: 3, Last appended: 1.3, Last appended by leader: 0, Current term: 1, Majority size: 2, State: 0, Mode: LEADER, active raft config: opid_index: 4 OBSOLETE_local: false peers { permanent_uuid: "a18b40f11d4d42db89647bfc95b3f758" member_type: VOTER last_known_addr { host: "127.14.46.66" port: 41213 } } peers { permanent_uuid: "35ce8e8f7fed4a17843e38bfbec7f64f" member_type: VOTER last_known_addr { host: "127.14.46.65" port: 36779 } } peers { permanent_uuid: "f3e195fc75b744d7b4656396f5dcdf87" member_type: VOTER last_known_addr { host: "127.14.46.68" port: 39957 } attrs { promote: false } }
I20260630 12:16:30.516640 17783 raft_consensus.cc:1275] T 2dcecf78894d45b5a3cc96049f998a20 P f3e195fc75b744d7b4656396f5dcdf87 [term 1 FOLLOWER]: Refusing update from remote peer 35ce8e8f7fed4a17843e38bfbec7f64f: Log matching property violated. Preceding OpId in replica: term: 1 index: 3. Preceding OpId from leader: term: 1 index: 4. (index mismatch)
I20260630 12:16:30.518064 18058 consensus_queue.cc:1048] T 2dcecf78894d45b5a3cc96049f998a20 P 35ce8e8f7fed4a17843e38bfbec7f64f [LEADER]: Connected to new peer: Peer: permanent_uuid: "f3e195fc75b744d7b4656396f5dcdf87" member_type: VOTER last_known_addr { host: "127.14.46.68" port: 39957 } attrs { promote: false }, Status: LMP_MISMATCH, Last received: 0.0, Next index: 4, Last known committed idx: 3, Time since last communication: 0.000s
I20260630 12:16:30.518321 17559 raft_consensus.cc:1275] T 2dcecf78894d45b5a3cc96049f998a20 P a18b40f11d4d42db89647bfc95b3f758 [term 1 FOLLOWER]: Refusing update from remote peer 35ce8e8f7fed4a17843e38bfbec7f64f: Log matching property violated. Preceding OpId in replica: term: 1 index: 3. Preceding OpId from leader: term: 1 index: 4. (index mismatch)
I20260630 12:16:30.520210 18066 consensus_queue.cc:1048] T 2dcecf78894d45b5a3cc96049f998a20 P 35ce8e8f7fed4a17843e38bfbec7f64f [LEADER]: Connected to new peer: Peer: permanent_uuid: "a18b40f11d4d42db89647bfc95b3f758" member_type: VOTER last_known_addr { host: "127.14.46.66" port: 41213 }, Status: LMP_MISMATCH, Last received: 0.0, Next index: 4, Last known committed idx: 3, Time since last communication: 0.000s
I20260630 12:16:30.524071 18058 raft_consensus.cc:2955] T 2dcecf78894d45b5a3cc96049f998a20 P 35ce8e8f7fed4a17843e38bfbec7f64f [term 1 LEADER]: Committing config change with OpId 1.4: config changed from index 3 to 4, VOTER 7129e1b31af8484eacf50ee21a9d1361 (127.14.46.67) evicted. New config: { opid_index: 4 OBSOLETE_local: false peers { permanent_uuid: "a18b40f11d4d42db89647bfc95b3f758" member_type: VOTER last_known_addr { host: "127.14.46.66" port: 41213 } } peers { permanent_uuid: "35ce8e8f7fed4a17843e38bfbec7f64f" member_type: VOTER last_known_addr { host: "127.14.46.65" port: 36779 } } peers { permanent_uuid: "f3e195fc75b744d7b4656396f5dcdf87" member_type: VOTER last_known_addr { host: "127.14.46.68" port: 39957 } attrs { promote: false } } }
I20260630 12:16:30.525624 17783 raft_consensus.cc:2955] T 2dcecf78894d45b5a3cc96049f998a20 P f3e195fc75b744d7b4656396f5dcdf87 [term 1 FOLLOWER]: Committing config change with OpId 1.4: config changed from index 3 to 4, VOTER 7129e1b31af8484eacf50ee21a9d1361 (127.14.46.67) evicted. New config: { opid_index: 4 OBSOLETE_local: false peers { permanent_uuid: "a18b40f11d4d42db89647bfc95b3f758" member_type: VOTER last_known_addr { host: "127.14.46.66" port: 41213 } } peers { permanent_uuid: "35ce8e8f7fed4a17843e38bfbec7f64f" member_type: VOTER last_known_addr { host: "127.14.46.65" port: 36779 } } peers { permanent_uuid: "f3e195fc75b744d7b4656396f5dcdf87" member_type: VOTER last_known_addr { host: "127.14.46.68" port: 39957 } attrs { promote: false } } }
I20260630 12:16:30.530511 17559 raft_consensus.cc:2955] T 2dcecf78894d45b5a3cc96049f998a20 P a18b40f11d4d42db89647bfc95b3f758 [term 1 FOLLOWER]: Committing config change with OpId 1.4: config changed from index 3 to 4, VOTER 7129e1b31af8484eacf50ee21a9d1361 (127.14.46.67) evicted. New config: { opid_index: 4 OBSOLETE_local: false peers { permanent_uuid: "a18b40f11d4d42db89647bfc95b3f758" member_type: VOTER last_known_addr { host: "127.14.46.66" port: 41213 } } peers { permanent_uuid: "35ce8e8f7fed4a17843e38bfbec7f64f" member_type: VOTER last_known_addr { host: "127.14.46.65" port: 36779 } } peers { permanent_uuid: "f3e195fc75b744d7b4656396f5dcdf87" member_type: VOTER last_known_addr { host: "127.14.46.68" port: 39957 } attrs { promote: false } } }
I20260630 12:16:30.531924 17370 catalog_manager.cc:5210] ChangeConfig:REMOVE_PEER RPC for tablet 2dcecf78894d45b5a3cc96049f998a20 with cas_config_opid_index 3: ChangeConfig:REMOVE_PEER succeeded (attempt 1)
I20260630 12:16:30.538553 17383 catalog_manager.cc:5697] T 2dcecf78894d45b5a3cc96049f998a20 P f3e195fc75b744d7b4656396f5dcdf87 reported cstate change: config changed from index 3 to 4, VOTER 7129e1b31af8484eacf50ee21a9d1361 (127.14.46.67) evicted. New cstate: current_term: 1 leader_uuid: "35ce8e8f7fed4a17843e38bfbec7f64f" committed_config { opid_index: 4 OBSOLETE_local: false peers { permanent_uuid: "a18b40f11d4d42db89647bfc95b3f758" member_type: VOTER last_known_addr { host: "127.14.46.66" port: 41213 } } peers { permanent_uuid: "35ce8e8f7fed4a17843e38bfbec7f64f" member_type: VOTER last_known_addr { host: "127.14.46.65" port: 36779 } } peers { permanent_uuid: "f3e195fc75b744d7b4656396f5dcdf87" member_type: VOTER last_known_addr { host: "127.14.46.68" port: 39957 } attrs { promote: false } } }
I20260630 12:16:30.547156 17623 tablet_service.cc:1558] Processing DeleteTablet for tablet 2dcecf78894d45b5a3cc96049f998a20 with delete_type TABLET_DATA_TOMBSTONED (TS 7129e1b31af8484eacf50ee21a9d1361 not found in new config with opid_index 4) from {username='slave'} at 127.0.0.1:42830
I20260630 12:16:30.548810 18072 tablet_replica.cc:333] T 2dcecf78894d45b5a3cc96049f998a20 P 7129e1b31af8484eacf50ee21a9d1361: stopping tablet replica
I20260630 12:16:30.549479 18072 raft_consensus.cc:2243] T 2dcecf78894d45b5a3cc96049f998a20 P 7129e1b31af8484eacf50ee21a9d1361 [term 1 FOLLOWER]: Raft consensus shutting down.
I20260630 12:16:30.549924 18072 raft_consensus.cc:2272] T 2dcecf78894d45b5a3cc96049f998a20 P 7129e1b31af8484eacf50ee21a9d1361 [term 1 FOLLOWER]: Raft consensus is shut down!
I20260630 12:16:30.552119 18072 ts_tablet_manager.cc:1916] T 2dcecf78894d45b5a3cc96049f998a20 P 7129e1b31af8484eacf50ee21a9d1361: Deleting tablet data with delete state TABLET_DATA_TOMBSTONED
I20260630 12:16:30.561264 18072 ts_tablet_manager.cc:1929] T 2dcecf78894d45b5a3cc96049f998a20 P 7129e1b31af8484eacf50ee21a9d1361: tablet deleted with delete type TABLET_DATA_TOMBSTONED: last-logged OpId 1.3
I20260630 12:16:30.561514 18072 log.cc:1199] T 2dcecf78894d45b5a3cc96049f998a20 P 7129e1b31af8484eacf50ee21a9d1361: Deleting WAL directory at /tmp/dist-test-tasklS4ROL/test-tmp/auto_rebalancer-test.0.AutoRebalancerTest.RangeAwareRebalancesNewRangeReplicas.1782821701936432-14521-0/minicluster-data/ts-2-root/wals/2dcecf78894d45b5a3cc96049f998a20
I20260630 12:16:30.562619 17369 catalog_manager.cc:5028] TS 7129e1b31af8484eacf50ee21a9d1361 (127.14.46.67:36437): tablet 2dcecf78894d45b5a3cc96049f998a20 (table range_aware_rebalance_new_range [id=3e3d09f529e1464db1ee861a386ec7f4]) successfully deleted
I20260630 12:16:31.144357 17436 auto_leader_rebalancer.cc:141] leader rebalance for table range_aware_rebalance_new_range
I20260630 12:16:31.155009 17436 auto_leader_rebalancer.cc:440] table: range_aware_rebalance_new_range, leader rebalance finish, leader transfer count: 0
I20260630 12:16:31.155459 17436 auto_leader_rebalancer.cc:515] All tables' leader rebalancing finished this round
I20260630 12:16:31.316709 14521 tablet_server.cc:179] TabletServer@127.14.46.65:0 shutting down...
W20260630 12:16:31.320578 17752 proxy.cc:239] Call had error, refreshing address and retrying: Remote error: Service unavailable: service kudu.consensus.ConsensusService not registered on TabletServer [suppressed 2 similar messages]
W20260630 12:16:31.324860 17752 consensus_peers.cc:597] T 3fc6c7e0bec140f2b647162e3aa3ee8e P f3e195fc75b744d7b4656396f5dcdf87 -> Peer 35ce8e8f7fed4a17843e38bfbec7f64f (127.14.46.65:36779): Couldn't send request to peer 35ce8e8f7fed4a17843e38bfbec7f64f. Status: Remote error: Service unavailable: service kudu.consensus.ConsensusService not registered on TabletServer. This is attempt 1: this message will repeat every 5th retry.
I20260630 12:16:31.338691 14521 ts_tablet_manager.cc:1507] Shutting down tablet manager...
I20260630 12:16:31.339510 14521 tablet_replica.cc:333] T 3fc6c7e0bec140f2b647162e3aa3ee8e P 35ce8e8f7fed4a17843e38bfbec7f64f: stopping tablet replica
I20260630 12:16:31.340216 14521 raft_consensus.cc:2243] T 3fc6c7e0bec140f2b647162e3aa3ee8e P 35ce8e8f7fed4a17843e38bfbec7f64f [term 1 FOLLOWER]: Raft consensus shutting down.
I20260630 12:16:31.340711 14521 raft_consensus.cc:2272] T 3fc6c7e0bec140f2b647162e3aa3ee8e P 35ce8e8f7fed4a17843e38bfbec7f64f [term 1 FOLLOWER]: Raft consensus is shut down!
I20260630 12:16:31.342576 14521 tablet_replica.cc:333] T d3008da051a54f488f4211db6fd62d25 P 35ce8e8f7fed4a17843e38bfbec7f64f: stopping tablet replica
I20260630 12:16:31.343014 14521 raft_consensus.cc:2243] T d3008da051a54f488f4211db6fd62d25 P 35ce8e8f7fed4a17843e38bfbec7f64f [term 1 LEADER]: Raft consensus shutting down.
I20260630 12:16:31.343598 14521 raft_consensus.cc:2272] T d3008da051a54f488f4211db6fd62d25 P 35ce8e8f7fed4a17843e38bfbec7f64f [term 1 FOLLOWER]: Raft consensus is shut down!
I20260630 12:16:31.345188 14521 tablet_replica.cc:333] T 11bde4d7d7824a328e5068543ae44b91 P 35ce8e8f7fed4a17843e38bfbec7f64f: stopping tablet replica
I20260630 12:16:31.345781 14521 raft_consensus.cc:2243] T 11bde4d7d7824a328e5068543ae44b91 P 35ce8e8f7fed4a17843e38bfbec7f64f [term 1 FOLLOWER]: Raft consensus shutting down.
I20260630 12:16:31.346179 14521 raft_consensus.cc:2272] T 11bde4d7d7824a328e5068543ae44b91 P 35ce8e8f7fed4a17843e38bfbec7f64f [term 1 FOLLOWER]: Raft consensus is shut down!
I20260630 12:16:31.347993 14521 tablet_replica.cc:333] T 8eba1f51c764483e9e6c3ad4694ecf05 P 35ce8e8f7fed4a17843e38bfbec7f64f: stopping tablet replica
I20260630 12:16:31.348438 14521 raft_consensus.cc:2243] T 8eba1f51c764483e9e6c3ad4694ecf05 P 35ce8e8f7fed4a17843e38bfbec7f64f [term 1 LEADER]: Raft consensus shutting down.
I20260630 12:16:31.349020 14521 raft_consensus.cc:2272] T 8eba1f51c764483e9e6c3ad4694ecf05 P 35ce8e8f7fed4a17843e38bfbec7f64f [term 1 FOLLOWER]: Raft consensus is shut down!
I20260630 12:16:31.350553 14521 tablet_replica.cc:333] T 6664623273f440c8a6d196561348b250 P 35ce8e8f7fed4a17843e38bfbec7f64f: stopping tablet replica
I20260630 12:16:31.351033 14521 raft_consensus.cc:2243] T 6664623273f440c8a6d196561348b250 P 35ce8e8f7fed4a17843e38bfbec7f64f [term 1 FOLLOWER]: Raft consensus shutting down.
I20260630 12:16:31.351527 14521 raft_consensus.cc:2272] T 6664623273f440c8a6d196561348b250 P 35ce8e8f7fed4a17843e38bfbec7f64f [term 1 FOLLOWER]: Raft consensus is shut down!
I20260630 12:16:31.353188 14521 tablet_replica.cc:333] T fb0114716677406381014ac0d5f72ac9 P 35ce8e8f7fed4a17843e38bfbec7f64f: stopping tablet replica
I20260630 12:16:31.353655 14521 raft_consensus.cc:2243] T fb0114716677406381014ac0d5f72ac9 P 35ce8e8f7fed4a17843e38bfbec7f64f [term 1 LEADER]: Raft consensus shutting down.
I20260630 12:16:31.354275 14521 raft_consensus.cc:2272] T fb0114716677406381014ac0d5f72ac9 P 35ce8e8f7fed4a17843e38bfbec7f64f [term 1 FOLLOWER]: Raft consensus is shut down!
I20260630 12:16:31.355759 14521 tablet_replica.cc:333] T 2989968d2e6f4cd994dbf84615fa5e80 P 35ce8e8f7fed4a17843e38bfbec7f64f: stopping tablet replica
I20260630 12:16:31.356210 14521 raft_consensus.cc:2243] T 2989968d2e6f4cd994dbf84615fa5e80 P 35ce8e8f7fed4a17843e38bfbec7f64f [term 2 FOLLOWER]: Raft consensus shutting down.
I20260630 12:16:31.356631 14521 raft_consensus.cc:2272] T 2989968d2e6f4cd994dbf84615fa5e80 P 35ce8e8f7fed4a17843e38bfbec7f64f [term 2 FOLLOWER]: Raft consensus is shut down!
I20260630 12:16:31.358270 14521 tablet_replica.cc:333] T 5ede27bbed0e4785b4a9ace5d5f7cc8f P 35ce8e8f7fed4a17843e38bfbec7f64f: stopping tablet replica
I20260630 12:16:31.358870 14521 raft_consensus.cc:2243] T 5ede27bbed0e4785b4a9ace5d5f7cc8f P 35ce8e8f7fed4a17843e38bfbec7f64f [term 1 FOLLOWER]: Raft consensus shutting down.
I20260630 12:16:31.359463 14521 raft_consensus.cc:2272] T 5ede27bbed0e4785b4a9ace5d5f7cc8f P 35ce8e8f7fed4a17843e38bfbec7f64f [term 1 FOLLOWER]: Raft consensus is shut down!
I20260630 12:16:31.361394 14521 tablet_replica.cc:333] T f2c887031899420bb0eea1d048a67157 P 35ce8e8f7fed4a17843e38bfbec7f64f: stopping tablet replica
I20260630 12:16:31.361850 14521 raft_consensus.cc:2243] T f2c887031899420bb0eea1d048a67157 P 35ce8e8f7fed4a17843e38bfbec7f64f [term 1 FOLLOWER]: Raft consensus shutting down.
I20260630 12:16:31.362329 14521 raft_consensus.cc:2272] T f2c887031899420bb0eea1d048a67157 P 35ce8e8f7fed4a17843e38bfbec7f64f [term 1 FOLLOWER]: Raft consensus is shut down!
I20260630 12:16:31.363915 14521 tablet_replica.cc:333] T 82175508f3da4bc094d4fd5d65337be8 P 35ce8e8f7fed4a17843e38bfbec7f64f: stopping tablet replica
I20260630 12:16:31.364476 14521 raft_consensus.cc:2243] T 82175508f3da4bc094d4fd5d65337be8 P 35ce8e8f7fed4a17843e38bfbec7f64f [term 1 FOLLOWER]: Raft consensus shutting down.
I20260630 12:16:31.364886 14521 raft_consensus.cc:2272] T 82175508f3da4bc094d4fd5d65337be8 P 35ce8e8f7fed4a17843e38bfbec7f64f [term 1 FOLLOWER]: Raft consensus is shut down!
I20260630 12:16:31.366806 14521 tablet_replica.cc:333] T d5ff90ac2981409db2d716902b2a5009 P 35ce8e8f7fed4a17843e38bfbec7f64f: stopping tablet replica
I20260630 12:16:31.367206 14521 raft_consensus.cc:2243] T d5ff90ac2981409db2d716902b2a5009 P 35ce8e8f7fed4a17843e38bfbec7f64f [term 3 FOLLOWER]: Raft consensus shutting down.
I20260630 12:16:31.367545 14521 raft_consensus.cc:2272] T d5ff90ac2981409db2d716902b2a5009 P 35ce8e8f7fed4a17843e38bfbec7f64f [term 3 FOLLOWER]: Raft consensus is shut down!
I20260630 12:16:31.368968 14521 tablet_replica.cc:333] T 2dcecf78894d45b5a3cc96049f998a20 P 35ce8e8f7fed4a17843e38bfbec7f64f: stopping tablet replica
I20260630 12:16:31.369397 14521 raft_consensus.cc:2243] T 2dcecf78894d45b5a3cc96049f998a20 P 35ce8e8f7fed4a17843e38bfbec7f64f [term 1 LEADER]: Raft consensus shutting down.
I20260630 12:16:31.370030 14521 raft_consensus.cc:2272] T 2dcecf78894d45b5a3cc96049f998a20 P 35ce8e8f7fed4a17843e38bfbec7f64f [term 1 FOLLOWER]: Raft consensus is shut down!
W20260630 12:16:31.396252 17526 consensus_peers.cc:597] T 82175508f3da4bc094d4fd5d65337be8 P a18b40f11d4d42db89647bfc95b3f758 -> Peer 35ce8e8f7fed4a17843e38bfbec7f64f (127.14.46.65:36779): Couldn't send request to peer 35ce8e8f7fed4a17843e38bfbec7f64f. Status: Network error: Client connection negotiation failed: client connection to 127.14.46.65:36779: connect: Connection refused (error 111). This is attempt 1: this message will repeat every 5th retry.
I20260630 12:16:31.400589 14521 tablet_server.cc:196] TabletServer@127.14.46.65:0 shutdown complete.
I20260630 12:16:31.424918 14521 tablet_server.cc:179] TabletServer@127.14.46.66:0 shutting down...
I20260630 12:16:31.445806 14521 ts_tablet_manager.cc:1507] Shutting down tablet manager...
I20260630 12:16:31.446422 14521 tablet_replica.cc:333] T 3fc6c7e0bec140f2b647162e3aa3ee8e P a18b40f11d4d42db89647bfc95b3f758: stopping tablet replica
I20260630 12:16:31.446951 14521 raft_consensus.cc:2243] T 3fc6c7e0bec140f2b647162e3aa3ee8e P a18b40f11d4d42db89647bfc95b3f758 [term 1 FOLLOWER]: Raft consensus shutting down.
I20260630 12:16:31.447297 14521 raft_consensus.cc:2272] T 3fc6c7e0bec140f2b647162e3aa3ee8e P a18b40f11d4d42db89647bfc95b3f758 [term 1 FOLLOWER]: Raft consensus is shut down!
I20260630 12:16:31.448833 14521 tablet_replica.cc:333] T cce988ef72b7411e85df2966f6120be5 P a18b40f11d4d42db89647bfc95b3f758: stopping tablet replica
I20260630 12:16:31.449332 14521 raft_consensus.cc:2243] T cce988ef72b7411e85df2966f6120be5 P a18b40f11d4d42db89647bfc95b3f758 [term 1 LEADER]: Raft consensus shutting down.
I20260630 12:16:31.449930 14521 raft_consensus.cc:2272] T cce988ef72b7411e85df2966f6120be5 P a18b40f11d4d42db89647bfc95b3f758 [term 1 FOLLOWER]: Raft consensus is shut down!
I20260630 12:16:31.451411 14521 tablet_replica.cc:333] T 8b8b7261d6444310a62a62979c49986b P a18b40f11d4d42db89647bfc95b3f758: stopping tablet replica
I20260630 12:16:31.451850 14521 raft_consensus.cc:2243] T 8b8b7261d6444310a62a62979c49986b P a18b40f11d4d42db89647bfc95b3f758 [term 2 FOLLOWER]: Raft consensus shutting down.
I20260630 12:16:31.452162 14521 raft_consensus.cc:2272] T 8b8b7261d6444310a62a62979c49986b P a18b40f11d4d42db89647bfc95b3f758 [term 2 FOLLOWER]: Raft consensus is shut down!
I20260630 12:16:31.453779 14521 tablet_replica.cc:333] T fb0114716677406381014ac0d5f72ac9 P a18b40f11d4d42db89647bfc95b3f758: stopping tablet replica
I20260630 12:16:31.454236 14521 raft_consensus.cc:2243] T fb0114716677406381014ac0d5f72ac9 P a18b40f11d4d42db89647bfc95b3f758 [term 1 FOLLOWER]: Raft consensus shutting down.
I20260630 12:16:31.454552 14521 raft_consensus.cc:2272] T fb0114716677406381014ac0d5f72ac9 P a18b40f11d4d42db89647bfc95b3f758 [term 1 FOLLOWER]: Raft consensus is shut down!
I20260630 12:16:31.456097 14521 tablet_replica.cc:333] T 8eba1f51c764483e9e6c3ad4694ecf05 P a18b40f11d4d42db89647bfc95b3f758: stopping tablet replica
I20260630 12:16:31.456528 14521 raft_consensus.cc:2243] T 8eba1f51c764483e9e6c3ad4694ecf05 P a18b40f11d4d42db89647bfc95b3f758 [term 1 FOLLOWER]: Raft consensus shutting down.
I20260630 12:16:31.456976 14521 raft_consensus.cc:2272] T 8eba1f51c764483e9e6c3ad4694ecf05 P a18b40f11d4d42db89647bfc95b3f758 [term 1 FOLLOWER]: Raft consensus is shut down!
I20260630 12:16:31.458518 14521 tablet_replica.cc:333] T 6664623273f440c8a6d196561348b250 P a18b40f11d4d42db89647bfc95b3f758: stopping tablet replica
I20260630 12:16:31.458950 14521 raft_consensus.cc:2243] T 6664623273f440c8a6d196561348b250 P a18b40f11d4d42db89647bfc95b3f758 [term 1 LEADER]: Raft consensus shutting down.
I20260630 12:16:31.459533 14521 raft_consensus.cc:2272] T 6664623273f440c8a6d196561348b250 P a18b40f11d4d42db89647bfc95b3f758 [term 1 FOLLOWER]: Raft consensus is shut down!
I20260630 12:16:31.461068 14521 tablet_replica.cc:333] T 97a633f64a0a4ccdba4c0486abdecc7e P a18b40f11d4d42db89647bfc95b3f758: stopping tablet replica
I20260630 12:16:31.461572 14521 raft_consensus.cc:2243] T 97a633f64a0a4ccdba4c0486abdecc7e P a18b40f11d4d42db89647bfc95b3f758 [term 1 LEADER]: Raft consensus shutting down.
I20260630 12:16:31.462182 14521 raft_consensus.cc:2272] T 97a633f64a0a4ccdba4c0486abdecc7e P a18b40f11d4d42db89647bfc95b3f758 [term 1 FOLLOWER]: Raft consensus is shut down!
I20260630 12:16:31.463634 14521 tablet_replica.cc:333] T f2c887031899420bb0eea1d048a67157 P a18b40f11d4d42db89647bfc95b3f758: stopping tablet replica
I20260630 12:16:31.464049 14521 raft_consensus.cc:2243] T f2c887031899420bb0eea1d048a67157 P a18b40f11d4d42db89647bfc95b3f758 [term 1 FOLLOWER]: Raft consensus shutting down.
I20260630 12:16:31.464500 14521 raft_consensus.cc:2272] T f2c887031899420bb0eea1d048a67157 P a18b40f11d4d42db89647bfc95b3f758 [term 1 FOLLOWER]: Raft consensus is shut down!
I20260630 12:16:31.465956 14521 tablet_replica.cc:333] T 82175508f3da4bc094d4fd5d65337be8 P a18b40f11d4d42db89647bfc95b3f758: stopping tablet replica
I20260630 12:16:31.466361 14521 raft_consensus.cc:2243] T 82175508f3da4bc094d4fd5d65337be8 P a18b40f11d4d42db89647bfc95b3f758 [term 1 LEADER]: Raft consensus shutting down.
I20260630 12:16:31.466954 14521 raft_consensus.cc:2272] T 82175508f3da4bc094d4fd5d65337be8 P a18b40f11d4d42db89647bfc95b3f758 [term 1 FOLLOWER]: Raft consensus is shut down!
I20260630 12:16:31.468451 14521 tablet_replica.cc:333] T d5ff90ac2981409db2d716902b2a5009 P a18b40f11d4d42db89647bfc95b3f758: stopping tablet replica
