I20260630 12:16:23.716725 24845 tablet_service.cc:1917] Received RequestConsensusVote() RPC: tablet_id: "e34ea90520cd42aebe4c96586109ba6a" candidate_uuid: "1c2741dae6014ec1b165be6df26fc63d" candidate_term: 1 candidate_status { last_received { term: 0 index: 0 } } ignore_live_leader: false dest_uuid: "a1e76284a509459e97f7bd4417805703"
I20260630 12:16:23.716990 24552 tablet_service.cc:1917] Received RequestConsensusVote() RPC: tablet_id: "e34ea90520cd42aebe4c96586109ba6a" candidate_uuid: "1c2741dae6014ec1b165be6df26fc63d" candidate_term: 1 candidate_status { last_received { term: 0 index: 0 } } ignore_live_leader: false dest_uuid: "c9ac3971bb014e75b209d95bdc80caa4"
I20260630 12:16:23.717185 24845 raft_consensus.cc:3060] T e34ea90520cd42aebe4c96586109ba6a P a1e76284a509459e97f7bd4417805703 [term 0 FOLLOWER]: Advancing to term 1
I20260630 12:16:23.717489 24552 raft_consensus.cc:3060] T e34ea90520cd42aebe4c96586109ba6a P c9ac3971bb014e75b209d95bdc80caa4 [term 0 FOLLOWER]: Advancing to term 1
I20260630 12:16:23.721216 24845 raft_consensus.cc:2468] T e34ea90520cd42aebe4c96586109ba6a P a1e76284a509459e97f7bd4417805703 [term 1 FOLLOWER]: Leader election vote request: Granting yes vote for candidate 1c2741dae6014ec1b165be6df26fc63d in term 1.
I20260630 12:16:23.721767 24552 raft_consensus.cc:2468] T e34ea90520cd42aebe4c96586109ba6a P c9ac3971bb014e75b209d95bdc80caa4 [term 1 FOLLOWER]: Leader election vote request: Granting yes vote for candidate 1c2741dae6014ec1b165be6df26fc63d in term 1.
I20260630 12:16:23.722116 24666 leader_election.cc:304] T e34ea90520cd42aebe4c96586109ba6a P 1c2741dae6014ec1b165be6df26fc63d [CANDIDATE]: Term 1 election: Election decided. Result: candidate won. Election summary: received 2 responses out of 3 voters: 2 yes votes; 0 no votes. yes voters: 1c2741dae6014ec1b165be6df26fc63d, a1e76284a509459e97f7bd4417805703; no voters: 
I20260630 12:16:23.722812 24869 raft_consensus.cc:2804] T e34ea90520cd42aebe4c96586109ba6a P 1c2741dae6014ec1b165be6df26fc63d [term 1 FOLLOWER]: Leader election won for term 1
I20260630 12:16:23.723251 24869 raft_consensus.cc:697] T e34ea90520cd42aebe4c96586109ba6a P 1c2741dae6014ec1b165be6df26fc63d [term 1 LEADER]: Becoming Leader. State: Replica: 1c2741dae6014ec1b165be6df26fc63d, State: Running, Role: LEADER
I20260630 12:16:23.723935 24869 consensus_queue.cc:237] T e34ea90520cd42aebe4c96586109ba6a P 1c2741dae6014ec1b165be6df26fc63d [LEADER]: Queue going to LEADER mode. State: All replicated index: 0, Majority replicated index: 0, Committed index: 0, Last appended: 0.0, Last appended by leader: 0, Current term: 1, Majority size: 2, State: 0, Mode: LEADER, active raft config: opid_index: -1 OBSOLETE_local: false peers { permanent_uuid: "a1e76284a509459e97f7bd4417805703" member_type: VOTER last_known_addr { host: "127.21.19.4" port: 35893 } } peers { permanent_uuid: "1c2741dae6014ec1b165be6df26fc63d" member_type: VOTER last_known_addr { host: "127.21.19.3" port: 36201 } } peers { permanent_uuid: "c9ac3971bb014e75b209d95bdc80caa4" member_type: VOTER last_known_addr { host: "127.21.19.1" port: 33687 } }
I20260630 12:16:23.731465 24448 catalog_manager.cc:5697] T e34ea90520cd42aebe4c96586109ba6a P 1c2741dae6014ec1b165be6df26fc63d reported cstate change: term changed from 0 to 1, leader changed from <none> to 1c2741dae6014ec1b165be6df26fc63d (127.21.19.3). New cstate: current_term: 1 leader_uuid: "1c2741dae6014ec1b165be6df26fc63d" committed_config { opid_index: -1 OBSOLETE_local: false peers { permanent_uuid: "a1e76284a509459e97f7bd4417805703" member_type: VOTER last_known_addr { host: "127.21.19.4" port: 35893 } health_report { overall_health: UNKNOWN } } peers { permanent_uuid: "1c2741dae6014ec1b165be6df26fc63d" member_type: VOTER last_known_addr { host: "127.21.19.3" port: 36201 } health_report { overall_health: HEALTHY } } peers { permanent_uuid: "c9ac3971bb014e75b209d95bdc80caa4" member_type: VOTER last_known_addr { host: "127.21.19.1" port: 33687 } health_report { overall_health: UNKNOWN } } }
I20260630 12:16:23.744964 24781 raft_consensus.cc:493] T c9fa72184c9c4fd0a8eed1a477deaa7d P c9ac3971bb014e75b209d95bdc80caa4 [term 0 FOLLOWER]: Starting pre-election (no leader contacted us within the election timeout)
I20260630 12:16:23.745328 24781 raft_consensus.cc:515] T c9fa72184c9c4fd0a8eed1a477deaa7d P c9ac3971bb014e75b209d95bdc80caa4 [term 0 FOLLOWER]: Starting pre-election with config: opid_index: -1 OBSOLETE_local: false peers { permanent_uuid: "c9ac3971bb014e75b209d95bdc80caa4" member_type: VOTER last_known_addr { host: "127.21.19.1" port: 33687 } } peers { permanent_uuid: "a1e76284a509459e97f7bd4417805703" member_type: VOTER last_known_addr { host: "127.21.19.4" port: 35893 } } peers { permanent_uuid: "1c2741dae6014ec1b165be6df26fc63d" member_type: VOTER last_known_addr { host: "127.21.19.3" port: 36201 } }
I20260630 12:16:23.747098 24781 leader_election.cc:290] T c9fa72184c9c4fd0a8eed1a477deaa7d P c9ac3971bb014e75b209d95bdc80caa4 [CANDIDATE]: Term 1 pre-election: Requested pre-vote from peers a1e76284a509459e97f7bd4417805703 (127.21.19.4:35893), 1c2741dae6014ec1b165be6df26fc63d (127.21.19.3:36201)
I20260630 12:16:23.748021 24699 tablet_service.cc:1917] Received RequestConsensusVote() RPC: tablet_id: "c9fa72184c9c4fd0a8eed1a477deaa7d" candidate_uuid: "c9ac3971bb014e75b209d95bdc80caa4" candidate_term: 1 candidate_status { last_received { term: 0 index: 0 } } ignore_live_leader: false dest_uuid: "1c2741dae6014ec1b165be6df26fc63d" is_pre_election: true
I20260630 12:16:23.748602 24699 raft_consensus.cc:2468] T c9fa72184c9c4fd0a8eed1a477deaa7d P 1c2741dae6014ec1b165be6df26fc63d [term 0 FOLLOWER]: Leader pre-election vote request: Granting yes vote for candidate c9ac3971bb014e75b209d95bdc80caa4 in term 0.
I20260630 12:16:23.749403 24518 leader_election.cc:304] T c9fa72184c9c4fd0a8eed1a477deaa7d P c9ac3971bb014e75b209d95bdc80caa4 [CANDIDATE]: Term 1 pre-election: Election decided. Result: candidate won. Election summary: received 2 responses out of 3 voters: 2 yes votes; 0 no votes. yes voters: 1c2741dae6014ec1b165be6df26fc63d, c9ac3971bb014e75b209d95bdc80caa4; no voters: 
I20260630 12:16:23.750015 24781 raft_consensus.cc:2804] T c9fa72184c9c4fd0a8eed1a477deaa7d P c9ac3971bb014e75b209d95bdc80caa4 [term 0 FOLLOWER]: Leader pre-election won for term 1
I20260630 12:16:23.750298 24781 raft_consensus.cc:493] T c9fa72184c9c4fd0a8eed1a477deaa7d P c9ac3971bb014e75b209d95bdc80caa4 [term 0 FOLLOWER]: Starting leader election (no leader contacted us within the election timeout)
I20260630 12:16:23.750533 24781 raft_consensus.cc:3060] T c9fa72184c9c4fd0a8eed1a477deaa7d P c9ac3971bb014e75b209d95bdc80caa4 [term 0 FOLLOWER]: Advancing to term 1
I20260630 12:16:23.756623 24845 tablet_service.cc:1917] Received RequestConsensusVote() RPC: tablet_id: "c9fa72184c9c4fd0a8eed1a477deaa7d" candidate_uuid: "c9ac3971bb014e75b209d95bdc80caa4" candidate_term: 1 candidate_status { last_received { term: 0 index: 0 } } ignore_live_leader: false dest_uuid: "a1e76284a509459e97f7bd4417805703" is_pre_election: true
I20260630 12:16:23.756707 24781 raft_consensus.cc:515] T c9fa72184c9c4fd0a8eed1a477deaa7d P c9ac3971bb014e75b209d95bdc80caa4 [term 1 FOLLOWER]: Starting leader election with config: opid_index: -1 OBSOLETE_local: false peers { permanent_uuid: "c9ac3971bb014e75b209d95bdc80caa4" member_type: VOTER last_known_addr { host: "127.21.19.1" port: 33687 } } peers { permanent_uuid: "a1e76284a509459e97f7bd4417805703" member_type: VOTER last_known_addr { host: "127.21.19.4" port: 35893 } } peers { permanent_uuid: "1c2741dae6014ec1b165be6df26fc63d" member_type: VOTER last_known_addr { host: "127.21.19.3" port: 36201 } }
I20260630 12:16:23.757329 24845 raft_consensus.cc:2468] T c9fa72184c9c4fd0a8eed1a477deaa7d P a1e76284a509459e97f7bd4417805703 [term 0 FOLLOWER]: Leader pre-election vote request: Granting yes vote for candidate c9ac3971bb014e75b209d95bdc80caa4 in term 0.
I20260630 12:16:23.758461 24781 leader_election.cc:290] T c9fa72184c9c4fd0a8eed1a477deaa7d P c9ac3971bb014e75b209d95bdc80caa4 [CANDIDATE]: Term 1 election: Requested vote from peers a1e76284a509459e97f7bd4417805703 (127.21.19.4:35893), 1c2741dae6014ec1b165be6df26fc63d (127.21.19.3:36201)
I20260630 12:16:23.759398 24845 tablet_service.cc:1917] Received RequestConsensusVote() RPC: tablet_id: "c9fa72184c9c4fd0a8eed1a477deaa7d" candidate_uuid: "c9ac3971bb014e75b209d95bdc80caa4" candidate_term: 1 candidate_status { last_received { term: 0 index: 0 } } ignore_live_leader: false dest_uuid: "a1e76284a509459e97f7bd4417805703"
I20260630 12:16:23.759399 24699 tablet_service.cc:1917] Received RequestConsensusVote() RPC: tablet_id: "c9fa72184c9c4fd0a8eed1a477deaa7d" candidate_uuid: "c9ac3971bb014e75b209d95bdc80caa4" candidate_term: 1 candidate_status { last_received { term: 0 index: 0 } } ignore_live_leader: false dest_uuid: "1c2741dae6014ec1b165be6df26fc63d"
I20260630 12:16:23.760118 24845 raft_consensus.cc:3060] T c9fa72184c9c4fd0a8eed1a477deaa7d P a1e76284a509459e97f7bd4417805703 [term 0 FOLLOWER]: Advancing to term 1
I20260630 12:16:23.760197 24699 raft_consensus.cc:3060] T c9fa72184c9c4fd0a8eed1a477deaa7d P 1c2741dae6014ec1b165be6df26fc63d [term 0 FOLLOWER]: Advancing to term 1
I20260630 12:16:23.764554 24845 raft_consensus.cc:2468] T c9fa72184c9c4fd0a8eed1a477deaa7d P a1e76284a509459e97f7bd4417805703 [term 1 FOLLOWER]: Leader election vote request: Granting yes vote for candidate c9ac3971bb014e75b209d95bdc80caa4 in term 1.
I20260630 12:16:23.764643 24699 raft_consensus.cc:2468] T c9fa72184c9c4fd0a8eed1a477deaa7d P 1c2741dae6014ec1b165be6df26fc63d [term 1 FOLLOWER]: Leader election vote request: Granting yes vote for candidate c9ac3971bb014e75b209d95bdc80caa4 in term 1.
I20260630 12:16:23.765398 24517 leader_election.cc:304] T c9fa72184c9c4fd0a8eed1a477deaa7d P c9ac3971bb014e75b209d95bdc80caa4 [CANDIDATE]: Term 1 election: Election decided. Result: candidate won. Election summary: received 2 responses out of 3 voters: 2 yes votes; 0 no votes. yes voters: a1e76284a509459e97f7bd4417805703, c9ac3971bb014e75b209d95bdc80caa4; no voters: 
I20260630 12:16:23.766013 24781 raft_consensus.cc:2804] T c9fa72184c9c4fd0a8eed1a477deaa7d P c9ac3971bb014e75b209d95bdc80caa4 [term 1 FOLLOWER]: Leader election won for term 1
I20260630 12:16:23.766424 24781 raft_consensus.cc:697] T c9fa72184c9c4fd0a8eed1a477deaa7d P c9ac3971bb014e75b209d95bdc80caa4 [term 1 LEADER]: Becoming Leader. State: Replica: c9ac3971bb014e75b209d95bdc80caa4, State: Running, Role: LEADER
I20260630 12:16:23.766950 24781 consensus_queue.cc:237] T c9fa72184c9c4fd0a8eed1a477deaa7d P c9ac3971bb014e75b209d95bdc80caa4 [LEADER]: Queue going to LEADER mode. State: All replicated index: 0, Majority replicated index: 0, Committed index: 0, Last appended: 0.0, Last appended by leader: 0, Current term: 1, Majority size: 2, State: 0, Mode: LEADER, active raft config: opid_index: -1 OBSOLETE_local: false peers { permanent_uuid: "c9ac3971bb014e75b209d95bdc80caa4" member_type: VOTER last_known_addr { host: "127.21.19.1" port: 33687 } } peers { permanent_uuid: "a1e76284a509459e97f7bd4417805703" member_type: VOTER last_known_addr { host: "127.21.19.4" port: 35893 } } peers { permanent_uuid: "1c2741dae6014ec1b165be6df26fc63d" member_type: VOTER last_known_addr { host: "127.21.19.3" port: 36201 } }
I20260630 12:16:23.772562 24448 catalog_manager.cc:5697] T c9fa72184c9c4fd0a8eed1a477deaa7d P c9ac3971bb014e75b209d95bdc80caa4 reported cstate change: term changed from 0 to 1, leader changed from <none> to c9ac3971bb014e75b209d95bdc80caa4 (127.21.19.1). New cstate: current_term: 1 leader_uuid: "c9ac3971bb014e75b209d95bdc80caa4" committed_config { opid_index: -1 OBSOLETE_local: false peers { permanent_uuid: "c9ac3971bb014e75b209d95bdc80caa4" member_type: VOTER last_known_addr { host: "127.21.19.1" port: 33687 } health_report { overall_health: HEALTHY } } peers { permanent_uuid: "a1e76284a509459e97f7bd4417805703" member_type: VOTER last_known_addr { host: "127.21.19.4" port: 35893 } health_report { overall_health: UNKNOWN } } peers { permanent_uuid: "1c2741dae6014ec1b165be6df26fc63d" member_type: VOTER last_known_addr { host: "127.21.19.3" port: 36201 } health_report { overall_health: UNKNOWN } } }
I20260630 12:16:23.800705 24906 raft_consensus.cc:493] T 01b11da805224e579cb6eb6047576d59 P a1e76284a509459e97f7bd4417805703 [term 0 FOLLOWER]: Starting pre-election (no leader contacted us within the election timeout)
I20260630 12:16:23.801190 24906 raft_consensus.cc:515] T 01b11da805224e579cb6eb6047576d59 P a1e76284a509459e97f7bd4417805703 [term 0 FOLLOWER]: Starting pre-election with config: opid_index: -1 OBSOLETE_local: false peers { permanent_uuid: "a1e76284a509459e97f7bd4417805703" member_type: VOTER last_known_addr { host: "127.21.19.4" port: 35893 } } peers { permanent_uuid: "ba5be69d33254cf29eba52670a67a43e" member_type: VOTER last_known_addr { host: "127.21.19.2" port: 41357 } } peers { permanent_uuid: "c9ac3971bb014e75b209d95bdc80caa4" member_type: VOTER last_known_addr { host: "127.21.19.1" port: 33687 } }
I20260630 12:16:23.803045 24906 leader_election.cc:290] T 01b11da805224e579cb6eb6047576d59 P a1e76284a509459e97f7bd4417805703 [CANDIDATE]: Term 1 pre-election: Requested pre-vote from peers ba5be69d33254cf29eba52670a67a43e (127.21.19.2:41357), c9ac3971bb014e75b209d95bdc80caa4 (127.21.19.1:33687)
I20260630 12:16:23.803603 24625 tablet_service.cc:1917] Received RequestConsensusVote() RPC: tablet_id: "01b11da805224e579cb6eb6047576d59" candidate_uuid: "a1e76284a509459e97f7bd4417805703" candidate_term: 1 candidate_status { last_received { term: 0 index: 0 } } ignore_live_leader: false dest_uuid: "ba5be69d33254cf29eba52670a67a43e" is_pre_election: true
I20260630 12:16:23.804059 24552 tablet_service.cc:1917] Received RequestConsensusVote() RPC: tablet_id: "01b11da805224e579cb6eb6047576d59" candidate_uuid: "a1e76284a509459e97f7bd4417805703" candidate_term: 1 candidate_status { last_received { term: 0 index: 0 } } ignore_live_leader: false dest_uuid: "c9ac3971bb014e75b209d95bdc80caa4" is_pre_election: true
I20260630 12:16:23.804734 24552 raft_consensus.cc:2393] T 01b11da805224e579cb6eb6047576d59 P c9ac3971bb014e75b209d95bdc80caa4 [term 1 FOLLOWER]: Leader pre-election vote request: Denying vote to candidate a1e76284a509459e97f7bd4417805703 in current term 1: Already voted for candidate ba5be69d33254cf29eba52670a67a43e in this term.
I20260630 12:16:23.805495 24810 leader_election.cc:304] T 01b11da805224e579cb6eb6047576d59 P a1e76284a509459e97f7bd4417805703 [CANDIDATE]: Term 1 pre-election: Election decided. Result: candidate lost. Election summary: received 3 responses out of 3 voters: 1 yes votes; 2 no votes. yes voters: a1e76284a509459e97f7bd4417805703; no voters: ba5be69d33254cf29eba52670a67a43e, c9ac3971bb014e75b209d95bdc80caa4
I20260630 12:16:23.806138 24906 raft_consensus.cc:3060] T 01b11da805224e579cb6eb6047576d59 P a1e76284a509459e97f7bd4417805703 [term 0 FOLLOWER]: Advancing to term 1
I20260630 12:16:23.810779 24906 raft_consensus.cc:2749] T 01b11da805224e579cb6eb6047576d59 P a1e76284a509459e97f7bd4417805703 [term 1 FOLLOWER]: Leader pre-election lost for term 1. Reason: could not achieve majority
I20260630 12:16:23.824378 24781 raft_consensus.cc:493] T 34b7e658ca204e9b96a90a10745829f1 P c9ac3971bb014e75b209d95bdc80caa4 [term 0 FOLLOWER]: Starting pre-election (no leader contacted us within the election timeout)
I20260630 12:16:23.824811 24781 raft_consensus.cc:515] T 34b7e658ca204e9b96a90a10745829f1 P c9ac3971bb014e75b209d95bdc80caa4 [term 0 FOLLOWER]: Starting pre-election with config: opid_index: -1 OBSOLETE_local: false peers { permanent_uuid: "a1e76284a509459e97f7bd4417805703" member_type: VOTER last_known_addr { host: "127.21.19.4" port: 35893 } } peers { permanent_uuid: "ba5be69d33254cf29eba52670a67a43e" member_type: VOTER last_known_addr { host: "127.21.19.2" port: 41357 } } peers { permanent_uuid: "c9ac3971bb014e75b209d95bdc80caa4" member_type: VOTER last_known_addr { host: "127.21.19.1" port: 33687 } }
I20260630 12:16:23.826853 24781 leader_election.cc:290] T 34b7e658ca204e9b96a90a10745829f1 P c9ac3971bb014e75b209d95bdc80caa4 [CANDIDATE]: Term 1 pre-election: Requested pre-vote from peers a1e76284a509459e97f7bd4417805703 (127.21.19.4:35893), ba5be69d33254cf29eba52670a67a43e (127.21.19.2:41357)
I20260630 12:16:23.827241 24845 tablet_service.cc:1917] Received RequestConsensusVote() RPC: tablet_id: "34b7e658ca204e9b96a90a10745829f1" candidate_uuid: "c9ac3971bb014e75b209d95bdc80caa4" candidate_term: 1 candidate_status { last_received { term: 0 index: 0 } } ignore_live_leader: false dest_uuid: "a1e76284a509459e97f7bd4417805703" is_pre_election: true
I20260630 12:16:23.827426 24625 tablet_service.cc:1917] Received RequestConsensusVote() RPC: tablet_id: "34b7e658ca204e9b96a90a10745829f1" candidate_uuid: "c9ac3971bb014e75b209d95bdc80caa4" candidate_term: 1 candidate_status { last_received { term: 0 index: 0 } } ignore_live_leader: false dest_uuid: "ba5be69d33254cf29eba52670a67a43e" is_pre_election: true
I20260630 12:16:23.828138 24625 raft_consensus.cc:2393] T 34b7e658ca204e9b96a90a10745829f1 P ba5be69d33254cf29eba52670a67a43e [term 1 FOLLOWER]: Leader pre-election vote request: Denying vote to candidate c9ac3971bb014e75b209d95bdc80caa4 in current term 1: Already voted for candidate a1e76284a509459e97f7bd4417805703 in this term.
I20260630 12:16:23.828950 24516 leader_election.cc:304] T 34b7e658ca204e9b96a90a10745829f1 P c9ac3971bb014e75b209d95bdc80caa4 [CANDIDATE]: Term 1 pre-election: Election decided. Result: candidate lost. Election summary: received 3 responses out of 3 voters: 1 yes votes; 2 no votes. yes voters: c9ac3971bb014e75b209d95bdc80caa4; no voters: a1e76284a509459e97f7bd4417805703, ba5be69d33254cf29eba52670a67a43e
I20260630 12:16:23.829464 24781 raft_consensus.cc:3060] T 34b7e658ca204e9b96a90a10745829f1 P c9ac3971bb014e75b209d95bdc80caa4 [term 0 FOLLOWER]: Advancing to term 1
I20260630 12:16:23.833866 24781 raft_consensus.cc:2749] T 34b7e658ca204e9b96a90a10745829f1 P c9ac3971bb014e75b209d95bdc80caa4 [term 1 FOLLOWER]: Leader pre-election lost for term 1. Reason: could not achieve majority
I20260630 12:16:23.846926 24782 raft_consensus.cc:493] T 668d24a0a58d46229e46673b94fc8479 P ba5be69d33254cf29eba52670a67a43e [term 0 FOLLOWER]: Starting pre-election (no leader contacted us within the election timeout)
I20260630 12:16:23.847321 24782 raft_consensus.cc:515] T 668d24a0a58d46229e46673b94fc8479 P ba5be69d33254cf29eba52670a67a43e [term 0 FOLLOWER]: Starting pre-election with config: opid_index: -1 OBSOLETE_local: false peers { permanent_uuid: "a1e76284a509459e97f7bd4417805703" member_type: VOTER last_known_addr { host: "127.21.19.4" port: 35893 } } peers { permanent_uuid: "c9ac3971bb014e75b209d95bdc80caa4" member_type: VOTER last_known_addr { host: "127.21.19.1" port: 33687 } } peers { permanent_uuid: "ba5be69d33254cf29eba52670a67a43e" member_type: VOTER last_known_addr { host: "127.21.19.2" port: 41357 } }
I20260630 12:16:23.848886 24782 leader_election.cc:290] T 668d24a0a58d46229e46673b94fc8479 P ba5be69d33254cf29eba52670a67a43e [CANDIDATE]: Term 1 pre-election: Requested pre-vote from peers a1e76284a509459e97f7bd4417805703 (127.21.19.4:35893), c9ac3971bb014e75b209d95bdc80caa4 (127.21.19.1:33687)
I20260630 12:16:23.849488 24845 tablet_service.cc:1917] Received RequestConsensusVote() RPC: tablet_id: "668d24a0a58d46229e46673b94fc8479" candidate_uuid: "ba5be69d33254cf29eba52670a67a43e" candidate_term: 1 candidate_status { last_received { term: 0 index: 0 } } ignore_live_leader: false dest_uuid: "a1e76284a509459e97f7bd4417805703" is_pre_election: true
I20260630 12:16:23.849705 24552 tablet_service.cc:1917] Received RequestConsensusVote() RPC: tablet_id: "668d24a0a58d46229e46673b94fc8479" candidate_uuid: "ba5be69d33254cf29eba52670a67a43e" candidate_term: 1 candidate_status { last_received { term: 0 index: 0 } } ignore_live_leader: false dest_uuid: "c9ac3971bb014e75b209d95bdc80caa4" is_pre_election: true
I20260630 12:16:23.850090 24845 raft_consensus.cc:2468] T 668d24a0a58d46229e46673b94fc8479 P a1e76284a509459e97f7bd4417805703 [term 0 FOLLOWER]: Leader pre-election vote request: Granting yes vote for candidate ba5be69d33254cf29eba52670a67a43e in term 0.
I20260630 12:16:23.850320 24552 raft_consensus.cc:2468] T 668d24a0a58d46229e46673b94fc8479 P c9ac3971bb014e75b209d95bdc80caa4 [term 0 FOLLOWER]: Leader pre-election vote request: Granting yes vote for candidate ba5be69d33254cf29eba52670a67a43e in term 0.
I20260630 12:16:23.850986 24592 leader_election.cc:304] T 668d24a0a58d46229e46673b94fc8479 P ba5be69d33254cf29eba52670a67a43e [CANDIDATE]: Term 1 pre-election: Election decided. Result: candidate won. Election summary: received 2 responses out of 3 voters: 2 yes votes; 0 no votes. yes voters: a1e76284a509459e97f7bd4417805703, ba5be69d33254cf29eba52670a67a43e; no voters: 
I20260630 12:16:23.851547 24782 raft_consensus.cc:2804] T 668d24a0a58d46229e46673b94fc8479 P ba5be69d33254cf29eba52670a67a43e [term 0 FOLLOWER]: Leader pre-election won for term 1
I20260630 12:16:23.851912 24782 raft_consensus.cc:493] T 668d24a0a58d46229e46673b94fc8479 P ba5be69d33254cf29eba52670a67a43e [term 0 FOLLOWER]: Starting leader election (no leader contacted us within the election timeout)
I20260630 12:16:23.852185 24782 raft_consensus.cc:3060] T 668d24a0a58d46229e46673b94fc8479 P ba5be69d33254cf29eba52670a67a43e [term 0 FOLLOWER]: Advancing to term 1
I20260630 12:16:23.857394 24782 raft_consensus.cc:515] T 668d24a0a58d46229e46673b94fc8479 P ba5be69d33254cf29eba52670a67a43e [term 1 FOLLOWER]: Starting leader election with config: opid_index: -1 OBSOLETE_local: false peers { permanent_uuid: "a1e76284a509459e97f7bd4417805703" member_type: VOTER last_known_addr { host: "127.21.19.4" port: 35893 } } peers { permanent_uuid: "c9ac3971bb014e75b209d95bdc80caa4" member_type: VOTER last_known_addr { host: "127.21.19.1" port: 33687 } } peers { permanent_uuid: "ba5be69d33254cf29eba52670a67a43e" member_type: VOTER last_known_addr { host: "127.21.19.2" port: 41357 } }
I20260630 12:16:23.858845 24782 leader_election.cc:290] T 668d24a0a58d46229e46673b94fc8479 P ba5be69d33254cf29eba52670a67a43e [CANDIDATE]: Term 1 election: Requested vote from peers a1e76284a509459e97f7bd4417805703 (127.21.19.4:35893), c9ac3971bb014e75b209d95bdc80caa4 (127.21.19.1:33687)
I20260630 12:16:23.859469 24845 tablet_service.cc:1917] Received RequestConsensusVote() RPC: tablet_id: "668d24a0a58d46229e46673b94fc8479" candidate_uuid: "ba5be69d33254cf29eba52670a67a43e" candidate_term: 1 candidate_status { last_received { term: 0 index: 0 } } ignore_live_leader: false dest_uuid: "a1e76284a509459e97f7bd4417805703"
I20260630 12:16:23.859741 24552 tablet_service.cc:1917] Received RequestConsensusVote() RPC: tablet_id: "668d24a0a58d46229e46673b94fc8479" candidate_uuid: "ba5be69d33254cf29eba52670a67a43e" candidate_term: 1 candidate_status { last_received { term: 0 index: 0 } } ignore_live_leader: false dest_uuid: "c9ac3971bb014e75b209d95bdc80caa4"
I20260630 12:16:23.860055 24845 raft_consensus.cc:3060] T 668d24a0a58d46229e46673b94fc8479 P a1e76284a509459e97f7bd4417805703 [term 0 FOLLOWER]: Advancing to term 1
I20260630 12:16:23.860261 24552 raft_consensus.cc:3060] T 668d24a0a58d46229e46673b94fc8479 P c9ac3971bb014e75b209d95bdc80caa4 [term 0 FOLLOWER]: Advancing to term 1
I20260630 12:16:23.864631 24845 raft_consensus.cc:2468] T 668d24a0a58d46229e46673b94fc8479 P a1e76284a509459e97f7bd4417805703 [term 1 FOLLOWER]: Leader election vote request: Granting yes vote for candidate ba5be69d33254cf29eba52670a67a43e in term 1.
I20260630 12:16:23.864743 24552 raft_consensus.cc:2468] T 668d24a0a58d46229e46673b94fc8479 P c9ac3971bb014e75b209d95bdc80caa4 [term 1 FOLLOWER]: Leader election vote request: Granting yes vote for candidate ba5be69d33254cf29eba52670a67a43e in term 1.
I20260630 12:16:23.865449 24592 leader_election.cc:304] T 668d24a0a58d46229e46673b94fc8479 P ba5be69d33254cf29eba52670a67a43e [CANDIDATE]: Term 1 election: Election decided. Result: candidate won. Election summary: received 2 responses out of 3 voters: 2 yes votes; 0 no votes. yes voters: a1e76284a509459e97f7bd4417805703, ba5be69d33254cf29eba52670a67a43e; no voters: 
I20260630 12:16:23.866003 24782 raft_consensus.cc:2804] T 668d24a0a58d46229e46673b94fc8479 P ba5be69d33254cf29eba52670a67a43e [term 1 FOLLOWER]: Leader election won for term 1
I20260630 12:16:23.866436 24782 raft_consensus.cc:697] T 668d24a0a58d46229e46673b94fc8479 P ba5be69d33254cf29eba52670a67a43e [term 1 LEADER]: Becoming Leader. State: Replica: ba5be69d33254cf29eba52670a67a43e, State: Running, Role: LEADER
I20260630 12:16:23.866982 24782 consensus_queue.cc:237] T 668d24a0a58d46229e46673b94fc8479 P ba5be69d33254cf29eba52670a67a43e [LEADER]: Queue going to LEADER mode. State: All replicated index: 0, Majority replicated index: 0, Committed index: 0, Last appended: 0.0, Last appended by leader: 0, Current term: 1, Majority size: 2, State: 0, Mode: LEADER, active raft config: opid_index: -1 OBSOLETE_local: false peers { permanent_uuid: "a1e76284a509459e97f7bd4417805703" member_type: VOTER last_known_addr { host: "127.21.19.4" port: 35893 } } peers { permanent_uuid: "c9ac3971bb014e75b209d95bdc80caa4" member_type: VOTER last_known_addr { host: "127.21.19.1" port: 33687 } } peers { permanent_uuid: "ba5be69d33254cf29eba52670a67a43e" member_type: VOTER last_known_addr { host: "127.21.19.2" port: 41357 } }
I20260630 12:16:23.873469 24448 catalog_manager.cc:5697] T 668d24a0a58d46229e46673b94fc8479 P ba5be69d33254cf29eba52670a67a43e reported cstate change: term changed from 0 to 1, leader changed from <none> to ba5be69d33254cf29eba52670a67a43e (127.21.19.2). New cstate: current_term: 1 leader_uuid: "ba5be69d33254cf29eba52670a67a43e" committed_config { opid_index: -1 OBSOLETE_local: false peers { permanent_uuid: "a1e76284a509459e97f7bd4417805703" member_type: VOTER last_known_addr { host: "127.21.19.4" port: 35893 } health_report { overall_health: UNKNOWN } } peers { permanent_uuid: "c9ac3971bb014e75b209d95bdc80caa4" member_type: VOTER last_known_addr { host: "127.21.19.1" port: 33687 } health_report { overall_health: UNKNOWN } } peers { permanent_uuid: "ba5be69d33254cf29eba52670a67a43e" member_type: VOTER last_known_addr { host: "127.21.19.2" port: 41357 } health_report { overall_health: HEALTHY } } }
I20260630 12:16:23.931236 24906 consensus_queue.cc:1048] T 34b7e658ca204e9b96a90a10745829f1 P a1e76284a509459e97f7bd4417805703 [LEADER]: Connected to new peer: Peer: permanent_uuid: "ba5be69d33254cf29eba52670a67a43e" member_type: VOTER last_known_addr { host: "127.21.19.2" port: 41357 }, Status: LMP_MISMATCH, Last received: 0.0, Next index: 1, Last known committed idx: 0, Time since last communication: 0.000s
I20260630 12:16:23.940685 24906 consensus_queue.cc:1048] T 34b7e658ca204e9b96a90a10745829f1 P a1e76284a509459e97f7bd4417805703 [LEADER]: Connected to new peer: Peer: permanent_uuid: "c9ac3971bb014e75b209d95bdc80caa4" member_type: VOTER last_known_addr { host: "127.21.19.1" port: 33687 }, Status: LMP_MISMATCH, Last received: 0.0, Next index: 1, Last known committed idx: 0, Time since last communication: 0.000s
I20260630 12:16:23.955195 24869 consensus_queue.cc:1048] T b2af17cf04424e41be4618deb2ad24e8 P 1c2741dae6014ec1b165be6df26fc63d [LEADER]: Connected to new peer: Peer: permanent_uuid: "a1e76284a509459e97f7bd4417805703" member_type: VOTER last_known_addr { host: "127.21.19.4" port: 35893 }, Status: LMP_MISMATCH, Last received: 0.0, Next index: 1, Last known committed idx: 0, Time since last communication: 0.000s
I20260630 12:16:23.964699 24754 consensus_queue.cc:1048] T b2af17cf04424e41be4618deb2ad24e8 P 1c2741dae6014ec1b165be6df26fc63d [LEADER]: Connected to new peer: Peer: permanent_uuid: "c9ac3971bb014e75b209d95bdc80caa4" member_type: VOTER last_known_addr { host: "127.21.19.1" port: 33687 }, Status: LMP_MISMATCH, Last received: 0.0, Next index: 1, Last known committed idx: 0, Time since last communication: 0.000s
I20260630 12:16:24.099342 24906 consensus_queue.cc:1048] T 472c26eb8bee4e8ca79a5aac1485e6ce P a1e76284a509459e97f7bd4417805703 [LEADER]: Connected to new peer: Peer: permanent_uuid: "1c2741dae6014ec1b165be6df26fc63d" member_type: VOTER last_known_addr { host: "127.21.19.3" port: 36201 }, Status: LMP_MISMATCH, Last received: 0.0, Next index: 1, Last known committed idx: 0, Time since last communication: 0.000s
I20260630 12:16:24.108282 24906 consensus_queue.cc:1048] T 472c26eb8bee4e8ca79a5aac1485e6ce P a1e76284a509459e97f7bd4417805703 [LEADER]: Connected to new peer: Peer: permanent_uuid: "ba5be69d33254cf29eba52670a67a43e" member_type: VOTER last_known_addr { host: "127.21.19.2" port: 41357 }, Status: LMP_MISMATCH, Last received: 0.0, Next index: 1, Last known committed idx: 0, Time since last communication: 0.000s
I20260630 12:16:24.118857 24754 consensus_queue.cc:1048] T e34ea90520cd42aebe4c96586109ba6a P 1c2741dae6014ec1b165be6df26fc63d [LEADER]: Connected to new peer: Peer: permanent_uuid: "c9ac3971bb014e75b209d95bdc80caa4" member_type: VOTER last_known_addr { host: "127.21.19.1" port: 33687 }, Status: LMP_MISMATCH, Last received: 0.0, Next index: 1, Last known committed idx: 0, Time since last communication: 0.000s
I20260630 12:16:24.130314 24774 consensus_queue.cc:1048] T e34ea90520cd42aebe4c96586109ba6a P 1c2741dae6014ec1b165be6df26fc63d [LEADER]: Connected to new peer: Peer: permanent_uuid: "a1e76284a509459e97f7bd4417805703" member_type: VOTER last_known_addr { host: "127.21.19.4" port: 35893 }, Status: LMP_MISMATCH, Last received: 0.0, Next index: 1, Last known committed idx: 0, Time since last communication: 0.000s
I20260630 12:16:24.149734 24774 consensus_queue.cc:1048] T 38bb4dba11384f43b1338ab3df56ede5 P 1c2741dae6014ec1b165be6df26fc63d [LEADER]: Connected to new peer: Peer: permanent_uuid: "a1e76284a509459e97f7bd4417805703" member_type: VOTER last_known_addr { host: "127.21.19.4" port: 35893 }, Status: LMP_MISMATCH, Last received: 0.0, Next index: 1, Last known committed idx: 0, Time since last communication: 0.000s
I20260630 12:16:24.165478 24781 consensus_queue.cc:1048] T c9fa72184c9c4fd0a8eed1a477deaa7d P c9ac3971bb014e75b209d95bdc80caa4 [LEADER]: Connected to new peer: Peer: permanent_uuid: "a1e76284a509459e97f7bd4417805703" member_type: VOTER last_known_addr { host: "127.21.19.4" port: 35893 }, Status: LMP_MISMATCH, Last received: 0.0, Next index: 1, Last known committed idx: 0, Time since last communication: 0.000s
I20260630 12:16:24.166178 24958 consensus_queue.cc:1048] T 38bb4dba11384f43b1338ab3df56ede5 P 1c2741dae6014ec1b165be6df26fc63d [LEADER]: Connected to new peer: Peer: permanent_uuid: "ba5be69d33254cf29eba52670a67a43e" member_type: VOTER last_known_addr { host: "127.21.19.2" port: 41357 }, Status: LMP_MISMATCH, Last received: 0.0, Next index: 1, Last known committed idx: 0, Time since last communication: 0.000s
I20260630 12:16:24.181897 24781 consensus_queue.cc:1048] T c9fa72184c9c4fd0a8eed1a477deaa7d P c9ac3971bb014e75b209d95bdc80caa4 [LEADER]: Connected to new peer: Peer: permanent_uuid: "1c2741dae6014ec1b165be6df26fc63d" member_type: VOTER last_known_addr { host: "127.21.19.3" port: 36201 }, Status: LMP_MISMATCH, Last received: 0.0, Next index: 1, Last known committed idx: 0, Time since last communication: 0.000s
I20260630 12:16:24.204912 24752 consensus_queue.cc:1048] T 01b11da805224e579cb6eb6047576d59 P ba5be69d33254cf29eba52670a67a43e [LEADER]: Connected to new peer: Peer: permanent_uuid: "a1e76284a509459e97f7bd4417805703" member_type: VOTER last_known_addr { host: "127.21.19.4" port: 35893 }, Status: LMP_MISMATCH, Last received: 0.0, Next index: 1, Last known committed idx: 0, Time since last communication: 0.000s
I20260630 12:16:24.215444 24964 consensus_queue.cc:1048] T 01b11da805224e579cb6eb6047576d59 P ba5be69d33254cf29eba52670a67a43e [LEADER]: Connected to new peer: Peer: permanent_uuid: "c9ac3971bb014e75b209d95bdc80caa4" member_type: VOTER last_known_addr { host: "127.21.19.1" port: 33687 }, Status: LMP_MISMATCH, Last received: 0.0, Next index: 1, Last known committed idx: 0, Time since last communication: 0.000s
I20260630 12:16:24.220819 24503 auto_leader_rebalancer.cc:141] leader rebalance for table range_aware_rebalance_new_range
I20260630 12:16:24.248878 24699 tablet_service.cc:2072] Received LeaderStepDown RPC: tablet_id: "38bb4dba11384f43b1338ab3df56ede5"
dest_uuid: "1c2741dae6014ec1b165be6df26fc63d"
mode: GRACEFUL
new_leader_uuid: "a1e76284a509459e97f7bd4417805703"
 from {username='slave'} at 127.0.0.1:35198
I20260630 12:16:24.249429 24699 raft_consensus.cc:606] T 38bb4dba11384f43b1338ab3df56ede5 P 1c2741dae6014ec1b165be6df26fc63d [term 1 LEADER]: Received request to transfer leadership to TS a1e76284a509459e97f7bd4417805703
I20260630 12:16:24.261384 24625 tablet_service.cc:2072] Received LeaderStepDown RPC: tablet_id: "5618e86672024d0582e42cce9d7095ee"
dest_uuid: "ba5be69d33254cf29eba52670a67a43e"
mode: GRACEFUL
new_leader_uuid: "c9ac3971bb014e75b209d95bdc80caa4"
 from {username='slave'} at 127.0.0.1:53484
I20260630 12:16:24.261973 24625 raft_consensus.cc:606] T 5618e86672024d0582e42cce9d7095ee P ba5be69d33254cf29eba52670a67a43e [term 1 LEADER]: Received request to transfer leadership to TS c9ac3971bb014e75b209d95bdc80caa4
I20260630 12:16:24.264964 24627 tablet_service.cc:2072] Received LeaderStepDown RPC: tablet_id: "6976ea8f1d6e45539a4574d50bf98659"
dest_uuid: "ba5be69d33254cf29eba52670a67a43e"
mode: GRACEFUL
new_leader_uuid: "c9ac3971bb014e75b209d95bdc80caa4"
 from {username='slave'} at 127.0.0.1:53484
I20260630 12:16:24.265512 24627 raft_consensus.cc:606] T 6976ea8f1d6e45539a4574d50bf98659 P ba5be69d33254cf29eba52670a67a43e [term 1 LEADER]: Received request to transfer leadership to TS c9ac3971bb014e75b209d95bdc80caa4
I20260630 12:16:24.265403 24699 consensus_queue.cc:237] T 1772d7eff4b74c23939ca980983fb7f0 P 1c2741dae6014ec1b165be6df26fc63d [LEADER]: Queue going to LEADER mode. State: All replicated index: 0, Majority replicated index: 1, Committed index: 1, Last appended: 1.1, Last appended by leader: 0, Current term: 1, Majority size: 2, State: 0, Mode: LEADER, active raft config: opid_index: 2 OBSOLETE_local: false peers { permanent_uuid: "ba5be69d33254cf29eba52670a67a43e" member_type: VOTER last_known_addr { host: "127.21.19.2" port: 41357 } } peers { permanent_uuid: "c9ac3971bb014e75b209d95bdc80caa4" member_type: VOTER last_known_addr { host: "127.21.19.1" port: 33687 } attrs { replace: true } } peers { permanent_uuid: "1c2741dae6014ec1b165be6df26fc63d" member_type: VOTER last_known_addr { host: "127.21.19.3" port: 36201 } } peers { permanent_uuid: "a1e76284a509459e97f7bd4417805703" member_type: NON_VOTER last_known_addr { host: "127.21.19.4" port: 35893 } attrs { promote: true } }
I20260630 12:16:24.266628 24503 auto_leader_rebalancer.cc:440] table: range_aware_rebalance_new_range, leader rebalance finish, leader transfer count: 3
I20260630 12:16:24.267365 24503 auto_leader_rebalancer.cc:515] All tables' leader rebalancing finished this round
I20260630 12:16:24.273994 24552 raft_consensus.cc:1275] T 1772d7eff4b74c23939ca980983fb7f0 P c9ac3971bb014e75b209d95bdc80caa4 [term 1 FOLLOWER]: Refusing update from remote peer 1c2741dae6014ec1b165be6df26fc63d: Log matching property violated. Preceding OpId in replica: term: 1 index: 1. Preceding OpId from leader: term: 1 index: 2. (index mismatch)
W20260630 12:16:24.274277 24666 consensus_peers.cc:597] T 1772d7eff4b74c23939ca980983fb7f0 P 1c2741dae6014ec1b165be6df26fc63d -> Peer a1e76284a509459e97f7bd4417805703 (127.21.19.4:35893): Couldn't send request to peer a1e76284a509459e97f7bd4417805703. Error code: TABLET_NOT_FOUND (6). Status: Not found: Tablet not found: 1772d7eff4b74c23939ca980983fb7f0. This is attempt 1: this message will repeat every 5th retry.
I20260630 12:16:24.275218 24869 consensus_queue.cc:1048] T 1772d7eff4b74c23939ca980983fb7f0 P 1c2741dae6014ec1b165be6df26fc63d [LEADER]: Connected to new peer: Peer: permanent_uuid: "c9ac3971bb014e75b209d95bdc80caa4" member_type: VOTER last_known_addr { host: "127.21.19.1" port: 33687 } attrs { replace: true }, Status: LMP_MISMATCH, Last received: 0.0, Next index: 2, Last known committed idx: 1, Time since last communication: 0.000s
I20260630 12:16:24.275947 24627 raft_consensus.cc:1275] T 1772d7eff4b74c23939ca980983fb7f0 P ba5be69d33254cf29eba52670a67a43e [term 1 FOLLOWER]: Refusing update from remote peer 1c2741dae6014ec1b165be6df26fc63d: Log matching property violated. Preceding OpId in replica: term: 1 index: 1. Preceding OpId from leader: term: 1 index: 2. (index mismatch)
I20260630 12:16:24.276989 24869 consensus_queue.cc:1048] T 1772d7eff4b74c23939ca980983fb7f0 P 1c2741dae6014ec1b165be6df26fc63d [LEADER]: Connected to new peer: Peer: permanent_uuid: "ba5be69d33254cf29eba52670a67a43e" member_type: VOTER last_known_addr { host: "127.21.19.2" port: 41357 }, Status: LMP_MISMATCH, Last received: 0.0, Next index: 2, Last known committed idx: 1, Time since last communication: 0.000s
I20260630 12:16:24.281453 24958 raft_consensus.cc:2955] T 1772d7eff4b74c23939ca980983fb7f0 P 1c2741dae6014ec1b165be6df26fc63d [term 1 LEADER]: Committing config change with OpId 1.2: config changed from index -1 to 2, NON_VOTER a1e76284a509459e97f7bd4417805703 (127.21.19.4) added. New config: { opid_index: 2 OBSOLETE_local: false peers { permanent_uuid: "ba5be69d33254cf29eba52670a67a43e" member_type: VOTER last_known_addr { host: "127.21.19.2" port: 41357 } } peers { permanent_uuid: "c9ac3971bb014e75b209d95bdc80caa4" member_type: VOTER last_known_addr { host: "127.21.19.1" port: 33687 } attrs { replace: true } } peers { permanent_uuid: "1c2741dae6014ec1b165be6df26fc63d" member_type: VOTER last_known_addr { host: "127.21.19.3" port: 36201 } } peers { permanent_uuid: "a1e76284a509459e97f7bd4417805703" member_type: NON_VOTER last_known_addr { host: "127.21.19.4" port: 35893 } attrs { promote: true } } }
I20260630 12:16:24.283110 24552 raft_consensus.cc:2955] T 1772d7eff4b74c23939ca980983fb7f0 P c9ac3971bb014e75b209d95bdc80caa4 [term 1 FOLLOWER]: Committing config change with OpId 1.2: config changed from index -1 to 2, NON_VOTER a1e76284a509459e97f7bd4417805703 (127.21.19.4) added. New config: { opid_index: 2 OBSOLETE_local: false peers { permanent_uuid: "ba5be69d33254cf29eba52670a67a43e" member_type: VOTER last_known_addr { host: "127.21.19.2" port: 41357 } } peers { permanent_uuid: "c9ac3971bb014e75b209d95bdc80caa4" member_type: VOTER last_known_addr { host: "127.21.19.1" port: 33687 } attrs { replace: true } } peers { permanent_uuid: "1c2741dae6014ec1b165be6df26fc63d" member_type: VOTER last_known_addr { host: "127.21.19.3" port: 36201 } } peers { permanent_uuid: "a1e76284a509459e97f7bd4417805703" member_type: NON_VOTER last_known_addr { host: "127.21.19.4" port: 35893 } attrs { promote: true } } }
I20260630 12:16:24.284857 24627 raft_consensus.cc:2955] T 1772d7eff4b74c23939ca980983fb7f0 P ba5be69d33254cf29eba52670a67a43e [term 1 FOLLOWER]: Committing config change with OpId 1.2: config changed from index -1 to 2, NON_VOTER a1e76284a509459e97f7bd4417805703 (127.21.19.4) added. New config: { opid_index: 2 OBSOLETE_local: false peers { permanent_uuid: "ba5be69d33254cf29eba52670a67a43e" member_type: VOTER last_known_addr { host: "127.21.19.2" port: 41357 } } peers { permanent_uuid: "c9ac3971bb014e75b209d95bdc80caa4" member_type: VOTER last_known_addr { host: "127.21.19.1" port: 33687 } attrs { replace: true } } peers { permanent_uuid: "1c2741dae6014ec1b165be6df26fc63d" member_type: VOTER last_known_addr { host: "127.21.19.3" port: 36201 } } peers { permanent_uuid: "a1e76284a509459e97f7bd4417805703" member_type: NON_VOTER last_known_addr { host: "127.21.19.4" port: 35893 } attrs { promote: true } } }
I20260630 12:16:24.291260 24752 consensus_queue.cc:1048] T 668d24a0a58d46229e46673b94fc8479 P ba5be69d33254cf29eba52670a67a43e [LEADER]: Connected to new peer: Peer: permanent_uuid: "a1e76284a509459e97f7bd4417805703" member_type: VOTER last_known_addr { host: "127.21.19.4" port: 35893 }, Status: LMP_MISMATCH, Last received: 0.0, Next index: 1, Last known committed idx: 0, Time since last communication: 0.000s
I20260630 12:16:24.296619 24448 catalog_manager.cc:5697] T 1772d7eff4b74c23939ca980983fb7f0 P c9ac3971bb014e75b209d95bdc80caa4 reported cstate change: config changed from index -1 to 2, NON_VOTER a1e76284a509459e97f7bd4417805703 (127.21.19.4) added. New cstate: current_term: 1 leader_uuid: "1c2741dae6014ec1b165be6df26fc63d" committed_config { opid_index: 2 OBSOLETE_local: false peers { permanent_uuid: "ba5be69d33254cf29eba52670a67a43e" member_type: VOTER last_known_addr { host: "127.21.19.2" port: 41357 } } peers { permanent_uuid: "c9ac3971bb014e75b209d95bdc80caa4" member_type: VOTER last_known_addr { host: "127.21.19.1" port: 33687 } attrs { replace: true } } peers { permanent_uuid: "1c2741dae6014ec1b165be6df26fc63d" member_type: VOTER last_known_addr { host: "127.21.19.3" port: 36201 } } peers { permanent_uuid: "a1e76284a509459e97f7bd4417805703" member_type: NON_VOTER last_known_addr { host: "127.21.19.4" port: 35893 } attrs { promote: true } } }
I20260630 12:16:24.299028 24752 raft_consensus.cc:993] T 5618e86672024d0582e42cce9d7095ee P ba5be69d33254cf29eba52670a67a43e: : Instructing follower c9ac3971bb014e75b209d95bdc80caa4 to start an election
I20260630 12:16:24.299507 24752 raft_consensus.cc:1081] T 5618e86672024d0582e42cce9d7095ee P ba5be69d33254cf29eba52670a67a43e [term 1 LEADER]: Signalling peer c9ac3971bb014e75b209d95bdc80caa4 to start an election
I20260630 12:16:24.301579 24782 consensus_queue.cc:1048] T 668d24a0a58d46229e46673b94fc8479 P ba5be69d33254cf29eba52670a67a43e [LEADER]: Connected to new peer: Peer: permanent_uuid: "c9ac3971bb014e75b209d95bdc80caa4" member_type: VOTER last_known_addr { host: "127.21.19.1" port: 33687 }, Status: LMP_MISMATCH, Last received: 0.0, Next index: 1, Last known committed idx: 0, Time since last communication: 0.000s
I20260630 12:16:24.315438 24552 tablet_service.cc:2044] Received Run Leader Election RPC: tablet_id: "5618e86672024d0582e42cce9d7095ee"
dest_uuid: "c9ac3971bb014e75b209d95bdc80caa4"
 from {username='slave'} at 127.0.0.1:44146
I20260630 12:16:24.316649 24552 raft_consensus.cc:493] T 5618e86672024d0582e42cce9d7095ee P c9ac3971bb014e75b209d95bdc80caa4 [term 1 FOLLOWER]: Starting forced leader election (received explicit request)
I20260630 12:16:24.317508 24552 raft_consensus.cc:3060] T 5618e86672024d0582e42cce9d7095ee P c9ac3971bb014e75b209d95bdc80caa4 [term 1 FOLLOWER]: Advancing to term 2
I20260630 12:16:24.323450 24552 raft_consensus.cc:515] T 5618e86672024d0582e42cce9d7095ee P c9ac3971bb014e75b209d95bdc80caa4 [term 2 FOLLOWER]: Starting forced leader election with config: opid_index: -1 OBSOLETE_local: false peers { permanent_uuid: "ba5be69d33254cf29eba52670a67a43e" member_type: VOTER last_known_addr { host: "127.21.19.2" port: 41357 } } peers { permanent_uuid: "c9ac3971bb014e75b209d95bdc80caa4" member_type: VOTER last_known_addr { host: "127.21.19.1" port: 33687 } } peers { permanent_uuid: "1c2741dae6014ec1b165be6df26fc63d" member_type: VOTER last_known_addr { host: "127.21.19.3" port: 36201 } }
I20260630 12:16:24.327833 24552 leader_election.cc:290] T 5618e86672024d0582e42cce9d7095ee P c9ac3971bb014e75b209d95bdc80caa4 [CANDIDATE]: Term 2 election: Requested vote from peers ba5be69d33254cf29eba52670a67a43e (127.21.19.2:41357), 1c2741dae6014ec1b165be6df26fc63d (127.21.19.3:36201)
I20260630 12:16:24.328538 24627 tablet_service.cc:1917] Received RequestConsensusVote() RPC: tablet_id: "5618e86672024d0582e42cce9d7095ee" candidate_uuid: "c9ac3971bb014e75b209d95bdc80caa4" candidate_term: 2 candidate_status { last_received { term: 1 index: 1 } } ignore_live_leader: true dest_uuid: "ba5be69d33254cf29eba52670a67a43e"
I20260630 12:16:24.329137 24627 raft_consensus.cc:3055] T 5618e86672024d0582e42cce9d7095ee P ba5be69d33254cf29eba52670a67a43e [term 1 LEADER]: Stepping down as leader of term 1
I20260630 12:16:24.329432 24627 raft_consensus.cc:740] T 5618e86672024d0582e42cce9d7095ee P ba5be69d33254cf29eba52670a67a43e [term 1 LEADER]: Becoming Follower/Learner. State: Replica: ba5be69d33254cf29eba52670a67a43e, State: Running, Role: LEADER
I20260630 12:16:24.329821 24699 tablet_service.cc:1917] Received RequestConsensusVote() RPC: tablet_id: "5618e86672024d0582e42cce9d7095ee" candidate_uuid: "c9ac3971bb014e75b209d95bdc80caa4" candidate_term: 2 candidate_status { last_received { term: 1 index: 1 } } ignore_live_leader: true dest_uuid: "1c2741dae6014ec1b165be6df26fc63d"
I20260630 12:16:24.330163 24627 consensus_queue.cc:260] T 5618e86672024d0582e42cce9d7095ee P ba5be69d33254cf29eba52670a67a43e [NON_LEADER]: Queue going to NON_LEADER mode. State: All replicated index: 0, Majority replicated index: 1, Committed index: 1, Last appended: 1.1, Last appended by leader: 1, Current term: 1, Majority size: -1, State: 0, Mode: NON_LEADER, active raft config: opid_index: -1 OBSOLETE_local: false peers { permanent_uuid: "ba5be69d33254cf29eba52670a67a43e" member_type: VOTER last_known_addr { host: "127.21.19.2" port: 41357 } } peers { permanent_uuid: "c9ac3971bb014e75b209d95bdc80caa4" member_type: VOTER last_known_addr { host: "127.21.19.1" port: 33687 } } peers { permanent_uuid: "1c2741dae6014ec1b165be6df26fc63d" member_type: VOTER last_known_addr { host: "127.21.19.3" port: 36201 } }
I20260630 12:16:24.330895 24699 raft_consensus.cc:3060] T 5618e86672024d0582e42cce9d7095ee P 1c2741dae6014ec1b165be6df26fc63d [term 1 FOLLOWER]: Advancing to term 2
I20260630 12:16:24.331373 24627 raft_consensus.cc:3060] T 5618e86672024d0582e42cce9d7095ee P ba5be69d33254cf29eba52670a67a43e [term 1 FOLLOWER]: Advancing to term 2
W20260630 12:16:24.337020 24518 consensus_peers.cc:183] SignalRequest failed: Illegal state: peer closed
I20260630 12:16:24.337158 24627 raft_consensus.cc:2468] T 5618e86672024d0582e42cce9d7095ee P ba5be69d33254cf29eba52670a67a43e [term 2 FOLLOWER]: Leader election vote request: Granting yes vote for candidate c9ac3971bb014e75b209d95bdc80caa4 in term 2.
I20260630 12:16:24.337631 24699 raft_consensus.cc:2468] T 5618e86672024d0582e42cce9d7095ee P 1c2741dae6014ec1b165be6df26fc63d [term 2 FOLLOWER]: Leader election vote request: Granting yes vote for candidate c9ac3971bb014e75b209d95bdc80caa4 in term 2.
I20260630 12:16:24.338188 24516 leader_election.cc:304] T 5618e86672024d0582e42cce9d7095ee P c9ac3971bb014e75b209d95bdc80caa4 [CANDIDATE]: Term 2 election: Election decided. Result: candidate won. Election summary: received 2 responses out of 3 voters: 2 yes votes; 0 no votes. yes voters: ba5be69d33254cf29eba52670a67a43e, c9ac3971bb014e75b209d95bdc80caa4; no voters: 
I20260630 12:16:24.338372 24552 consensus_queue.cc:237] T aca3ed7ee61746b0b181ca495efb7b3c P c9ac3971bb014e75b209d95bdc80caa4 [LEADER]: Queue going to LEADER mode. State: All replicated index: 0, Majority replicated index: 1, Committed index: 1, Last appended: 1.1, Last appended by leader: 0, Current term: 1, Majority size: 2, State: 0, Mode: LEADER, active raft config: opid_index: 2 OBSOLETE_local: false peers { permanent_uuid: "c9ac3971bb014e75b209d95bdc80caa4" member_type: VOTER last_known_addr { host: "127.21.19.1" port: 33687 } } peers { permanent_uuid: "ba5be69d33254cf29eba52670a67a43e" member_type: VOTER last_known_addr { host: "127.21.19.2" port: 41357 } } peers { permanent_uuid: "1c2741dae6014ec1b165be6df26fc63d" member_type: VOTER last_known_addr { host: "127.21.19.3" port: 36201 } attrs { replace: true } } peers { permanent_uuid: "a1e76284a509459e97f7bd4417805703" member_type: NON_VOTER last_known_addr { host: "127.21.19.4" port: 35893 } attrs { promote: true } }
I20260630 12:16:24.339248 24961 raft_consensus.cc:2804] T 5618e86672024d0582e42cce9d7095ee P c9ac3971bb014e75b209d95bdc80caa4 [term 2 FOLLOWER]: Leader election won for term 2
I20260630 12:16:24.339720 24961 raft_consensus.cc:697] T 5618e86672024d0582e42cce9d7095ee P c9ac3971bb014e75b209d95bdc80caa4 [term 2 LEADER]: Becoming Leader. State: Replica: c9ac3971bb014e75b209d95bdc80caa4, State: Running, Role: LEADER
I20260630 12:16:24.340448 24961 consensus_queue.cc:237] T 5618e86672024d0582e42cce9d7095ee P c9ac3971bb014e75b209d95bdc80caa4 [LEADER]: Queue going to LEADER mode. State: All replicated index: 0, Majority replicated index: 1, Committed index: 1, Last appended: 1.1, Last appended by leader: 1, Current term: 2, Majority size: 2, State: 0, Mode: LEADER, active raft config: opid_index: -1 OBSOLETE_local: false peers { permanent_uuid: "ba5be69d33254cf29eba52670a67a43e" member_type: VOTER last_known_addr { host: "127.21.19.2" port: 41357 } } peers { permanent_uuid: "c9ac3971bb014e75b209d95bdc80caa4" member_type: VOTER last_known_addr { host: "127.21.19.1" port: 33687 } } peers { permanent_uuid: "1c2741dae6014ec1b165be6df26fc63d" member_type: VOTER last_known_addr { host: "127.21.19.3" port: 36201 } }
I20260630 12:16:24.345376 24699 raft_consensus.cc:1275] T aca3ed7ee61746b0b181ca495efb7b3c P 1c2741dae6014ec1b165be6df26fc63d [term 1 FOLLOWER]: Refusing update from remote peer c9ac3971bb014e75b209d95bdc80caa4: Log matching property violated. Preceding OpId in replica: term: 1 index: 1. Preceding OpId from leader: term: 1 index: 2. (index mismatch)
I20260630 12:16:24.346690 24781 consensus_queue.cc:1048] T aca3ed7ee61746b0b181ca495efb7b3c P c9ac3971bb014e75b209d95bdc80caa4 [LEADER]: Connected to new peer: Peer: permanent_uuid: "1c2741dae6014ec1b165be6df26fc63d" member_type: VOTER last_known_addr { host: "127.21.19.3" port: 36201 } attrs { replace: true }, Status: LMP_MISMATCH, Last received: 0.0, Next index: 2, Last known committed idx: 1, Time since last communication: 0.000s
