I20260630 12:15:07.604516 22446 consensus_queue.cc:237] T daaae404c2604bd682c7cfdfaf83b159 P 7784394cb1b64d0bb8be6caa92e608d1 [LEADER]: Queue going to LEADER mode. State: All replicated index: 0, Majority replicated index: 0, Committed index: 0, Last appended: 0.0, Last appended by leader: 0, Current term: 1, Majority size: 2, State: 0, Mode: LEADER, active raft config: opid_index: -1 OBSOLETE_local: false peers { permanent_uuid: "a3d3f221c903461c8c1b3b4d2354e2f6" member_type: VOTER last_known_addr { host: "127.21.19.1" port: 44119 } } peers { permanent_uuid: "7784394cb1b64d0bb8be6caa92e608d1" member_type: VOTER last_known_addr { host: "127.21.19.2" port: 41091 } } peers { permanent_uuid: "5a4d43f747ed480ea0b925d3b890c735" member_type: VOTER last_known_addr { host: "127.21.19.3" port: 46287 } }
I20260630 12:15:07.605554 22441 raft_consensus.cc:359] T 426dab645339432aa9be2fedeb814a34 P 7784394cb1b64d0bb8be6caa92e608d1 [term 0 FOLLOWER]: Replica starting. Triggering 0 pending ops. Active config: opid_index: -1 OBSOLETE_local: false peers { permanent_uuid: "a3d3f221c903461c8c1b3b4d2354e2f6" member_type: VOTER last_known_addr { host: "127.21.19.1" port: 44119 } } peers { permanent_uuid: "7784394cb1b64d0bb8be6caa92e608d1" member_type: VOTER last_known_addr { host: "127.21.19.2" port: 41091 } } peers { permanent_uuid: "5a4d43f747ed480ea0b925d3b890c735" member_type: VOTER last_known_addr { host: "127.21.19.3" port: 46287 } }
I20260630 12:15:07.606904 22441 raft_consensus.cc:385] T 426dab645339432aa9be2fedeb814a34 P 7784394cb1b64d0bb8be6caa92e608d1 [term 0 FOLLOWER]: Consensus starting up: Expiring failure detector timer to make a prompt election more likely
I20260630 12:15:07.607359 22441 raft_consensus.cc:740] T 426dab645339432aa9be2fedeb814a34 P 7784394cb1b64d0bb8be6caa92e608d1 [term 0 FOLLOWER]: Becoming Follower/Learner. State: Replica: 7784394cb1b64d0bb8be6caa92e608d1, State: Initialized, Role: FOLLOWER
I20260630 12:15:07.610550 22441 consensus_queue.cc:260] T 426dab645339432aa9be2fedeb814a34 P 7784394cb1b64d0bb8be6caa92e608d1 [NON_LEADER]: Queue going to NON_LEADER mode. State: All replicated index: 0, Majority replicated index: 0, Committed index: 0, Last appended: 0.0, Last appended by leader: 0, Current term: 0, Majority size: -1, State: 0, Mode: NON_LEADER, active raft config: opid_index: -1 OBSOLETE_local: false peers { permanent_uuid: "a3d3f221c903461c8c1b3b4d2354e2f6" member_type: VOTER last_known_addr { host: "127.21.19.1" port: 44119 } } peers { permanent_uuid: "7784394cb1b64d0bb8be6caa92e608d1" member_type: VOTER last_known_addr { host: "127.21.19.2" port: 41091 } } peers { permanent_uuid: "5a4d43f747ed480ea0b925d3b890c735" member_type: VOTER last_known_addr { host: "127.21.19.3" port: 46287 } }
I20260630 12:15:07.613108 22441 ts_tablet_manager.cc:1434] T 426dab645339432aa9be2fedeb814a34 P 7784394cb1b64d0bb8be6caa92e608d1: Time spent starting tablet: real 0.028s	user 0.000s	sys 0.005s
I20260630 12:15:07.616840 22441 tablet_bootstrap.cc:492] T 94b48ae426884da081b4eb7568cf2a0a P 7784394cb1b64d0bb8be6caa92e608d1: Bootstrap starting.
I20260630 12:15:07.617609 22445 tablet_bootstrap.cc:492] T 94b48ae426884da081b4eb7568cf2a0a P a3d3f221c903461c8c1b3b4d2354e2f6: No bootstrap required, opened a new log
I20260630 12:15:07.618160 22445 ts_tablet_manager.cc:1403] T 94b48ae426884da081b4eb7568cf2a0a P a3d3f221c903461c8c1b3b4d2354e2f6: Time spent bootstrapping tablet: real 0.043s	user 0.005s	sys 0.015s
I20260630 12:15:07.619339 22144 catalog_manager.cc:5697] T 9bc29e47da5b41529f3b09d1352998f1 P 5a4d43f747ed480ea0b925d3b890c735 reported cstate change: term changed from 0 to 1, leader changed from <none> to 5a4d43f747ed480ea0b925d3b890c735 (127.21.19.3). New cstate: current_term: 1 leader_uuid: "5a4d43f747ed480ea0b925d3b890c735" committed_config { opid_index: -1 OBSOLETE_local: false peers { permanent_uuid: "a3d3f221c903461c8c1b3b4d2354e2f6" member_type: VOTER last_known_addr { host: "127.21.19.1" port: 44119 } health_report { overall_health: UNKNOWN } } peers { permanent_uuid: "7784394cb1b64d0bb8be6caa92e608d1" member_type: VOTER last_known_addr { host: "127.21.19.2" port: 41091 } health_report { overall_health: UNKNOWN } } peers { permanent_uuid: "5a4d43f747ed480ea0b925d3b890c735" member_type: VOTER last_known_addr { host: "127.21.19.3" port: 46287 } health_report { overall_health: HEALTHY } } }
I20260630 12:15:07.621058 22445 raft_consensus.cc:359] T 94b48ae426884da081b4eb7568cf2a0a P a3d3f221c903461c8c1b3b4d2354e2f6 [term 0 FOLLOWER]: Replica starting. Triggering 0 pending ops. Active config: opid_index: -1 OBSOLETE_local: false peers { permanent_uuid: "7784394cb1b64d0bb8be6caa92e608d1" member_type: VOTER last_known_addr { host: "127.21.19.2" port: 41091 } } peers { permanent_uuid: "a3d3f221c903461c8c1b3b4d2354e2f6" member_type: VOTER last_known_addr { host: "127.21.19.1" port: 44119 } } peers { permanent_uuid: "5a4d43f747ed480ea0b925d3b890c735" member_type: VOTER last_known_addr { host: "127.21.19.3" port: 46287 } }
I20260630 12:15:07.621815 22445 raft_consensus.cc:385] T 94b48ae426884da081b4eb7568cf2a0a P a3d3f221c903461c8c1b3b4d2354e2f6 [term 0 FOLLOWER]: Consensus starting up: Expiring failure detector timer to make a prompt election more likely
I20260630 12:15:07.622143 22445 raft_consensus.cc:740] T 94b48ae426884da081b4eb7568cf2a0a P a3d3f221c903461c8c1b3b4d2354e2f6 [term 0 FOLLOWER]: Becoming Follower/Learner. State: Replica: a3d3f221c903461c8c1b3b4d2354e2f6, State: Initialized, Role: FOLLOWER
I20260630 12:15:07.622465 22441 tablet_bootstrap.cc:654] T 94b48ae426884da081b4eb7568cf2a0a P 7784394cb1b64d0bb8be6caa92e608d1: Neither blocks nor log segments found. Creating new log.
I20260630 12:15:07.615051 22442 ts_tablet_manager.cc:1434] T 94b48ae426884da081b4eb7568cf2a0a P 5a4d43f747ed480ea0b925d3b890c735: Time spent starting tablet: real 0.043s	user 0.005s	sys 0.011s
I20260630 12:15:07.623025 22445 consensus_queue.cc:260] T 94b48ae426884da081b4eb7568cf2a0a P a3d3f221c903461c8c1b3b4d2354e2f6 [NON_LEADER]: Queue going to NON_LEADER mode. State: All replicated index: 0, Majority replicated index: 0, Committed index: 0, Last appended: 0.0, Last appended by leader: 0, Current term: 0, Majority size: -1, State: 0, Mode: NON_LEADER, active raft config: opid_index: -1 OBSOLETE_local: false peers { permanent_uuid: "7784394cb1b64d0bb8be6caa92e608d1" member_type: VOTER last_known_addr { host: "127.21.19.2" port: 41091 } } peers { permanent_uuid: "a3d3f221c903461c8c1b3b4d2354e2f6" member_type: VOTER last_known_addr { host: "127.21.19.1" port: 44119 } } peers { permanent_uuid: "5a4d43f747ed480ea0b925d3b890c735" member_type: VOTER last_known_addr { host: "127.21.19.3" port: 46287 } }
I20260630 12:15:07.623752 22442 tablet_bootstrap.cc:492] T e635b646babf40ff8b612f58fce40d65 P 5a4d43f747ed480ea0b925d3b890c735: Bootstrap starting.
I20260630 12:15:07.630038 22442 tablet_bootstrap.cc:654] T e635b646babf40ff8b612f58fce40d65 P 5a4d43f747ed480ea0b925d3b890c735: Neither blocks nor log segments found. Creating new log.
I20260630 12:15:07.632640 22445 ts_tablet_manager.cc:1434] T 94b48ae426884da081b4eb7568cf2a0a P a3d3f221c903461c8c1b3b4d2354e2f6: Time spent starting tablet: real 0.014s	user 0.006s	sys 0.000s
I20260630 12:15:07.634388 22445 tablet_bootstrap.cc:492] T daaae404c2604bd682c7cfdfaf83b159 P a3d3f221c903461c8c1b3b4d2354e2f6: Bootstrap starting.
I20260630 12:15:07.640196 22442 tablet_bootstrap.cc:492] T e635b646babf40ff8b612f58fce40d65 P 5a4d43f747ed480ea0b925d3b890c735: No bootstrap required, opened a new log
I20260630 12:15:07.640707 22442 ts_tablet_manager.cc:1403] T e635b646babf40ff8b612f58fce40d65 P 5a4d43f747ed480ea0b925d3b890c735: Time spent bootstrapping tablet: real 0.017s	user 0.010s	sys 0.001s
I20260630 12:15:07.640741 22441 tablet_bootstrap.cc:492] T 94b48ae426884da081b4eb7568cf2a0a P 7784394cb1b64d0bb8be6caa92e608d1: No bootstrap required, opened a new log
I20260630 12:15:07.641474 22441 ts_tablet_manager.cc:1403] T 94b48ae426884da081b4eb7568cf2a0a P 7784394cb1b64d0bb8be6caa92e608d1: Time spent bootstrapping tablet: real 0.025s	user 0.006s	sys 0.005s
I20260630 12:15:07.641660 22445 tablet_bootstrap.cc:654] T daaae404c2604bd682c7cfdfaf83b159 P a3d3f221c903461c8c1b3b4d2354e2f6: Neither blocks nor log segments found. Creating new log.
I20260630 12:15:07.643438 22442 raft_consensus.cc:359] T e635b646babf40ff8b612f58fce40d65 P 5a4d43f747ed480ea0b925d3b890c735 [term 0 FOLLOWER]: Replica starting. Triggering 0 pending ops. Active config: opid_index: -1 OBSOLETE_local: false peers { permanent_uuid: "a3d3f221c903461c8c1b3b4d2354e2f6" member_type: VOTER last_known_addr { host: "127.21.19.1" port: 44119 } } peers { permanent_uuid: "7784394cb1b64d0bb8be6caa92e608d1" member_type: VOTER last_known_addr { host: "127.21.19.2" port: 41091 } } peers { permanent_uuid: "5a4d43f747ed480ea0b925d3b890c735" member_type: VOTER last_known_addr { host: "127.21.19.3" port: 46287 } }
I20260630 12:15:07.644323 22442 raft_consensus.cc:385] T e635b646babf40ff8b612f58fce40d65 P 5a4d43f747ed480ea0b925d3b890c735 [term 0 FOLLOWER]: Consensus starting up: Expiring failure detector timer to make a prompt election more likely
I20260630 12:15:07.643748 22144 catalog_manager.cc:5697] T daaae404c2604bd682c7cfdfaf83b159 P 7784394cb1b64d0bb8be6caa92e608d1 reported cstate change: term changed from 0 to 1, leader changed from <none> to 7784394cb1b64d0bb8be6caa92e608d1 (127.21.19.2). New cstate: current_term: 1 leader_uuid: "7784394cb1b64d0bb8be6caa92e608d1" committed_config { opid_index: -1 OBSOLETE_local: false peers { permanent_uuid: "a3d3f221c903461c8c1b3b4d2354e2f6" member_type: VOTER last_known_addr { host: "127.21.19.1" port: 44119 } health_report { overall_health: UNKNOWN } } peers { permanent_uuid: "7784394cb1b64d0bb8be6caa92e608d1" member_type: VOTER last_known_addr { host: "127.21.19.2" port: 41091 } health_report { overall_health: HEALTHY } } peers { permanent_uuid: "5a4d43f747ed480ea0b925d3b890c735" member_type: VOTER last_known_addr { host: "127.21.19.3" port: 46287 } health_report { overall_health: UNKNOWN } } }
I20260630 12:15:07.644238 22441 raft_consensus.cc:359] T 94b48ae426884da081b4eb7568cf2a0a P 7784394cb1b64d0bb8be6caa92e608d1 [term 0 FOLLOWER]: Replica starting. Triggering 0 pending ops. Active config: opid_index: -1 OBSOLETE_local: false peers { permanent_uuid: "7784394cb1b64d0bb8be6caa92e608d1" member_type: VOTER last_known_addr { host: "127.21.19.2" port: 41091 } } peers { permanent_uuid: "a3d3f221c903461c8c1b3b4d2354e2f6" member_type: VOTER last_known_addr { host: "127.21.19.1" port: 44119 } } peers { permanent_uuid: "5a4d43f747ed480ea0b925d3b890c735" member_type: VOTER last_known_addr { host: "127.21.19.3" port: 46287 } }
I20260630 12:15:07.644620 22442 raft_consensus.cc:740] T e635b646babf40ff8b612f58fce40d65 P 5a4d43f747ed480ea0b925d3b890c735 [term 0 FOLLOWER]: Becoming Follower/Learner. State: Replica: 5a4d43f747ed480ea0b925d3b890c735, State: Initialized, Role: FOLLOWER
I20260630 12:15:07.644958 22441 raft_consensus.cc:385] T 94b48ae426884da081b4eb7568cf2a0a P 7784394cb1b64d0bb8be6caa92e608d1 [term 0 FOLLOWER]: Consensus starting up: Expiring failure detector timer to make a prompt election more likely
I20260630 12:15:07.645300 22441 raft_consensus.cc:740] T 94b48ae426884da081b4eb7568cf2a0a P 7784394cb1b64d0bb8be6caa92e608d1 [term 0 FOLLOWER]: Becoming Follower/Learner. State: Replica: 7784394cb1b64d0bb8be6caa92e608d1, State: Initialized, Role: FOLLOWER
I20260630 12:15:07.645342 22442 consensus_queue.cc:260] T e635b646babf40ff8b612f58fce40d65 P 5a4d43f747ed480ea0b925d3b890c735 [NON_LEADER]: Queue going to NON_LEADER mode. State: All replicated index: 0, Majority replicated index: 0, Committed index: 0, Last appended: 0.0, Last appended by leader: 0, Current term: 0, Majority size: -1, State: 0, Mode: NON_LEADER, active raft config: opid_index: -1 OBSOLETE_local: false peers { permanent_uuid: "a3d3f221c903461c8c1b3b4d2354e2f6" member_type: VOTER last_known_addr { host: "127.21.19.1" port: 44119 } } peers { permanent_uuid: "7784394cb1b64d0bb8be6caa92e608d1" member_type: VOTER last_known_addr { host: "127.21.19.2" port: 41091 } } peers { permanent_uuid: "5a4d43f747ed480ea0b925d3b890c735" member_type: VOTER last_known_addr { host: "127.21.19.3" port: 46287 } }
I20260630 12:15:07.646229 22441 consensus_queue.cc:260] T 94b48ae426884da081b4eb7568cf2a0a P 7784394cb1b64d0bb8be6caa92e608d1 [NON_LEADER]: Queue going to NON_LEADER mode. State: All replicated index: 0, Majority replicated index: 0, Committed index: 0, Last appended: 0.0, Last appended by leader: 0, Current term: 0, Majority size: -1, State: 0, Mode: NON_LEADER, active raft config: opid_index: -1 OBSOLETE_local: false peers { permanent_uuid: "7784394cb1b64d0bb8be6caa92e608d1" member_type: VOTER last_known_addr { host: "127.21.19.2" port: 41091 } } peers { permanent_uuid: "a3d3f221c903461c8c1b3b4d2354e2f6" member_type: VOTER last_known_addr { host: "127.21.19.1" port: 44119 } } peers { permanent_uuid: "5a4d43f747ed480ea0b925d3b890c735" member_type: VOTER last_known_addr { host: "127.21.19.3" port: 46287 } }
I20260630 12:15:07.647507 22442 ts_tablet_manager.cc:1434] T e635b646babf40ff8b612f58fce40d65 P 5a4d43f747ed480ea0b925d3b890c735: Time spent starting tablet: real 0.006s	user 0.001s	sys 0.005s
I20260630 12:15:07.648648 22442 tablet_bootstrap.cc:492] T 07ec753c92cd4492846514213ee10204 P 5a4d43f747ed480ea0b925d3b890c735: Bootstrap starting.
I20260630 12:15:07.648864 22441 ts_tablet_manager.cc:1434] T 94b48ae426884da081b4eb7568cf2a0a P 7784394cb1b64d0bb8be6caa92e608d1: Time spent starting tablet: real 0.007s	user 0.005s	sys 0.000s
I20260630 12:15:07.649755 22441 tablet_bootstrap.cc:492] T e635b646babf40ff8b612f58fce40d65 P 7784394cb1b64d0bb8be6caa92e608d1: Bootstrap starting.
I20260630 12:15:07.652010 22467 raft_consensus.cc:493] T 426dab645339432aa9be2fedeb814a34 P a3d3f221c903461c8c1b3b4d2354e2f6 [term 0 FOLLOWER]: Starting pre-election (no leader contacted us within the election timeout)
I20260630 12:15:07.652462 22467 raft_consensus.cc:515] T 426dab645339432aa9be2fedeb814a34 P a3d3f221c903461c8c1b3b4d2354e2f6 [term 0 FOLLOWER]: Starting pre-election with config: opid_index: -1 OBSOLETE_local: false peers { permanent_uuid: "a3d3f221c903461c8c1b3b4d2354e2f6" member_type: VOTER last_known_addr { host: "127.21.19.1" port: 44119 } } peers { permanent_uuid: "7784394cb1b64d0bb8be6caa92e608d1" member_type: VOTER last_known_addr { host: "127.21.19.2" port: 41091 } } peers { permanent_uuid: "5a4d43f747ed480ea0b925d3b890c735" member_type: VOTER last_known_addr { host: "127.21.19.3" port: 46287 } }
I20260630 12:15:07.654428 22467 leader_election.cc:290] T 426dab645339432aa9be2fedeb814a34 P a3d3f221c903461c8c1b3b4d2354e2f6 [CANDIDATE]: Term 1 pre-election: Requested pre-vote from peers 7784394cb1b64d0bb8be6caa92e608d1 (127.21.19.2:41091), 5a4d43f747ed480ea0b925d3b890c735 (127.21.19.3:46287)
I20260630 12:15:07.655063 22442 tablet_bootstrap.cc:654] T 07ec753c92cd4492846514213ee10204 P 5a4d43f747ed480ea0b925d3b890c735: Neither blocks nor log segments found. Creating new log.
I20260630 12:15:07.655323 22441 tablet_bootstrap.cc:654] T e635b646babf40ff8b612f58fce40d65 P 7784394cb1b64d0bb8be6caa92e608d1: Neither blocks nor log segments found. Creating new log.
I20260630 12:15:07.656750 22322 tablet_service.cc:1917] Received RequestConsensusVote() RPC: tablet_id: "426dab645339432aa9be2fedeb814a34" candidate_uuid: "a3d3f221c903461c8c1b3b4d2354e2f6" candidate_term: 1 candidate_status { last_received { term: 0 index: 0 } } ignore_live_leader: false dest_uuid: "7784394cb1b64d0bb8be6caa92e608d1" is_pre_election: true
I20260630 12:15:07.657354 22322 raft_consensus.cc:2468] T 426dab645339432aa9be2fedeb814a34 P 7784394cb1b64d0bb8be6caa92e608d1 [term 0 FOLLOWER]: Leader pre-election vote request: Granting yes vote for candidate a3d3f221c903461c8c1b3b4d2354e2f6 in term 0.
I20260630 12:15:07.658331 22395 tablet_service.cc:1917] Received RequestConsensusVote() RPC: tablet_id: "426dab645339432aa9be2fedeb814a34" candidate_uuid: "a3d3f221c903461c8c1b3b4d2354e2f6" candidate_term: 1 candidate_status { last_received { term: 0 index: 0 } } ignore_live_leader: false dest_uuid: "5a4d43f747ed480ea0b925d3b890c735" is_pre_election: true
I20260630 12:15:07.658947 22395 raft_consensus.cc:2468] T 426dab645339432aa9be2fedeb814a34 P 5a4d43f747ed480ea0b925d3b890c735 [term 0 FOLLOWER]: Leader pre-election vote request: Granting yes vote for candidate a3d3f221c903461c8c1b3b4d2354e2f6 in term 0.
I20260630 12:15:07.660317 22213 leader_election.cc:304] T 426dab645339432aa9be2fedeb814a34 P a3d3f221c903461c8c1b3b4d2354e2f6 [CANDIDATE]: Term 1 pre-election: Election decided. Result: candidate won. Election summary: received 2 responses out of 3 voters: 2 yes votes; 0 no votes. yes voters: 5a4d43f747ed480ea0b925d3b890c735, a3d3f221c903461c8c1b3b4d2354e2f6; no voters: 
I20260630 12:15:07.669243 22467 raft_consensus.cc:2804] T 426dab645339432aa9be2fedeb814a34 P a3d3f221c903461c8c1b3b4d2354e2f6 [term 0 FOLLOWER]: Leader pre-election won for term 1
I20260630 12:15:07.669708 22467 raft_consensus.cc:493] T 426dab645339432aa9be2fedeb814a34 P a3d3f221c903461c8c1b3b4d2354e2f6 [term 0 FOLLOWER]: Starting leader election (no leader contacted us within the election timeout)
I20260630 12:15:07.670110 22467 raft_consensus.cc:3060] T 426dab645339432aa9be2fedeb814a34 P a3d3f221c903461c8c1b3b4d2354e2f6 [term 0 FOLLOWER]: Advancing to term 1
I20260630 12:15:07.682260 22467 raft_consensus.cc:515] T 426dab645339432aa9be2fedeb814a34 P a3d3f221c903461c8c1b3b4d2354e2f6 [term 1 FOLLOWER]: Starting leader election with config: opid_index: -1 OBSOLETE_local: false peers { permanent_uuid: "a3d3f221c903461c8c1b3b4d2354e2f6" member_type: VOTER last_known_addr { host: "127.21.19.1" port: 44119 } } peers { permanent_uuid: "7784394cb1b64d0bb8be6caa92e608d1" member_type: VOTER last_known_addr { host: "127.21.19.2" port: 41091 } } peers { permanent_uuid: "5a4d43f747ed480ea0b925d3b890c735" member_type: VOTER last_known_addr { host: "127.21.19.3" port: 46287 } }
I20260630 12:15:07.685125 22322 tablet_service.cc:1917] Received RequestConsensusVote() RPC: tablet_id: "426dab645339432aa9be2fedeb814a34" candidate_uuid: "a3d3f221c903461c8c1b3b4d2354e2f6" candidate_term: 1 candidate_status { last_received { term: 0 index: 0 } } ignore_live_leader: false dest_uuid: "7784394cb1b64d0bb8be6caa92e608d1"
I20260630 12:15:07.685702 22322 raft_consensus.cc:3060] T 426dab645339432aa9be2fedeb814a34 P 7784394cb1b64d0bb8be6caa92e608d1 [term 0 FOLLOWER]: Advancing to term 1
I20260630 12:15:07.692358 22322 raft_consensus.cc:2468] T 426dab645339432aa9be2fedeb814a34 P 7784394cb1b64d0bb8be6caa92e608d1 [term 1 FOLLOWER]: Leader election vote request: Granting yes vote for candidate a3d3f221c903461c8c1b3b4d2354e2f6 in term 1.
I20260630 12:15:07.693563 22210 leader_election.cc:304] T 426dab645339432aa9be2fedeb814a34 P a3d3f221c903461c8c1b3b4d2354e2f6 [CANDIDATE]: Term 1 election: Election decided. Result: candidate won. Election summary: received 2 responses out of 3 voters: 2 yes votes; 0 no votes. yes voters: 7784394cb1b64d0bb8be6caa92e608d1, a3d3f221c903461c8c1b3b4d2354e2f6; no voters: 
I20260630 12:15:07.694449 22450 raft_consensus.cc:2804] T 426dab645339432aa9be2fedeb814a34 P a3d3f221c903461c8c1b3b4d2354e2f6 [term 1 FOLLOWER]: Leader election won for term 1
I20260630 12:15:07.696587 22446 raft_consensus.cc:493] T 94b48ae426884da081b4eb7568cf2a0a P 7784394cb1b64d0bb8be6caa92e608d1 [term 0 FOLLOWER]: Starting pre-election (no leader contacted us within the election timeout)
I20260630 12:15:07.697081 22446 raft_consensus.cc:515] T 94b48ae426884da081b4eb7568cf2a0a P 7784394cb1b64d0bb8be6caa92e608d1 [term 0 FOLLOWER]: Starting pre-election with config: opid_index: -1 OBSOLETE_local: false peers { permanent_uuid: "7784394cb1b64d0bb8be6caa92e608d1" member_type: VOTER last_known_addr { host: "127.21.19.2" port: 41091 } } peers { permanent_uuid: "a3d3f221c903461c8c1b3b4d2354e2f6" member_type: VOTER last_known_addr { host: "127.21.19.1" port: 44119 } } peers { permanent_uuid: "5a4d43f747ed480ea0b925d3b890c735" member_type: VOTER last_known_addr { host: "127.21.19.3" port: 46287 } }
I20260630 12:15:07.699160 22446 leader_election.cc:290] T 94b48ae426884da081b4eb7568cf2a0a P 7784394cb1b64d0bb8be6caa92e608d1 [CANDIDATE]: Term 1 pre-election: Requested pre-vote from peers a3d3f221c903461c8c1b3b4d2354e2f6 (127.21.19.1:44119), 5a4d43f747ed480ea0b925d3b890c735 (127.21.19.3:46287)
I20260630 12:15:07.700011 22247 tablet_service.cc:1917] Received RequestConsensusVote() RPC: tablet_id: "94b48ae426884da081b4eb7568cf2a0a" candidate_uuid: "7784394cb1b64d0bb8be6caa92e608d1" candidate_term: 1 candidate_status { last_received { term: 0 index: 0 } } ignore_live_leader: false dest_uuid: "a3d3f221c903461c8c1b3b4d2354e2f6" is_pre_election: true
I20260630 12:15:07.700692 22247 raft_consensus.cc:2468] T 94b48ae426884da081b4eb7568cf2a0a P a3d3f221c903461c8c1b3b4d2354e2f6 [term 0 FOLLOWER]: Leader pre-election vote request: Granting yes vote for candidate 7784394cb1b64d0bb8be6caa92e608d1 in term 0.
I20260630 12:15:07.702176 22395 tablet_service.cc:1917] Received RequestConsensusVote() RPC: tablet_id: "94b48ae426884da081b4eb7568cf2a0a" candidate_uuid: "7784394cb1b64d0bb8be6caa92e608d1" candidate_term: 1 candidate_status { last_received { term: 0 index: 0 } } ignore_live_leader: false dest_uuid: "5a4d43f747ed480ea0b925d3b890c735" is_pre_election: true
I20260630 12:15:07.702796 22395 raft_consensus.cc:2468] T 94b48ae426884da081b4eb7568cf2a0a P 5a4d43f747ed480ea0b925d3b890c735 [term 0 FOLLOWER]: Leader pre-election vote request: Granting yes vote for candidate 7784394cb1b64d0bb8be6caa92e608d1 in term 0.
I20260630 12:15:07.704883 22288 leader_election.cc:304] T 94b48ae426884da081b4eb7568cf2a0a P 7784394cb1b64d0bb8be6caa92e608d1 [CANDIDATE]: Term 1 pre-election: Election decided. Result: candidate won. Election summary: received 2 responses out of 3 voters: 2 yes votes; 0 no votes. yes voters: 5a4d43f747ed480ea0b925d3b890c735, 7784394cb1b64d0bb8be6caa92e608d1; no voters: 
I20260630 12:15:07.705726 22446 raft_consensus.cc:2804] T 94b48ae426884da081b4eb7568cf2a0a P 7784394cb1b64d0bb8be6caa92e608d1 [term 0 FOLLOWER]: Leader pre-election won for term 1
I20260630 12:15:07.706089 22446 raft_consensus.cc:493] T 94b48ae426884da081b4eb7568cf2a0a P 7784394cb1b64d0bb8be6caa92e608d1 [term 0 FOLLOWER]: Starting leader election (no leader contacted us within the election timeout)
I20260630 12:15:07.706398 22446 raft_consensus.cc:3060] T 94b48ae426884da081b4eb7568cf2a0a P 7784394cb1b64d0bb8be6caa92e608d1 [term 0 FOLLOWER]: Advancing to term 1
I20260630 12:15:07.715248 22446 raft_consensus.cc:515] T 94b48ae426884da081b4eb7568cf2a0a P 7784394cb1b64d0bb8be6caa92e608d1 [term 1 FOLLOWER]: Starting leader election with config: opid_index: -1 OBSOLETE_local: false peers { permanent_uuid: "7784394cb1b64d0bb8be6caa92e608d1" member_type: VOTER last_known_addr { host: "127.21.19.2" port: 41091 } } peers { permanent_uuid: "a3d3f221c903461c8c1b3b4d2354e2f6" member_type: VOTER last_known_addr { host: "127.21.19.1" port: 44119 } } peers { permanent_uuid: "5a4d43f747ed480ea0b925d3b890c735" member_type: VOTER last_known_addr { host: "127.21.19.3" port: 46287 } }
I20260630 12:15:07.719493 22247 tablet_service.cc:1917] Received RequestConsensusVote() RPC: tablet_id: "94b48ae426884da081b4eb7568cf2a0a" candidate_uuid: "7784394cb1b64d0bb8be6caa92e608d1" candidate_term: 1 candidate_status { last_received { term: 0 index: 0 } } ignore_live_leader: false dest_uuid: "a3d3f221c903461c8c1b3b4d2354e2f6"
I20260630 12:15:07.720124 22247 raft_consensus.cc:3060] T 94b48ae426884da081b4eb7568cf2a0a P a3d3f221c903461c8c1b3b4d2354e2f6 [term 0 FOLLOWER]: Advancing to term 1
I20260630 12:15:07.726815 22247 raft_consensus.cc:2468] T 94b48ae426884da081b4eb7568cf2a0a P a3d3f221c903461c8c1b3b4d2354e2f6 [term 1 FOLLOWER]: Leader election vote request: Granting yes vote for candidate 7784394cb1b64d0bb8be6caa92e608d1 in term 1.
I20260630 12:15:07.729743 22395 tablet_service.cc:1917] Received RequestConsensusVote() RPC: tablet_id: "426dab645339432aa9be2fedeb814a34" candidate_uuid: "a3d3f221c903461c8c1b3b4d2354e2f6" candidate_term: 1 candidate_status { last_received { term: 0 index: 0 } } ignore_live_leader: false dest_uuid: "5a4d43f747ed480ea0b925d3b890c735"
I20260630 12:15:07.732908 22395 raft_consensus.cc:3060] T 426dab645339432aa9be2fedeb814a34 P 5a4d43f747ed480ea0b925d3b890c735 [term 0 FOLLOWER]: Advancing to term 1
I20260630 12:15:07.731971 22396 tablet_service.cc:1917] Received RequestConsensusVote() RPC: tablet_id: "94b48ae426884da081b4eb7568cf2a0a" candidate_uuid: "7784394cb1b64d0bb8be6caa92e608d1" candidate_term: 1 candidate_status { last_received { term: 0 index: 0 } } ignore_live_leader: false dest_uuid: "5a4d43f747ed480ea0b925d3b890c735"
I20260630 12:15:07.735913 22396 raft_consensus.cc:3060] T 94b48ae426884da081b4eb7568cf2a0a P 5a4d43f747ed480ea0b925d3b890c735 [term 0 FOLLOWER]: Advancing to term 1
I20260630 12:15:07.742688 22396 raft_consensus.cc:2468] T 94b48ae426884da081b4eb7568cf2a0a P 5a4d43f747ed480ea0b925d3b890c735 [term 1 FOLLOWER]: Leader election vote request: Granting yes vote for candidate 7784394cb1b64d0bb8be6caa92e608d1 in term 1.
I20260630 12:15:07.743988 22288 leader_election.cc:304] T 94b48ae426884da081b4eb7568cf2a0a P 7784394cb1b64d0bb8be6caa92e608d1 [CANDIDATE]: Term 1 election: Election decided. Result: candidate won. Election summary: received 2 responses out of 3 voters: 2 yes votes; 0 no votes. yes voters: 5a4d43f747ed480ea0b925d3b890c735, 7784394cb1b64d0bb8be6caa92e608d1; no voters: 
I20260630 12:15:07.744951 22469 raft_consensus.cc:2804] T 94b48ae426884da081b4eb7568cf2a0a P 7784394cb1b64d0bb8be6caa92e608d1 [term 1 FOLLOWER]: Leader election won for term 1
I20260630 12:15:07.747623 22469 raft_consensus.cc:697] T 94b48ae426884da081b4eb7568cf2a0a P 7784394cb1b64d0bb8be6caa92e608d1 [term 1 LEADER]: Becoming Leader. State: Replica: 7784394cb1b64d0bb8be6caa92e608d1, State: Running, Role: LEADER
I20260630 12:15:07.748422 22469 consensus_queue.cc:237] T 94b48ae426884da081b4eb7568cf2a0a P 7784394cb1b64d0bb8be6caa92e608d1 [LEADER]: Queue going to LEADER mode. State: All replicated index: 0, Majority replicated index: 0, Committed index: 0, Last appended: 0.0, Last appended by leader: 0, Current term: 1, Majority size: 2, State: 0, Mode: LEADER, active raft config: opid_index: -1 OBSOLETE_local: false peers { permanent_uuid: "7784394cb1b64d0bb8be6caa92e608d1" member_type: VOTER last_known_addr { host: "127.21.19.2" port: 41091 } } peers { permanent_uuid: "a3d3f221c903461c8c1b3b4d2354e2f6" member_type: VOTER last_known_addr { host: "127.21.19.1" port: 44119 } } peers { permanent_uuid: "5a4d43f747ed480ea0b925d3b890c735" member_type: VOTER last_known_addr { host: "127.21.19.3" port: 46287 } }
I20260630 12:15:07.749213 22395 raft_consensus.cc:2468] T 426dab645339432aa9be2fedeb814a34 P 5a4d43f747ed480ea0b925d3b890c735 [term 1 FOLLOWER]: Leader election vote request: Granting yes vote for candidate a3d3f221c903461c8c1b3b4d2354e2f6 in term 1.
I20260630 12:15:07.750552 22446 leader_election.cc:290] T 94b48ae426884da081b4eb7568cf2a0a P 7784394cb1b64d0bb8be6caa92e608d1 [CANDIDATE]: Term 1 election: Requested vote from peers a3d3f221c903461c8c1b3b4d2354e2f6 (127.21.19.1:44119), 5a4d43f747ed480ea0b925d3b890c735 (127.21.19.3:46287)
I20260630 12:15:07.732117 22467 leader_election.cc:290] T 426dab645339432aa9be2fedeb814a34 P a3d3f221c903461c8c1b3b4d2354e2f6 [CANDIDATE]: Term 1 election: Requested vote from peers 7784394cb1b64d0bb8be6caa92e608d1 (127.21.19.2:41091), 5a4d43f747ed480ea0b925d3b890c735 (127.21.19.3:46287)
W20260630 12:15:07.756011 22193 auto_rebalancer.cc:298] Could not retrieve cluster info: Service unavailable: Tablet not running
I20260630 12:15:07.758394 22198 auto_leader_rebalancer.cc:141] leader rebalance for table test-workload
W20260630 12:15:07.759315 22198 auto_leader_rebalancer.cc:524] the master instance isn't leader: Service unavailable: Tablet not running
I20260630 12:15:07.759956 22446 raft_consensus.cc:493] T 07ec753c92cd4492846514213ee10204 P 7784394cb1b64d0bb8be6caa92e608d1 [term 0 FOLLOWER]: Starting pre-election (no leader contacted us within the election timeout)
I20260630 12:15:07.762284 22446 raft_consensus.cc:515] T 07ec753c92cd4492846514213ee10204 P 7784394cb1b64d0bb8be6caa92e608d1 [term 0 FOLLOWER]: Starting pre-election with config: opid_index: -1 OBSOLETE_local: false peers { permanent_uuid: "a3d3f221c903461c8c1b3b4d2354e2f6" member_type: VOTER last_known_addr { host: "127.21.19.1" port: 44119 } } peers { permanent_uuid: "7784394cb1b64d0bb8be6caa92e608d1" member_type: VOTER last_known_addr { host: "127.21.19.2" port: 41091 } } peers { permanent_uuid: "5a4d43f747ed480ea0b925d3b890c735" member_type: VOTER last_known_addr { host: "127.21.19.3" port: 46287 } }
I20260630 12:15:07.765314 22247 tablet_service.cc:1917] Received RequestConsensusVote() RPC: tablet_id: "07ec753c92cd4492846514213ee10204" candidate_uuid: "7784394cb1b64d0bb8be6caa92e608d1" candidate_term: 1 candidate_status { last_received { term: 0 index: 0 } } ignore_live_leader: false dest_uuid: "a3d3f221c903461c8c1b3b4d2354e2f6" is_pre_election: true
W20260630 12:15:07.766683 22287 leader_election.cc:343] T 07ec753c92cd4492846514213ee10204 P 7784394cb1b64d0bb8be6caa92e608d1 [CANDIDATE]: Term 1 pre-election: Tablet error from VoteRequest() call to peer a3d3f221c903461c8c1b3b4d2354e2f6 (127.21.19.1:44119): Illegal state: must be running to vote when last-logged opid is not known
I20260630 12:15:07.769104 22395 tablet_service.cc:1917] Received RequestConsensusVote() RPC: tablet_id: "07ec753c92cd4492846514213ee10204" candidate_uuid: "7784394cb1b64d0bb8be6caa92e608d1" candidate_term: 1 candidate_status { last_received { term: 0 index: 0 } } ignore_live_leader: false dest_uuid: "5a4d43f747ed480ea0b925d3b890c735" is_pre_election: true
W20260630 12:15:07.770397 22288 leader_election.cc:343] T 07ec753c92cd4492846514213ee10204 P 7784394cb1b64d0bb8be6caa92e608d1 [CANDIDATE]: Term 1 pre-election: Tablet error from VoteRequest() call to peer 5a4d43f747ed480ea0b925d3b890c735 (127.21.19.3:46287): Illegal state: must be running to vote when last-logged opid is not known
I20260630 12:15:07.770848 22288 leader_election.cc:304] T 07ec753c92cd4492846514213ee10204 P 7784394cb1b64d0bb8be6caa92e608d1 [CANDIDATE]: Term 1 pre-election: Election decided. Result: candidate lost. Election summary: received 3 responses out of 3 voters: 1 yes votes; 2 no votes. yes voters: 7784394cb1b64d0bb8be6caa92e608d1; no voters: 5a4d43f747ed480ea0b925d3b890c735, a3d3f221c903461c8c1b3b4d2354e2f6
I20260630 12:15:07.771729 22482 raft_consensus.cc:2749] T 07ec753c92cd4492846514213ee10204 P 7784394cb1b64d0bb8be6caa92e608d1 [term 0 FOLLOWER]: Leader pre-election lost for term 1. Reason: could not achieve majority
I20260630 12:15:07.772639 22446 leader_election.cc:290] T 07ec753c92cd4492846514213ee10204 P 7784394cb1b64d0bb8be6caa92e608d1 [CANDIDATE]: Term 1 pre-election: Requested pre-vote from peers a3d3f221c903461c8c1b3b4d2354e2f6 (127.21.19.1:44119), 5a4d43f747ed480ea0b925d3b890c735 (127.21.19.3:46287)
I20260630 12:15:07.773355 22450 raft_consensus.cc:697] T 426dab645339432aa9be2fedeb814a34 P a3d3f221c903461c8c1b3b4d2354e2f6 [term 1 LEADER]: Becoming Leader. State: Replica: a3d3f221c903461c8c1b3b4d2354e2f6, State: Running, Role: LEADER
I20260630 12:15:07.775712 22450 consensus_queue.cc:237] T 426dab645339432aa9be2fedeb814a34 P a3d3f221c903461c8c1b3b4d2354e2f6 [LEADER]: Queue going to LEADER mode. State: All replicated index: 0, Majority replicated index: 0, Committed index: 0, Last appended: 0.0, Last appended by leader: 0, Current term: 1, Majority size: 2, State: 0, Mode: LEADER, active raft config: opid_index: -1 OBSOLETE_local: false peers { permanent_uuid: "a3d3f221c903461c8c1b3b4d2354e2f6" member_type: VOTER last_known_addr { host: "127.21.19.1" port: 44119 } } peers { permanent_uuid: "7784394cb1b64d0bb8be6caa92e608d1" member_type: VOTER last_known_addr { host: "127.21.19.2" port: 41091 } } peers { permanent_uuid: "5a4d43f747ed480ea0b925d3b890c735" member_type: VOTER last_known_addr { host: "127.21.19.3" port: 46287 } }
I20260630 12:15:07.777833 22442 tablet_bootstrap.cc:492] T 07ec753c92cd4492846514213ee10204 P 5a4d43f747ed480ea0b925d3b890c735: No bootstrap required, opened a new log
I20260630 12:15:07.778301 22442 ts_tablet_manager.cc:1403] T 07ec753c92cd4492846514213ee10204 P 5a4d43f747ed480ea0b925d3b890c735: Time spent bootstrapping tablet: real 0.130s	user 0.047s	sys 0.076s
I20260630 12:15:07.781508 22445 tablet_bootstrap.cc:492] T daaae404c2604bd682c7cfdfaf83b159 P a3d3f221c903461c8c1b3b4d2354e2f6: No bootstrap required, opened a new log
I20260630 12:15:07.780805 22143 catalog_manager.cc:5697] T 94b48ae426884da081b4eb7568cf2a0a P 7784394cb1b64d0bb8be6caa92e608d1 reported cstate change: term changed from 0 to 1, leader changed from <none> to 7784394cb1b64d0bb8be6caa92e608d1 (127.21.19.2). New cstate: current_term: 1 leader_uuid: "7784394cb1b64d0bb8be6caa92e608d1" committed_config { opid_index: -1 OBSOLETE_local: false peers { permanent_uuid: "7784394cb1b64d0bb8be6caa92e608d1" member_type: VOTER last_known_addr { host: "127.21.19.2" port: 41091 } health_report { overall_health: HEALTHY } } peers { permanent_uuid: "a3d3f221c903461c8c1b3b4d2354e2f6" member_type: VOTER last_known_addr { host: "127.21.19.1" port: 44119 } health_report { overall_health: UNKNOWN } } peers { permanent_uuid: "5a4d43f747ed480ea0b925d3b890c735" member_type: VOTER last_known_addr { host: "127.21.19.3" port: 46287 } health_report { overall_health: UNKNOWN } } }
I20260630 12:15:07.782244 22442 raft_consensus.cc:359] T 07ec753c92cd4492846514213ee10204 P 5a4d43f747ed480ea0b925d3b890c735 [term 0 FOLLOWER]: Replica starting. Triggering 0 pending ops. Active config: opid_index: -1 OBSOLETE_local: false peers { permanent_uuid: "a3d3f221c903461c8c1b3b4d2354e2f6" member_type: VOTER last_known_addr { host: "127.21.19.1" port: 44119 } } peers { permanent_uuid: "7784394cb1b64d0bb8be6caa92e608d1" member_type: VOTER last_known_addr { host: "127.21.19.2" port: 41091 } } peers { permanent_uuid: "5a4d43f747ed480ea0b925d3b890c735" member_type: VOTER last_known_addr { host: "127.21.19.3" port: 46287 } }
I20260630 12:15:07.782979 22442 raft_consensus.cc:385] T 07ec753c92cd4492846514213ee10204 P 5a4d43f747ed480ea0b925d3b890c735 [term 0 FOLLOWER]: Consensus starting up: Expiring failure detector timer to make a prompt election more likely
I20260630 12:15:07.783342 22445 ts_tablet_manager.cc:1403] T daaae404c2604bd682c7cfdfaf83b159 P a3d3f221c903461c8c1b3b4d2354e2f6: Time spent bootstrapping tablet: real 0.149s	user 0.040s	sys 0.076s
I20260630 12:15:07.783461 22442 raft_consensus.cc:740] T 07ec753c92cd4492846514213ee10204 P 5a4d43f747ed480ea0b925d3b890c735 [term 0 FOLLOWER]: Becoming Follower/Learner. State: Replica: 5a4d43f747ed480ea0b925d3b890c735, State: Initialized, Role: FOLLOWER
I20260630 12:15:07.784781 22441 tablet_bootstrap.cc:492] T e635b646babf40ff8b612f58fce40d65 P 7784394cb1b64d0bb8be6caa92e608d1: No bootstrap required, opened a new log
I20260630 12:15:07.784230 22144 catalog_manager.cc:5697] T 426dab645339432aa9be2fedeb814a34 P a3d3f221c903461c8c1b3b4d2354e2f6 reported cstate change: term changed from 0 to 1, leader changed from <none> to a3d3f221c903461c8c1b3b4d2354e2f6 (127.21.19.1). New cstate: current_term: 1 leader_uuid: "a3d3f221c903461c8c1b3b4d2354e2f6" committed_config { opid_index: -1 OBSOLETE_local: false peers { permanent_uuid: "a3d3f221c903461c8c1b3b4d2354e2f6" member_type: VOTER last_known_addr { host: "127.21.19.1" port: 44119 } health_report { overall_health: HEALTHY } } peers { permanent_uuid: "7784394cb1b64d0bb8be6caa92e608d1" member_type: VOTER last_known_addr { host: "127.21.19.2" port: 41091 } health_report { overall_health: UNKNOWN } } peers { permanent_uuid: "5a4d43f747ed480ea0b925d3b890c735" member_type: VOTER last_known_addr { host: "127.21.19.3" port: 46287 } health_report { overall_health: UNKNOWN } } }
I20260630 12:15:07.787964 22441 ts_tablet_manager.cc:1403] T e635b646babf40ff8b612f58fce40d65 P 7784394cb1b64d0bb8be6caa92e608d1: Time spent bootstrapping tablet: real 0.138s	user 0.051s	sys 0.053s
I20260630 12:15:07.788132 22442 consensus_queue.cc:260] T 07ec753c92cd4492846514213ee10204 P 5a4d43f747ed480ea0b925d3b890c735 [NON_LEADER]: Queue going to NON_LEADER mode. State: All replicated index: 0, Majority replicated index: 0, Committed index: 0, Last appended: 0.0, Last appended by leader: 0, Current term: 0, Majority size: -1, State: 0, Mode: NON_LEADER, active raft config: opid_index: -1 OBSOLETE_local: false peers { permanent_uuid: "a3d3f221c903461c8c1b3b4d2354e2f6" member_type: VOTER last_known_addr { host: "127.21.19.1" port: 44119 } } peers { permanent_uuid: "7784394cb1b64d0bb8be6caa92e608d1" member_type: VOTER last_known_addr { host: "127.21.19.2" port: 41091 } } peers { permanent_uuid: "5a4d43f747ed480ea0b925d3b890c735" member_type: VOTER last_known_addr { host: "127.21.19.3" port: 46287 } }
I20260630 12:15:07.785765 22445 raft_consensus.cc:359] T daaae404c2604bd682c7cfdfaf83b159 P a3d3f221c903461c8c1b3b4d2354e2f6 [term 0 FOLLOWER]: Replica starting. Triggering 0 pending ops. Active config: opid_index: -1 OBSOLETE_local: false peers { permanent_uuid: "a3d3f221c903461c8c1b3b4d2354e2f6" member_type: VOTER last_known_addr { host: "127.21.19.1" port: 44119 } } peers { permanent_uuid: "7784394cb1b64d0bb8be6caa92e608d1" member_type: VOTER last_known_addr { host: "127.21.19.2" port: 41091 } } peers { permanent_uuid: "5a4d43f747ed480ea0b925d3b890c735" member_type: VOTER last_known_addr { host: "127.21.19.3" port: 46287 } }
I20260630 12:15:07.789541 22445 raft_consensus.cc:385] T daaae404c2604bd682c7cfdfaf83b159 P a3d3f221c903461c8c1b3b4d2354e2f6 [term 0 FOLLOWER]: Consensus starting up: Expiring failure detector timer to make a prompt election more likely
I20260630 12:15:07.791352 22442 ts_tablet_manager.cc:1434] T 07ec753c92cd4492846514213ee10204 P 5a4d43f747ed480ea0b925d3b890c735: Time spent starting tablet: real 0.012s	user 0.005s	sys 0.000s
I20260630 12:15:07.792382 22442 tablet_bootstrap.cc:492] T d84d48cac3e346c181e0185b4cdd5f4a P 5a4d43f747ed480ea0b925d3b890c735: Bootstrap starting.
I20260630 12:15:07.792106 22441 raft_consensus.cc:359] T e635b646babf40ff8b612f58fce40d65 P 7784394cb1b64d0bb8be6caa92e608d1 [term 0 FOLLOWER]: Replica starting. Triggering 0 pending ops. Active config: opid_index: -1 OBSOLETE_local: false peers { permanent_uuid: "a3d3f221c903461c8c1b3b4d2354e2f6" member_type: VOTER last_known_addr { host: "127.21.19.1" port: 44119 } } peers { permanent_uuid: "7784394cb1b64d0bb8be6caa92e608d1" member_type: VOTER last_known_addr { host: "127.21.19.2" port: 41091 } } peers { permanent_uuid: "5a4d43f747ed480ea0b925d3b890c735" member_type: VOTER last_known_addr { host: "127.21.19.3" port: 46287 } }
I20260630 12:15:07.789872 22445 raft_consensus.cc:740] T daaae404c2604bd682c7cfdfaf83b159 P a3d3f221c903461c8c1b3b4d2354e2f6 [term 0 FOLLOWER]: Becoming Follower/Learner. State: Replica: a3d3f221c903461c8c1b3b4d2354e2f6, State: Initialized, Role: FOLLOWER
I20260630 12:15:07.792850 22441 raft_consensus.cc:385] T e635b646babf40ff8b612f58fce40d65 P 7784394cb1b64d0bb8be6caa92e608d1 [term 0 FOLLOWER]: Consensus starting up: Expiring failure detector timer to make a prompt election more likely
I20260630 12:15:07.793251 22441 raft_consensus.cc:740] T e635b646babf40ff8b612f58fce40d65 P 7784394cb1b64d0bb8be6caa92e608d1 [term 0 FOLLOWER]: Becoming Follower/Learner. State: Replica: 7784394cb1b64d0bb8be6caa92e608d1, State: Initialized, Role: FOLLOWER
I20260630 12:15:07.793476 22445 consensus_queue.cc:260] T daaae404c2604bd682c7cfdfaf83b159 P a3d3f221c903461c8c1b3b4d2354e2f6 [NON_LEADER]: Queue going to NON_LEADER mode. State: All replicated index: 0, Majority replicated index: 0, Committed index: 0, Last appended: 0.0, Last appended by leader: 0, Current term: 0, Majority size: -1, State: 0, Mode: NON_LEADER, active raft config: opid_index: -1 OBSOLETE_local: false peers { permanent_uuid: "a3d3f221c903461c8c1b3b4d2354e2f6" member_type: VOTER last_known_addr { host: "127.21.19.1" port: 44119 } } peers { permanent_uuid: "7784394cb1b64d0bb8be6caa92e608d1" member_type: VOTER last_known_addr { host: "127.21.19.2" port: 41091 } } peers { permanent_uuid: "5a4d43f747ed480ea0b925d3b890c735" member_type: VOTER last_known_addr { host: "127.21.19.3" port: 46287 } }
I20260630 12:15:07.793998 22441 consensus_queue.cc:260] T e635b646babf40ff8b612f58fce40d65 P 7784394cb1b64d0bb8be6caa92e608d1 [NON_LEADER]: Queue going to NON_LEADER mode. State: All replicated index: 0, Majority replicated index: 0, Committed index: 0, Last appended: 0.0, Last appended by leader: 0, Current term: 0, Majority size: -1, State: 0, Mode: NON_LEADER, active raft config: opid_index: -1 OBSOLETE_local: false peers { permanent_uuid: "a3d3f221c903461c8c1b3b4d2354e2f6" member_type: VOTER last_known_addr { host: "127.21.19.1" port: 44119 } } peers { permanent_uuid: "7784394cb1b64d0bb8be6caa92e608d1" member_type: VOTER last_known_addr { host: "127.21.19.2" port: 41091 } } peers { permanent_uuid: "5a4d43f747ed480ea0b925d3b890c735" member_type: VOTER last_known_addr { host: "127.21.19.3" port: 46287 } }
I20260630 12:15:07.798017 22442 tablet_bootstrap.cc:654] T d84d48cac3e346c181e0185b4cdd5f4a P 5a4d43f747ed480ea0b925d3b890c735: Neither blocks nor log segments found. Creating new log.
I20260630 12:15:07.802764 22441 ts_tablet_manager.cc:1434] T e635b646babf40ff8b612f58fce40d65 P 7784394cb1b64d0bb8be6caa92e608d1: Time spent starting tablet: real 0.014s	user 0.005s	sys 0.000s
I20260630 12:15:07.798516 22445 ts_tablet_manager.cc:1434] T daaae404c2604bd682c7cfdfaf83b159 P a3d3f221c903461c8c1b3b4d2354e2f6: Time spent starting tablet: real 0.015s	user 0.005s	sys 0.001s
I20260630 12:15:07.805650 22445 tablet_bootstrap.cc:492] T 07ec753c92cd4492846514213ee10204 P a3d3f221c903461c8c1b3b4d2354e2f6: Bootstrap starting.
I20260630 12:15:07.810315 22441 tablet_bootstrap.cc:492] T 1a862e78081549eb8b186824ef080424 P 7784394cb1b64d0bb8be6caa92e608d1: Bootstrap starting.
I20260630 12:15:07.811379 22445 tablet_bootstrap.cc:654] T 07ec753c92cd4492846514213ee10204 P a3d3f221c903461c8c1b3b4d2354e2f6: Neither blocks nor log segments found. Creating new log.
I20260630 12:15:07.815805 22445 tablet_bootstrap.cc:492] T 07ec753c92cd4492846514213ee10204 P a3d3f221c903461c8c1b3b4d2354e2f6: No bootstrap required, opened a new log
I20260630 12:15:07.816156 22445 ts_tablet_manager.cc:1403] T 07ec753c92cd4492846514213ee10204 P a3d3f221c903461c8c1b3b4d2354e2f6: Time spent bootstrapping tablet: real 0.011s	user 0.009s	sys 0.000s
I20260630 12:15:07.816219 22442 tablet_bootstrap.cc:492] T d84d48cac3e346c181e0185b4cdd5f4a P 5a4d43f747ed480ea0b925d3b890c735: No bootstrap required, opened a new log
I20260630 12:15:07.816668 22442 ts_tablet_manager.cc:1403] T d84d48cac3e346c181e0185b4cdd5f4a P 5a4d43f747ed480ea0b925d3b890c735: Time spent bootstrapping tablet: real 0.025s	user 0.006s	sys 0.017s
I20260630 12:15:07.817725 22441 tablet_bootstrap.cc:654] T 1a862e78081549eb8b186824ef080424 P 7784394cb1b64d0bb8be6caa92e608d1: Neither blocks nor log segments found. Creating new log.
I20260630 12:15:07.818135 22445 raft_consensus.cc:359] T 07ec753c92cd4492846514213ee10204 P a3d3f221c903461c8c1b3b4d2354e2f6 [term 0 FOLLOWER]: Replica starting. Triggering 0 pending ops. Active config: opid_index: -1 OBSOLETE_local: false peers { permanent_uuid: "a3d3f221c903461c8c1b3b4d2354e2f6" member_type: VOTER last_known_addr { host: "127.21.19.1" port: 44119 } } peers { permanent_uuid: "7784394cb1b64d0bb8be6caa92e608d1" member_type: VOTER last_known_addr { host: "127.21.19.2" port: 41091 } } peers { permanent_uuid: "5a4d43f747ed480ea0b925d3b890c735" member_type: VOTER last_known_addr { host: "127.21.19.3" port: 46287 } }
I20260630 12:15:07.818642 22445 raft_consensus.cc:385] T 07ec753c92cd4492846514213ee10204 P a3d3f221c903461c8c1b3b4d2354e2f6 [term 0 FOLLOWER]: Consensus starting up: Expiring failure detector timer to make a prompt election more likely
I20260630 12:15:07.818856 22445 raft_consensus.cc:740] T 07ec753c92cd4492846514213ee10204 P a3d3f221c903461c8c1b3b4d2354e2f6 [term 0 FOLLOWER]: Becoming Follower/Learner. State: Replica: a3d3f221c903461c8c1b3b4d2354e2f6, State: Initialized, Role: FOLLOWER
I20260630 12:15:07.818948 22442 raft_consensus.cc:359] T d84d48cac3e346c181e0185b4cdd5f4a P 5a4d43f747ed480ea0b925d3b890c735 [term 0 FOLLOWER]: Replica starting. Triggering 0 pending ops. Active config: opid_index: -1 OBSOLETE_local: false peers { permanent_uuid: "a3d3f221c903461c8c1b3b4d2354e2f6" member_type: VOTER last_known_addr { host: "127.21.19.1" port: 44119 } } peers { permanent_uuid: "7784394cb1b64d0bb8be6caa92e608d1" member_type: VOTER last_known_addr { host: "127.21.19.2" port: 41091 } } peers { permanent_uuid: "5a4d43f747ed480ea0b925d3b890c735" member_type: VOTER last_known_addr { host: "127.21.19.3" port: 46287 } }
I20260630 12:15:07.819428 22450 raft_consensus.cc:493] T 1a862e78081549eb8b186824ef080424 P a3d3f221c903461c8c1b3b4d2354e2f6 [term 0 FOLLOWER]: Starting pre-election (no leader contacted us within the election timeout)
I20260630 12:15:07.819645 22442 raft_consensus.cc:385] T d84d48cac3e346c181e0185b4cdd5f4a P 5a4d43f747ed480ea0b925d3b890c735 [term 0 FOLLOWER]: Consensus starting up: Expiring failure detector timer to make a prompt election more likely
I20260630 12:15:07.819957 22442 raft_consensus.cc:740] T d84d48cac3e346c181e0185b4cdd5f4a P 5a4d43f747ed480ea0b925d3b890c735 [term 0 FOLLOWER]: Becoming Follower/Learner. State: Replica: 5a4d43f747ed480ea0b925d3b890c735, State: Initialized, Role: FOLLOWER
I20260630 12:15:07.819932 22450 raft_consensus.cc:515] T 1a862e78081549eb8b186824ef080424 P a3d3f221c903461c8c1b3b4d2354e2f6 [term 0 FOLLOWER]: Starting pre-election with config: opid_index: -1 OBSOLETE_local: false peers { permanent_uuid: "a3d3f221c903461c8c1b3b4d2354e2f6" member_type: VOTER last_known_addr { host: "127.21.19.1" port: 44119 } } peers { permanent_uuid: "7784394cb1b64d0bb8be6caa92e608d1" member_type: VOTER last_known_addr { host: "127.21.19.2" port: 41091 } } peers { permanent_uuid: "5a4d43f747ed480ea0b925d3b890c735" member_type: VOTER last_known_addr { host: "127.21.19.3" port: 46287 } }
I20260630 12:15:07.820035 22445 consensus_queue.cc:260] T 07ec753c92cd4492846514213ee10204 P a3d3f221c903461c8c1b3b4d2354e2f6 [NON_LEADER]: Queue going to NON_LEADER mode. State: All replicated index: 0, Majority replicated index: 0, Committed index: 0, Last appended: 0.0, Last appended by leader: 0, Current term: 0, Majority size: -1, State: 0, Mode: NON_LEADER, active raft config: opid_index: -1 OBSOLETE_local: false peers { permanent_uuid: "a3d3f221c903461c8c1b3b4d2354e2f6" member_type: VOTER last_known_addr { host: "127.21.19.1" port: 44119 } } peers { permanent_uuid: "7784394cb1b64d0bb8be6caa92e608d1" member_type: VOTER last_known_addr { host: "127.21.19.2" port: 41091 } } peers { permanent_uuid: "5a4d43f747ed480ea0b925d3b890c735" member_type: VOTER last_known_addr { host: "127.21.19.3" port: 46287 } }
I20260630 12:15:07.820955 22442 consensus_queue.cc:260] T d84d48cac3e346c181e0185b4cdd5f4a P 5a4d43f747ed480ea0b925d3b890c735 [NON_LEADER]: Queue going to NON_LEADER mode. State: All replicated index: 0, Majority replicated index: 0, Committed index: 0, Last appended: 0.0, Last appended by leader: 0, Current term: 0, Majority size: -1, State: 0, Mode: NON_LEADER, active raft config: opid_index: -1 OBSOLETE_local: false peers { permanent_uuid: "a3d3f221c903461c8c1b3b4d2354e2f6" member_type: VOTER last_known_addr { host: "127.21.19.1" port: 44119 } } peers { permanent_uuid: "7784394cb1b64d0bb8be6caa92e608d1" member_type: VOTER last_known_addr { host: "127.21.19.2" port: 41091 } } peers { permanent_uuid: "5a4d43f747ed480ea0b925d3b890c735" member_type: VOTER last_known_addr { host: "127.21.19.3" port: 46287 } }
I20260630 12:15:07.822158 22450 leader_election.cc:290] T 1a862e78081549eb8b186824ef080424 P a3d3f221c903461c8c1b3b4d2354e2f6 [CANDIDATE]: Term 1 pre-election: Requested pre-vote from peers 7784394cb1b64d0bb8be6caa92e608d1 (127.21.19.2:41091), 5a4d43f747ed480ea0b925d3b890c735 (127.21.19.3:46287)
I20260630 12:15:07.823904 22395 tablet_service.cc:1917] Received RequestConsensusVote() RPC: tablet_id: "1a862e78081549eb8b186824ef080424" candidate_uuid: "a3d3f221c903461c8c1b3b4d2354e2f6" candidate_term: 1 candidate_status { last_received { term: 0 index: 0 } } ignore_live_leader: false dest_uuid: "5a4d43f747ed480ea0b925d3b890c735" is_pre_election: true
I20260630 12:15:07.824483 22445 ts_tablet_manager.cc:1434] T 07ec753c92cd4492846514213ee10204 P a3d3f221c903461c8c1b3b4d2354e2f6: Time spent starting tablet: real 0.008s	user 0.002s	sys 0.003s
I20260630 12:15:07.825119 22442 ts_tablet_manager.cc:1434] T d84d48cac3e346c181e0185b4cdd5f4a P 5a4d43f747ed480ea0b925d3b890c735: Time spent starting tablet: real 0.008s	user 0.006s	sys 0.000s
I20260630 12:15:07.825389 22445 tablet_bootstrap.cc:492] T 9bc29e47da5b41529f3b09d1352998f1 P a3d3f221c903461c8c1b3b4d2354e2f6: Bootstrap starting.
I20260630 12:15:07.829437 22322 tablet_service.cc:1917] Received RequestConsensusVote() RPC: tablet_id: "1a862e78081549eb8b186824ef080424" candidate_uuid: "a3d3f221c903461c8c1b3b4d2354e2f6" candidate_term: 1 candidate_status { last_received { term: 0 index: 0 } } ignore_live_leader: false dest_uuid: "7784394cb1b64d0bb8be6caa92e608d1" is_pre_election: true
I20260630 12:15:07.831424 22445 tablet_bootstrap.cc:654] T 9bc29e47da5b41529f3b09d1352998f1 P a3d3f221c903461c8c1b3b4d2354e2f6: Neither blocks nor log segments found. Creating new log.
