I20260630 12:15:07.146104 20242 raft_consensus.cc:2468] T 210fb6a3e2be4cfbb2064f1f1a60a2e6 P 04646f66d72a43eda66bc9b475d940c9 [term 0 FOLLOWER]: Leader pre-election vote request: Granting yes vote for candidate 3b56e7ec8c6a43b3b07184d1e1a32195 in term 0.
I20260630 12:15:07.147174 20281 leader_election.cc:304] T 210fb6a3e2be4cfbb2064f1f1a60a2e6 P 3b56e7ec8c6a43b3b07184d1e1a32195 [CANDIDATE]: Term 1 pre-election: Election decided. Result: candidate won. Election summary: received 2 responses out of 3 voters: 2 yes votes; 0 no votes. yes voters: 04646f66d72a43eda66bc9b475d940c9, 3b56e7ec8c6a43b3b07184d1e1a32195; no voters: 
I20260630 12:15:07.138521 20440 raft_consensus.cc:493] T 95cd079fd61f434fb780deb425b6a38c P 3b56e7ec8c6a43b3b07184d1e1a32195 [term 0 FOLLOWER]: Starting pre-election (no leader contacted us within the election timeout)
I20260630 12:15:07.147508 20466 leader_election.cc:290] T 210fb6a3e2be4cfbb2064f1f1a60a2e6 P 3b56e7ec8c6a43b3b07184d1e1a32195 [CANDIDATE]: Term 1 pre-election: Requested pre-vote from peers 04646f66d72a43eda66bc9b475d940c9 (127.19.28.193:35805), ad1e16dcaf3f4316882ca7fdb7d4b046 (127.19.28.195:43709)
I20260630 12:15:07.154532 20466 raft_consensus.cc:2804] T 210fb6a3e2be4cfbb2064f1f1a60a2e6 P 3b56e7ec8c6a43b3b07184d1e1a32195 [term 0 FOLLOWER]: Leader pre-election won for term 1
I20260630 12:15:07.154953 20466 raft_consensus.cc:493] T 210fb6a3e2be4cfbb2064f1f1a60a2e6 P 3b56e7ec8c6a43b3b07184d1e1a32195 [term 0 FOLLOWER]: Starting leader election (no leader contacted us within the election timeout)
I20260630 12:15:07.155337 20466 raft_consensus.cc:3060] T 210fb6a3e2be4cfbb2064f1f1a60a2e6 P 3b56e7ec8c6a43b3b07184d1e1a32195 [term 0 FOLLOWER]: Advancing to term 1
I20260630 12:15:07.150655 20391 raft_consensus.cc:2468] T 68c010f0d01d4959b347b8bf6aa65299 P ad1e16dcaf3f4316882ca7fdb7d4b046 [term 1 FOLLOWER]: Leader election vote request: Granting yes vote for candidate 3b56e7ec8c6a43b3b07184d1e1a32195 in term 1.
I20260630 12:15:07.156288 20139 catalog_manager.cc:5697] T 032d605a9e9a41118465fa4331da67db P ad1e16dcaf3f4316882ca7fdb7d4b046 reported cstate change: term changed from 0 to 1, leader changed from <none> to ad1e16dcaf3f4316882ca7fdb7d4b046 (127.19.28.195). New cstate: current_term: 1 leader_uuid: "ad1e16dcaf3f4316882ca7fdb7d4b046" committed_config { opid_index: -1 OBSOLETE_local: false peers { permanent_uuid: "04646f66d72a43eda66bc9b475d940c9" member_type: VOTER last_known_addr { host: "127.19.28.193" port: 35805 } health_report { overall_health: UNKNOWN } } peers { permanent_uuid: "3b56e7ec8c6a43b3b07184d1e1a32195" member_type: VOTER last_known_addr { host: "127.19.28.194" port: 43851 } health_report { overall_health: UNKNOWN } } peers { permanent_uuid: "ad1e16dcaf3f4316882ca7fdb7d4b046" member_type: VOTER last_known_addr { host: "127.19.28.195" port: 43709 } health_report { overall_health: HEALTHY } } }
I20260630 12:15:07.159353 20443 raft_consensus.cc:493] T 222c11d5630d47d5b118c776b89da441 P 04646f66d72a43eda66bc9b475d940c9 [term 0 FOLLOWER]: Starting pre-election (no leader contacted us within the election timeout)
I20260630 12:15:07.148973 20440 raft_consensus.cc:515] T 95cd079fd61f434fb780deb425b6a38c P 3b56e7ec8c6a43b3b07184d1e1a32195 [term 0 FOLLOWER]: Starting pre-election with config: opid_index: -1 OBSOLETE_local: false peers { permanent_uuid: "3b56e7ec8c6a43b3b07184d1e1a32195" member_type: VOTER last_known_addr { host: "127.19.28.194" port: 43851 } } peers { permanent_uuid: "ad1e16dcaf3f4316882ca7fdb7d4b046" member_type: VOTER last_known_addr { host: "127.19.28.195" port: 43709 } } peers { permanent_uuid: "04646f66d72a43eda66bc9b475d940c9" member_type: VOTER last_known_addr { host: "127.19.28.193" port: 35805 } }
I20260630 12:15:07.159829 20443 raft_consensus.cc:515] T 222c11d5630d47d5b118c776b89da441 P 04646f66d72a43eda66bc9b475d940c9 [term 0 FOLLOWER]: Starting pre-election with config: opid_index: -1 OBSOLETE_local: false peers { permanent_uuid: "04646f66d72a43eda66bc9b475d940c9" member_type: VOTER last_known_addr { host: "127.19.28.193" port: 35805 } } peers { permanent_uuid: "3b56e7ec8c6a43b3b07184d1e1a32195" member_type: VOTER last_known_addr { host: "127.19.28.194" port: 43851 } } peers { permanent_uuid: "ad1e16dcaf3f4316882ca7fdb7d4b046" member_type: VOTER last_known_addr { host: "127.19.28.195" port: 43709 } }
I20260630 12:15:07.156558 20465 raft_consensus.cc:697] T 68c010f0d01d4959b347b8bf6aa65299 P 3b56e7ec8c6a43b3b07184d1e1a32195 [term 1 LEADER]: Becoming Leader. State: Replica: 3b56e7ec8c6a43b3b07184d1e1a32195, State: Running, Role: LEADER
I20260630 12:15:07.162036 20469 raft_consensus.cc:493] T 95cd079fd61f434fb780deb425b6a38c P ad1e16dcaf3f4316882ca7fdb7d4b046 [term 0 FOLLOWER]: Starting pre-election (no leader contacted us within the election timeout)
I20260630 12:15:07.161952 20465 consensus_queue.cc:237] T 68c010f0d01d4959b347b8bf6aa65299 P 3b56e7ec8c6a43b3b07184d1e1a32195 [LEADER]: Queue going to LEADER mode. State: All replicated index: 0, Majority replicated index: 0, Committed index: 0, Last appended: 0.0, Last appended by leader: 0, Current term: 1, Majority size: 2, State: 0, Mode: LEADER, active raft config: opid_index: -1 OBSOLETE_local: false peers { permanent_uuid: "04646f66d72a43eda66bc9b475d940c9" member_type: VOTER last_known_addr { host: "127.19.28.193" port: 35805 } } peers { permanent_uuid: "3b56e7ec8c6a43b3b07184d1e1a32195" member_type: VOTER last_known_addr { host: "127.19.28.194" port: 43851 } } peers { permanent_uuid: "ad1e16dcaf3f4316882ca7fdb7d4b046" member_type: VOTER last_known_addr { host: "127.19.28.195" port: 43709 } }
I20260630 12:15:07.162667 20469 raft_consensus.cc:515] T 95cd079fd61f434fb780deb425b6a38c P ad1e16dcaf3f4316882ca7fdb7d4b046 [term 0 FOLLOWER]: Starting pre-election with config: opid_index: -1 OBSOLETE_local: false peers { permanent_uuid: "3b56e7ec8c6a43b3b07184d1e1a32195" member_type: VOTER last_known_addr { host: "127.19.28.194" port: 43851 } } peers { permanent_uuid: "ad1e16dcaf3f4316882ca7fdb7d4b046" member_type: VOTER last_known_addr { host: "127.19.28.195" port: 43709 } } peers { permanent_uuid: "04646f66d72a43eda66bc9b475d940c9" member_type: VOTER last_known_addr { host: "127.19.28.193" port: 35805 } }
I20260630 12:15:07.162111 20443 leader_election.cc:290] T 222c11d5630d47d5b118c776b89da441 P 04646f66d72a43eda66bc9b475d940c9 [CANDIDATE]: Term 1 pre-election: Requested pre-vote from peers 3b56e7ec8c6a43b3b07184d1e1a32195 (127.19.28.194:43851), ad1e16dcaf3f4316882ca7fdb7d4b046 (127.19.28.195:43709)
I20260630 12:15:07.164644 20317 tablet_service.cc:1917] Received RequestConsensusVote() RPC: tablet_id: "222c11d5630d47d5b118c776b89da441" candidate_uuid: "04646f66d72a43eda66bc9b475d940c9" candidate_term: 1 candidate_status { last_received { term: 0 index: 0 } } ignore_live_leader: false dest_uuid: "3b56e7ec8c6a43b3b07184d1e1a32195" is_pre_election: true
I20260630 12:15:07.164932 20469 leader_election.cc:290] T 95cd079fd61f434fb780deb425b6a38c P ad1e16dcaf3f4316882ca7fdb7d4b046 [CANDIDATE]: Term 1 pre-election: Requested pre-vote from peers 3b56e7ec8c6a43b3b07184d1e1a32195 (127.19.28.194:43851), 04646f66d72a43eda66bc9b475d940c9 (127.19.28.193:35805)
I20260630 12:15:07.165268 20317 raft_consensus.cc:2468] T 222c11d5630d47d5b118c776b89da441 P 3b56e7ec8c6a43b3b07184d1e1a32195 [term 0 FOLLOWER]: Leader pre-election vote request: Granting yes vote for candidate 04646f66d72a43eda66bc9b475d940c9 in term 0.
I20260630 12:15:07.165511 20316 tablet_service.cc:1917] Received RequestConsensusVote() RPC: tablet_id: "95cd079fd61f434fb780deb425b6a38c" candidate_uuid: "ad1e16dcaf3f4316882ca7fdb7d4b046" candidate_term: 1 candidate_status { last_received { term: 0 index: 0 } } ignore_live_leader: false dest_uuid: "3b56e7ec8c6a43b3b07184d1e1a32195" is_pre_election: true
I20260630 12:15:07.166025 20316 raft_consensus.cc:2468] T 95cd079fd61f434fb780deb425b6a38c P 3b56e7ec8c6a43b3b07184d1e1a32195 [term 0 FOLLOWER]: Leader pre-election vote request: Granting yes vote for candidate ad1e16dcaf3f4316882ca7fdb7d4b046 in term 0.
I20260630 12:15:07.166854 20207 leader_election.cc:304] T 222c11d5630d47d5b118c776b89da441 P 04646f66d72a43eda66bc9b475d940c9 [CANDIDATE]: Term 1 pre-election: Election decided. Result: candidate won. Election summary: received 2 responses out of 3 voters: 2 yes votes; 0 no votes. yes voters: 04646f66d72a43eda66bc9b475d940c9, 3b56e7ec8c6a43b3b07184d1e1a32195; no voters: 
I20260630 12:15:07.170990 20356 leader_election.cc:304] T 95cd079fd61f434fb780deb425b6a38c P ad1e16dcaf3f4316882ca7fdb7d4b046 [CANDIDATE]: Term 1 pre-election: Election decided. Result: candidate won. Election summary: received 2 responses out of 3 voters: 2 yes votes; 0 no votes. yes voters: 3b56e7ec8c6a43b3b07184d1e1a32195, ad1e16dcaf3f4316882ca7fdb7d4b046; no voters: 
I20260630 12:15:07.173694 20389 tablet_service.cc:1917] Received RequestConsensusVote() RPC: tablet_id: "95cd079fd61f434fb780deb425b6a38c" candidate_uuid: "3b56e7ec8c6a43b3b07184d1e1a32195" candidate_term: 1 candidate_status { last_received { term: 0 index: 0 } } ignore_live_leader: false dest_uuid: "ad1e16dcaf3f4316882ca7fdb7d4b046" is_pre_election: true
I20260630 12:15:07.173988 20469 raft_consensus.cc:2804] T 95cd079fd61f434fb780deb425b6a38c P ad1e16dcaf3f4316882ca7fdb7d4b046 [term 0 FOLLOWER]: Leader pre-election won for term 1
I20260630 12:15:07.174247 20440 leader_election.cc:290] T 95cd079fd61f434fb780deb425b6a38c P 3b56e7ec8c6a43b3b07184d1e1a32195 [CANDIDATE]: Term 1 pre-election: Requested pre-vote from peers ad1e16dcaf3f4316882ca7fdb7d4b046 (127.19.28.195:43709), 04646f66d72a43eda66bc9b475d940c9 (127.19.28.193:35805)
I20260630 12:15:07.174469 20469 raft_consensus.cc:493] T 95cd079fd61f434fb780deb425b6a38c P ad1e16dcaf3f4316882ca7fdb7d4b046 [term 0 FOLLOWER]: Starting leader election (no leader contacted us within the election timeout)
I20260630 12:15:07.173718 20390 tablet_service.cc:1917] Received RequestConsensusVote() RPC: tablet_id: "222c11d5630d47d5b118c776b89da441" candidate_uuid: "04646f66d72a43eda66bc9b475d940c9" candidate_term: 1 candidate_status { last_received { term: 0 index: 0 } } ignore_live_leader: false dest_uuid: "ad1e16dcaf3f4316882ca7fdb7d4b046" is_pre_election: true
I20260630 12:15:07.174882 20469 raft_consensus.cc:3060] T 95cd079fd61f434fb780deb425b6a38c P ad1e16dcaf3f4316882ca7fdb7d4b046 [term 0 FOLLOWER]: Advancing to term 1
I20260630 12:15:07.169837 20443 raft_consensus.cc:2804] T 222c11d5630d47d5b118c776b89da441 P 04646f66d72a43eda66bc9b475d940c9 [term 0 FOLLOWER]: Leader pre-election won for term 1
W20260630 12:15:07.175982 20207 leader_election.cc:343] T 222c11d5630d47d5b118c776b89da441 P 04646f66d72a43eda66bc9b475d940c9 [CANDIDATE]: Term 1 pre-election: Tablet error from VoteRequest() call to peer ad1e16dcaf3f4316882ca7fdb7d4b046 (127.19.28.195:43709): Illegal state: must be running to vote when last-logged opid is not known
I20260630 12:15:07.177738 20242 tablet_service.cc:1917] Received RequestConsensusVote() RPC: tablet_id: "95cd079fd61f434fb780deb425b6a38c" candidate_uuid: "ad1e16dcaf3f4316882ca7fdb7d4b046" candidate_term: 1 candidate_status { last_received { term: 0 index: 0 } } ignore_live_leader: false dest_uuid: "04646f66d72a43eda66bc9b475d940c9" is_pre_election: true
I20260630 12:15:07.177971 20241 tablet_service.cc:1917] Received RequestConsensusVote() RPC: tablet_id: "95cd079fd61f434fb780deb425b6a38c" candidate_uuid: "3b56e7ec8c6a43b3b07184d1e1a32195" candidate_term: 1 candidate_status { last_received { term: 0 index: 0 } } ignore_live_leader: false dest_uuid: "04646f66d72a43eda66bc9b475d940c9" is_pre_election: true
I20260630 12:15:07.178368 20242 raft_consensus.cc:2468] T 95cd079fd61f434fb780deb425b6a38c P 04646f66d72a43eda66bc9b475d940c9 [term 0 FOLLOWER]: Leader pre-election vote request: Granting yes vote for candidate ad1e16dcaf3f4316882ca7fdb7d4b046 in term 0.
I20260630 12:15:07.179253 20391 tablet_service.cc:1917] Received RequestConsensusVote() RPC: tablet_id: "68c010f0d01d4959b347b8bf6aa65299" candidate_uuid: "04646f66d72a43eda66bc9b475d940c9" candidate_term: 1 candidate_status { last_received { term: 0 index: 0 } } ignore_live_leader: false dest_uuid: "ad1e16dcaf3f4316882ca7fdb7d4b046" is_pre_election: true
I20260630 12:15:07.175928 20443 raft_consensus.cc:493] T 222c11d5630d47d5b118c776b89da441 P 04646f66d72a43eda66bc9b475d940c9 [term 0 FOLLOWER]: Starting leader election (no leader contacted us within the election timeout)
I20260630 12:15:07.180292 20391 raft_consensus.cc:2393] T 68c010f0d01d4959b347b8bf6aa65299 P ad1e16dcaf3f4316882ca7fdb7d4b046 [term 1 FOLLOWER]: Leader pre-election vote request: Denying vote to candidate 04646f66d72a43eda66bc9b475d940c9 in current term 1: Already voted for candidate 3b56e7ec8c6a43b3b07184d1e1a32195 in this term.
I20260630 12:15:07.181730 20443 raft_consensus.cc:3060] T 222c11d5630d47d5b118c776b89da441 P 04646f66d72a43eda66bc9b475d940c9 [term 0 FOLLOWER]: Advancing to term 1
I20260630 12:15:07.184379 20207 leader_election.cc:304] T 68c010f0d01d4959b347b8bf6aa65299 P 04646f66d72a43eda66bc9b475d940c9 [CANDIDATE]: Term 1 pre-election: Election decided. Result: candidate lost. Election summary: received 3 responses out of 3 voters: 1 yes votes; 2 no votes. yes voters: 04646f66d72a43eda66bc9b475d940c9; no voters: 3b56e7ec8c6a43b3b07184d1e1a32195, ad1e16dcaf3f4316882ca7fdb7d4b046
I20260630 12:15:07.197958 20485 raft_consensus.cc:2749] T 68c010f0d01d4959b347b8bf6aa65299 P 04646f66d72a43eda66bc9b475d940c9 [term 1 FOLLOWER]: Leader pre-election lost for term 1. Reason: could not achieve majority
I20260630 12:15:07.201709 20442 tablet_bootstrap.cc:492] T 9827069edc5e4ab9bb688b445afcca19 P ad1e16dcaf3f4316882ca7fdb7d4b046: No bootstrap required, opened a new log
I20260630 12:15:07.201481 20469 raft_consensus.cc:515] T 95cd079fd61f434fb780deb425b6a38c P ad1e16dcaf3f4316882ca7fdb7d4b046 [term 1 FOLLOWER]: Starting leader election with config: opid_index: -1 OBSOLETE_local: false peers { permanent_uuid: "3b56e7ec8c6a43b3b07184d1e1a32195" member_type: VOTER last_known_addr { host: "127.19.28.194" port: 43851 } } peers { permanent_uuid: "ad1e16dcaf3f4316882ca7fdb7d4b046" member_type: VOTER last_known_addr { host: "127.19.28.195" port: 43709 } } peers { permanent_uuid: "04646f66d72a43eda66bc9b475d940c9" member_type: VOTER last_known_addr { host: "127.19.28.193" port: 35805 } }
I20260630 12:15:07.202266 20442 ts_tablet_manager.cc:1403] T 9827069edc5e4ab9bb688b445afcca19 P ad1e16dcaf3f4316882ca7fdb7d4b046: Time spent bootstrapping tablet: real 0.138s	user 0.013s	sys 0.010s
I20260630 12:15:07.205727 20138 catalog_manager.cc:5697] T 68c010f0d01d4959b347b8bf6aa65299 P 3b56e7ec8c6a43b3b07184d1e1a32195 reported cstate change: term changed from 0 to 1, leader changed from <none> to 3b56e7ec8c6a43b3b07184d1e1a32195 (127.19.28.194). New cstate: current_term: 1 leader_uuid: "3b56e7ec8c6a43b3b07184d1e1a32195" committed_config { opid_index: -1 OBSOLETE_local: false peers { permanent_uuid: "04646f66d72a43eda66bc9b475d940c9" member_type: VOTER last_known_addr { host: "127.19.28.193" port: 35805 } health_report { overall_health: UNKNOWN } } peers { permanent_uuid: "3b56e7ec8c6a43b3b07184d1e1a32195" member_type: VOTER last_known_addr { host: "127.19.28.194" port: 43851 } health_report { overall_health: HEALTHY } } peers { permanent_uuid: "ad1e16dcaf3f4316882ca7fdb7d4b046" member_type: VOTER last_known_addr { host: "127.19.28.195" port: 43709 } health_report { overall_health: UNKNOWN } } }
I20260630 12:15:07.206887 20389 raft_consensus.cc:2393] T 95cd079fd61f434fb780deb425b6a38c P ad1e16dcaf3f4316882ca7fdb7d4b046 [term 1 FOLLOWER]: Leader pre-election vote request: Denying vote to candidate 3b56e7ec8c6a43b3b07184d1e1a32195 in current term 1: Already voted for candidate ad1e16dcaf3f4316882ca7fdb7d4b046 in this term.
I20260630 12:15:07.207798 20469 leader_election.cc:290] T 95cd079fd61f434fb780deb425b6a38c P ad1e16dcaf3f4316882ca7fdb7d4b046 [CANDIDATE]: Term 1 election: Requested vote from peers 3b56e7ec8c6a43b3b07184d1e1a32195 (127.19.28.194:43851), 04646f66d72a43eda66bc9b475d940c9 (127.19.28.193:35805)
I20260630 12:15:07.201076 20466 raft_consensus.cc:515] T 210fb6a3e2be4cfbb2064f1f1a60a2e6 P 3b56e7ec8c6a43b3b07184d1e1a32195 [term 1 FOLLOWER]: Starting leader election with config: opid_index: -1 OBSOLETE_local: false peers { permanent_uuid: "04646f66d72a43eda66bc9b475d940c9" member_type: VOTER last_known_addr { host: "127.19.28.193" port: 35805 } } peers { permanent_uuid: "3b56e7ec8c6a43b3b07184d1e1a32195" member_type: VOTER last_known_addr { host: "127.19.28.194" port: 43851 } } peers { permanent_uuid: "ad1e16dcaf3f4316882ca7fdb7d4b046" member_type: VOTER last_known_addr { host: "127.19.28.195" port: 43709 } }
I20260630 12:15:07.204135 20139 catalog_manager.cc:5697] T 888ac354f5884a929e54dd4066d9f28f P ad1e16dcaf3f4316882ca7fdb7d4b046 reported cstate change: term changed from 0 to 1, leader changed from <none> to ad1e16dcaf3f4316882ca7fdb7d4b046 (127.19.28.195). New cstate: current_term: 1 leader_uuid: "ad1e16dcaf3f4316882ca7fdb7d4b046" committed_config { opid_index: -1 OBSOLETE_local: false peers { permanent_uuid: "04646f66d72a43eda66bc9b475d940c9" member_type: VOTER last_known_addr { host: "127.19.28.193" port: 35805 } health_report { overall_health: UNKNOWN } } peers { permanent_uuid: "3b56e7ec8c6a43b3b07184d1e1a32195" member_type: VOTER last_known_addr { host: "127.19.28.194" port: 43851 } health_report { overall_health: UNKNOWN } } peers { permanent_uuid: "ad1e16dcaf3f4316882ca7fdb7d4b046" member_type: VOTER last_known_addr { host: "127.19.28.195" port: 43709 } health_report { overall_health: HEALTHY } } }
I20260630 12:15:07.208914 20442 raft_consensus.cc:359] T 9827069edc5e4ab9bb688b445afcca19 P ad1e16dcaf3f4316882ca7fdb7d4b046 [term 0 FOLLOWER]: Replica starting. Triggering 0 pending ops. Active config: opid_index: -1 OBSOLETE_local: false peers { permanent_uuid: "04646f66d72a43eda66bc9b475d940c9" member_type: VOTER last_known_addr { host: "127.19.28.193" port: 35805 } } peers { permanent_uuid: "3b56e7ec8c6a43b3b07184d1e1a32195" member_type: VOTER last_known_addr { host: "127.19.28.194" port: 43851 } } peers { permanent_uuid: "ad1e16dcaf3f4316882ca7fdb7d4b046" member_type: VOTER last_known_addr { host: "127.19.28.195" port: 43709 } }
I20260630 12:15:07.209725 20442 raft_consensus.cc:385] T 9827069edc5e4ab9bb688b445afcca19 P ad1e16dcaf3f4316882ca7fdb7d4b046 [term 0 FOLLOWER]: Consensus starting up: Expiring failure detector timer to make a prompt election more likely
I20260630 12:15:07.209942 20242 tablet_service.cc:1917] Received RequestConsensusVote() RPC: tablet_id: "95cd079fd61f434fb780deb425b6a38c" candidate_uuid: "ad1e16dcaf3f4316882ca7fdb7d4b046" candidate_term: 1 candidate_status { last_received { term: 0 index: 0 } } ignore_live_leader: false dest_uuid: "04646f66d72a43eda66bc9b475d940c9"
I20260630 12:15:07.210090 20442 raft_consensus.cc:740] T 9827069edc5e4ab9bb688b445afcca19 P ad1e16dcaf3f4316882ca7fdb7d4b046 [term 0 FOLLOWER]: Becoming Follower/Learner. State: Replica: ad1e16dcaf3f4316882ca7fdb7d4b046, State: Initialized, Role: FOLLOWER
I20260630 12:15:07.210573 20242 raft_consensus.cc:3060] T 95cd079fd61f434fb780deb425b6a38c P 04646f66d72a43eda66bc9b475d940c9 [term 0 FOLLOWER]: Advancing to term 1
I20260630 12:15:07.210922 20466 leader_election.cc:290] T 210fb6a3e2be4cfbb2064f1f1a60a2e6 P 3b56e7ec8c6a43b3b07184d1e1a32195 [CANDIDATE]: Term 1 election: Requested vote from peers 04646f66d72a43eda66bc9b475d940c9 (127.19.28.193:35805), ad1e16dcaf3f4316882ca7fdb7d4b046 (127.19.28.195:43709)
I20260630 12:15:07.211163 20241 tablet_service.cc:1917] Received RequestConsensusVote() RPC: tablet_id: "210fb6a3e2be4cfbb2064f1f1a60a2e6" candidate_uuid: "3b56e7ec8c6a43b3b07184d1e1a32195" candidate_term: 1 candidate_status { last_received { term: 0 index: 0 } } ignore_live_leader: false dest_uuid: "04646f66d72a43eda66bc9b475d940c9"
I20260630 12:15:07.211720 20241 raft_consensus.cc:3060] T 210fb6a3e2be4cfbb2064f1f1a60a2e6 P 04646f66d72a43eda66bc9b475d940c9 [term 0 FOLLOWER]: Advancing to term 1
I20260630 12:15:07.209156 20316 tablet_service.cc:1917] Received RequestConsensusVote() RPC: tablet_id: "95cd079fd61f434fb780deb425b6a38c" candidate_uuid: "ad1e16dcaf3f4316882ca7fdb7d4b046" candidate_term: 1 candidate_status { last_received { term: 0 index: 0 } } ignore_live_leader: false dest_uuid: "3b56e7ec8c6a43b3b07184d1e1a32195"
I20260630 12:15:07.213848 20316 raft_consensus.cc:3060] T 95cd079fd61f434fb780deb425b6a38c P 3b56e7ec8c6a43b3b07184d1e1a32195 [term 0 FOLLOWER]: Advancing to term 1
I20260630 12:15:07.209153 20282 leader_election.cc:304] T 95cd079fd61f434fb780deb425b6a38c P 3b56e7ec8c6a43b3b07184d1e1a32195 [CANDIDATE]: Term 1 pre-election: Election decided. Result: candidate lost. Election summary: received 3 responses out of 3 voters: 1 yes votes; 2 no votes. yes voters: 3b56e7ec8c6a43b3b07184d1e1a32195; no voters: 04646f66d72a43eda66bc9b475d940c9, ad1e16dcaf3f4316882ca7fdb7d4b046
I20260630 12:15:07.215770 20389 tablet_service.cc:1917] Received RequestConsensusVote() RPC: tablet_id: "210fb6a3e2be4cfbb2064f1f1a60a2e6" candidate_uuid: "3b56e7ec8c6a43b3b07184d1e1a32195" candidate_term: 1 candidate_status { last_received { term: 0 index: 0 } } ignore_live_leader: false dest_uuid: "ad1e16dcaf3f4316882ca7fdb7d4b046"
I20260630 12:15:07.216307 20389 raft_consensus.cc:3060] T 210fb6a3e2be4cfbb2064f1f1a60a2e6 P ad1e16dcaf3f4316882ca7fdb7d4b046 [term 0 FOLLOWER]: Advancing to term 1
I20260630 12:15:07.217564 20242 raft_consensus.cc:2468] T 95cd079fd61f434fb780deb425b6a38c P 04646f66d72a43eda66bc9b475d940c9 [term 1 FOLLOWER]: Leader election vote request: Granting yes vote for candidate ad1e16dcaf3f4316882ca7fdb7d4b046 in term 1.
I20260630 12:15:07.218720 20355 leader_election.cc:304] T 95cd079fd61f434fb780deb425b6a38c P ad1e16dcaf3f4316882ca7fdb7d4b046 [CANDIDATE]: Term 1 election: Election decided. Result: candidate won. Election summary: received 2 responses out of 3 voters: 2 yes votes; 0 no votes. yes voters: 04646f66d72a43eda66bc9b475d940c9, ad1e16dcaf3f4316882ca7fdb7d4b046; no voters: 
I20260630 12:15:07.219504 20469 raft_consensus.cc:2804] T 95cd079fd61f434fb780deb425b6a38c P ad1e16dcaf3f4316882ca7fdb7d4b046 [term 1 FOLLOWER]: Leader election won for term 1
I20260630 12:15:07.219985 20469 raft_consensus.cc:697] T 95cd079fd61f434fb780deb425b6a38c P ad1e16dcaf3f4316882ca7fdb7d4b046 [term 1 LEADER]: Becoming Leader. State: Replica: ad1e16dcaf3f4316882ca7fdb7d4b046, State: Running, Role: LEADER
I20260630 12:15:07.220711 20469 consensus_queue.cc:237] T 95cd079fd61f434fb780deb425b6a38c P ad1e16dcaf3f4316882ca7fdb7d4b046 [LEADER]: Queue going to LEADER mode. State: All replicated index: 0, Majority replicated index: 0, Committed index: 0, Last appended: 0.0, Last appended by leader: 0, Current term: 1, Majority size: 2, State: 0, Mode: LEADER, active raft config: opid_index: -1 OBSOLETE_local: false peers { permanent_uuid: "3b56e7ec8c6a43b3b07184d1e1a32195" member_type: VOTER last_known_addr { host: "127.19.28.194" port: 43851 } } peers { permanent_uuid: "ad1e16dcaf3f4316882ca7fdb7d4b046" member_type: VOTER last_known_addr { host: "127.19.28.195" port: 43709 } } peers { permanent_uuid: "04646f66d72a43eda66bc9b475d940c9" member_type: VOTER last_known_addr { host: "127.19.28.193" port: 35805 } }
I20260630 12:15:07.221314 20316 raft_consensus.cc:2468] T 95cd079fd61f434fb780deb425b6a38c P 3b56e7ec8c6a43b3b07184d1e1a32195 [term 1 FOLLOWER]: Leader election vote request: Granting yes vote for candidate ad1e16dcaf3f4316882ca7fdb7d4b046 in term 1.
I20260630 12:15:07.222844 20389 raft_consensus.cc:2468] T 210fb6a3e2be4cfbb2064f1f1a60a2e6 P ad1e16dcaf3f4316882ca7fdb7d4b046 [term 1 FOLLOWER]: Leader election vote request: Granting yes vote for candidate 3b56e7ec8c6a43b3b07184d1e1a32195 in term 1.
I20260630 12:15:07.223070 20241 raft_consensus.cc:2468] T 210fb6a3e2be4cfbb2064f1f1a60a2e6 P 04646f66d72a43eda66bc9b475d940c9 [term 1 FOLLOWER]: Leader election vote request: Granting yes vote for candidate 3b56e7ec8c6a43b3b07184d1e1a32195 in term 1.
I20260630 12:15:07.224361 20281 leader_election.cc:304] T 210fb6a3e2be4cfbb2064f1f1a60a2e6 P 3b56e7ec8c6a43b3b07184d1e1a32195 [CANDIDATE]: Term 1 election: Election decided. Result: candidate won. Election summary: received 2 responses out of 3 voters: 2 yes votes; 0 no votes. yes voters: 04646f66d72a43eda66bc9b475d940c9, 3b56e7ec8c6a43b3b07184d1e1a32195; no voters: 
I20260630 12:15:07.224202 20442 consensus_queue.cc:260] T 9827069edc5e4ab9bb688b445afcca19 P ad1e16dcaf3f4316882ca7fdb7d4b046 [NON_LEADER]: Queue going to NON_LEADER mode. State: All replicated index: 0, Majority replicated index: 0, Committed index: 0, Last appended: 0.0, Last appended by leader: 0, Current term: 0, Majority size: -1, State: 0, Mode: NON_LEADER, active raft config: opid_index: -1 OBSOLETE_local: false peers { permanent_uuid: "04646f66d72a43eda66bc9b475d940c9" member_type: VOTER last_known_addr { host: "127.19.28.193" port: 35805 } } peers { permanent_uuid: "3b56e7ec8c6a43b3b07184d1e1a32195" member_type: VOTER last_known_addr { host: "127.19.28.194" port: 43851 } } peers { permanent_uuid: "ad1e16dcaf3f4316882ca7fdb7d4b046" member_type: VOTER last_known_addr { host: "127.19.28.195" port: 43709 } }
I20260630 12:15:07.224928 20466 raft_consensus.cc:2749] T 95cd079fd61f434fb780deb425b6a38c P 3b56e7ec8c6a43b3b07184d1e1a32195 [term 1 FOLLOWER]: Leader pre-election lost for term 1. Reason: could not achieve majority
I20260630 12:15:07.225191 20465 raft_consensus.cc:2804] T 210fb6a3e2be4cfbb2064f1f1a60a2e6 P 3b56e7ec8c6a43b3b07184d1e1a32195 [term 1 FOLLOWER]: Leader election won for term 1
I20260630 12:15:07.205101 20443 raft_consensus.cc:515] T 222c11d5630d47d5b118c776b89da441 P 04646f66d72a43eda66bc9b475d940c9 [term 1 FOLLOWER]: Starting leader election with config: opid_index: -1 OBSOLETE_local: false peers { permanent_uuid: "04646f66d72a43eda66bc9b475d940c9" member_type: VOTER last_known_addr { host: "127.19.28.193" port: 35805 } } peers { permanent_uuid: "3b56e7ec8c6a43b3b07184d1e1a32195" member_type: VOTER last_known_addr { host: "127.19.28.194" port: 43851 } } peers { permanent_uuid: "ad1e16dcaf3f4316882ca7fdb7d4b046" member_type: VOTER last_known_addr { host: "127.19.28.195" port: 43709 } }
I20260630 12:15:07.226233 20465 raft_consensus.cc:697] T 210fb6a3e2be4cfbb2064f1f1a60a2e6 P 3b56e7ec8c6a43b3b07184d1e1a32195 [term 1 LEADER]: Becoming Leader. State: Replica: 3b56e7ec8c6a43b3b07184d1e1a32195, State: Running, Role: LEADER
I20260630 12:15:07.227473 20443 leader_election.cc:290] T 222c11d5630d47d5b118c776b89da441 P 04646f66d72a43eda66bc9b475d940c9 [CANDIDATE]: Term 1 election: Requested vote from peers 3b56e7ec8c6a43b3b07184d1e1a32195 (127.19.28.194:43851), ad1e16dcaf3f4316882ca7fdb7d4b046 (127.19.28.195:43709)
I20260630 12:15:07.227130 20465 consensus_queue.cc:237] T 210fb6a3e2be4cfbb2064f1f1a60a2e6 P 3b56e7ec8c6a43b3b07184d1e1a32195 [LEADER]: Queue going to LEADER mode. State: All replicated index: 0, Majority replicated index: 0, Committed index: 0, Last appended: 0.0, Last appended by leader: 0, Current term: 1, Majority size: 2, State: 0, Mode: LEADER, active raft config: opid_index: -1 OBSOLETE_local: false peers { permanent_uuid: "04646f66d72a43eda66bc9b475d940c9" member_type: VOTER last_known_addr { host: "127.19.28.193" port: 35805 } } peers { permanent_uuid: "3b56e7ec8c6a43b3b07184d1e1a32195" member_type: VOTER last_known_addr { host: "127.19.28.194" port: 43851 } } peers { permanent_uuid: "ad1e16dcaf3f4316882ca7fdb7d4b046" member_type: VOTER last_known_addr { host: "127.19.28.195" port: 43709 } }
I20260630 12:15:07.207362 20138 catalog_manager.cc:5697] T 0556469d361a4420b7c199e6cb1077f7 P 3b56e7ec8c6a43b3b07184d1e1a32195 reported cstate change: term changed from 0 to 1, leader changed from <none> to 3b56e7ec8c6a43b3b07184d1e1a32195 (127.19.28.194). New cstate: current_term: 1 leader_uuid: "3b56e7ec8c6a43b3b07184d1e1a32195" committed_config { opid_index: -1 OBSOLETE_local: false peers { permanent_uuid: "04646f66d72a43eda66bc9b475d940c9" member_type: VOTER last_known_addr { host: "127.19.28.193" port: 35805 } health_report { overall_health: UNKNOWN } } peers { permanent_uuid: "3b56e7ec8c6a43b3b07184d1e1a32195" member_type: VOTER last_known_addr { host: "127.19.28.194" port: 43851 } health_report { overall_health: HEALTHY } } peers { permanent_uuid: "ad1e16dcaf3f4316882ca7fdb7d4b046" member_type: VOTER last_known_addr { host: "127.19.28.195" port: 43709 } health_report { overall_health: UNKNOWN } } }
I20260630 12:15:07.228214 20316 tablet_service.cc:1917] Received RequestConsensusVote() RPC: tablet_id: "222c11d5630d47d5b118c776b89da441" candidate_uuid: "04646f66d72a43eda66bc9b475d940c9" candidate_term: 1 candidate_status { last_received { term: 0 index: 0 } } ignore_live_leader: false dest_uuid: "3b56e7ec8c6a43b3b07184d1e1a32195"
I20260630 12:15:07.229202 20442 ts_tablet_manager.cc:1434] T 9827069edc5e4ab9bb688b445afcca19 P ad1e16dcaf3f4316882ca7fdb7d4b046: Time spent starting tablet: real 0.023s	user 0.006s	sys 0.000s
I20260630 12:15:07.229817 20389 tablet_service.cc:1917] Received RequestConsensusVote() RPC: tablet_id: "222c11d5630d47d5b118c776b89da441" candidate_uuid: "04646f66d72a43eda66bc9b475d940c9" candidate_term: 1 candidate_status { last_received { term: 0 index: 0 } } ignore_live_leader: false dest_uuid: "ad1e16dcaf3f4316882ca7fdb7d4b046"
I20260630 12:15:07.230721 20442 tablet_bootstrap.cc:492] T 222c11d5630d47d5b118c776b89da441 P ad1e16dcaf3f4316882ca7fdb7d4b046: Bootstrap starting.
I20260630 12:15:07.229830 20316 raft_consensus.cc:3060] T 222c11d5630d47d5b118c776b89da441 P 3b56e7ec8c6a43b3b07184d1e1a32195 [term 0 FOLLOWER]: Advancing to term 1
W20260630 12:15:07.231685 20207 leader_election.cc:343] T 222c11d5630d47d5b118c776b89da441 P 04646f66d72a43eda66bc9b475d940c9 [CANDIDATE]: Term 1 election: Tablet error from VoteRequest() call to peer ad1e16dcaf3f4316882ca7fdb7d4b046 (127.19.28.195:43709): Illegal state: must be running to vote when last-logged opid is not known
I20260630 12:15:07.237608 20442 tablet_bootstrap.cc:654] T 222c11d5630d47d5b118c776b89da441 P ad1e16dcaf3f4316882ca7fdb7d4b046: Neither blocks nor log segments found. Creating new log.
I20260630 12:15:07.239212 20316 raft_consensus.cc:2468] T 222c11d5630d47d5b118c776b89da441 P 3b56e7ec8c6a43b3b07184d1e1a32195 [term 1 FOLLOWER]: Leader election vote request: Granting yes vote for candidate 04646f66d72a43eda66bc9b475d940c9 in term 1.
I20260630 12:15:07.240371 20207 leader_election.cc:304] T 222c11d5630d47d5b118c776b89da441 P 04646f66d72a43eda66bc9b475d940c9 [CANDIDATE]: Term 1 election: Election decided. Result: candidate won. Election summary: received 3 responses out of 3 voters: 2 yes votes; 1 no votes. yes voters: 04646f66d72a43eda66bc9b475d940c9, 3b56e7ec8c6a43b3b07184d1e1a32195; no voters: ad1e16dcaf3f4316882ca7fdb7d4b046
I20260630 12:15:07.241272 20443 raft_consensus.cc:2804] T 222c11d5630d47d5b118c776b89da441 P 04646f66d72a43eda66bc9b475d940c9 [term 1 FOLLOWER]: Leader election won for term 1
I20260630 12:15:07.241901 20443 raft_consensus.cc:697] T 222c11d5630d47d5b118c776b89da441 P 04646f66d72a43eda66bc9b475d940c9 [term 1 LEADER]: Becoming Leader. State: Replica: 04646f66d72a43eda66bc9b475d940c9, State: Running, Role: LEADER
I20260630 12:15:07.242914 20443 consensus_queue.cc:237] T 222c11d5630d47d5b118c776b89da441 P 04646f66d72a43eda66bc9b475d940c9 [LEADER]: Queue going to LEADER mode. State: All replicated index: 0, Majority replicated index: 0, Committed index: 0, Last appended: 0.0, Last appended by leader: 0, Current term: 1, Majority size: 2, State: 0, Mode: LEADER, active raft config: opid_index: -1 OBSOLETE_local: false peers { permanent_uuid: "04646f66d72a43eda66bc9b475d940c9" member_type: VOTER last_known_addr { host: "127.19.28.193" port: 35805 } } peers { permanent_uuid: "3b56e7ec8c6a43b3b07184d1e1a32195" member_type: VOTER last_known_addr { host: "127.19.28.194" port: 43851 } } peers { permanent_uuid: "ad1e16dcaf3f4316882ca7fdb7d4b046" member_type: VOTER last_known_addr { host: "127.19.28.195" port: 43709 } }
I20260630 12:15:07.242969 20139 catalog_manager.cc:5697] T 95cd079fd61f434fb780deb425b6a38c P ad1e16dcaf3f4316882ca7fdb7d4b046 reported cstate change: term changed from 0 to 1, leader changed from <none> to ad1e16dcaf3f4316882ca7fdb7d4b046 (127.19.28.195). New cstate: current_term: 1 leader_uuid: "ad1e16dcaf3f4316882ca7fdb7d4b046" committed_config { opid_index: -1 OBSOLETE_local: false peers { permanent_uuid: "3b56e7ec8c6a43b3b07184d1e1a32195" member_type: VOTER last_known_addr { host: "127.19.28.194" port: 43851 } health_report { overall_health: UNKNOWN } } peers { permanent_uuid: "ad1e16dcaf3f4316882ca7fdb7d4b046" member_type: VOTER last_known_addr { host: "127.19.28.195" port: 43709 } health_report { overall_health: HEALTHY } } peers { permanent_uuid: "04646f66d72a43eda66bc9b475d940c9" member_type: VOTER last_known_addr { host: "127.19.28.193" port: 35805 } health_report { overall_health: UNKNOWN } } }
I20260630 12:15:07.249114 20442 tablet_bootstrap.cc:492] T 222c11d5630d47d5b118c776b89da441 P ad1e16dcaf3f4316882ca7fdb7d4b046: No bootstrap required, opened a new log
I20260630 12:15:07.249575 20442 ts_tablet_manager.cc:1403] T 222c11d5630d47d5b118c776b89da441 P ad1e16dcaf3f4316882ca7fdb7d4b046: Time spent bootstrapping tablet: real 0.019s	user 0.008s	sys 0.007s
I20260630 12:15:07.251974 20442 raft_consensus.cc:359] T 222c11d5630d47d5b118c776b89da441 P ad1e16dcaf3f4316882ca7fdb7d4b046 [term 0 FOLLOWER]: Replica starting. Triggering 0 pending ops. Active config: opid_index: -1 OBSOLETE_local: false peers { permanent_uuid: "04646f66d72a43eda66bc9b475d940c9" member_type: VOTER last_known_addr { host: "127.19.28.193" port: 35805 } } peers { permanent_uuid: "3b56e7ec8c6a43b3b07184d1e1a32195" member_type: VOTER last_known_addr { host: "127.19.28.194" port: 43851 } } peers { permanent_uuid: "ad1e16dcaf3f4316882ca7fdb7d4b046" member_type: VOTER last_known_addr { host: "127.19.28.195" port: 43709 } }
I20260630 12:15:07.252772 20442 raft_consensus.cc:385] T 222c11d5630d47d5b118c776b89da441 P ad1e16dcaf3f4316882ca7fdb7d4b046 [term 0 FOLLOWER]: Consensus starting up: Expiring failure detector timer to make a prompt election more likely
I20260630 12:15:07.253108 20442 raft_consensus.cc:740] T 222c11d5630d47d5b118c776b89da441 P ad1e16dcaf3f4316882ca7fdb7d4b046 [term 0 FOLLOWER]: Becoming Follower/Learner. State: Replica: ad1e16dcaf3f4316882ca7fdb7d4b046, State: Initialized, Role: FOLLOWER
I20260630 12:15:07.253957 20442 consensus_queue.cc:260] T 222c11d5630d47d5b118c776b89da441 P ad1e16dcaf3f4316882ca7fdb7d4b046 [NON_LEADER]: Queue going to NON_LEADER mode. State: All replicated index: 0, Majority replicated index: 0, Committed index: 0, Last appended: 0.0, Last appended by leader: 0, Current term: 0, Majority size: -1, State: 0, Mode: NON_LEADER, active raft config: opid_index: -1 OBSOLETE_local: false peers { permanent_uuid: "04646f66d72a43eda66bc9b475d940c9" member_type: VOTER last_known_addr { host: "127.19.28.193" port: 35805 } } peers { permanent_uuid: "3b56e7ec8c6a43b3b07184d1e1a32195" member_type: VOTER last_known_addr { host: "127.19.28.194" port: 43851 } } peers { permanent_uuid: "ad1e16dcaf3f4316882ca7fdb7d4b046" member_type: VOTER last_known_addr { host: "127.19.28.195" port: 43709 } }
I20260630 12:15:07.256266 20442 ts_tablet_manager.cc:1434] T 222c11d5630d47d5b118c776b89da441 P ad1e16dcaf3f4316882ca7fdb7d4b046: Time spent starting tablet: real 0.006s	user 0.007s	sys 0.000s
I20260630 12:15:07.255769 20138 catalog_manager.cc:5697] T 210fb6a3e2be4cfbb2064f1f1a60a2e6 P 3b56e7ec8c6a43b3b07184d1e1a32195 reported cstate change: term changed from 0 to 1, leader changed from <none> to 3b56e7ec8c6a43b3b07184d1e1a32195 (127.19.28.194). New cstate: current_term: 1 leader_uuid: "3b56e7ec8c6a43b3b07184d1e1a32195" committed_config { opid_index: -1 OBSOLETE_local: false peers { permanent_uuid: "04646f66d72a43eda66bc9b475d940c9" member_type: VOTER last_known_addr { host: "127.19.28.193" port: 35805 } health_report { overall_health: UNKNOWN } } peers { permanent_uuid: "3b56e7ec8c6a43b3b07184d1e1a32195" member_type: VOTER last_known_addr { host: "127.19.28.194" port: 43851 } health_report { overall_health: HEALTHY } } peers { permanent_uuid: "ad1e16dcaf3f4316882ca7fdb7d4b046" member_type: VOTER last_known_addr { host: "127.19.28.195" port: 43709 } health_report { overall_health: UNKNOWN } } }
I20260630 12:15:07.258373 20140 catalog_manager.cc:5697] T 222c11d5630d47d5b118c776b89da441 P 04646f66d72a43eda66bc9b475d940c9 reported cstate change: term changed from 0 to 1, leader changed from <none> to 04646f66d72a43eda66bc9b475d940c9 (127.19.28.193). New cstate: current_term: 1 leader_uuid: "04646f66d72a43eda66bc9b475d940c9" committed_config { opid_index: -1 OBSOLETE_local: false peers { permanent_uuid: "04646f66d72a43eda66bc9b475d940c9" member_type: VOTER last_known_addr { host: "127.19.28.193" port: 35805 } health_report { overall_health: HEALTHY } } peers { permanent_uuid: "3b56e7ec8c6a43b3b07184d1e1a32195" member_type: VOTER last_known_addr { host: "127.19.28.194" port: 43851 } health_report { overall_health: UNKNOWN } } peers { permanent_uuid: "ad1e16dcaf3f4316882ca7fdb7d4b046" member_type: VOTER last_known_addr { host: "127.19.28.195" port: 43709 } health_report { overall_health: UNKNOWN } } }
I20260630 12:15:07.268090 20443 raft_consensus.cc:493] T 888ac354f5884a929e54dd4066d9f28f P 04646f66d72a43eda66bc9b475d940c9 [term 0 FOLLOWER]: Starting pre-election (no leader contacted us within the election timeout)
I20260630 12:15:07.268986 20443 raft_consensus.cc:515] T 888ac354f5884a929e54dd4066d9f28f P 04646f66d72a43eda66bc9b475d940c9 [term 0 FOLLOWER]: Starting pre-election with config: opid_index: -1 OBSOLETE_local: false peers { permanent_uuid: "04646f66d72a43eda66bc9b475d940c9" member_type: VOTER last_known_addr { host: "127.19.28.193" port: 35805 } } peers { permanent_uuid: "3b56e7ec8c6a43b3b07184d1e1a32195" member_type: VOTER last_known_addr { host: "127.19.28.194" port: 43851 } } peers { permanent_uuid: "ad1e16dcaf3f4316882ca7fdb7d4b046" member_type: VOTER last_known_addr { host: "127.19.28.195" port: 43709 } }
I20260630 12:15:07.270964 20443 leader_election.cc:290] T 888ac354f5884a929e54dd4066d9f28f P 04646f66d72a43eda66bc9b475d940c9 [CANDIDATE]: Term 1 pre-election: Requested pre-vote from peers 3b56e7ec8c6a43b3b07184d1e1a32195 (127.19.28.194:43851), ad1e16dcaf3f4316882ca7fdb7d4b046 (127.19.28.195:43709)
I20260630 12:15:07.271716 20316 tablet_service.cc:1917] Received RequestConsensusVote() RPC: tablet_id: "888ac354f5884a929e54dd4066d9f28f" candidate_uuid: "04646f66d72a43eda66bc9b475d940c9" candidate_term: 1 candidate_status { last_received { term: 0 index: 0 } } ignore_live_leader: false dest_uuid: "3b56e7ec8c6a43b3b07184d1e1a32195" is_pre_election: true
I20260630 12:15:07.272012 20389 tablet_service.cc:1917] Received RequestConsensusVote() RPC: tablet_id: "888ac354f5884a929e54dd4066d9f28f" candidate_uuid: "04646f66d72a43eda66bc9b475d940c9" candidate_term: 1 candidate_status { last_received { term: 0 index: 0 } } ignore_live_leader: false dest_uuid: "ad1e16dcaf3f4316882ca7fdb7d4b046" is_pre_election: true
I20260630 12:15:07.272410 20316 raft_consensus.cc:2393] T 888ac354f5884a929e54dd4066d9f28f P 3b56e7ec8c6a43b3b07184d1e1a32195 [term 1 FOLLOWER]: Leader pre-election vote request: Denying vote to candidate 04646f66d72a43eda66bc9b475d940c9 in current term 1: Already voted for candidate ad1e16dcaf3f4316882ca7fdb7d4b046 in this term.
I20260630 12:15:07.273490 20207 leader_election.cc:304] T 888ac354f5884a929e54dd4066d9f28f P 04646f66d72a43eda66bc9b475d940c9 [CANDIDATE]: Term 1 pre-election: Election decided. Result: candidate lost. Election summary: received 3 responses out of 3 voters: 1 yes votes; 2 no votes. yes voters: 04646f66d72a43eda66bc9b475d940c9; no voters: 3b56e7ec8c6a43b3b07184d1e1a32195, ad1e16dcaf3f4316882ca7fdb7d4b046
I20260630 12:15:07.274106 20443 raft_consensus.cc:3060] T 888ac354f5884a929e54dd4066d9f28f P 04646f66d72a43eda66bc9b475d940c9 [term 0 FOLLOWER]: Advancing to term 1
I20260630 12:15:07.278412 20443 raft_consensus.cc:2749] T 888ac354f5884a929e54dd4066d9f28f P 04646f66d72a43eda66bc9b475d940c9 [term 1 FOLLOWER]: Leader pre-election lost for term 1. Reason: could not achieve majority
I20260630 12:15:07.343744 19571 file_cache.cc:492] Constructed file cache file cache with capacity 419430
W20260630 12:15:07.349957 20491 instance_detector.cc:116] could not retrieve Azure instance metadata: Network error: curl error: HTTP response code said error: The requested URL returned error: 404
W20260630 12:15:07.350035 20490 instance_detector.cc:116] could not retrieve AWS instance metadata: Network error: curl error: HTTP response code said error: The requested URL returned error: 404
W20260630 12:15:07.351068 20493 instance_detector.cc:116] could not retrieve OpenStack instance metadata: Network error: curl error: HTTP response code said error: The requested URL returned error: 404
I20260630 12:15:07.352308 19571 server_base.cc:1061] running on GCE node
I20260630 12:15:07.353196 19571 hybrid_clock.cc:584] initializing the hybrid clock with 'system_unsync' time source
W20260630 12:15:07.353459 19571 system_unsync_time.cc:38] NTP support is disabled. Clock error bounds will not be accurate. This configuration is not suitable for distributed clusters.
I20260630 12:15:07.353646 19571 hybrid_clock.cc:648] HybridClock initialized: now 1782821707353628 us; error 0 us; skew 500 ppm
I20260630 12:15:07.354197 19571 server_base.cc:861] Flag tcmalloc_max_total_thread_cache_bytes is not working since tcmalloc is not enabled.
I20260630 12:15:07.356499 19571 webserver.cc:533] Webserver started at http://127.19.28.196:36985/ using document root <none> and password file <none>
I20260630 12:15:07.356985 19571 fs_manager.cc:362] Metadata directory not provided
I20260630 12:15:07.357178 19571 fs_manager.cc:368] Using write-ahead log directory (fs_wal_dir) as metadata directory
I20260630 12:15:07.357440 19571 server_base.cc:909] This appears to be a new deployment of Kudu; creating new FS layout
I20260630 12:15:07.358536 19571 fs_manager.cc:1068] Generated new instance metadata in path /tmp/dist-test-taske2ldzy/test-tmp/auto_rebalancer-test.0.AutoRebalancerTest.AutoRebalancingTurnOffAndOn.1782821697953769-19571-0/minicluster-data/ts-3-root/instance:
uuid: "2f25b8b7ec8e43b6b96b325b73976d0e"
format_stamp: "Formatted at 2026-06-30 12:15:07 on dist-test-slave-zz34"
I20260630 12:15:07.362782 19571 fs_manager.cc:696] Time spent creating directory manager: real 0.004s	user 0.004s	sys 0.000s
I20260630 12:15:07.366451 20498 log_block_manager.cc:4031] Time spent loading block containers with low live blocks: real 0.000s	user 0.000s	sys 0.000s
I20260630 12:15:07.367175 19571 fs_manager.cc:730] Time spent opening block manager: real 0.003s	user 0.003s	sys 0.000s
I20260630 12:15:07.367473 19571 fs_manager.cc:647] Opened local filesystem: /tmp/dist-test-taske2ldzy/test-tmp/auto_rebalancer-test.0.AutoRebalancerTest.AutoRebalancingTurnOffAndOn.1782821697953769-19571-0/minicluster-data/ts-3-root
uuid: "2f25b8b7ec8e43b6b96b325b73976d0e"
format_stamp: "Formatted at 2026-06-30 12:15:07 on dist-test-slave-zz34"
I20260630 12:15:07.367767 19571 fs_report.cc:389] FS layout report
--------------------
wal directory: /tmp/dist-test-taske2ldzy/test-tmp/auto_rebalancer-test.0.AutoRebalancerTest.AutoRebalancingTurnOffAndOn.1782821697953769-19571-0/minicluster-data/ts-3-root
metadata directory: /tmp/dist-test-taske2ldzy/test-tmp/auto_rebalancer-test.0.AutoRebalancerTest.AutoRebalancingTurnOffAndOn.1782821697953769-19571-0/minicluster-data/ts-3-root
1 data directories: /tmp/dist-test-taske2ldzy/test-tmp/auto_rebalancer-test.0.AutoRebalancerTest.AutoRebalancingTurnOffAndOn.1782821697953769-19571-0/minicluster-data/ts-3-root/data
Total live blocks: 0
Total live bytes: 0
Total live bytes (after alignment): 0
Total number of LBM containers: 0 (0 full)
Did not check for missing blocks
Did not check for orphaned blocks
Total full LBM containers with extra space: 0 (0 repaired)
Total full LBM container extra space in bytes: 0 (0 repaired)
Total incomplete LBM containers: 0 (0 repaired)
Total LBM partial records: 0 (0 repaired)
Total corrupted LBM metadata records in RocksDB: 0 (0 repaired)
I20260630 12:15:07.390213 19571 rpc_server.cc:225] running with OpenSSL 1.1.1  11 Sep 2018
I20260630 12:15:07.391319 19571 kserver.cc:163] Server-wide thread pool size limit: 3276
I20260630 12:15:07.392876 19571 txn_system_client.cc:432] TxnSystemClient initialization is disabled...
I20260630 12:15:07.395020 19571 ts_tablet_manager.cc:585] Loaded tablet metadata (0 total tablets, 0 live tablets)
I20260630 12:15:07.395244 19571 ts_tablet_manager.cc:531] Time spent load tablet metadata: real 0.000s	user 0.000s	sys 0.000s
I20260630 12:15:07.395470 19571 ts_tablet_manager.cc:616] Registered 0 tablets
I20260630 12:15:07.395651 19571 ts_tablet_manager.cc:595] Time spent register tablets: real 0.000s	user 0.000s	sys 0.000s
I20260630 12:15:07.436728 19571 rpc_server.cc:307] RPC server started. Bound to: 127.19.28.196:46787
I20260630 12:15:07.436825 20560 acceptor_pool.cc:272] collecting diagnostics on the listening RPC socket 127.19.28.196:46787 every 8 connection(s)
I20260630 12:15:07.450129 20561 heartbeater.cc:344] Connected to a master server at 127.19.28.254:43139
I20260630 12:15:07.450522 20561 heartbeater.cc:461] Registering TS with master...
I20260630 12:15:07.451191 20561 heartbeater.cc:507] Master 127.19.28.254:43139 requested a full tablet report, sending...
I20260630 12:15:07.452942 20139 ts_manager.cc:194] Registered new tserver with Master: 2f25b8b7ec8e43b6b96b325b73976d0e (127.19.28.196:46787)
I20260630 12:15:07.454440 20139 master_service.cc:502] Signed X509 certificate for tserver {username='slave'} at 127.0.0.1:43952
I20260630 12:15:07.529059 20469 consensus_queue.cc:1048] T 032d605a9e9a41118465fa4331da67db P ad1e16dcaf3f4316882ca7fdb7d4b046 [LEADER]: Connected to new peer: Peer: permanent_uuid: "3b56e7ec8c6a43b3b07184d1e1a32195" member_type: VOTER last_known_addr { host: "127.19.28.194" port: 43851 }, Status: LMP_MISMATCH, Last received: 0.0, Next index: 1, Last known committed idx: 0, Time since last communication: 0.000s
I20260630 12:15:07.529649 20447 consensus_queue.cc:1048] T 032d605a9e9a41118465fa4331da67db P ad1e16dcaf3f4316882ca7fdb7d4b046 [LEADER]: Connected to new peer: Peer: permanent_uuid: "04646f66d72a43eda66bc9b475d940c9" member_type: VOTER last_known_addr { host: "127.19.28.193" port: 35805 }, Status: LMP_MISMATCH, Last received: 0.0, Next index: 1, Last known committed idx: 0, Time since last communication: 0.000s
I20260630 12:15:07.537122 20466 consensus_queue.cc:1048] T 9827069edc5e4ab9bb688b445afcca19 P 3b56e7ec8c6a43b3b07184d1e1a32195 [LEADER]: Connected to new peer: Peer: permanent_uuid: "04646f66d72a43eda66bc9b475d940c9" member_type: VOTER last_known_addr { host: "127.19.28.193" port: 35805 }, Status: LMP_MISMATCH, Last received: 0.0, Next index: 1, Last known committed idx: 0, Time since last communication: 0.000s
I20260630 12:15:07.568652 20389 raft_consensus.cc:3060] T 9827069edc5e4ab9bb688b445afcca19 P ad1e16dcaf3f4316882ca7fdb7d4b046 [term 0 FOLLOWER]: Advancing to term 1
I20260630 12:15:07.570560 20466 consensus_queue.cc:1048] T 0556469d361a4420b7c199e6cb1077f7 P 3b56e7ec8c6a43b3b07184d1e1a32195 [LEADER]: Connected to new peer: Peer: permanent_uuid: "04646f66d72a43eda66bc9b475d940c9" member_type: VOTER last_known_addr { host: "127.19.28.193" port: 35805 }, Status: LMP_MISMATCH, Last received: 0.0, Next index: 1, Last known committed idx: 0, Time since last communication: 0.000s
I20260630 12:15:07.576999 20466 consensus_queue.cc:1048] T 9827069edc5e4ab9bb688b445afcca19 P 3b56e7ec8c6a43b3b07184d1e1a32195 [LEADER]: Connected to new peer: Peer: permanent_uuid: "ad1e16dcaf3f4316882ca7fdb7d4b046" member_type: VOTER last_known_addr { host: "127.19.28.195" port: 43709 }, Status: LMP_MISMATCH, Last received: 0.0, Next index: 1, Last known committed idx: 0, Time since last communication: 0.000s
I20260630 12:15:07.577958 20471 raft_consensus.cc:493] T 222c11d5630d47d5b118c776b89da441 P ad1e16dcaf3f4316882ca7fdb7d4b046 [term 0 FOLLOWER]: Starting pre-election (no leader contacted us within the election timeout)
I20260630 12:15:07.578565 20471 raft_consensus.cc:515] T 222c11d5630d47d5b118c776b89da441 P ad1e16dcaf3f4316882ca7fdb7d4b046 [term 0 FOLLOWER]: Starting pre-election with config: opid_index: -1 OBSOLETE_local: false peers { permanent_uuid: "04646f66d72a43eda66bc9b475d940c9" member_type: VOTER last_known_addr { host: "127.19.28.193" port: 35805 } } peers { permanent_uuid: "3b56e7ec8c6a43b3b07184d1e1a32195" member_type: VOTER last_known_addr { host: "127.19.28.194" port: 43851 } } peers { permanent_uuid: "ad1e16dcaf3f4316882ca7fdb7d4b046" member_type: VOTER last_known_addr { host: "127.19.28.195" port: 43709 } }
I20260630 12:15:07.580860 20471 leader_election.cc:290] T 222c11d5630d47d5b118c776b89da441 P ad1e16dcaf3f4316882ca7fdb7d4b046 [CANDIDATE]: Term 1 pre-election: Requested pre-vote from peers 04646f66d72a43eda66bc9b475d940c9 (127.19.28.193:35805), 3b56e7ec8c6a43b3b07184d1e1a32195 (127.19.28.194:43851)
I20260630 12:15:07.581585 20242 tablet_service.cc:1917] Received RequestConsensusVote() RPC: tablet_id: "222c11d5630d47d5b118c776b89da441" candidate_uuid: "ad1e16dcaf3f4316882ca7fdb7d4b046" candidate_term: 1 candidate_status { last_received { term: 0 index: 0 } } ignore_live_leader: false dest_uuid: "04646f66d72a43eda66bc9b475d940c9" is_pre_election: true
