I20260630 12:16:27.418707 23045 tablet_bootstrap.cc:492] T df471c5219e2482b8067f37fedb7dc0f P 455a109313844e32b4264818f132ae01: Bootstrap replayed 1/1 log segments. Stats: ops{read=3 overwritten=0 applied=3 ignored=0} inserts{seen=0 ignored=0} mutations{seen=0 ignored=0} orphaned_commits=0. Pending: 0 replicates
I20260630 12:16:27.419591 23045 tablet_bootstrap.cc:492] T df471c5219e2482b8067f37fedb7dc0f P 455a109313844e32b4264818f132ae01: Bootstrap complete.
I20260630 12:16:27.420219 23045 ts_tablet_manager.cc:1403] T df471c5219e2482b8067f37fedb7dc0f P 455a109313844e32b4264818f132ae01: Time spent bootstrapping tablet: real 0.023s	user 0.017s	sys 0.004s
I20260630 12:16:27.425768 23045 raft_consensus.cc:359] T df471c5219e2482b8067f37fedb7dc0f P 455a109313844e32b4264818f132ae01 [term 2 LEARNER]: Replica starting. Triggering 0 pending ops. Active config: opid_index: 3 OBSOLETE_local: false peers { permanent_uuid: "b671f80a55b74d8498c06ad75aba692a" member_type: VOTER last_known_addr { host: "127.19.28.193" port: 39235 } } peers { permanent_uuid: "bed1cf57f91f4573b3c12873c3d3847c" member_type: VOTER last_known_addr { host: "127.19.28.194" port: 45431 } } peers { permanent_uuid: "b88bee6845124800b93a602e652c86b1" member_type: VOTER last_known_addr { host: "127.19.28.195" port: 38459 } attrs { replace: true } } peers { permanent_uuid: "455a109313844e32b4264818f132ae01" member_type: NON_VOTER last_known_addr { host: "127.19.28.196" port: 39103 } attrs { promote: true } }
I20260630 12:16:27.426720 23045 raft_consensus.cc:740] T df471c5219e2482b8067f37fedb7dc0f P 455a109313844e32b4264818f132ae01 [term 2 LEARNER]: Becoming Follower/Learner. State: Replica: 455a109313844e32b4264818f132ae01, State: Initialized, Role: LEARNER
I20260630 12:16:27.427145 23047 tablet_bootstrap.cc:492] T bfe016484fb2432baebfebf9555f1d0d P 455a109313844e32b4264818f132ae01: Bootstrap starting.
I20260630 12:16:27.427358 23045 consensus_queue.cc:260] T df471c5219e2482b8067f37fedb7dc0f P 455a109313844e32b4264818f132ae01 [NON_LEADER]: Queue going to NON_LEADER mode. State: All replicated index: 0, Majority replicated index: 0, Committed index: 3, Last appended: 2.3, Last appended by leader: 3, Current term: 0, Majority size: -1, State: 0, Mode: NON_LEADER, active raft config: opid_index: 3 OBSOLETE_local: false peers { permanent_uuid: "b671f80a55b74d8498c06ad75aba692a" member_type: VOTER last_known_addr { host: "127.19.28.193" port: 39235 } } peers { permanent_uuid: "bed1cf57f91f4573b3c12873c3d3847c" member_type: VOTER last_known_addr { host: "127.19.28.194" port: 45431 } } peers { permanent_uuid: "b88bee6845124800b93a602e652c86b1" member_type: VOTER last_known_addr { host: "127.19.28.195" port: 38459 } attrs { replace: true } } peers { permanent_uuid: "455a109313844e32b4264818f132ae01" member_type: NON_VOTER last_known_addr { host: "127.19.28.196" port: 39103 } attrs { promote: true } }
I20260630 12:16:27.434567 23045 ts_tablet_manager.cc:1434] T df471c5219e2482b8067f37fedb7dc0f P 455a109313844e32b4264818f132ae01: Time spent starting tablet: real 0.014s	user 0.008s	sys 0.001s
I20260630 12:16:27.436286 22537 tablet_copy_service.cc:342] P b671f80a55b74d8498c06ad75aba692a: Request end of tablet copy session 455a109313844e32b4264818f132ae01-df471c5219e2482b8067f37fedb7dc0f received from {username='slave'} at 127.0.0.1:42896
I20260630 12:16:27.436683 22537 tablet_copy_service.cc:434] P b671f80a55b74d8498c06ad75aba692a: ending tablet copy session 455a109313844e32b4264818f132ae01-df471c5219e2482b8067f37fedb7dc0f on tablet df471c5219e2482b8067f37fedb7dc0f with peer 455a109313844e32b4264818f132ae01
I20260630 12:16:27.449043 23047 tablet_bootstrap.cc:492] T bfe016484fb2432baebfebf9555f1d0d P 455a109313844e32b4264818f132ae01: Bootstrap replayed 1/1 log segments. Stats: ops{read=3 overwritten=0 applied=3 ignored=0} inserts{seen=0 ignored=0} mutations{seen=0 ignored=0} orphaned_commits=0. Pending: 0 replicates
I20260630 12:16:27.449945 23047 tablet_bootstrap.cc:492] T bfe016484fb2432baebfebf9555f1d0d P 455a109313844e32b4264818f132ae01: Bootstrap complete.
I20260630 12:16:27.450639 23047 ts_tablet_manager.cc:1403] T bfe016484fb2432baebfebf9555f1d0d P 455a109313844e32b4264818f132ae01: Time spent bootstrapping tablet: real 0.024s	user 0.012s	sys 0.011s
I20260630 12:16:27.453461 23051 ts_tablet_manager.cc:933] T f018cdaed4da4780aebc04ee831eabd3 P b88bee6845124800b93a602e652c86b1: Initiating tablet copy from peer bed1cf57f91f4573b3c12873c3d3847c (127.19.28.194:45431)
I20260630 12:16:27.453539 23047 raft_consensus.cc:359] T bfe016484fb2432baebfebf9555f1d0d P 455a109313844e32b4264818f132ae01 [term 2 LEARNER]: Replica starting. Triggering 0 pending ops. Active config: opid_index: 3 OBSOLETE_local: false peers { permanent_uuid: "b671f80a55b74d8498c06ad75aba692a" member_type: VOTER last_known_addr { host: "127.19.28.193" port: 39235 } } peers { permanent_uuid: "bed1cf57f91f4573b3c12873c3d3847c" member_type: VOTER last_known_addr { host: "127.19.28.194" port: 45431 } attrs { replace: true } } peers { permanent_uuid: "b88bee6845124800b93a602e652c86b1" member_type: VOTER last_known_addr { host: "127.19.28.195" port: 38459 } } peers { permanent_uuid: "455a109313844e32b4264818f132ae01" member_type: NON_VOTER last_known_addr { host: "127.19.28.196" port: 39103 } attrs { promote: true } }
I20260630 12:16:27.454726 23047 raft_consensus.cc:740] T bfe016484fb2432baebfebf9555f1d0d P 455a109313844e32b4264818f132ae01 [term 2 LEARNER]: Becoming Follower/Learner. State: Replica: 455a109313844e32b4264818f132ae01, State: Initialized, Role: LEARNER
I20260630 12:16:27.455363 23047 consensus_queue.cc:260] T bfe016484fb2432baebfebf9555f1d0d P 455a109313844e32b4264818f132ae01 [NON_LEADER]: Queue going to NON_LEADER mode. State: All replicated index: 0, Majority replicated index: 0, Committed index: 3, Last appended: 2.3, Last appended by leader: 3, Current term: 0, Majority size: -1, State: 0, Mode: NON_LEADER, active raft config: opid_index: 3 OBSOLETE_local: false peers { permanent_uuid: "b671f80a55b74d8498c06ad75aba692a" member_type: VOTER last_known_addr { host: "127.19.28.193" port: 39235 } } peers { permanent_uuid: "bed1cf57f91f4573b3c12873c3d3847c" member_type: VOTER last_known_addr { host: "127.19.28.194" port: 45431 } attrs { replace: true } } peers { permanent_uuid: "b88bee6845124800b93a602e652c86b1" member_type: VOTER last_known_addr { host: "127.19.28.195" port: 38459 } } peers { permanent_uuid: "455a109313844e32b4264818f132ae01" member_type: NON_VOTER last_known_addr { host: "127.19.28.196" port: 39103 } attrs { promote: true } }
I20260630 12:16:27.456599 23051 tablet_copy_client.cc:323] T f018cdaed4da4780aebc04ee831eabd3 P b88bee6845124800b93a602e652c86b1: tablet copy: Beginning tablet copy session from remote peer at address 127.19.28.194:45431
I20260630 12:16:27.458772 22612 tablet_copy_service.cc:140] P bed1cf57f91f4573b3c12873c3d3847c: Received BeginTabletCopySession request for tablet f018cdaed4da4780aebc04ee831eabd3 from peer b88bee6845124800b93a602e652c86b1 ({username='slave'} at 127.0.0.1:50402)
I20260630 12:16:27.459280 22612 tablet_copy_service.cc:161] P bed1cf57f91f4573b3c12873c3d3847c: Beginning new tablet copy session on tablet f018cdaed4da4780aebc04ee831eabd3 from peer b88bee6845124800b93a602e652c86b1 at {username='slave'} at 127.0.0.1:50402: session id = b88bee6845124800b93a602e652c86b1-f018cdaed4da4780aebc04ee831eabd3
I20260630 12:16:27.459640 23047 ts_tablet_manager.cc:1434] T bfe016484fb2432baebfebf9555f1d0d P 455a109313844e32b4264818f132ae01: Time spent starting tablet: real 0.009s	user 0.002s	sys 0.004s
I20260630 12:16:27.462638 22686 tablet_copy_service.cc:342] P b88bee6845124800b93a602e652c86b1: Request end of tablet copy session 455a109313844e32b4264818f132ae01-bfe016484fb2432baebfebf9555f1d0d received from {username='slave'} at 127.0.0.1:43832
I20260630 12:16:27.463038 22686 tablet_copy_service.cc:434] P b88bee6845124800b93a602e652c86b1: ending tablet copy session 455a109313844e32b4264818f132ae01-bfe016484fb2432baebfebf9555f1d0d on tablet bfe016484fb2432baebfebf9555f1d0d with peer 455a109313844e32b4264818f132ae01
I20260630 12:16:27.468421 22612 tablet_copy_source_session.cc:215] T f018cdaed4da4780aebc04ee831eabd3 P bed1cf57f91f4573b3c12873c3d3847c: Tablet Copy: opened 0 blocks and 1 log segments
I20260630 12:16:27.471295 23051 data_dirs.cc:400] Could only allocate 1 dirs of requested 3 for tablet f018cdaed4da4780aebc04ee831eabd3. 1 dirs total, 0 dirs full, 0 dirs failed
I20260630 12:16:27.481632 23051 tablet_copy_client.cc:806] T f018cdaed4da4780aebc04ee831eabd3 P b88bee6845124800b93a602e652c86b1: tablet copy: Starting download of 0 data blocks...
I20260630 12:16:27.482244 23051 tablet_copy_client.cc:670] T f018cdaed4da4780aebc04ee831eabd3 P b88bee6845124800b93a602e652c86b1: tablet copy: Starting download of 1 WAL segments...
I20260630 12:16:27.485956 23051 tablet_copy_client.cc:538] T f018cdaed4da4780aebc04ee831eabd3 P b88bee6845124800b93a602e652c86b1: tablet copy: Tablet Copy complete. Replacing tablet superblock.
I20260630 12:16:27.494334 23051 tablet_bootstrap.cc:492] T f018cdaed4da4780aebc04ee831eabd3 P b88bee6845124800b93a602e652c86b1: Bootstrap starting.
I20260630 12:16:27.513016 23051 tablet_bootstrap.cc:492] T f018cdaed4da4780aebc04ee831eabd3 P b88bee6845124800b93a602e652c86b1: Bootstrap replayed 1/1 log segments. Stats: ops{read=2 overwritten=0 applied=2 ignored=0} inserts{seen=0 ignored=0} mutations{seen=0 ignored=0} orphaned_commits=0. Pending: 0 replicates
I20260630 12:16:27.513895 23051 tablet_bootstrap.cc:492] T f018cdaed4da4780aebc04ee831eabd3 P b88bee6845124800b93a602e652c86b1: Bootstrap complete.
I20260630 12:16:27.514542 23051 ts_tablet_manager.cc:1403] T f018cdaed4da4780aebc04ee831eabd3 P b88bee6845124800b93a602e652c86b1: Time spent bootstrapping tablet: real 0.020s	user 0.019s	sys 0.004s
I20260630 12:16:27.517326 23051 raft_consensus.cc:359] T f018cdaed4da4780aebc04ee831eabd3 P b88bee6845124800b93a602e652c86b1 [term 1 LEARNER]: Replica starting. Triggering 0 pending ops. Active config: opid_index: 2 OBSOLETE_local: false peers { permanent_uuid: "455a109313844e32b4264818f132ae01" member_type: VOTER last_known_addr { host: "127.19.28.196" port: 39103 } attrs { replace: true } } peers { permanent_uuid: "bed1cf57f91f4573b3c12873c3d3847c" member_type: VOTER last_known_addr { host: "127.19.28.194" port: 45431 } } peers { permanent_uuid: "b671f80a55b74d8498c06ad75aba692a" member_type: VOTER last_known_addr { host: "127.19.28.193" port: 39235 } } peers { permanent_uuid: "b88bee6845124800b93a602e652c86b1" member_type: NON_VOTER last_known_addr { host: "127.19.28.195" port: 38459 } attrs { promote: true } }
I20260630 12:16:27.518115 23051 raft_consensus.cc:740] T f018cdaed4da4780aebc04ee831eabd3 P b88bee6845124800b93a602e652c86b1 [term 1 LEARNER]: Becoming Follower/Learner. State: Replica: b88bee6845124800b93a602e652c86b1, State: Initialized, Role: LEARNER
I20260630 12:16:27.518751 23051 consensus_queue.cc:260] T f018cdaed4da4780aebc04ee831eabd3 P b88bee6845124800b93a602e652c86b1 [NON_LEADER]: Queue going to NON_LEADER mode. State: All replicated index: 0, Majority replicated index: 0, Committed index: 2, Last appended: 1.2, Last appended by leader: 2, Current term: 0, Majority size: -1, State: 0, Mode: NON_LEADER, active raft config: opid_index: 2 OBSOLETE_local: false peers { permanent_uuid: "455a109313844e32b4264818f132ae01" member_type: VOTER last_known_addr { host: "127.19.28.196" port: 39103 } attrs { replace: true } } peers { permanent_uuid: "bed1cf57f91f4573b3c12873c3d3847c" member_type: VOTER last_known_addr { host: "127.19.28.194" port: 45431 } } peers { permanent_uuid: "b671f80a55b74d8498c06ad75aba692a" member_type: VOTER last_known_addr { host: "127.19.28.193" port: 39235 } } peers { permanent_uuid: "b88bee6845124800b93a602e652c86b1" member_type: NON_VOTER last_known_addr { host: "127.19.28.195" port: 38459 } attrs { promote: true } }
I20260630 12:16:27.521034 23051 ts_tablet_manager.cc:1434] T f018cdaed4da4780aebc04ee831eabd3 P b88bee6845124800b93a602e652c86b1: Time spent starting tablet: real 0.006s	user 0.000s	sys 0.004s
I20260630 12:16:27.522622 22612 tablet_copy_service.cc:342] P bed1cf57f91f4573b3c12873c3d3847c: Request end of tablet copy session b88bee6845124800b93a602e652c86b1-f018cdaed4da4780aebc04ee831eabd3 received from {username='slave'} at 127.0.0.1:50402
I20260630 12:16:27.523003 22612 tablet_copy_service.cc:434] P bed1cf57f91f4573b3c12873c3d3847c: ending tablet copy session b88bee6845124800b93a602e652c86b1-f018cdaed4da4780aebc04ee831eabd3 on tablet f018cdaed4da4780aebc04ee831eabd3 with peer b88bee6845124800b93a602e652c86b1
I20260630 12:16:27.556077 23054 ts_tablet_manager.cc:933] T 6b77fa128b7c4cb58753ef37eff4a782 P bed1cf57f91f4573b3c12873c3d3847c: Initiating tablet copy from peer b88bee6845124800b93a602e652c86b1 (127.19.28.195:38459)
I20260630 12:16:27.557484 23054 tablet_copy_client.cc:323] T 6b77fa128b7c4cb58753ef37eff4a782 P bed1cf57f91f4573b3c12873c3d3847c: tablet copy: Beginning tablet copy session from remote peer at address 127.19.28.195:38459
I20260630 12:16:27.558979 22686 tablet_copy_service.cc:140] P b88bee6845124800b93a602e652c86b1: Received BeginTabletCopySession request for tablet 6b77fa128b7c4cb58753ef37eff4a782 from peer bed1cf57f91f4573b3c12873c3d3847c ({username='slave'} at 127.0.0.1:43828)
I20260630 12:16:27.559508 22686 tablet_copy_service.cc:161] P b88bee6845124800b93a602e652c86b1: Beginning new tablet copy session on tablet 6b77fa128b7c4cb58753ef37eff4a782 from peer bed1cf57f91f4573b3c12873c3d3847c at {username='slave'} at 127.0.0.1:43828: session id = bed1cf57f91f4573b3c12873c3d3847c-6b77fa128b7c4cb58753ef37eff4a782
I20260630 12:16:27.565595 22686 tablet_copy_source_session.cc:215] T 6b77fa128b7c4cb58753ef37eff4a782 P b88bee6845124800b93a602e652c86b1: Tablet Copy: opened 0 blocks and 1 log segments
I20260630 12:16:27.568715 23054 data_dirs.cc:400] Could only allocate 1 dirs of requested 3 for tablet 6b77fa128b7c4cb58753ef37eff4a782. 1 dirs total, 0 dirs full, 0 dirs failed
I20260630 12:16:27.581139 23054 tablet_copy_client.cc:806] T 6b77fa128b7c4cb58753ef37eff4a782 P bed1cf57f91f4573b3c12873c3d3847c: tablet copy: Starting download of 0 data blocks...
I20260630 12:16:27.581629 23054 tablet_copy_client.cc:670] T 6b77fa128b7c4cb58753ef37eff4a782 P bed1cf57f91f4573b3c12873c3d3847c: tablet copy: Starting download of 1 WAL segments...
I20260630 12:16:27.584913 23054 tablet_copy_client.cc:538] T 6b77fa128b7c4cb58753ef37eff4a782 P bed1cf57f91f4573b3c12873c3d3847c: tablet copy: Tablet Copy complete. Replacing tablet superblock.
I20260630 12:16:27.593031 23054 tablet_bootstrap.cc:492] T 6b77fa128b7c4cb58753ef37eff4a782 P bed1cf57f91f4573b3c12873c3d3847c: Bootstrap starting.
I20260630 12:16:27.614054 23054 tablet_bootstrap.cc:492] T 6b77fa128b7c4cb58753ef37eff4a782 P bed1cf57f91f4573b3c12873c3d3847c: Bootstrap replayed 1/1 log segments. Stats: ops{read=3 overwritten=0 applied=3 ignored=0} inserts{seen=0 ignored=0} mutations{seen=0 ignored=0} orphaned_commits=0. Pending: 0 replicates
I20260630 12:16:27.614995 23054 tablet_bootstrap.cc:492] T 6b77fa128b7c4cb58753ef37eff4a782 P bed1cf57f91f4573b3c12873c3d3847c: Bootstrap complete.
I20260630 12:16:27.615609 23054 ts_tablet_manager.cc:1403] T 6b77fa128b7c4cb58753ef37eff4a782 P bed1cf57f91f4573b3c12873c3d3847c: Time spent bootstrapping tablet: real 0.023s	user 0.019s	sys 0.005s
I20260630 12:16:27.618808 23054 raft_consensus.cc:359] T 6b77fa128b7c4cb58753ef37eff4a782 P bed1cf57f91f4573b3c12873c3d3847c [term 2 LEARNER]: Replica starting. Triggering 0 pending ops. Active config: opid_index: 3 OBSOLETE_local: false peers { permanent_uuid: "b88bee6845124800b93a602e652c86b1" member_type: VOTER last_known_addr { host: "127.19.28.195" port: 38459 } } peers { permanent_uuid: "455a109313844e32b4264818f132ae01" member_type: VOTER last_known_addr { host: "127.19.28.196" port: 39103 } attrs { replace: true } } peers { permanent_uuid: "b671f80a55b74d8498c06ad75aba692a" member_type: VOTER last_known_addr { host: "127.19.28.193" port: 39235 } } peers { permanent_uuid: "bed1cf57f91f4573b3c12873c3d3847c" member_type: NON_VOTER last_known_addr { host: "127.19.28.194" port: 45431 } attrs { promote: true } }
I20260630 12:16:27.619608 23054 raft_consensus.cc:740] T 6b77fa128b7c4cb58753ef37eff4a782 P bed1cf57f91f4573b3c12873c3d3847c [term 2 LEARNER]: Becoming Follower/Learner. State: Replica: bed1cf57f91f4573b3c12873c3d3847c, State: Initialized, Role: LEARNER
I20260630 12:16:27.620219 23054 consensus_queue.cc:260] T 6b77fa128b7c4cb58753ef37eff4a782 P bed1cf57f91f4573b3c12873c3d3847c [NON_LEADER]: Queue going to NON_LEADER mode. State: All replicated index: 0, Majority replicated index: 0, Committed index: 3, Last appended: 2.3, Last appended by leader: 3, Current term: 0, Majority size: -1, State: 0, Mode: NON_LEADER, active raft config: opid_index: 3 OBSOLETE_local: false peers { permanent_uuid: "b88bee6845124800b93a602e652c86b1" member_type: VOTER last_known_addr { host: "127.19.28.195" port: 38459 } } peers { permanent_uuid: "455a109313844e32b4264818f132ae01" member_type: VOTER last_known_addr { host: "127.19.28.196" port: 39103 } attrs { replace: true } } peers { permanent_uuid: "b671f80a55b74d8498c06ad75aba692a" member_type: VOTER last_known_addr { host: "127.19.28.193" port: 39235 } } peers { permanent_uuid: "bed1cf57f91f4573b3c12873c3d3847c" member_type: NON_VOTER last_known_addr { host: "127.19.28.194" port: 45431 } attrs { promote: true } }
I20260630 12:16:27.622593 23054 ts_tablet_manager.cc:1434] T 6b77fa128b7c4cb58753ef37eff4a782 P bed1cf57f91f4573b3c12873c3d3847c: Time spent starting tablet: real 0.007s	user 0.004s	sys 0.004s
I20260630 12:16:27.624704 22686 tablet_copy_service.cc:342] P b88bee6845124800b93a602e652c86b1: Request end of tablet copy session bed1cf57f91f4573b3c12873c3d3847c-6b77fa128b7c4cb58753ef37eff4a782 received from {username='slave'} at 127.0.0.1:43828
I20260630 12:16:27.625133 22686 tablet_copy_service.cc:434] P b88bee6845124800b93a602e652c86b1: ending tablet copy session bed1cf57f91f4573b3c12873c3d3847c-6b77fa128b7c4cb58753ef37eff4a782 on tablet 6b77fa128b7c4cb58753ef37eff4a782 with peer bed1cf57f91f4573b3c12873c3d3847c
I20260630 12:16:27.778751 22820 raft_consensus.cc:1217] T bfe016484fb2432baebfebf9555f1d0d P 455a109313844e32b4264818f132ae01 [term 2 LEARNER]: Deduplicated request from leader. Original: 2.2->[2.3-2.3]   Dedup: 2.3->[]
I20260630 12:16:27.804185 22820 raft_consensus.cc:1217] T df471c5219e2482b8067f37fedb7dc0f P 455a109313844e32b4264818f132ae01 [term 2 LEARNER]: Deduplicated request from leader. Original: 2.2->[2.3-2.3]   Dedup: 2.3->[]
I20260630 12:16:27.845633 22672 raft_consensus.cc:1217] T f018cdaed4da4780aebc04ee831eabd3 P b88bee6845124800b93a602e652c86b1 [term 1 LEARNER]: Deduplicated request from leader. Original: 1.1->[1.2-1.2]   Dedup: 1.2->[]
I20260630 12:16:27.875867 22478 auto_leader_rebalancer.cc:141] leader rebalance for table range_aware_rebalance_new_range
I20260630 12:16:27.901584 22672 tablet_service.cc:2072] Received LeaderStepDown RPC: tablet_id: "bfe016484fb2432baebfebf9555f1d0d"
dest_uuid: "b88bee6845124800b93a602e652c86b1"
mode: GRACEFUL
new_leader_uuid: "b671f80a55b74d8498c06ad75aba692a"
 from {username='slave'} at 127.0.0.1:43856
I20260630 12:16:27.902098 22672 raft_consensus.cc:606] T bfe016484fb2432baebfebf9555f1d0d P b88bee6845124800b93a602e652c86b1 [term 2 LEADER]: Received request to transfer leadership to TS b671f80a55b74d8498c06ad75aba692a
I20260630 12:16:27.904816 22524 tablet_service.cc:2072] Received LeaderStepDown RPC: tablet_id: "df471c5219e2482b8067f37fedb7dc0f"
dest_uuid: "b671f80a55b74d8498c06ad75aba692a"
mode: GRACEFUL
new_leader_uuid: "bed1cf57f91f4573b3c12873c3d3847c"
 from {username='slave'} at 127.0.0.1:42916
I20260630 12:16:27.905360 22524 raft_consensus.cc:606] T df471c5219e2482b8067f37fedb7dc0f P b671f80a55b74d8498c06ad75aba692a [term 2 LEADER]: Received request to transfer leadership to TS bed1cf57f91f4573b3c12873c3d3847c
I20260630 12:16:27.906728 22478 auto_leader_rebalancer.cc:440] table: range_aware_rebalance_new_range, leader rebalance finish, leader transfer count: 2
I20260630 12:16:27.907500 22478 auto_leader_rebalancer.cc:515] All tables' leader rebalancing finished this round
I20260630 12:16:28.025038 23058 raft_consensus.cc:993] T bfe016484fb2432baebfebf9555f1d0d P b88bee6845124800b93a602e652c86b1: : Instructing follower b671f80a55b74d8498c06ad75aba692a to start an election
I20260630 12:16:28.026087 22995 raft_consensus.cc:1081] T bfe016484fb2432baebfebf9555f1d0d P b88bee6845124800b93a602e652c86b1 [term 2 LEADER]: Signalling peer b671f80a55b74d8498c06ad75aba692a to start an election
I20260630 12:16:28.027958 22525 tablet_service.cc:2044] Received Run Leader Election RPC: tablet_id: "bfe016484fb2432baebfebf9555f1d0d"
dest_uuid: "b671f80a55b74d8498c06ad75aba692a"
 from {username='slave'} at 127.0.0.1:42884
I20260630 12:16:28.028540 22525 raft_consensus.cc:493] T bfe016484fb2432baebfebf9555f1d0d P b671f80a55b74d8498c06ad75aba692a [term 2 FOLLOWER]: Starting forced leader election (received explicit request)
I20260630 12:16:28.028892 22525 raft_consensus.cc:3060] T bfe016484fb2432baebfebf9555f1d0d P b671f80a55b74d8498c06ad75aba692a [term 2 FOLLOWER]: Advancing to term 3
I20260630 12:16:28.033809 22525 raft_consensus.cc:515] T bfe016484fb2432baebfebf9555f1d0d P b671f80a55b74d8498c06ad75aba692a [term 3 FOLLOWER]: Starting forced leader election with config: opid_index: 3 OBSOLETE_local: false peers { permanent_uuid: "b671f80a55b74d8498c06ad75aba692a" member_type: VOTER last_known_addr { host: "127.19.28.193" port: 39235 } } peers { permanent_uuid: "bed1cf57f91f4573b3c12873c3d3847c" member_type: VOTER last_known_addr { host: "127.19.28.194" port: 45431 } attrs { replace: true } } peers { permanent_uuid: "b88bee6845124800b93a602e652c86b1" member_type: VOTER last_known_addr { host: "127.19.28.195" port: 38459 } } peers { permanent_uuid: "455a109313844e32b4264818f132ae01" member_type: NON_VOTER last_known_addr { host: "127.19.28.196" port: 39103 } attrs { promote: true } }
I20260630 12:16:28.035684 22525 leader_election.cc:290] T bfe016484fb2432baebfebf9555f1d0d P b671f80a55b74d8498c06ad75aba692a [CANDIDATE]: Term 3 election: Requested vote from peers bed1cf57f91f4573b3c12873c3d3847c (127.19.28.194:45431), b88bee6845124800b93a602e652c86b1 (127.19.28.195:38459)
I20260630 12:16:28.036588 22600 tablet_service.cc:1917] Received RequestConsensusVote() RPC: tablet_id: "bfe016484fb2432baebfebf9555f1d0d" candidate_uuid: "b671f80a55b74d8498c06ad75aba692a" candidate_term: 3 candidate_status { last_received { term: 2 index: 3 } } ignore_live_leader: true dest_uuid: "bed1cf57f91f4573b3c12873c3d3847c"
I20260630 12:16:28.036891 22672 tablet_service.cc:1917] Received RequestConsensusVote() RPC: tablet_id: "bfe016484fb2432baebfebf9555f1d0d" candidate_uuid: "b671f80a55b74d8498c06ad75aba692a" candidate_term: 3 candidate_status { last_received { term: 2 index: 3 } } ignore_live_leader: true dest_uuid: "b88bee6845124800b93a602e652c86b1"
I20260630 12:16:28.037179 22600 raft_consensus.cc:3060] T bfe016484fb2432baebfebf9555f1d0d P bed1cf57f91f4573b3c12873c3d3847c [term 2 FOLLOWER]: Advancing to term 3
I20260630 12:16:28.037439 22672 raft_consensus.cc:3055] T bfe016484fb2432baebfebf9555f1d0d P b88bee6845124800b93a602e652c86b1 [term 2 LEADER]: Stepping down as leader of term 2
I20260630 12:16:28.037786 22672 raft_consensus.cc:740] T bfe016484fb2432baebfebf9555f1d0d P b88bee6845124800b93a602e652c86b1 [term 2 LEADER]: Becoming Follower/Learner. State: Replica: b88bee6845124800b93a602e652c86b1, State: Running, Role: LEADER
I20260630 12:16:28.038504 22672 consensus_queue.cc:260] T bfe016484fb2432baebfebf9555f1d0d P b88bee6845124800b93a602e652c86b1 [NON_LEADER]: Queue going to NON_LEADER mode. State: All replicated index: 0, Majority replicated index: 3, Committed index: 3, Last appended: 2.3, Last appended by leader: 3, Current term: 2, Majority size: -1, State: 0, Mode: NON_LEADER, active raft config: opid_index: 3 OBSOLETE_local: false peers { permanent_uuid: "b671f80a55b74d8498c06ad75aba692a" member_type: VOTER last_known_addr { host: "127.19.28.193" port: 39235 } } peers { permanent_uuid: "bed1cf57f91f4573b3c12873c3d3847c" member_type: VOTER last_known_addr { host: "127.19.28.194" port: 45431 } attrs { replace: true } } peers { permanent_uuid: "b88bee6845124800b93a602e652c86b1" member_type: VOTER last_known_addr { host: "127.19.28.195" port: 38459 } } peers { permanent_uuid: "455a109313844e32b4264818f132ae01" member_type: NON_VOTER last_known_addr { host: "127.19.28.196" port: 39103 } attrs { promote: true } }
I20260630 12:16:28.039479 22672 raft_consensus.cc:3060] T bfe016484fb2432baebfebf9555f1d0d P b88bee6845124800b93a602e652c86b1 [term 2 FOLLOWER]: Advancing to term 3
I20260630 12:16:28.043612 22672 raft_consensus.cc:2468] T bfe016484fb2432baebfebf9555f1d0d P b88bee6845124800b93a602e652c86b1 [term 3 FOLLOWER]: Leader election vote request: Granting yes vote for candidate b671f80a55b74d8498c06ad75aba692a in term 3.
I20260630 12:16:28.044050 22600 raft_consensus.cc:2468] T bfe016484fb2432baebfebf9555f1d0d P bed1cf57f91f4573b3c12873c3d3847c [term 3 FOLLOWER]: Leader election vote request: Granting yes vote for candidate b671f80a55b74d8498c06ad75aba692a in term 3.
I20260630 12:16:28.045364 22491 leader_election.cc:304] T bfe016484fb2432baebfebf9555f1d0d P b671f80a55b74d8498c06ad75aba692a [CANDIDATE]: Term 3 election: Election decided. Result: candidate won. Election summary: received 2 responses out of 3 voters: 2 yes votes; 0 no votes. yes voters: b671f80a55b74d8498c06ad75aba692a, bed1cf57f91f4573b3c12873c3d3847c; no voters: 
I20260630 12:16:28.046216 22989 raft_consensus.cc:2804] T bfe016484fb2432baebfebf9555f1d0d P b671f80a55b74d8498c06ad75aba692a [term 3 FOLLOWER]: Leader election won for term 3
I20260630 12:16:28.046692 22989 raft_consensus.cc:697] T bfe016484fb2432baebfebf9555f1d0d P b671f80a55b74d8498c06ad75aba692a [term 3 LEADER]: Becoming Leader. State: Replica: b671f80a55b74d8498c06ad75aba692a, State: Running, Role: LEADER
I20260630 12:16:28.047537 22989 consensus_queue.cc:237] T bfe016484fb2432baebfebf9555f1d0d P b671f80a55b74d8498c06ad75aba692a [LEADER]: Queue going to LEADER mode. State: All replicated index: 0, Majority replicated index: 3, Committed index: 3, Last appended: 2.3, Last appended by leader: 3, Current term: 3, Majority size: 2, State: 0, Mode: LEADER, active raft config: opid_index: 3 OBSOLETE_local: false peers { permanent_uuid: "b671f80a55b74d8498c06ad75aba692a" member_type: VOTER last_known_addr { host: "127.19.28.193" port: 39235 } } peers { permanent_uuid: "bed1cf57f91f4573b3c12873c3d3847c" member_type: VOTER last_known_addr { host: "127.19.28.194" port: 45431 } attrs { replace: true } } peers { permanent_uuid: "b88bee6845124800b93a602e652c86b1" member_type: VOTER last_known_addr { host: "127.19.28.195" port: 38459 } } peers { permanent_uuid: "455a109313844e32b4264818f132ae01" member_type: NON_VOTER last_known_addr { host: "127.19.28.196" port: 39103 } attrs { promote: true } }
I20260630 12:16:28.056285 22424 catalog_manager.cc:5697] T bfe016484fb2432baebfebf9555f1d0d P b671f80a55b74d8498c06ad75aba692a reported cstate change: term changed from 2 to 3, leader changed from b88bee6845124800b93a602e652c86b1 (127.19.28.195) to b671f80a55b74d8498c06ad75aba692a (127.19.28.193). New cstate: current_term: 3 leader_uuid: "b671f80a55b74d8498c06ad75aba692a" committed_config { opid_index: 3 OBSOLETE_local: false peers { permanent_uuid: "b671f80a55b74d8498c06ad75aba692a" member_type: VOTER last_known_addr { host: "127.19.28.193" port: 39235 } health_report { overall_health: HEALTHY } } peers { permanent_uuid: "bed1cf57f91f4573b3c12873c3d3847c" member_type: VOTER last_known_addr { host: "127.19.28.194" port: 45431 } attrs { replace: true } health_report { overall_health: UNKNOWN } } peers { permanent_uuid: "b88bee6845124800b93a602e652c86b1" member_type: VOTER last_known_addr { host: "127.19.28.195" port: 38459 } health_report { overall_health: UNKNOWN } } peers { permanent_uuid: "455a109313844e32b4264818f132ae01" member_type: NON_VOTER last_known_addr { host: "127.19.28.196" port: 39103 } attrs { promote: true } health_report { overall_health: UNKNOWN } } }
I20260630 12:16:28.147778 22600 raft_consensus.cc:1217] T 6b77fa128b7c4cb58753ef37eff4a782 P bed1cf57f91f4573b3c12873c3d3847c [term 2 LEARNER]: Deduplicated request from leader. Original: 2.2->[2.3-2.3]   Dedup: 2.3->[]
I20260630 12:16:28.254771 22989 raft_consensus.cc:1064] T df471c5219e2482b8067f37fedb7dc0f P b671f80a55b74d8498c06ad75aba692a: attempting to promote NON_VOTER 455a109313844e32b4264818f132ae01 to VOTER
W20260630 12:16:28.255200 22989 raft_consensus.cc:1068] T df471c5219e2482b8067f37fedb7dc0f P b671f80a55b74d8498c06ad75aba692a: Unable to promote non-voter 455a109313844e32b4264818f132ae01: Service unavailable: leader transfer in progress
I20260630 12:16:28.358619 23057 raft_consensus.cc:1064] T f018cdaed4da4780aebc04ee831eabd3 P bed1cf57f91f4573b3c12873c3d3847c: attempting to promote NON_VOTER b88bee6845124800b93a602e652c86b1 to VOTER
I20260630 12:16:28.361198 23057 consensus_queue.cc:237] T f018cdaed4da4780aebc04ee831eabd3 P bed1cf57f91f4573b3c12873c3d3847c [LEADER]: Queue going to LEADER mode. State: All replicated index: 0, Majority replicated index: 2, Committed index: 2, Last appended: 1.2, Last appended by leader: 0, Current term: 1, Majority size: 3, State: 0, Mode: LEADER, active raft config: opid_index: 3 OBSOLETE_local: false peers { permanent_uuid: "455a109313844e32b4264818f132ae01" member_type: VOTER last_known_addr { host: "127.19.28.196" port: 39103 } attrs { replace: true } } peers { permanent_uuid: "bed1cf57f91f4573b3c12873c3d3847c" member_type: VOTER last_known_addr { host: "127.19.28.194" port: 45431 } } peers { permanent_uuid: "b671f80a55b74d8498c06ad75aba692a" member_type: VOTER last_known_addr { host: "127.19.28.193" port: 39235 } } peers { permanent_uuid: "b88bee6845124800b93a602e652c86b1" member_type: VOTER last_known_addr { host: "127.19.28.195" port: 38459 } attrs { promote: false } }
I20260630 12:16:28.364564 23060 raft_consensus.cc:993] T df471c5219e2482b8067f37fedb7dc0f P b671f80a55b74d8498c06ad75aba692a: : Instructing follower bed1cf57f91f4573b3c12873c3d3847c to start an election
I20260630 12:16:28.365042 22989 raft_consensus.cc:1081] T df471c5219e2482b8067f37fedb7dc0f P b671f80a55b74d8498c06ad75aba692a [term 2 LEADER]: Signalling peer bed1cf57f91f4573b3c12873c3d3847c to start an election
I20260630 12:16:28.367152 22601 tablet_service.cc:2044] Received Run Leader Election RPC: tablet_id: "df471c5219e2482b8067f37fedb7dc0f"
dest_uuid: "bed1cf57f91f4573b3c12873c3d3847c"
 from {username='slave'} at 127.0.0.1:50398
I20260630 12:16:28.367667 22601 raft_consensus.cc:493] T df471c5219e2482b8067f37fedb7dc0f P bed1cf57f91f4573b3c12873c3d3847c [term 2 FOLLOWER]: Starting forced leader election (received explicit request)
I20260630 12:16:28.368000 22601 raft_consensus.cc:3060] T df471c5219e2482b8067f37fedb7dc0f P bed1cf57f91f4573b3c12873c3d3847c [term 2 FOLLOWER]: Advancing to term 3
I20260630 12:16:28.373384 22525 raft_consensus.cc:1275] T f018cdaed4da4780aebc04ee831eabd3 P b671f80a55b74d8498c06ad75aba692a [term 1 FOLLOWER]: Refusing update from remote peer bed1cf57f91f4573b3c12873c3d3847c: Log matching property violated. Preceding OpId in replica: term: 1 index: 2. Preceding OpId from leader: term: 1 index: 3. (index mismatch)
I20260630 12:16:28.374472 22819 raft_consensus.cc:1275] T f018cdaed4da4780aebc04ee831eabd3 P 455a109313844e32b4264818f132ae01 [term 1 FOLLOWER]: Refusing update from remote peer bed1cf57f91f4573b3c12873c3d3847c: Log matching property violated. Preceding OpId in replica: term: 1 index: 2. Preceding OpId from leader: term: 1 index: 3. (index mismatch)
I20260630 12:16:28.371201 22672 raft_consensus.cc:1275] T f018cdaed4da4780aebc04ee831eabd3 P b88bee6845124800b93a602e652c86b1 [term 1 LEARNER]: Refusing update from remote peer bed1cf57f91f4573b3c12873c3d3847c: Log matching property violated. Preceding OpId in replica: term: 1 index: 2. Preceding OpId from leader: term: 1 index: 3. (index mismatch)
I20260630 12:16:28.377291 23069 consensus_queue.cc:1048] T f018cdaed4da4780aebc04ee831eabd3 P bed1cf57f91f4573b3c12873c3d3847c [LEADER]: Connected to new peer: Peer: permanent_uuid: "b671f80a55b74d8498c06ad75aba692a" member_type: VOTER last_known_addr { host: "127.19.28.193" port: 39235 }, Status: LMP_MISMATCH, Last received: 0.0, Next index: 3, Last known committed idx: 2, Time since last communication: 0.000s
I20260630 12:16:28.379755 23069 consensus_queue.cc:1048] T f018cdaed4da4780aebc04ee831eabd3 P bed1cf57f91f4573b3c12873c3d3847c [LEADER]: Connected to new peer: Peer: permanent_uuid: "455a109313844e32b4264818f132ae01" member_type: VOTER last_known_addr { host: "127.19.28.196" port: 39103 } attrs { replace: true }, Status: LMP_MISMATCH, Last received: 0.0, Next index: 3, Last known committed idx: 2, Time since last communication: 0.000s
I20260630 12:16:28.381693 23071 consensus_queue.cc:1048] T f018cdaed4da4780aebc04ee831eabd3 P bed1cf57f91f4573b3c12873c3d3847c [LEADER]: Connected to new peer: Peer: permanent_uuid: "b88bee6845124800b93a602e652c86b1" member_type: VOTER last_known_addr { host: "127.19.28.195" port: 38459 } attrs { promote: false }, Status: LMP_MISMATCH, Last received: 0.0, Next index: 3, Last known committed idx: 2, Time since last communication: 0.000s
I20260630 12:16:28.392069 22601 raft_consensus.cc:515] T df471c5219e2482b8067f37fedb7dc0f P bed1cf57f91f4573b3c12873c3d3847c [term 3 FOLLOWER]: Starting forced leader election with config: opid_index: 3 OBSOLETE_local: false peers { permanent_uuid: "b671f80a55b74d8498c06ad75aba692a" member_type: VOTER last_known_addr { host: "127.19.28.193" port: 39235 } } peers { permanent_uuid: "bed1cf57f91f4573b3c12873c3d3847c" member_type: VOTER last_known_addr { host: "127.19.28.194" port: 45431 } } peers { permanent_uuid: "b88bee6845124800b93a602e652c86b1" member_type: VOTER last_known_addr { host: "127.19.28.195" port: 38459 } attrs { replace: true } } peers { permanent_uuid: "455a109313844e32b4264818f132ae01" member_type: NON_VOTER last_known_addr { host: "127.19.28.196" port: 39103 } attrs { promote: true } }
I20260630 12:16:28.392752 23071 raft_consensus.cc:2955] T f018cdaed4da4780aebc04ee831eabd3 P bed1cf57f91f4573b3c12873c3d3847c [term 1 LEADER]: Committing config change with OpId 1.3: config changed from index 2 to 3, b88bee6845124800b93a602e652c86b1 (127.19.28.195) changed from NON_VOTER to VOTER. New config: { opid_index: 3 OBSOLETE_local: false peers { permanent_uuid: "455a109313844e32b4264818f132ae01" member_type: VOTER last_known_addr { host: "127.19.28.196" port: 39103 } attrs { replace: true } } peers { permanent_uuid: "bed1cf57f91f4573b3c12873c3d3847c" member_type: VOTER last_known_addr { host: "127.19.28.194" port: 45431 } } peers { permanent_uuid: "b671f80a55b74d8498c06ad75aba692a" member_type: VOTER last_known_addr { host: "127.19.28.193" port: 39235 } } peers { permanent_uuid: "b88bee6845124800b93a602e652c86b1" member_type: VOTER last_known_addr { host: "127.19.28.195" port: 38459 } attrs { promote: false } } }
I20260630 12:16:28.397265 22524 tablet_service.cc:1917] Received RequestConsensusVote() RPC: tablet_id: "df471c5219e2482b8067f37fedb7dc0f" candidate_uuid: "bed1cf57f91f4573b3c12873c3d3847c" candidate_term: 3 candidate_status { last_received { term: 2 index: 3 } } ignore_live_leader: true dest_uuid: "b671f80a55b74d8498c06ad75aba692a"
I20260630 12:16:28.398149 22524 raft_consensus.cc:3055] T df471c5219e2482b8067f37fedb7dc0f P b671f80a55b74d8498c06ad75aba692a [term 2 LEADER]: Stepping down as leader of term 2
I20260630 12:16:28.398630 22524 raft_consensus.cc:740] T df471c5219e2482b8067f37fedb7dc0f P b671f80a55b74d8498c06ad75aba692a [term 2 LEADER]: Becoming Follower/Learner. State: Replica: b671f80a55b74d8498c06ad75aba692a, State: Running, Role: LEADER
I20260630 12:16:28.397722 22672 raft_consensus.cc:2955] T f018cdaed4da4780aebc04ee831eabd3 P b88bee6845124800b93a602e652c86b1 [term 1 FOLLOWER]: Committing config change with OpId 1.3: config changed from index 2 to 3, b88bee6845124800b93a602e652c86b1 (127.19.28.195) changed from NON_VOTER to VOTER. New config: { opid_index: 3 OBSOLETE_local: false peers { permanent_uuid: "455a109313844e32b4264818f132ae01" member_type: VOTER last_known_addr { host: "127.19.28.196" port: 39103 } attrs { replace: true } } peers { permanent_uuid: "bed1cf57f91f4573b3c12873c3d3847c" member_type: VOTER last_known_addr { host: "127.19.28.194" port: 45431 } } peers { permanent_uuid: "b671f80a55b74d8498c06ad75aba692a" member_type: VOTER last_known_addr { host: "127.19.28.193" port: 39235 } } peers { permanent_uuid: "b88bee6845124800b93a602e652c86b1" member_type: VOTER last_known_addr { host: "127.19.28.195" port: 38459 } attrs { promote: false } } }
I20260630 12:16:28.399883 22524 consensus_queue.cc:260] T df471c5219e2482b8067f37fedb7dc0f P b671f80a55b74d8498c06ad75aba692a [NON_LEADER]: Queue going to NON_LEADER mode. State: All replicated index: 0, Majority replicated index: 3, Committed index: 3, Last appended: 2.3, Last appended by leader: 3, Current term: 2, Majority size: -1, State: 0, Mode: NON_LEADER, active raft config: opid_index: 3 OBSOLETE_local: false peers { permanent_uuid: "b671f80a55b74d8498c06ad75aba692a" member_type: VOTER last_known_addr { host: "127.19.28.193" port: 39235 } } peers { permanent_uuid: "bed1cf57f91f4573b3c12873c3d3847c" member_type: VOTER last_known_addr { host: "127.19.28.194" port: 45431 } } peers { permanent_uuid: "b88bee6845124800b93a602e652c86b1" member_type: VOTER last_known_addr { host: "127.19.28.195" port: 38459 } attrs { replace: true } } peers { permanent_uuid: "455a109313844e32b4264818f132ae01" member_type: NON_VOTER last_known_addr { host: "127.19.28.196" port: 39103 } attrs { promote: true } }
I20260630 12:16:28.403347 22524 raft_consensus.cc:3060] T df471c5219e2482b8067f37fedb7dc0f P b671f80a55b74d8498c06ad75aba692a [term 2 FOLLOWER]: Advancing to term 3
I20260630 12:16:28.405471 22819 raft_consensus.cc:2955] T f018cdaed4da4780aebc04ee831eabd3 P 455a109313844e32b4264818f132ae01 [term 1 FOLLOWER]: Committing config change with OpId 1.3: config changed from index 2 to 3, b88bee6845124800b93a602e652c86b1 (127.19.28.195) changed from NON_VOTER to VOTER. New config: { opid_index: 3 OBSOLETE_local: false peers { permanent_uuid: "455a109313844e32b4264818f132ae01" member_type: VOTER last_known_addr { host: "127.19.28.196" port: 39103 } attrs { replace: true } } peers { permanent_uuid: "bed1cf57f91f4573b3c12873c3d3847c" member_type: VOTER last_known_addr { host: "127.19.28.194" port: 45431 } } peers { permanent_uuid: "b671f80a55b74d8498c06ad75aba692a" member_type: VOTER last_known_addr { host: "127.19.28.193" port: 39235 } } peers { permanent_uuid: "b88bee6845124800b93a602e652c86b1" member_type: VOTER last_known_addr { host: "127.19.28.195" port: 38459 } attrs { promote: false } } }
I20260630 12:16:28.421906 22423 catalog_manager.cc:5697] T f018cdaed4da4780aebc04ee831eabd3 P bed1cf57f91f4573b3c12873c3d3847c reported cstate change: config changed from index 2 to 3, b88bee6845124800b93a602e652c86b1 (127.19.28.195) changed from NON_VOTER to VOTER. New cstate: current_term: 1 leader_uuid: "bed1cf57f91f4573b3c12873c3d3847c" committed_config { opid_index: 3 OBSOLETE_local: false peers { permanent_uuid: "455a109313844e32b4264818f132ae01" member_type: VOTER last_known_addr { host: "127.19.28.196" port: 39103 } attrs { replace: true } health_report { overall_health: HEALTHY } } peers { permanent_uuid: "bed1cf57f91f4573b3c12873c3d3847c" member_type: VOTER last_known_addr { host: "127.19.28.194" port: 45431 } health_report { overall_health: HEALTHY } } peers { permanent_uuid: "b671f80a55b74d8498c06ad75aba692a" member_type: VOTER last_known_addr { host: "127.19.28.193" port: 39235 } health_report { overall_health: UNKNOWN } } peers { permanent_uuid: "b88bee6845124800b93a602e652c86b1" member_type: VOTER last_known_addr { host: "127.19.28.195" port: 38459 } attrs { promote: false } health_report { overall_health: HEALTHY } } }
I20260630 12:16:28.425849 22601 leader_election.cc:290] T df471c5219e2482b8067f37fedb7dc0f P bed1cf57f91f4573b3c12873c3d3847c [CANDIDATE]: Term 3 election: Requested vote from peers b671f80a55b74d8498c06ad75aba692a (127.19.28.193:39235), b88bee6845124800b93a602e652c86b1 (127.19.28.195:38459)
I20260630 12:16:28.427714 22672 tablet_service.cc:1917] Received RequestConsensusVote() RPC: tablet_id: "df471c5219e2482b8067f37fedb7dc0f" candidate_uuid: "bed1cf57f91f4573b3c12873c3d3847c" candidate_term: 3 candidate_status { last_received { term: 2 index: 3 } } ignore_live_leader: true dest_uuid: "b88bee6845124800b93a602e652c86b1"
I20260630 12:16:28.428382 22672 raft_consensus.cc:3060] T df471c5219e2482b8067f37fedb7dc0f P b88bee6845124800b93a602e652c86b1 [term 2 FOLLOWER]: Advancing to term 3
I20260630 12:16:28.434906 22672 raft_consensus.cc:2468] T df471c5219e2482b8067f37fedb7dc0f P b88bee6845124800b93a602e652c86b1 [term 3 FOLLOWER]: Leader election vote request: Granting yes vote for candidate bed1cf57f91f4573b3c12873c3d3847c in term 3.
I20260630 12:16:28.429898 22524 raft_consensus.cc:2468] T df471c5219e2482b8067f37fedb7dc0f P b671f80a55b74d8498c06ad75aba692a [term 3 FOLLOWER]: Leader election vote request: Granting yes vote for candidate bed1cf57f91f4573b3c12873c3d3847c in term 3.
I20260630 12:16:28.438710 22566 leader_election.cc:304] T df471c5219e2482b8067f37fedb7dc0f P bed1cf57f91f4573b3c12873c3d3847c [CANDIDATE]: Term 3 election: Election decided. Result: candidate won. Election summary: received 2 responses out of 3 voters: 2 yes votes; 0 no votes. yes voters: b88bee6845124800b93a602e652c86b1, bed1cf57f91f4573b3c12873c3d3847c; no voters: 
I20260630 12:16:28.439590 23071 raft_consensus.cc:2804] T df471c5219e2482b8067f37fedb7dc0f P bed1cf57f91f4573b3c12873c3d3847c [term 3 FOLLOWER]: Leader election won for term 3
I20260630 12:16:28.440065 23071 raft_consensus.cc:697] T df471c5219e2482b8067f37fedb7dc0f P bed1cf57f91f4573b3c12873c3d3847c [term 3 LEADER]: Becoming Leader. State: Replica: bed1cf57f91f4573b3c12873c3d3847c, State: Running, Role: LEADER
I20260630 12:16:28.440860 23071 consensus_queue.cc:237] T df471c5219e2482b8067f37fedb7dc0f P bed1cf57f91f4573b3c12873c3d3847c [LEADER]: Queue going to LEADER mode. State: All replicated index: 0, Majority replicated index: 3, Committed index: 3, Last appended: 2.3, Last appended by leader: 3, Current term: 3, Majority size: 2, State: 0, Mode: LEADER, active raft config: opid_index: 3 OBSOLETE_local: false peers { permanent_uuid: "b671f80a55b74d8498c06ad75aba692a" member_type: VOTER last_known_addr { host: "127.19.28.193" port: 39235 } } peers { permanent_uuid: "bed1cf57f91f4573b3c12873c3d3847c" member_type: VOTER last_known_addr { host: "127.19.28.194" port: 45431 } } peers { permanent_uuid: "b88bee6845124800b93a602e652c86b1" member_type: VOTER last_known_addr { host: "127.19.28.195" port: 38459 } attrs { replace: true } } peers { permanent_uuid: "455a109313844e32b4264818f132ae01" member_type: NON_VOTER last_known_addr { host: "127.19.28.196" port: 39103 } attrs { promote: true } }
I20260630 12:16:28.451277 22524 raft_consensus.cc:2955] T f018cdaed4da4780aebc04ee831eabd3 P b671f80a55b74d8498c06ad75aba692a [term 1 FOLLOWER]: Committing config change with OpId 1.3: config changed from index 2 to 3, b88bee6845124800b93a602e652c86b1 (127.19.28.195) changed from NON_VOTER to VOTER. New config: { opid_index: 3 OBSOLETE_local: false peers { permanent_uuid: "455a109313844e32b4264818f132ae01" member_type: VOTER last_known_addr { host: "127.19.28.196" port: 39103 } attrs { replace: true } } peers { permanent_uuid: "bed1cf57f91f4573b3c12873c3d3847c" member_type: VOTER last_known_addr { host: "127.19.28.194" port: 45431 } } peers { permanent_uuid: "b671f80a55b74d8498c06ad75aba692a" member_type: VOTER last_known_addr { host: "127.19.28.193" port: 39235 } } peers { permanent_uuid: "b88bee6845124800b93a602e652c86b1" member_type: VOTER last_known_addr { host: "127.19.28.195" port: 38459 } attrs { promote: false } } }
I20260630 12:16:28.463718 22601 raft_consensus.cc:1275] T bfe016484fb2432baebfebf9555f1d0d P bed1cf57f91f4573b3c12873c3d3847c [term 3 FOLLOWER]: Refusing update from remote peer b671f80a55b74d8498c06ad75aba692a: Log matching property violated. Preceding OpId in replica: term: 2 index: 3. Preceding OpId from leader: term: 3 index: 4. (index mismatch)
I20260630 12:16:28.466300 22989 consensus_queue.cc:1048] T bfe016484fb2432baebfebf9555f1d0d P b671f80a55b74d8498c06ad75aba692a [LEADER]: Connected to new peer: Peer: permanent_uuid: "bed1cf57f91f4573b3c12873c3d3847c" member_type: VOTER last_known_addr { host: "127.19.28.194" port: 45431 } attrs { replace: true }, Status: LMP_MISMATCH, Last received: 0.0, Next index: 4, Last known committed idx: 3, Time since last communication: 0.000s
I20260630 12:16:28.469743 22424 catalog_manager.cc:5697] T df471c5219e2482b8067f37fedb7dc0f P bed1cf57f91f4573b3c12873c3d3847c reported cstate change: term changed from 2 to 3, leader changed from b671f80a55b74d8498c06ad75aba692a (127.19.28.193) to bed1cf57f91f4573b3c12873c3d3847c (127.19.28.194). New cstate: current_term: 3 leader_uuid: "bed1cf57f91f4573b3c12873c3d3847c" committed_config { opid_index: 3 OBSOLETE_local: false peers { permanent_uuid: "b671f80a55b74d8498c06ad75aba692a" member_type: VOTER last_known_addr { host: "127.19.28.193" port: 39235 } health_report { overall_health: UNKNOWN } } peers { permanent_uuid: "bed1cf57f91f4573b3c12873c3d3847c" member_type: VOTER last_known_addr { host: "127.19.28.194" port: 45431 } health_report { overall_health: HEALTHY } } peers { permanent_uuid: "b88bee6845124800b93a602e652c86b1" member_type: VOTER last_known_addr { host: "127.19.28.195" port: 38459 } attrs { replace: true } health_report { overall_health: UNKNOWN } } peers { permanent_uuid: "455a109313844e32b4264818f132ae01" member_type: NON_VOTER last_known_addr { host: "127.19.28.196" port: 39103 } attrs { promote: true } health_report { overall_health: UNKNOWN } } }
I20260630 12:16:28.479894 22819 raft_consensus.cc:3060] T bfe016484fb2432baebfebf9555f1d0d P 455a109313844e32b4264818f132ae01 [term 2 LEARNER]: Advancing to term 3
I20260630 12:16:28.483767 22672 raft_consensus.cc:1275] T bfe016484fb2432baebfebf9555f1d0d P b88bee6845124800b93a602e652c86b1 [term 3 FOLLOWER]: Refusing update from remote peer b671f80a55b74d8498c06ad75aba692a: Log matching property violated. Preceding OpId in replica: term: 2 index: 3. Preceding OpId from leader: term: 3 index: 4. (index mismatch)
I20260630 12:16:28.485321 23060 consensus_queue.cc:1048] T bfe016484fb2432baebfebf9555f1d0d P b671f80a55b74d8498c06ad75aba692a [LEADER]: Connected to new peer: Peer: permanent_uuid: "b88bee6845124800b93a602e652c86b1" member_type: VOTER last_known_addr { host: "127.19.28.195" port: 38459 }, Status: LMP_MISMATCH, Last received: 0.0, Next index: 4, Last known committed idx: 3, Time since last communication: 0.000s
I20260630 12:16:28.494958 22600 consensus_queue.cc:237] T f018cdaed4da4780aebc04ee831eabd3 P bed1cf57f91f4573b3c12873c3d3847c [LEADER]: Queue going to LEADER mode. State: All replicated index: 0, Majority replicated index: 3, Committed index: 3, Last appended: 1.3, Last appended by leader: 0, Current term: 1, Majority size: 2, State: 0, Mode: LEADER, active raft config: opid_index: 4 OBSOLETE_local: false peers { permanent_uuid: "bed1cf57f91f4573b3c12873c3d3847c" member_type: VOTER last_known_addr { host: "127.19.28.194" port: 45431 } } peers { permanent_uuid: "b671f80a55b74d8498c06ad75aba692a" member_type: VOTER last_known_addr { host: "127.19.28.193" port: 39235 } } peers { permanent_uuid: "b88bee6845124800b93a602e652c86b1" member_type: VOTER last_known_addr { host: "127.19.28.195" port: 38459 } attrs { promote: false } }
I20260630 12:16:28.502197 22673 raft_consensus.cc:1275] T f018cdaed4da4780aebc04ee831eabd3 P b88bee6845124800b93a602e652c86b1 [term 1 FOLLOWER]: Refusing update from remote peer bed1cf57f91f4573b3c12873c3d3847c: Log matching property violated. Preceding OpId in replica: term: 1 index: 3. Preceding OpId from leader: term: 1 index: 4. (index mismatch)
I20260630 12:16:28.504647 22524 raft_consensus.cc:1275] T f018cdaed4da4780aebc04ee831eabd3 P b671f80a55b74d8498c06ad75aba692a [term 1 FOLLOWER]: Refusing update from remote peer bed1cf57f91f4573b3c12873c3d3847c: Log matching property violated. Preceding OpId in replica: term: 1 index: 3. Preceding OpId from leader: term: 1 index: 4. (index mismatch)
I20260630 12:16:28.506086 22819 raft_consensus.cc:1275] T bfe016484fb2432baebfebf9555f1d0d P 455a109313844e32b4264818f132ae01 [term 3 LEARNER]: Refusing update from remote peer b671f80a55b74d8498c06ad75aba692a: Log matching property violated. Preceding OpId in replica: term: 2 index: 3. Preceding OpId from leader: term: 3 index: 4. (index mismatch)
I20260630 12:16:28.506644 23069 consensus_queue.cc:1048] T f018cdaed4da4780aebc04ee831eabd3 P bed1cf57f91f4573b3c12873c3d3847c [LEADER]: Connected to new peer: Peer: permanent_uuid: "b88bee6845124800b93a602e652c86b1" member_type: VOTER last_known_addr { host: "127.19.28.195" port: 38459 } attrs { promote: false }, Status: LMP_MISMATCH, Last received: 0.0, Next index: 4, Last known committed idx: 3, Time since last communication: 0.001s
I20260630 12:16:28.507477 23060 consensus_queue.cc:1048] T bfe016484fb2432baebfebf9555f1d0d P b671f80a55b74d8498c06ad75aba692a [LEADER]: Connected to new peer: Peer: permanent_uuid: "455a109313844e32b4264818f132ae01" member_type: NON_VOTER last_known_addr { host: "127.19.28.196" port: 39103 } attrs { promote: true }, Status: LMP_MISMATCH, Last received: 0.0, Next index: 4, Last known committed idx: 3, Time since last communication: 0.000s
