I20260630 12:17:03.837913 22976 tablet_service.cc:1917] Received RequestConsensusVote() RPC: tablet_id: "43489627b4884fa0b6de623b35c9c7cc" candidate_uuid: "7ec92c569b2c42f6be16d513f063d4b1" candidate_term: 2 candidate_status { last_received { term: 1 index: 10 } } ignore_live_leader: false dest_uuid: "f62400b8d745489d905e366495c380f2" is_pre_election: true
I20260630 12:17:03.860212 22981 tablet_service.cc:1917] Received RequestConsensusVote() RPC: tablet_id: "da5f862b6983474e8039e4519236868d" candidate_uuid: "7ec92c569b2c42f6be16d513f063d4b1" candidate_term: 2 candidate_status { last_received { term: 1 index: 10 } } ignore_live_leader: false dest_uuid: "f62400b8d745489d905e366495c380f2" is_pre_election: true
I20260630 12:17:03.862695 22974 tablet_service.cc:1917] Received RequestConsensusVote() RPC: tablet_id: "8090c8ce22744ff2b78ce234094e909b" candidate_uuid: "7ec92c569b2c42f6be16d513f063d4b1" candidate_term: 2 candidate_status { last_received { term: 1 index: 10 } } ignore_live_leader: false dest_uuid: "f62400b8d745489d905e366495c380f2" is_pre_election: true
I20260630 12:17:03.868340 22983 tablet_service.cc:1917] Received RequestConsensusVote() RPC: tablet_id: "7f8ace4dff7f42d6875a0a90f73493ab" candidate_uuid: "7ec92c569b2c42f6be16d513f063d4b1" candidate_term: 2 candidate_status { last_received { term: 1 index: 9 } } ignore_live_leader: false dest_uuid: "f62400b8d745489d905e366495c380f2" is_pre_election: true
I20260630 12:17:03.778203 23367 rpcz_store.cc:276] 0630 12:17:01.657766 (+     0us) service_pool.cc:167] Inserting onto call queue
0630 12:17:01.660271 (+  2505us) service_pool.cc:224] Handling call
0630 12:17:03.775725 (+2115454us) inbound_call.cc:177] Queueing success response
Related trace 'op':
0630 12:17:01.760911 (+     0us) write_op.cc:183] PREPARE: starting on tablet 81ea3c8081eb4883a2debc02ed04026f
0630 12:17:01.789415 (+ 28504us) write_op.cc:432] Acquiring schema lock in shared mode
0630 12:17:01.794845 (+  5430us) write_op.cc:435] Acquired schema lock
0630 12:17:01.796135 (+  1290us) tablet.cc:662] Decoding operations
0630 12:17:01.799393 (+  3258us) write_op.cc:620] Acquiring the partition lock for write op
0630 12:17:01.799462 (+    69us) write_op.cc:641] Partition lock acquired for write op
0630 12:17:01.799502 (+    40us) tablet.cc:685] Acquiring locks for 3 operations
0630 12:17:01.799806 (+   304us) tablet.cc:701] Row locks acquired
0630 12:17:01.799826 (+    20us) write_op.cc:260] PREPARE: finished
0630 12:17:01.800087 (+   261us) write_op.cc:270] Start()
0630 12:17:01.800258 (+   171us) write_op.cc:276] Timestamp: P: 1782821821800029 usec, L: 0
0630 12:17:01.800295 (+    37us) op_driver.cc:348] REPLICATION: starting
0630 12:17:01.801150 (+   855us) log.cc:844] Serialized 441 byte log entry
0630 12:17:03.540603 (+1739453us) op_driver.cc:464] REPLICATION: finished
0630 12:17:03.580062 (+ 39459us) write_op.cc:301] APPLY: starting
0630 12:17:03.743968 (+163906us) spinlock_profiling.cc:243] Waited 13.5 ms on lock 0x7b60001335c8. stack: 00007fc1c6423983 00007fc1c6423880 00007fc1c5db31d4 000000000042d824 000000000042d7b9 00007fc1cceab161 00007fc1cd01714b 00007fc1cd019774 00007fc1ccf8e6db 00007fc1cce8bb93 00007fc1cce8dde8 00007fc1ccf8ce34 00007fc1ccf7897c 00007fc1ccf7cd61 00007fc1ccf7cd19 00007fc1ccf7cca9
0630 12:17:03.744053 (+    85us) tablet.cc:1367] starting BulkCheckPresence
0630 12:17:03.744202 (+   149us) tablet.cc:1370] finished BulkCheckPresence
0630 12:17:03.744221 (+    19us) tablet.cc:1372] starting ApplyRowOperation cycle
0630 12:17:03.747014 (+  2793us) tablet.cc:1383] finished ApplyRowOperation cycle
0630 12:17:03.747181 (+   167us) tablet_metrics.cc:581] ProbeStats: bloom_lookups=0,key_file_lookups=0,delta_file_lookups=0,mrs_lookups=0
0630 12:17:03.747224 (+    43us) write_op.cc:312] APPLY: finished
0630 12:17:03.747436 (+   212us) log.cc:844] Serialized 34 byte log entry
0630 12:17:03.775259 (+ 27823us) write_op.cc:489] Releasing partition, row and schema locks
0630 12:17:03.775354 (+    95us) write_op.cc:454] Released schema lock
0630 12:17:03.775397 (+    43us) write_op.cc:341] FINISH: Updating metrics
Metrics: {"child_traces":[["op",{"apply.queue_time_us":39234,"mutex_wait_us":89006,"num_ops":3,"prepare.queue_time_us":99315,"prepare.run_cpu_time_us":3627,"prepare.run_wall_time_us":40648,"raft.queue_time_us":17225,"raft.run_cpu_time_us":777,"raft.run_wall_time_us":1918,"replication_time_us":1740153,"spinlock_wait_cycles":31092480,"thread_start_us":10265,"threads_started":1}]]}
I20260630 12:17:03.839423 22980 raft_consensus.cc:2468] T 532f7547cd7f4cc28180da69657d4986 P f62400b8d745489d905e366495c380f2 [term 1 FOLLOWER]: Leader pre-election vote request: Granting yes vote for candidate 852aac94489841898965421381b45c1b in term 1.
W20260630 12:17:03.883194 23097 outbound_call.cc:321] RPC callback for RPC call kudu.consensus.ConsensusService.UpdateConsensus -> {remote=127.18.16.65:39951, user_credentials={real_user=slave}} blocked reactor thread for 69277.1us
I20260630 12:17:03.871953 23366 raft_consensus.cc:515] T 8090c8ce22744ff2b78ce234094e909b P f62400b8d745489d905e366495c380f2 [term 2 FOLLOWER]: Starting leader election with config: opid_index: -1 OBSOLETE_local: false peers { permanent_uuid: "f62400b8d745489d905e366495c380f2" member_type: VOTER last_known_addr { host: "127.18.16.65" port: 39951 } } peers { permanent_uuid: "7ec92c569b2c42f6be16d513f063d4b1" member_type: VOTER last_known_addr { host: "127.18.16.66" port: 44609 } } peers { permanent_uuid: "852aac94489841898965421381b45c1b" member_type: VOTER last_known_addr { host: "127.18.16.67" port: 34733 } }
W20260630 12:17:03.889938 23397 log.cc:927] Time spent T 532f7547cd7f4cc28180da69657d4986 P 7ec92c569b2c42f6be16d513f063d4b1: Append to log took a long time: real 0.081s	user 0.001s	sys 0.000s
W20260630 12:17:03.901134 23398 log.cc:927] Time spent T 54716d7461d14abab0d9af765f7ad47d P f62400b8d745489d905e366495c380f2: Append to log took a long time: real 0.082s	user 0.001s	sys 0.000s
I20260630 12:17:03.884411 23097 leader_election.cc:304] T 81ea3c8081eb4883a2debc02ed04026f P 852aac94489841898965421381b45c1b [CANDIDATE]: Term 2 pre-election: Election decided. Result: candidate won. Election summary: received 2 responses out of 3 voters: 2 yes votes; 0 no votes. yes voters: 852aac94489841898965421381b45c1b, f62400b8d745489d905e366495c380f2; no voters: 
I20260630 12:17:03.906891 22977 tablet_service.cc:1917] Received RequestConsensusVote() RPC: tablet_id: "d045de1307bd409780ae5b8cf786ea2d" candidate_uuid: "7ec92c569b2c42f6be16d513f063d4b1" candidate_term: 2 candidate_status { last_received { term: 1 index: 10 } } ignore_live_leader: false dest_uuid: "f62400b8d745489d905e366495c380f2" is_pre_election: true
I20260630 12:17:03.908020 23292 rpcz_store.cc:275] Call kudu.tserver.TabletServerService.Write from 127.0.0.1:49330 (ReqId={client: f4a36361afe44c7a8432a82e4090d8b3, seq_no=107, attempt_no=0}) took 2216 ms. Trace:
I20260630 12:17:03.908370 22983 tablet_service.cc:1917] Received RequestConsensusVote() RPC: tablet_id: "224ba2f119904b7a964d58a42582b3bb" candidate_uuid: "7ec92c569b2c42f6be16d513f063d4b1" candidate_term: 2 candidate_status { last_received { term: 1 index: 7 } } ignore_live_leader: false dest_uuid: "f62400b8d745489d905e366495c380f2" is_pre_election: true
I20260630 12:17:03.917248 23292 rpcz_store.cc:276] 0630 12:17:01.691944 (+     0us) service_pool.cc:167] Inserting onto call queue
0630 12:17:01.692065 (+   121us) service_pool.cc:224] Handling call
0630 12:17:03.907936 (+2215871us) inbound_call.cc:177] Queueing success response
Related trace 'op':
0630 12:17:01.693570 (+     0us) write_op.cc:183] PREPARE: starting on tablet 8090c8ce22744ff2b78ce234094e909b
0630 12:17:01.694033 (+   463us) write_op.cc:432] Acquiring schema lock in shared mode
0630 12:17:01.694068 (+    35us) write_op.cc:435] Acquired schema lock
0630 12:17:01.694085 (+    17us) tablet.cc:662] Decoding operations
0630 12:17:01.694572 (+   487us) write_op.cc:620] Acquiring the partition lock for write op
0630 12:17:01.694618 (+    46us) write_op.cc:641] Partition lock acquired for write op
0630 12:17:01.694645 (+    27us) tablet.cc:685] Acquiring locks for 5 operations
0630 12:17:01.695026 (+   381us) tablet.cc:701] Row locks acquired
0630 12:17:01.695043 (+    17us) write_op.cc:260] PREPARE: finished
0630 12:17:01.695208 (+   165us) write_op.cc:270] Start()
0630 12:17:01.695342 (+   134us) write_op.cc:276] Timestamp: P: 1782821821695168 usec, L: 0
0630 12:17:01.695366 (+    24us) op_driver.cc:348] REPLICATION: starting
0630 12:17:01.696079 (+   713us) log.cc:844] Serialized 528 byte log entry
0630 12:17:03.898067 (+2201988us) op_driver.cc:464] REPLICATION: finished
0630 12:17:03.898486 (+   419us) write_op.cc:301] APPLY: starting
0630 12:17:03.898598 (+   112us) tablet.cc:1367] starting BulkCheckPresence
0630 12:17:03.898825 (+   227us) tablet.cc:1370] finished BulkCheckPresence
0630 12:17:03.898956 (+   131us) tablet.cc:1372] starting ApplyRowOperation cycle
0630 12:17:03.901766 (+  2810us) tablet.cc:1383] finished ApplyRowOperation cycle
0630 12:17:03.906980 (+  5214us) tablet_metrics.cc:581] ProbeStats: bloom_lookups=0,key_file_lookups=0,delta_file_lookups=0,mrs_lookups=0
0630 12:17:03.907040 (+    60us) write_op.cc:312] APPLY: finished
0630 12:17:03.907292 (+   252us) log.cc:844] Serialized 46 byte log entry
0630 12:17:03.907482 (+   190us) write_op.cc:489] Releasing partition, row and schema locks
0630 12:17:03.907574 (+    92us) write_op.cc:454] Released schema lock
0630 12:17:03.907621 (+    47us) write_op.cc:341] FINISH: Updating metrics
Metrics: {"child_traces":[["op",{"apply.queue_time_us":131,"num_ops":5,"prepare.queue_time_us":180,"prepare.run_cpu_time_us":2834,"prepare.run_wall_time_us":16256,"replication_time_us":2202535}]]}
W20260630 12:17:03.935619 23400 log.cc:927] Time spent T d045de1307bd409780ae5b8cf786ea2d P f62400b8d745489d905e366495c380f2: Append to log took a long time: real 0.071s	user 0.000s	sys 0.001s
W20260630 12:17:03.941890 23165 outbound_call.cc:321] RPC callback for RPC call kudu.tserver.TabletServerService.Write -> {remote=127.18.16.66:44609, user_credentials={real_user=slave}} blocked reactor thread for 51589.8us
W20260630 12:17:03.914588 23099 outbound_call.cc:321] RPC callback for RPC call kudu.consensus.ConsensusService.UpdateConsensus -> {remote=127.18.16.66:44609, user_credentials={real_user=slave}} blocked reactor thread for 44406us
W20260630 12:17:03.944794 23397 log.cc:927] Time spent T 532f7547cd7f4cc28180da69657d4986 P 7ec92c569b2c42f6be16d513f063d4b1: Append to log took a long time: real 0.054s	user 0.001s	sys 0.000s
W20260630 12:17:03.951174 23097 outbound_call.cc:321] RPC callback for RPC call kudu.consensus.ConsensusService.RequestConsensusVote -> {remote=127.18.16.65:39951, user_credentials={real_user=slave}} blocked reactor thread for 66930.6us
W20260630 12:17:03.955991 23404 log.cc:927] Time spent T d045de1307bd409780ae5b8cf786ea2d P 7ec92c569b2c42f6be16d513f063d4b1: Append to log took a long time: real 0.069s	user 0.000s	sys 0.001s
I20260630 12:17:03.962607 23099 leader_election.cc:304] T cdbb7b96b59e4b6fbfa4f424d3d52fa8 P 852aac94489841898965421381b45c1b [CANDIDATE]: Term 2 pre-election: Election decided. Result: candidate won. Election summary: received 3 responses out of 3 voters: 2 yes votes; 1 no votes. yes voters: 7ec92c569b2c42f6be16d513f063d4b1, 852aac94489841898965421381b45c1b; no voters: f62400b8d745489d905e366495c380f2
I20260630 12:17:03.965144 23097 leader_election.cc:304] T 9dcae1fcd8c3439f8998c801fc35e19f P 852aac94489841898965421381b45c1b [CANDIDATE]: Term 2 pre-election: Election decided. Result: candidate won. Election summary: received 2 responses out of 3 voters: 2 yes votes; 0 no votes. yes voters: 852aac94489841898965421381b45c1b, f62400b8d745489d905e366495c380f2; no voters: 
I20260630 12:17:03.960362 23022 leader_election.cc:304] T f0fad51954a14ca5ae3a3c750aa7b0cc P 7ec92c569b2c42f6be16d513f063d4b1 [CANDIDATE]: Term 2 pre-election: Election decided. Result: candidate lost. Election summary: received 3 responses out of 3 voters: 1 yes votes; 2 no votes. yes voters: 7ec92c569b2c42f6be16d513f063d4b1; no voters: 852aac94489841898965421381b45c1b, f62400b8d745489d905e366495c380f2
I20260630 12:17:04.058172 23359 raft_consensus.cc:2749] T f0fad51954a14ca5ae3a3c750aa7b0cc P 7ec92c569b2c42f6be16d513f063d4b1 [term 1 FOLLOWER]: Leader pre-election lost for term 2. Reason: could not achieve majority
W20260630 12:17:04.062949 23022 outbound_call.cc:321] RPC callback for RPC call kudu.consensus.ConsensusService.RequestConsensusVote -> {remote=127.18.16.65:39951, user_credentials={real_user=slave}} blocked reactor thread for 111840us
I20260630 12:17:04.070921 23099 leader_election.cc:304] T f0fad51954a14ca5ae3a3c750aa7b0cc P 852aac94489841898965421381b45c1b [CANDIDATE]: Term 2 pre-election: Election decided. Result: candidate lost. Election summary: received 3 responses out of 3 voters: 1 yes votes; 2 no votes. yes voters: 852aac94489841898965421381b45c1b; no voters: 7ec92c569b2c42f6be16d513f063d4b1, f62400b8d745489d905e366495c380f2
I20260630 12:17:04.060354 23352 raft_consensus.cc:515] T 43489627b4884fa0b6de623b35c9c7cc P f62400b8d745489d905e366495c380f2 [term 2 FOLLOWER]: Starting leader election with config: opid_index: -1 OBSOLETE_local: false peers { permanent_uuid: "f62400b8d745489d905e366495c380f2" member_type: VOTER last_known_addr { host: "127.18.16.65" port: 39951 } } peers { permanent_uuid: "7ec92c569b2c42f6be16d513f063d4b1" member_type: VOTER last_known_addr { host: "127.18.16.66" port: 44609 } } peers { permanent_uuid: "852aac94489841898965421381b45c1b" member_type: VOTER last_known_addr { host: "127.18.16.67" port: 34733 } }
I20260630 12:17:04.064956 23366 leader_election.cc:290] T 8090c8ce22744ff2b78ce234094e909b P f62400b8d745489d905e366495c380f2 [CANDIDATE]: Term 2 election: Requested vote from peers 7ec92c569b2c42f6be16d513f063d4b1 (127.18.16.66:44609), 852aac94489841898965421381b45c1b (127.18.16.67:34733)
W20260630 12:17:04.078326 23097 outbound_call.cc:321] RPC callback for RPC call kudu.consensus.ConsensusService.RequestConsensusVote -> {remote=127.18.16.65:39951, user_credentials={real_user=slave}} blocked reactor thread for 113242us
I20260630 12:17:04.079180 23408 raft_consensus.cc:2804] T 81ea3c8081eb4883a2debc02ed04026f P 852aac94489841898965421381b45c1b [term 1 FOLLOWER]: Leader pre-election won for term 2
I20260630 12:17:04.089962 23292 rpcz_store.cc:275] Call kudu.tserver.TabletServerService.Write from 127.0.0.1:49330 (ReqId={client: f4a36361afe44c7a8432a82e4090d8b3, seq_no=109, attempt_no=0}) took 2396 ms. Trace:
I20260630 12:17:04.084666 23329 raft_consensus.cc:2749] T f0fad51954a14ca5ae3a3c750aa7b0cc P 852aac94489841898965421381b45c1b [term 1 FOLLOWER]: Leader pre-election lost for term 2. Reason: could not achieve majority
I20260630 12:17:04.090934 23408 raft_consensus.cc:493] T 81ea3c8081eb4883a2debc02ed04026f P 852aac94489841898965421381b45c1b [term 1 FOLLOWER]: Starting leader election (detected failure of leader 7ec92c569b2c42f6be16d513f063d4b1)
I20260630 12:17:04.091269 23022 leader_election.cc:304] T 43489627b4884fa0b6de623b35c9c7cc P 7ec92c569b2c42f6be16d513f063d4b1 [CANDIDATE]: Term 2 pre-election: Election decided. Result: candidate lost. Election summary: received 3 responses out of 3 voters: 1 yes votes; 2 no votes. yes voters: 7ec92c569b2c42f6be16d513f063d4b1; no voters: 852aac94489841898965421381b45c1b, f62400b8d745489d905e366495c380f2
I20260630 12:17:04.102607 23408 raft_consensus.cc:3060] T 81ea3c8081eb4883a2debc02ed04026f P 852aac94489841898965421381b45c1b [term 1 FOLLOWER]: Advancing to term 2
I20260630 12:17:04.104583 23405 raft_consensus.cc:2804] T cdbb7b96b59e4b6fbfa4f424d3d52fa8 P 852aac94489841898965421381b45c1b [term 1 FOLLOWER]: Leader pre-election won for term 2
W20260630 12:17:04.108918 23411 log.cc:927] Time spent T 224ba2f119904b7a964d58a42582b3bb P 7ec92c569b2c42f6be16d513f063d4b1: Append to log took a long time: real 0.057s	user 0.001s	sys 0.000s
I20260630 12:17:04.109140 23405 raft_consensus.cc:493] T cdbb7b96b59e4b6fbfa4f424d3d52fa8 P 852aac94489841898965421381b45c1b [term 1 FOLLOWER]: Starting leader election (detected failure of leader f62400b8d745489d905e366495c380f2)
I20260630 12:17:04.109556 23405 raft_consensus.cc:3060] T cdbb7b96b59e4b6fbfa4f424d3d52fa8 P 852aac94489841898965421381b45c1b [term 1 FOLLOWER]: Advancing to term 2
I20260630 12:17:04.105765 23412 raft_consensus.cc:2804] T 9dcae1fcd8c3439f8998c801fc35e19f P 852aac94489841898965421381b45c1b [term 1 FOLLOWER]: Leader pre-election won for term 2
I20260630 12:17:04.118983 23412 raft_consensus.cc:493] T 9dcae1fcd8c3439f8998c801fc35e19f P 852aac94489841898965421381b45c1b [term 1 FOLLOWER]: Starting leader election (detected failure of leader 7ec92c569b2c42f6be16d513f063d4b1)
I20260630 12:17:04.118769 23058 tablet_service.cc:1917] Received RequestConsensusVote() RPC: tablet_id: "9dcae1fcd8c3439f8998c801fc35e19f" candidate_uuid: "f62400b8d745489d905e366495c380f2" candidate_term: 2 candidate_status { last_received { term: 1 index: 10 } } ignore_live_leader: false dest_uuid: "7ec92c569b2c42f6be16d513f063d4b1" is_pre_election: true
I20260630 12:17:04.119493 23412 raft_consensus.cc:3060] T 9dcae1fcd8c3439f8998c801fc35e19f P 852aac94489841898965421381b45c1b [term 1 FOLLOWER]: Advancing to term 2
I20260630 12:17:04.090889 23292 rpcz_store.cc:276] 0630 12:17:01.693760 (+     0us) service_pool.cc:167] Inserting onto call queue
0630 12:17:01.697784 (+  4024us) service_pool.cc:224] Handling call
0630 12:17:04.089890 (+2392106us) inbound_call.cc:177] Queueing success response
Related trace 'op':
0630 12:17:01.716733 (+     0us) write_op.cc:183] PREPARE: starting on tablet 43489627b4884fa0b6de623b35c9c7cc
0630 12:17:01.717260 (+   527us) write_op.cc:432] Acquiring schema lock in shared mode
0630 12:17:01.717292 (+    32us) write_op.cc:435] Acquired schema lock
0630 12:17:01.717305 (+    13us) tablet.cc:662] Decoding operations
0630 12:17:01.731544 (+ 14239us) write_op.cc:620] Acquiring the partition lock for write op
0630 12:17:01.731602 (+    58us) write_op.cc:641] Partition lock acquired for write op
0630 12:17:01.731630 (+    28us) tablet.cc:685] Acquiring locks for 5 operations
0630 12:17:01.732034 (+   404us) tablet.cc:701] Row locks acquired
0630 12:17:01.732053 (+    19us) write_op.cc:260] PREPARE: finished
0630 12:17:01.732229 (+   176us) write_op.cc:270] Start()
0630 12:17:01.732338 (+   109us) write_op.cc:276] Timestamp: P: 1782821821732188 usec, L: 0
0630 12:17:01.732367 (+    29us) op_driver.cc:348] REPLICATION: starting
0630 12:17:01.732988 (+   621us) log.cc:844] Serialized 528 byte log entry
0630 12:17:04.074561 (+2341573us) op_driver.cc:464] REPLICATION: finished
0630 12:17:04.082000 (+  7439us) write_op.cc:301] APPLY: starting
0630 12:17:04.083555 (+  1555us) tablet.cc:1367] starting BulkCheckPresence
0630 12:17:04.087650 (+  4095us) tablet.cc:1370] finished BulkCheckPresence
0630 12:17:04.087751 (+   101us) tablet.cc:1372] starting ApplyRowOperation cycle
0630 12:17:04.088644 (+   893us) tablet.cc:1383] finished ApplyRowOperation cycle
0630 12:17:04.088855 (+   211us) tablet_metrics.cc:581] ProbeStats: bloom_lookups=0,key_file_lookups=0,delta_file_lookups=0,mrs_lookups=0
0630 12:17:04.088898 (+    43us) write_op.cc:312] APPLY: finished
0630 12:17:04.089126 (+   228us) log.cc:844] Serialized 46 byte log entry
0630 12:17:04.089455 (+   329us) write_op.cc:489] Releasing partition, row and schema locks
0630 12:17:04.089543 (+    88us) write_op.cc:454] Released schema lock
0630 12:17:04.089581 (+    38us) write_op.cc:341] FINISH: Updating metrics
Metrics: {"child_traces":[["op",{"apply.queue_time_us":4012,"num_ops":5,"prepare.queue_time_us":1872,"prepare.run_cpu_time_us":2793,"prepare.run_wall_time_us":36797,"replication_time_us":2333917}]]}
I20260630 12:17:04.121904 23359 raft_consensus.cc:2749] T 43489627b4884fa0b6de623b35c9c7cc P 7ec92c569b2c42f6be16d513f063d4b1 [term 1 FOLLOWER]: Leader pre-election lost for term 2. Reason: could not achieve majority
I20260630 12:17:04.120761 23058 tablet_service.cc:1917] Received RequestConsensusVote() RPC: tablet_id: "54716d7461d14abab0d9af765f7ad47d" candidate_uuid: "f62400b8d745489d905e366495c380f2" candidate_term: 2 candidate_status { last_received { term: 1 index: 10 } } ignore_live_leader: false dest_uuid: "7ec92c569b2c42f6be16d513f063d4b1" is_pre_election: true
I20260630 12:17:04.124969 23058 tablet_service.cc:1917] Received RequestConsensusVote() RPC: tablet_id: "532f7547cd7f4cc28180da69657d4986" candidate_uuid: "f62400b8d745489d905e366495c380f2" candidate_term: 2 candidate_status { last_received { term: 1 index: 9 } } ignore_live_leader: false dest_uuid: "7ec92c569b2c42f6be16d513f063d4b1" is_pre_election: true
I20260630 12:17:04.127095 23058 tablet_service.cc:1917] Received RequestConsensusVote() RPC: tablet_id: "8090c8ce22744ff2b78ce234094e909b" candidate_uuid: "f62400b8d745489d905e366495c380f2" candidate_term: 2 candidate_status { last_received { term: 1 index: 11 } } ignore_live_leader: false dest_uuid: "7ec92c569b2c42f6be16d513f063d4b1"
I20260630 12:17:04.129302 23352 leader_election.cc:290] T 43489627b4884fa0b6de623b35c9c7cc P f62400b8d745489d905e366495c380f2 [CANDIDATE]: Term 2 election: Requested vote from peers 7ec92c569b2c42f6be16d513f063d4b1 (127.18.16.66:44609), 852aac94489841898965421381b45c1b (127.18.16.67:34733)
I20260630 12:17:04.130645 23128 tablet_service.cc:1917] Received RequestConsensusVote() RPC: tablet_id: "224ba2f119904b7a964d58a42582b3bb" candidate_uuid: "7ec92c569b2c42f6be16d513f063d4b1" candidate_term: 2 candidate_status { last_received { term: 1 index: 7 } } ignore_live_leader: false dest_uuid: "852aac94489841898965421381b45c1b" is_pre_election: true
I20260630 12:17:04.133477 23097 leader_election.cc:304] T 532f7547cd7f4cc28180da69657d4986 P 852aac94489841898965421381b45c1b [CANDIDATE]: Term 2 pre-election: Election decided. Result: candidate won. Election summary: received 3 responses out of 3 voters: 2 yes votes; 1 no votes. yes voters: 852aac94489841898965421381b45c1b, f62400b8d745489d905e366495c380f2; no voters: 7ec92c569b2c42f6be16d513f063d4b1
I20260630 12:17:04.135953 22949 leader_election.cc:304] T 224ba2f119904b7a964d58a42582b3bb P f62400b8d745489d905e366495c380f2 [CANDIDATE]: Term 2 pre-election: Election decided. Result: candidate won. Election summary: received 3 responses out of 3 voters: 2 yes votes; 1 no votes. yes voters: 7ec92c569b2c42f6be16d513f063d4b1, f62400b8d745489d905e366495c380f2; no voters: 852aac94489841898965421381b45c1b
I20260630 12:17:04.137501 23352 raft_consensus.cc:2804] T 224ba2f119904b7a964d58a42582b3bb P f62400b8d745489d905e366495c380f2 [term 1 FOLLOWER]: Leader pre-election won for term 2
I20260630 12:17:04.137902 23352 raft_consensus.cc:493] T 224ba2f119904b7a964d58a42582b3bb P f62400b8d745489d905e366495c380f2 [term 1 FOLLOWER]: Starting leader election (detected failure of leader 852aac94489841898965421381b45c1b)
I20260630 12:17:04.138276 23352 raft_consensus.cc:3060] T 224ba2f119904b7a964d58a42582b3bb P f62400b8d745489d905e366495c380f2 [term 1 FOLLOWER]: Advancing to term 2
I20260630 12:17:04.140745 23413 raft_consensus.cc:2804] T 532f7547cd7f4cc28180da69657d4986 P 852aac94489841898965421381b45c1b [term 1 FOLLOWER]: Leader pre-election won for term 2
I20260630 12:17:04.141342 23413 raft_consensus.cc:493] T 532f7547cd7f4cc28180da69657d4986 P 852aac94489841898965421381b45c1b [term 1 FOLLOWER]: Starting leader election (detected failure of leader 7ec92c569b2c42f6be16d513f063d4b1)
I20260630 12:17:04.143427 23413 raft_consensus.cc:3060] T 532f7547cd7f4cc28180da69657d4986 P 852aac94489841898965421381b45c1b [term 1 FOLLOWER]: Advancing to term 2
I20260630 12:17:04.118681 23022 leader_election.cc:304] T da5f862b6983474e8039e4519236868d P 7ec92c569b2c42f6be16d513f063d4b1 [CANDIDATE]: Term 2 pre-election: Election decided. Result: candidate lost. Election summary: received 3 responses out of 3 voters: 1 yes votes; 2 no votes. yes voters: 7ec92c569b2c42f6be16d513f063d4b1; no voters: 852aac94489841898965421381b45c1b, f62400b8d745489d905e366495c380f2
I20260630 12:17:04.154750 22949 leader_election.cc:304] T 7f8ace4dff7f42d6875a0a90f73493ab P f62400b8d745489d905e366495c380f2 [CANDIDATE]: Term 2 pre-election: Election decided. Result: candidate won. Election summary: received 3 responses out of 3 voters: 2 yes votes; 1 no votes. yes voters: 7ec92c569b2c42f6be16d513f063d4b1, f62400b8d745489d905e366495c380f2; no voters: 852aac94489841898965421381b45c1b
I20260630 12:17:04.155198 23359 raft_consensus.cc:2749] T da5f862b6983474e8039e4519236868d P 7ec92c569b2c42f6be16d513f063d4b1 [term 1 FOLLOWER]: Leader pre-election lost for term 2. Reason: could not achieve majority
I20260630 12:17:04.155719 23366 raft_consensus.cc:2804] T 7f8ace4dff7f42d6875a0a90f73493ab P f62400b8d745489d905e366495c380f2 [term 1 FOLLOWER]: Leader pre-election won for term 2
I20260630 12:17:04.156160 22949 leader_election.cc:304] T da5f862b6983474e8039e4519236868d P f62400b8d745489d905e366495c380f2 [CANDIDATE]: Term 2 pre-election: Election decided. Result: candidate lost. Election summary: received 3 responses out of 3 voters: 1 yes votes; 2 no votes. yes voters: f62400b8d745489d905e366495c380f2; no voters: 7ec92c569b2c42f6be16d513f063d4b1, 852aac94489841898965421381b45c1b
I20260630 12:17:04.156219 23366 raft_consensus.cc:493] T 7f8ace4dff7f42d6875a0a90f73493ab P f62400b8d745489d905e366495c380f2 [term 1 FOLLOWER]: Starting leader election (detected failure of leader 852aac94489841898965421381b45c1b)
I20260630 12:17:04.129310 23412 raft_consensus.cc:515] T 9dcae1fcd8c3439f8998c801fc35e19f P 852aac94489841898965421381b45c1b [term 2 FOLLOWER]: Starting leader election with config: opid_index: -1 OBSOLETE_local: false peers { permanent_uuid: "7ec92c569b2c42f6be16d513f063d4b1" member_type: VOTER last_known_addr { host: "127.18.16.66" port: 44609 } } peers { permanent_uuid: "852aac94489841898965421381b45c1b" member_type: VOTER last_known_addr { host: "127.18.16.67" port: 34733 } } peers { permanent_uuid: "f62400b8d745489d905e366495c380f2" member_type: VOTER last_known_addr { host: "127.18.16.65" port: 39951 } }
I20260630 12:17:04.157116 23366 raft_consensus.cc:3060] T 7f8ace4dff7f42d6875a0a90f73493ab P f62400b8d745489d905e366495c380f2 [term 1 FOLLOWER]: Advancing to term 2
I20260630 12:17:03.709159 23390 rpcz_store.cc:276] 0630 12:17:01.665560 (+     0us) service_pool.cc:167] Inserting onto call queue
0630 12:17:01.666046 (+   486us) service_pool.cc:224] Handling call
0630 12:17:03.708207 (+2042161us) inbound_call.cc:177] Queueing success response
Related trace 'op':
0630 12:17:01.757717 (+     0us) write_op.cc:183] PREPARE: starting on tablet 532f7547cd7f4cc28180da69657d4986
0630 12:17:01.758233 (+   516us) write_op.cc:432] Acquiring schema lock in shared mode
0630 12:17:01.758265 (+    32us) write_op.cc:435] Acquired schema lock
0630 12:17:01.758281 (+    16us) tablet.cc:662] Decoding operations
0630 12:17:01.758787 (+   506us) write_op.cc:620] Acquiring the partition lock for write op
0630 12:17:01.758837 (+    50us) write_op.cc:641] Partition lock acquired for write op
0630 12:17:01.758866 (+    29us) tablet.cc:685] Acquiring locks for 6 operations
0630 12:17:01.759275 (+   409us) tablet.cc:701] Row locks acquired
0630 12:17:01.759293 (+    18us) write_op.cc:260] PREPARE: finished
0630 12:17:01.759476 (+   183us) write_op.cc:270] Start()
0630 12:17:01.759574 (+    98us) write_op.cc:276] Timestamp: P: 1782821821759426 usec, L: 0
0630 12:17:01.759597 (+    23us) op_driver.cc:348] REPLICATION: starting
0630 12:17:01.760209 (+   612us) log.cc:844] Serialized 571 byte log entry
0630 12:17:01.788242 (+ 28033us) spinlock_profiling.cc:243] Waited 10.8 ms on lock 0x7b18000c1060. stack: 00007fc1c6423983 00007fc1c6423880 00007fc1c5db31d4 000000000042d824 000000000042d7b9 00007fc1cf31bbf1 00007fc1cf328391 00007fc1c6455b62 00007fc1c6457e01 00007fc1c6457db9 00007fc1c6457d49 00007fc1c6457d11 00007fc1c645700d 000000000043f3c4 000000000043f209 00007fc1c6438e7a
0630 12:17:01.815600 (+ 27358us) spinlock_profiling.cc:243] Waited 13.6 ms on lock 0x7b18000c1060. stack: 00007fc1c6423983 00007fc1c6423880 00007fc1c5db31d4 000000000042d824 000000000042d7b9 00007fc1cf31bbf1 00007fc1cf328391 00007fc1c64238e6 00007fc1c6423880 00007fc1c5db31d4 000000000042d824 000000000042d7b9 00007fc1c94aa571 00007fc1c94ba142 00007fc1c949aeaa 00007fc1c94a1d53
0630 12:17:01.817782 (+  2182us) spinlock_profiling.cc:243] Waited 3.06 ms on lock 0x7b5400487720. stack: 00007fc1c6423983 00007fc1c6423880 00007fc1c5db31d4 000000000042d824 000000000042d7b9 00007fc1c94aa571 00007fc1c94ba142 00007fc1c949aeaa 00007fc1c94a1d53 00007fc1c94a1cd9 00007fc1c94a1c69 00007fc1c94a1c31 00007fc1c94a0dfd 000000000043f3c4 000000000043f209 00007fc1c6455ab5
0630 12:17:03.536982 (+1719200us) op_driver.cc:464] REPLICATION: finished
0630 12:17:03.551396 (+ 14414us) write_op.cc:301] APPLY: starting
0630 12:17:03.551485 (+    89us) tablet.cc:1367] starting BulkCheckPresence
0630 12:17:03.551648 (+   163us) tablet.cc:1370] finished BulkCheckPresence
0630 12:17:03.551666 (+    18us) tablet.cc:1372] starting ApplyRowOperation cycle
0630 12:17:03.552814 (+  1148us) tablet.cc:1383] finished ApplyRowOperation cycle
0630 12:17:03.601491 (+ 48677us) tablet_metrics.cc:581] ProbeStats: bloom_lookups=0,key_file_lookups=0,delta_file_lookups=0,mrs_lookups=0
0630 12:17:03.605539 (+  4048us) write_op.cc:312] APPLY: finished
0630 12:17:03.632241 (+ 26702us) log.cc:844] Serialized 52 byte log entry
0630 12:17:03.707515 (+ 75274us) write_op.cc:489] Releasing partition, row and schema locks
0630 12:17:03.707650 (+   135us) write_op.cc:454] Released schema lock
0630 12:17:03.707719 (+    69us) write_op.cc:341] FINISH: Updating metrics
Metrics: {"child_traces":[["op",{"apply.queue_time_us":14196,"mutex_wait_us":83994,"num_ops":6,"prepare.queue_time_us":90306,"prepare.run_cpu_time_us":2996,"prepare.run_wall_time_us":10364,"raft.queue_time_us":7385,"raft.run_cpu_time_us":5480,"raft.run_wall_time_us":54694,"replication_time_us":1777252,"spinlock_wait_cycles":63040000,"thread_start_us":89242,"threads_started":2,"wal-append.queue_time_us":133128}]]}
I20260630 12:17:04.156487 23022 leader_election.cc:304] T 8090c8ce22744ff2b78ce234094e909b P 7ec92c569b2c42f6be16d513f063d4b1 [CANDIDATE]: Term 2 pre-election: Election decided. Result: candidate lost. Election summary: received 3 responses out of 3 voters: 1 yes votes; 2 no votes. yes voters: 7ec92c569b2c42f6be16d513f063d4b1; no voters: 852aac94489841898965421381b45c1b, f62400b8d745489d905e366495c380f2
I20260630 12:17:04.187956 23405 raft_consensus.cc:515] T cdbb7b96b59e4b6fbfa4f424d3d52fa8 P 852aac94489841898965421381b45c1b [term 2 FOLLOWER]: Starting leader election with config: opid_index: -1 OBSOLETE_local: false peers { permanent_uuid: "f62400b8d745489d905e366495c380f2" member_type: VOTER last_known_addr { host: "127.18.16.65" port: 39951 } } peers { permanent_uuid: "7ec92c569b2c42f6be16d513f063d4b1" member_type: VOTER last_known_addr { host: "127.18.16.66" port: 44609 } } peers { permanent_uuid: "852aac94489841898965421381b45c1b" member_type: VOTER last_known_addr { host: "127.18.16.67" port: 34733 } }
I20260630 12:17:04.189376 23412 leader_election.cc:290] T 9dcae1fcd8c3439f8998c801fc35e19f P 852aac94489841898965421381b45c1b [CANDIDATE]: Term 2 election: Requested vote from peers 7ec92c569b2c42f6be16d513f063d4b1 (127.18.16.66:44609), f62400b8d745489d905e366495c380f2 (127.18.16.65:39951)
I20260630 12:17:04.190766 23405 leader_election.cc:290] T cdbb7b96b59e4b6fbfa4f424d3d52fa8 P 852aac94489841898965421381b45c1b [CANDIDATE]: Term 2 election: Requested vote from peers f62400b8d745489d905e366495c380f2 (127.18.16.65:39951), 7ec92c569b2c42f6be16d513f063d4b1 (127.18.16.66:44609)
I20260630 12:17:04.193959 22981 raft_consensus.cc:1240] T 43489627b4884fa0b6de623b35c9c7cc P f62400b8d745489d905e366495c380f2 [term 2 FOLLOWER]: Rejecting Update request from peer 852aac94489841898965421381b45c1b for earlier term 1. Current term is 2. Ops: [1.12-1.13]
I20260630 12:17:04.202857 22949 leader_election.cc:304] T d045de1307bd409780ae5b8cf786ea2d P f62400b8d745489d905e366495c380f2 [CANDIDATE]: Term 2 pre-election: Election decided. Result: candidate lost. Election summary: received 3 responses out of 3 voters: 1 yes votes; 2 no votes. yes voters: f62400b8d745489d905e366495c380f2; no voters: 7ec92c569b2c42f6be16d513f063d4b1, 852aac94489841898965421381b45c1b
W20260630 12:17:04.203043 23022 outbound_call.cc:321] RPC callback for RPC call kudu.consensus.ConsensusService.RequestConsensusVote -> {remote=127.18.16.65:39951, user_credentials={real_user=slave}} blocked reactor thread for 46650.7us
I20260630 12:17:04.204403 23386 raft_consensus.cc:2749] T 8090c8ce22744ff2b78ce234094e909b P 7ec92c569b2c42f6be16d513f063d4b1 [term 1 FOLLOWER]: Leader pre-election lost for term 2. Reason: could not achieve majority
I20260630 12:17:04.205348 23022 leader_election.cc:304] T 7f8ace4dff7f42d6875a0a90f73493ab P 7ec92c569b2c42f6be16d513f063d4b1 [CANDIDATE]: Term 2 pre-election: Election decided. Result: candidate lost. Election summary: received 3 responses out of 3 voters: 1 yes votes; 2 no votes. yes voters: 7ec92c569b2c42f6be16d513f063d4b1; no voters: 852aac94489841898965421381b45c1b, f62400b8d745489d905e366495c380f2
I20260630 12:17:04.205673 23292 rpcz_store.cc:275] Call kudu.tserver.TabletServerService.Write from 127.0.0.1:49330 (ReqId={client: f4a36361afe44c7a8432a82e4090d8b3, seq_no=110, attempt_no=0}) took 2511 ms. Trace:
I20260630 12:17:04.206545 22981 raft_consensus.cc:1240] T 8090c8ce22744ff2b78ce234094e909b P f62400b8d745489d905e366495c380f2 [term 2 FOLLOWER]: Rejecting Update request from peer 852aac94489841898965421381b45c1b for earlier term 1. Current term is 2. Ops: [1.12-1.14]
I20260630 12:17:04.207508 23219 raft_consensus.cc:2749] T 7f8ace4dff7f42d6875a0a90f73493ab P 7ec92c569b2c42f6be16d513f063d4b1 [term 1 FOLLOWER]: Leader pre-election lost for term 2. Reason: could not achieve majority
I20260630 12:17:04.207624 23408 raft_consensus.cc:515] T 81ea3c8081eb4883a2debc02ed04026f P 852aac94489841898965421381b45c1b [term 2 FOLLOWER]: Starting leader election with config: opid_index: -1 OBSOLETE_local: false peers { permanent_uuid: "f62400b8d745489d905e366495c380f2" member_type: VOTER last_known_addr { host: "127.18.16.65" port: 39951 } } peers { permanent_uuid: "7ec92c569b2c42f6be16d513f063d4b1" member_type: VOTER last_known_addr { host: "127.18.16.66" port: 44609 } } peers { permanent_uuid: "852aac94489841898965421381b45c1b" member_type: VOTER last_known_addr { host: "127.18.16.67" port: 34733 } }
I20260630 12:17:04.210191 23128 raft_consensus.cc:1240] T 81ea3c8081eb4883a2debc02ed04026f P 852aac94489841898965421381b45c1b [term 2 FOLLOWER]: Rejecting Update request from peer 7ec92c569b2c42f6be16d513f063d4b1 for earlier term 1. Current term is 2. Ops: [1.12-1.12]
I20260630 12:17:04.213178 23132 tablet_service.cc:1917] Received RequestConsensusVote() RPC: tablet_id: "532f7547cd7f4cc28180da69657d4986" candidate_uuid: "f62400b8d745489d905e366495c380f2" candidate_term: 2 candidate_status { last_received { term: 1 index: 9 } } ignore_live_leader: false dest_uuid: "852aac94489841898965421381b45c1b" is_pre_election: true
I20260630 12:17:04.225066 23058 tablet_service.cc:1917] Received RequestConsensusVote() RPC: tablet_id: "9dcae1fcd8c3439f8998c801fc35e19f" candidate_uuid: "852aac94489841898965421381b45c1b" candidate_term: 2 candidate_status { last_received { term: 1 index: 12 } } ignore_live_leader: false dest_uuid: "7ec92c569b2c42f6be16d513f063d4b1"
I20260630 12:17:04.192310 23366 raft_consensus.cc:515] T 7f8ace4dff7f42d6875a0a90f73493ab P f62400b8d745489d905e366495c380f2 [term 2 FOLLOWER]: Starting leader election with config: opid_index: -1 OBSOLETE_local: false peers { permanent_uuid: "f62400b8d745489d905e366495c380f2" member_type: VOTER last_known_addr { host: "127.18.16.65" port: 39951 } } peers { permanent_uuid: "7ec92c569b2c42f6be16d513f063d4b1" member_type: VOTER last_known_addr { host: "127.18.16.66" port: 44609 } } peers { permanent_uuid: "852aac94489841898965421381b45c1b" member_type: VOTER last_known_addr { host: "127.18.16.67" port: 34733 } }
I20260630 12:17:04.226615 22976 raft_consensus.cc:1240] T 7f8ace4dff7f42d6875a0a90f73493ab P f62400b8d745489d905e366495c380f2 [term 2 FOLLOWER]: Rejecting Update request from peer 852aac94489841898965421381b45c1b for earlier term 1. Current term is 2. Ops: [1.11-1.13]
I20260630 12:17:04.226718 23058 tablet_service.cc:1917] Received RequestConsensusVote() RPC: tablet_id: "cdbb7b96b59e4b6fbfa4f424d3d52fa8" candidate_uuid: "852aac94489841898965421381b45c1b" candidate_term: 2 candidate_status { last_received { term: 1 index: 11 } } ignore_live_leader: false dest_uuid: "7ec92c569b2c42f6be16d513f063d4b1"
I20260630 12:17:04.206182 23292 rpcz_store.cc:276] 0630 12:17:01.694102 (+     0us) service_pool.cc:167] Inserting onto call queue
0630 12:17:01.694221 (+   119us) service_pool.cc:224] Handling call
0630 12:17:04.205610 (+2511389us) inbound_call.cc:177] Queueing success response
Related trace 'op':
0630 12:17:01.700308 (+     0us) write_op.cc:183] PREPARE: starting on tablet da5f862b6983474e8039e4519236868d
0630 12:17:01.700801 (+   493us) write_op.cc:432] Acquiring schema lock in shared mode
0630 12:17:01.700834 (+    33us) write_op.cc:435] Acquired schema lock
0630 12:17:01.700849 (+    15us) tablet.cc:662] Decoding operations
0630 12:17:01.701125 (+   276us) write_op.cc:620] Acquiring the partition lock for write op
0630 12:17:01.701174 (+    49us) write_op.cc:641] Partition lock acquired for write op
0630 12:17:01.701199 (+    25us) tablet.cc:685] Acquiring locks for 1 operations
0630 12:17:01.701350 (+   151us) tablet.cc:701] Row locks acquired
0630 12:17:01.701363 (+    13us) write_op.cc:260] PREPARE: finished
0630 12:17:01.701511 (+   148us) write_op.cc:270] Start()
0630 12:17:01.701599 (+    88us) write_op.cc:276] Timestamp: P: 1782821821701478 usec, L: 0
0630 12:17:01.701618 (+    19us) op_driver.cc:348] REPLICATION: starting
0630 12:17:01.702153 (+   535us) log.cc:844] Serialized 354 byte log entry
0630 12:17:04.139640 (+2437487us) op_driver.cc:464] REPLICATION: finished
0630 12:17:04.149018 (+  9378us) write_op.cc:301] APPLY: starting
0630 12:17:04.152970 (+  3952us) tablet.cc:1367] starting BulkCheckPresence
0630 12:17:04.157273 (+  4303us) tablet.cc:1370] finished BulkCheckPresence
0630 12:17:04.159431 (+  2158us) tablet.cc:1372] starting ApplyRowOperation cycle
0630 12:17:04.178023 (+ 18592us) tablet.cc:1383] finished ApplyRowOperation cycle
0630 12:17:04.181787 (+  3764us) tablet_metrics.cc:581] ProbeStats: bloom_lookups=0,key_file_lookups=0,delta_file_lookups=0,mrs_lookups=0
0630 12:17:04.185362 (+  3575us) write_op.cc:312] APPLY: finished
0630 12:17:04.202176 (+ 16814us) log.cc:844] Serialized 22 byte log entry
0630 12:17:04.205060 (+  2884us) write_op.cc:489] Releasing partition, row and schema locks
0630 12:17:04.205134 (+    74us) write_op.cc:454] Released schema lock
0630 12:17:04.205175 (+    41us) write_op.cc:341] FINISH: Updating metrics
Metrics: {"child_traces":[["op",{"apply.queue_time_us":319,"num_ops":1,"prepare.queue_time_us":4754,"prepare.run_cpu_time_us":2102,"prepare.run_wall_time_us":2102,"replication_time_us":2437891}]]}
I20260630 12:17:04.228662 23366 leader_election.cc:290] T 7f8ace4dff7f42d6875a0a90f73493ab P f62400b8d745489d905e366495c380f2 [CANDIDATE]: Term 2 election: Requested vote from peers 7ec92c569b2c42f6be16d513f063d4b1 (127.18.16.66:44609), 852aac94489841898965421381b45c1b (127.18.16.67:34733)
I20260630 12:17:04.229522 23408 leader_election.cc:290] T 81ea3c8081eb4883a2debc02ed04026f P 852aac94489841898965421381b45c1b [CANDIDATE]: Term 2 election: Requested vote from peers f62400b8d745489d905e366495c380f2 (127.18.16.65:39951), 7ec92c569b2c42f6be16d513f063d4b1 (127.18.16.66:44609)
W20260630 12:17:04.230971 23418 log.cc:927] Time spent T 532f7547cd7f4cc28180da69657d4986 P f62400b8d745489d905e366495c380f2: Append to log took a long time: real 0.055s	user 0.001s	sys 0.000s
I20260630 12:17:04.236018 23352 raft_consensus.cc:515] T 224ba2f119904b7a964d58a42582b3bb P f62400b8d745489d905e366495c380f2 [term 2 FOLLOWER]: Starting leader election with config: opid_index: -1 OBSOLETE_local: false peers { permanent_uuid: "f62400b8d745489d905e366495c380f2" member_type: VOTER last_known_addr { host: "127.18.16.65" port: 39951 } } peers { permanent_uuid: "7ec92c569b2c42f6be16d513f063d4b1" member_type: VOTER last_known_addr { host: "127.18.16.66" port: 44609 } } peers { permanent_uuid: "852aac94489841898965421381b45c1b" member_type: VOTER last_known_addr { host: "127.18.16.67" port: 34733 } }
I20260630 12:17:04.233247 23390 rpcz_store.cc:275] Call kudu.tserver.TabletServerService.Write from 127.0.0.1:53408 (ReqId={client: f4a36361afe44c7a8432a82e4090d8b3, seq_no=116, attempt_no=0}) took 2430 ms. Trace:
I20260630 12:17:04.204524 23424 rpcz_store.cc:275] Call kudu.tserver.TabletServerService.Write from 127.0.0.1:49330 (ReqId={client: f4a36361afe44c7a8432a82e4090d8b3, seq_no=115, attempt_no=0}) took 2486 ms. Trace:
I20260630 12:17:04.244186 23132 tablet_service.cc:1917] Received RequestConsensusVote() RPC: tablet_id: "43489627b4884fa0b6de623b35c9c7cc" candidate_uuid: "f62400b8d745489d905e366495c380f2" candidate_term: 2 candidate_status { last_received { term: 1 index: 11 } } ignore_live_leader: false dest_uuid: "852aac94489841898965421381b45c1b"
I20260630 12:17:04.247769 23352 leader_election.cc:290] T 224ba2f119904b7a964d58a42582b3bb P f62400b8d745489d905e366495c380f2 [CANDIDATE]: Term 2 election: Requested vote from peers 7ec92c569b2c42f6be16d513f063d4b1 (127.18.16.66:44609), 852aac94489841898965421381b45c1b (127.18.16.67:34733)
I20260630 12:17:04.241345 23128 tablet_service.cc:1917] Received RequestConsensusVote() RPC: tablet_id: "8090c8ce22744ff2b78ce234094e909b" candidate_uuid: "f62400b8d745489d905e366495c380f2" candidate_term: 2 candidate_status { last_received { term: 1 index: 11 } } ignore_live_leader: false dest_uuid: "852aac94489841898965421381b45c1b"
I20260630 12:17:04.249236 22976 raft_consensus.cc:1240] T 224ba2f119904b7a964d58a42582b3bb P f62400b8d745489d905e366495c380f2 [term 2 FOLLOWER]: Rejecting Update request from peer 852aac94489841898965421381b45c1b for earlier term 1. Current term is 2. Ops: [1.10-1.12]
I20260630 12:17:04.240029 23425 raft_consensus.cc:2749] T da5f862b6983474e8039e4519236868d P f62400b8d745489d905e366495c380f2 [term 1 FOLLOWER]: Leader pre-election lost for term 2. Reason: could not achieve majority
I20260630 12:17:04.252426 23352 raft_consensus.cc:2749] T d045de1307bd409780ae5b8cf786ea2d P f62400b8d745489d905e366495c380f2 [term 1 FOLLOWER]: Leader pre-election lost for term 2. Reason: could not achieve majority
I20260630 12:17:04.258551 23049 tablet_service.cc:1917] Received RequestConsensusVote() RPC: tablet_id: "81ea3c8081eb4883a2debc02ed04026f" candidate_uuid: "852aac94489841898965421381b45c1b" candidate_term: 2 candidate_status { last_received { term: 1 index: 11 } } ignore_live_leader: false dest_uuid: "7ec92c569b2c42f6be16d513f063d4b1"
I20260630 12:17:04.223327 23021 leader_election.cc:304] T d045de1307bd409780ae5b8cf786ea2d P 7ec92c569b2c42f6be16d513f063d4b1 [CANDIDATE]: Term 2 pre-election: Election decided. Result: candidate lost. Election summary: received 3 responses out of 3 voters: 1 yes votes; 2 no votes. yes voters: 7ec92c569b2c42f6be16d513f063d4b1; no voters: 852aac94489841898965421381b45c1b, f62400b8d745489d905e366495c380f2
I20260630 12:17:04.265025 23219 raft_consensus.cc:2749] T d045de1307bd409780ae5b8cf786ea2d P 7ec92c569b2c42f6be16d513f063d4b1 [term 1 FOLLOWER]: Leader pre-election lost for term 2. Reason: could not achieve majority
W20260630 12:17:04.265215 23021 outbound_call.cc:321] RPC callback for RPC call kudu.consensus.ConsensusService.RequestConsensusVote -> {remote=127.18.16.67:34733, user_credentials={real_user=slave}} blocked reactor thread for 53772.5us
I20260630 12:17:04.266410 23021 leader_election.cc:304] T 224ba2f119904b7a964d58a42582b3bb P 7ec92c569b2c42f6be16d513f063d4b1 [CANDIDATE]: Term 2 pre-election: Election decided. Result: candidate lost. Election summary: received 3 responses out of 3 voters: 1 yes votes; 2 no votes. yes voters: 7ec92c569b2c42f6be16d513f063d4b1; no voters: 852aac94489841898965421381b45c1b, f62400b8d745489d905e366495c380f2
I20260630 12:17:04.267231 23359 raft_consensus.cc:2749] T 224ba2f119904b7a964d58a42582b3bb P 7ec92c569b2c42f6be16d513f063d4b1 [term 1 FOLLOWER]: Leader pre-election lost for term 2. Reason: could not achieve majority
I20260630 12:17:04.267876 23359 consensus_queue.cc:1059] T 81ea3c8081eb4883a2debc02ed04026f P 7ec92c569b2c42f6be16d513f063d4b1 [LEADER]: Peer responded invalid term: Peer: permanent_uuid: "852aac94489841898965421381b45c1b" member_type: VOTER last_known_addr { host: "127.18.16.67" port: 34733 }, Status: INVALID_TERM, Last received: 1.11, Next index: 12, Last known committed idx: 10, Time since last communication: 0.000s
I20260630 12:17:04.268608 23359 raft_consensus.cc:3055] T 81ea3c8081eb4883a2debc02ed04026f P 7ec92c569b2c42f6be16d513f063d4b1 [term 1 LEADER]: Stepping down as leader of term 1
I20260630 12:17:04.268927 23359 raft_consensus.cc:740] T 81ea3c8081eb4883a2debc02ed04026f P 7ec92c569b2c42f6be16d513f063d4b1 [term 1 LEADER]: Becoming Follower/Learner. State: Replica: 7ec92c569b2c42f6be16d513f063d4b1, State: Running, Role: LEADER
I20260630 12:17:04.269711 23359 consensus_queue.cc:260] T 81ea3c8081eb4883a2debc02ed04026f P 7ec92c569b2c42f6be16d513f063d4b1 [NON_LEADER]: Queue going to NON_LEADER mode. State: All replicated index: 0, Majority replicated index: 11, Committed index: 11, Last appended: 1.14, Last appended by leader: 14, Current term: 1, Majority size: -1, State: 0, Mode: NON_LEADER, active raft config: opid_index: -1 OBSOLETE_local: false peers { permanent_uuid: "f62400b8d745489d905e366495c380f2" member_type: VOTER last_known_addr { host: "127.18.16.65" port: 39951 } } peers { permanent_uuid: "7ec92c569b2c42f6be16d513f063d4b1" member_type: VOTER last_known_addr { host: "127.18.16.66" port: 44609 } } peers { permanent_uuid: "852aac94489841898965421381b45c1b" member_type: VOTER last_known_addr { host: "127.18.16.67" port: 34733 } }
I20260630 12:17:04.271044 23359 raft_consensus.cc:3060] T 81ea3c8081eb4883a2debc02ed04026f P 7ec92c569b2c42f6be16d513f063d4b1 [term 1 FOLLOWER]: Advancing to term 2
W20260630 12:17:04.235025 22946 outbound_call.cc:321] RPC callback for RPC call kudu.consensus.ConsensusService.UpdateConsensus -> {remote=127.18.16.67:34733, user_credentials={real_user=slave}} blocked reactor thread for 74348.3us
I20260630 12:17:04.278128 23128 raft_consensus.cc:1240] T 9dcae1fcd8c3439f8998c801fc35e19f P 852aac94489841898965421381b45c1b [term 2 FOLLOWER]: Rejecting Update request from peer 7ec92c569b2c42f6be16d513f063d4b1 for earlier term 1. Current term is 2. Ops: [1.13-1.14]
I20260630 12:17:04.279829 23367 rpcz_store.cc:275] Call kudu.tserver.TabletServerService.Write from 127.0.0.1:53408 (ReqId={client: f4a36361afe44c7a8432a82e4090d8b3, seq_no=117, attempt_no=0}) took 2474 ms. Trace:
I20260630 12:17:04.280194 23219 consensus_queue.cc:1059] T 9dcae1fcd8c3439f8998c801fc35e19f P 7ec92c569b2c42f6be16d513f063d4b1 [LEADER]: Peer responded invalid term: Peer: permanent_uuid: "852aac94489841898965421381b45c1b" member_type: VOTER last_known_addr { host: "127.18.16.67" port: 34733 }, Status: INVALID_TERM, Last received: 1.12, Next index: 13, Last known committed idx: 11, Time since last communication: 0.000s
I20260630 12:17:04.280306 22982 tablet_service.cc:1917] Received RequestConsensusVote() RPC: tablet_id: "9dcae1fcd8c3439f8998c801fc35e19f" candidate_uuid: "852aac94489841898965421381b45c1b" candidate_term: 2 candidate_status { last_received { term: 1 index: 12 } } ignore_live_leader: false dest_uuid: "f62400b8d745489d905e366495c380f2"
I20260630 12:17:04.281057 23219 raft_consensus.cc:3055] T 9dcae1fcd8c3439f8998c801fc35e19f P 7ec92c569b2c42f6be16d513f063d4b1 [term 1 LEADER]: Stepping down as leader of term 1
I20260630 12:17:04.280159 23049 tablet_service.cc:1917] Received RequestConsensusVote() RPC: tablet_id: "43489627b4884fa0b6de623b35c9c7cc" candidate_uuid: "f62400b8d745489d905e366495c380f2" candidate_term: 2 candidate_status { last_received { term: 1 index: 11 } } ignore_live_leader: false dest_uuid: "7ec92c569b2c42f6be16d513f063d4b1"
I20260630 12:17:04.280323 23367 rpcz_store.cc:276] 0630 12:17:01.805414 (+     0us) service_pool.cc:167] Inserting onto call queue
0630 12:17:01.807027 (+  1613us) service_pool.cc:224] Handling call
0630 12:17:04.279735 (+2472708us) inbound_call.cc:177] Queueing success response
Related trace 'op':
0630 12:17:01.816139 (+     0us) write_op.cc:183] PREPARE: starting on tablet 532f7547cd7f4cc28180da69657d4986
0630 12:17:01.817821 (+  1682us) write_op.cc:432] Acquiring schema lock in shared mode
0630 12:17:01.817867 (+    46us) write_op.cc:435] Acquired schema lock
0630 12:17:01.817910 (+    43us) tablet.cc:662] Decoding operations
0630 12:17:01.818423 (+   513us) write_op.cc:620] Acquiring the partition lock for write op
0630 12:17:01.818491 (+    68us) write_op.cc:641] Partition lock acquired for write op
0630 12:17:01.818531 (+    40us) tablet.cc:685] Acquiring locks for 4 operations
0630 12:17:01.818989 (+   458us) tablet.cc:701] Row locks acquired
0630 12:17:01.819009 (+    20us) write_op.cc:260] PREPARE: finished
0630 12:17:01.819272 (+   263us) write_op.cc:270] Start()
0630 12:17:01.819404 (+   132us) write_op.cc:276] Timestamp: P: 1782821821819199 usec, L: 0
0630 12:17:01.819433 (+    29us) op_driver.cc:348] REPLICATION: starting
0630 12:17:01.820099 (+   666us) log.cc:844] Serialized 484 byte log entry
0630 12:17:04.277179 (+2457080us) op_driver.cc:464] REPLICATION: finished
0630 12:17:04.277476 (+   297us) write_op.cc:301] APPLY: starting
