I20260630 12:16:12.717027 20956 catalog_manager.cc:5697] T b4c6ce6f24e947099dfca890d21754f1 P 46e265cf88274dd6ac398349754d8d3b reported cstate change: term changed from 0 to 1, leader changed from <none> to 46e265cf88274dd6ac398349754d8d3b (127.17.174.193). New cstate: current_term: 1 leader_uuid: "46e265cf88274dd6ac398349754d8d3b" committed_config { opid_index: -1 OBSOLETE_local: false peers { permanent_uuid: "166e4234e15c4e1e820ceb22a1e98ecf" member_type: VOTER last_known_addr { host: "127.17.174.194" port: 43669 } health_report { overall_health: UNKNOWN } } peers { permanent_uuid: "46e265cf88274dd6ac398349754d8d3b" member_type: VOTER last_known_addr { host: "127.17.174.193" port: 38735 } health_report { overall_health: HEALTHY } } peers { permanent_uuid: "b2d15d2b415c4160bada43ef835d5364" member_type: VOTER last_known_addr { host: "127.17.174.195" port: 44929 } health_report { overall_health: UNKNOWN } } }
I20260630 12:16:12.816658 18107 file_cache.cc:492] Constructed file cache file cache with capacity 419430
W20260630 12:16:12.822136 21315 instance_detector.cc:116] could not retrieve AWS instance metadata: Network error: curl error: HTTP response code said error: The requested URL returned error: 404
W20260630 12:16:12.823179 21316 instance_detector.cc:116] could not retrieve Azure instance metadata: Network error: curl error: HTTP response code said error: The requested URL returned error: 404
W20260630 12:16:12.824402 21318 instance_detector.cc:116] could not retrieve OpenStack instance metadata: Network error: curl error: HTTP response code said error: The requested URL returned error: 404
I20260630 12:16:12.824555 18107 server_base.cc:1061] running on GCE node
I20260630 12:16:12.825546 18107 hybrid_clock.cc:584] initializing the hybrid clock with 'system_unsync' time source
W20260630 12:16:12.825783 18107 system_unsync_time.cc:38] NTP support is disabled. Clock error bounds will not be accurate. This configuration is not suitable for distributed clusters.
I20260630 12:16:12.825971 18107 hybrid_clock.cc:648] HybridClock initialized: now 1782821772825951 us; error 0 us; skew 500 ppm
I20260630 12:16:12.826558 18107 server_base.cc:861] Flag tcmalloc_max_total_thread_cache_bytes is not working since tcmalloc is not enabled.
I20260630 12:16:12.828807 18107 webserver.cc:533] Webserver started at http://127.17.174.196:38649/ using document root <none> and password file <none>
I20260630 12:16:12.829301 18107 fs_manager.cc:362] Metadata directory not provided
I20260630 12:16:12.829514 18107 fs_manager.cc:368] Using write-ahead log directory (fs_wal_dir) as metadata directory
I20260630 12:16:12.829795 18107 server_base.cc:909] This appears to be a new deployment of Kudu; creating new FS layout
I20260630 12:16:12.830857 18107 fs_manager.cc:1068] Generated new instance metadata in path /tmp/dist-test-taskHX7JQ4/test-tmp/auto_rebalancer-test.0.AutoRebalancerTest.RangeAwareRebalancesNewRangeReplicas.1782821689048060-18107-0/minicluster-data/ts-3-root/instance:
uuid: "81ba2c05254a440dac47d1eb24f9f4e4"
format_stamp: "Formatted at 2026-06-30 12:16:12 on dist-test-slave-cbkb"
I20260630 12:16:12.835112 18107 fs_manager.cc:696] Time spent creating directory manager: real 0.004s	user 0.003s	sys 0.002s
I20260630 12:16:12.838186 21323 log_block_manager.cc:4031] Time spent loading block containers with low live blocks: real 0.000s	user 0.000s	sys 0.000s
I20260630 12:16:12.838887 18107 fs_manager.cc:730] Time spent opening block manager: real 0.002s	user 0.001s	sys 0.000s
I20260630 12:16:12.839187 18107 fs_manager.cc:647] Opened local filesystem: /tmp/dist-test-taskHX7JQ4/test-tmp/auto_rebalancer-test.0.AutoRebalancerTest.RangeAwareRebalancesNewRangeReplicas.1782821689048060-18107-0/minicluster-data/ts-3-root
uuid: "81ba2c05254a440dac47d1eb24f9f4e4"
format_stamp: "Formatted at 2026-06-30 12:16:12 on dist-test-slave-cbkb"
I20260630 12:16:12.839474 18107 fs_report.cc:389] FS layout report
--------------------
wal directory: /tmp/dist-test-taskHX7JQ4/test-tmp/auto_rebalancer-test.0.AutoRebalancerTest.RangeAwareRebalancesNewRangeReplicas.1782821689048060-18107-0/minicluster-data/ts-3-root
metadata directory: /tmp/dist-test-taskHX7JQ4/test-tmp/auto_rebalancer-test.0.AutoRebalancerTest.RangeAwareRebalancesNewRangeReplicas.1782821689048060-18107-0/minicluster-data/ts-3-root
1 data directories: /tmp/dist-test-taskHX7JQ4/test-tmp/auto_rebalancer-test.0.AutoRebalancerTest.RangeAwareRebalancesNewRangeReplicas.1782821689048060-18107-0/minicluster-data/ts-3-root/data
Total live blocks: 0
Total live bytes: 0
Total live bytes (after alignment): 0
Total number of LBM containers: 0 (0 full)
Did not check for missing blocks
Did not check for orphaned blocks
Total full LBM containers with extra space: 0 (0 repaired)
Total full LBM container extra space in bytes: 0 (0 repaired)
Total incomplete LBM containers: 0 (0 repaired)
Total LBM partial records: 0 (0 repaired)
Total corrupted LBM metadata records in RocksDB: 0 (0 repaired)
I20260630 12:16:12.851536 21262 consensus_queue.cc:1048] T 6248765a164647118a0bbd9e2052019a P 166e4234e15c4e1e820ceb22a1e98ecf [LEADER]: Connected to new peer: Peer: permanent_uuid: "46e265cf88274dd6ac398349754d8d3b" member_type: VOTER last_known_addr { host: "127.17.174.193" port: 38735 }, Status: LMP_MISMATCH, Last received: 0.0, Next index: 1, Last known committed idx: 0, Time since last communication: 0.000s
I20260630 12:16:12.862406 21294 raft_consensus.cc:493] T 3b0f2f4a52504f41b7f2c2d807dd8262 P 166e4234e15c4e1e820ceb22a1e98ecf [term 0 FOLLOWER]: Starting pre-election (no leader contacted us within the election timeout)
I20260630 12:16:12.862856 21294 raft_consensus.cc:515] T 3b0f2f4a52504f41b7f2c2d807dd8262 P 166e4234e15c4e1e820ceb22a1e98ecf [term 0 FOLLOWER]: Starting pre-election with config: opid_index: -1 OBSOLETE_local: false peers { permanent_uuid: "46e265cf88274dd6ac398349754d8d3b" member_type: VOTER last_known_addr { host: "127.17.174.193" port: 38735 } } peers { permanent_uuid: "166e4234e15c4e1e820ceb22a1e98ecf" member_type: VOTER last_known_addr { host: "127.17.174.194" port: 43669 } } peers { permanent_uuid: "b2d15d2b415c4160bada43ef835d5364" member_type: VOTER last_known_addr { host: "127.17.174.195" port: 44929 } }
I20260630 12:16:12.864920 21294 leader_election.cc:290] T 3b0f2f4a52504f41b7f2c2d807dd8262 P 166e4234e15c4e1e820ceb22a1e98ecf [CANDIDATE]: Term 1 pre-election: Requested pre-vote from peers 46e265cf88274dd6ac398349754d8d3b (127.17.174.193:38735), b2d15d2b415c4160bada43ef835d5364 (127.17.174.195:44929)
I20260630 12:16:12.865628 21060 tablet_service.cc:1917] Received RequestConsensusVote() RPC: tablet_id: "3b0f2f4a52504f41b7f2c2d807dd8262" candidate_uuid: "166e4234e15c4e1e820ceb22a1e98ecf" candidate_term: 1 candidate_status { last_received { term: 0 index: 0 } } ignore_live_leader: false dest_uuid: "46e265cf88274dd6ac398349754d8d3b" is_pre_election: true
I20260630 12:16:12.866396 21060 raft_consensus.cc:2393] T 3b0f2f4a52504f41b7f2c2d807dd8262 P 46e265cf88274dd6ac398349754d8d3b [term 1 FOLLOWER]: Leader pre-election vote request: Denying vote to candidate 166e4234e15c4e1e820ceb22a1e98ecf in current term 1: Already voted for candidate b2d15d2b415c4160bada43ef835d5364 in this term.
I20260630 12:16:12.866637 21208 tablet_service.cc:1917] Received RequestConsensusVote() RPC: tablet_id: "3b0f2f4a52504f41b7f2c2d807dd8262" candidate_uuid: "166e4234e15c4e1e820ceb22a1e98ecf" candidate_term: 1 candidate_status { last_received { term: 0 index: 0 } } ignore_live_leader: false dest_uuid: "b2d15d2b415c4160bada43ef835d5364" is_pre_election: true
I20260630 12:16:12.868350 21099 leader_election.cc:304] T 3b0f2f4a52504f41b7f2c2d807dd8262 P 166e4234e15c4e1e820ceb22a1e98ecf [CANDIDATE]: Term 1 pre-election: Election decided. Result: candidate lost. Election summary: received 3 responses out of 3 voters: 1 yes votes; 2 no votes. yes voters: 166e4234e15c4e1e820ceb22a1e98ecf; no voters: 46e265cf88274dd6ac398349754d8d3b, b2d15d2b415c4160bada43ef835d5364
I20260630 12:16:12.869546 21294 raft_consensus.cc:3060] T 3b0f2f4a52504f41b7f2c2d807dd8262 P 166e4234e15c4e1e820ceb22a1e98ecf [term 0 FOLLOWER]: Advancing to term 1
I20260630 12:16:12.875209 21294 raft_consensus.cc:2749] T 3b0f2f4a52504f41b7f2c2d807dd8262 P 166e4234e15c4e1e820ceb22a1e98ecf [term 1 FOLLOWER]: Leader pre-election lost for term 1. Reason: could not achieve majority
I20260630 12:16:12.879136 21294 consensus_queue.cc:1048] T 6248765a164647118a0bbd9e2052019a P 166e4234e15c4e1e820ceb22a1e98ecf [LEADER]: Connected to new peer: Peer: permanent_uuid: "b2d15d2b415c4160bada43ef835d5364" member_type: VOTER last_known_addr { host: "127.17.174.195" port: 44929 }, Status: LMP_MISMATCH, Last received: 0.0, Next index: 1, Last known committed idx: 0, Time since last communication: 0.000s
I20260630 12:16:12.889565 18107 rpc_server.cc:225] running with OpenSSL 1.1.1  11 Sep 2018
I20260630 12:16:12.891168 18107 kserver.cc:163] Server-wide thread pool size limit: 3276
I20260630 12:16:12.892737 18107 txn_system_client.cc:432] TxnSystemClient initialization is disabled...
I20260630 12:16:12.895426 18107 ts_tablet_manager.cc:585] Loaded tablet metadata (0 total tablets, 0 live tablets)
I20260630 12:16:12.895713 18107 ts_tablet_manager.cc:531] Time spent load tablet metadata: real 0.000s	user 0.001s	sys 0.000s
I20260630 12:16:12.896003 18107 ts_tablet_manager.cc:616] Registered 0 tablets
I20260630 12:16:12.896158 18107 ts_tablet_manager.cc:595] Time spent register tablets: real 0.000s	user 0.000s	sys 0.000s
I20260630 12:16:12.934796 18107 rpc_server.cc:307] RPC server started. Bound to: 127.17.174.196:41227
I20260630 12:16:12.934923 21390 acceptor_pool.cc:272] collecting diagnostics on the listening RPC socket 127.17.174.196:41227 every 8 connection(s)
I20260630 12:16:12.936512 21290 consensus_queue.cc:1048] T 3b9ed1eb428b4dd1b8362b7e54f51ab1 P 46e265cf88274dd6ac398349754d8d3b [LEADER]: Connected to new peer: Peer: permanent_uuid: "166e4234e15c4e1e820ceb22a1e98ecf" member_type: VOTER last_known_addr { host: "127.17.174.194" port: 43669 }, Status: LMP_MISMATCH, Last received: 0.0, Next index: 1, Last known committed idx: 0, Time since last communication: 0.000s
I20260630 12:16:12.941452 20956 catalog_manager.cc:3570] Servicing AlterTable request from {username='slave'} at 127.0.0.1:35280:
table { table_name: "range_aware_rebalance_new_range" } alter_schema_steps { type: ADD_RANGE_PARTITION add_range_partition { range_bounds { rows: "\006\001\n\000\000\000\007\001\024\000\000\000""\006\001\n\000\000\000\007\001\024\000\000\000" indirect_data: """" } } } schema { columns { name: "key" type: INT32 is_key: true is_nullable: false encoding: AUTO_ENCODING compression: DEFAULT_COMPRESSION cfile_block_size: 0 immutable: false } } modify_external_catalogs: true
I20260630 12:16:12.951399 21276 consensus_queue.cc:1048] T 3b9ed1eb428b4dd1b8362b7e54f51ab1 P 46e265cf88274dd6ac398349754d8d3b [LEADER]: Connected to new peer: Peer: permanent_uuid: "b2d15d2b415c4160bada43ef835d5364" member_type: VOTER last_known_addr { host: "127.17.174.195" port: 44929 }, Status: LMP_MISMATCH, Last received: 0.0, Next index: 1, Last known committed idx: 0, Time since last communication: 0.000s
I20260630 12:16:12.956596 21391 heartbeater.cc:344] Connected to a master server at 127.17.174.254:36913
I20260630 12:16:12.956996 21391 heartbeater.cc:461] Registering TS with master...
I20260630 12:16:12.957967 21391 heartbeater.cc:507] Master 127.17.174.254:36913 requested a full tablet report, sending...
I20260630 12:16:12.960266 20955 ts_manager.cc:194] Registered new tserver with Master: 81ba2c05254a440dac47d1eb24f9f4e4 (127.17.174.196:41227)
I20260630 12:16:12.962015 20955 master_service.cc:502] Signed X509 certificate for tserver {username='slave'} at 127.0.0.1:35294
I20260630 12:16:12.963727 21278 consensus_queue.cc:1048] T 3b0f2f4a52504f41b7f2c2d807dd8262 P b2d15d2b415c4160bada43ef835d5364 [LEADER]: Connected to new peer: Peer: permanent_uuid: "166e4234e15c4e1e820ceb22a1e98ecf" member_type: VOTER last_known_addr { host: "127.17.174.194" port: 43669 }, Status: LMP_MISMATCH, Last received: 0.0, Next index: 1, Last known committed idx: 0, Time since last communication: 0.000s
I20260630 12:16:12.973850 21298 consensus_queue.cc:1048] T 3b0f2f4a52504f41b7f2c2d807dd8262 P b2d15d2b415c4160bada43ef835d5364 [LEADER]: Connected to new peer: Peer: permanent_uuid: "46e265cf88274dd6ac398349754d8d3b" member_type: VOTER last_known_addr { host: "127.17.174.193" port: 38735 }, Status: LMP_MISMATCH, Last received: 0.0, Next index: 1, Last known committed idx: 0, Time since last communication: 0.000s
W20260630 12:16:12.981654 20956 catalog_manager.cc:5957] Failed to send alter table request: Not found: failed to reset TS proxy: No leader found: Tablet 1ed3bdf61b0645579d1b6682eae3cf24 has no consensus state
W20260630 12:16:12.983318 20956 catalog_manager.cc:5957] Failed to send alter table request: Not found: failed to reset TS proxy: No leader found: Tablet 9ddd3f2ef56343c4948e90be444c0dba has no consensus state
I20260630 12:16:12.987208 21294 consensus_queue.cc:1048] T eae001ef600b4a84af65f97c130f6085 P 166e4234e15c4e1e820ceb22a1e98ecf [LEADER]: Connected to new peer: Peer: permanent_uuid: "b2d15d2b415c4160bada43ef835d5364" member_type: VOTER last_known_addr { host: "127.17.174.195" port: 44929 }, Status: LMP_MISMATCH, Last received: 0.0, Next index: 1, Last known committed idx: 0, Time since last communication: 0.000s
W20260630 12:16:12.989236 20956 catalog_manager.cc:5957] Failed to send alter table request: Not found: failed to reset TS proxy: No leader found: Tablet 7431a33b32fb473c856f08e92882a0df has no consensus state
W20260630 12:16:12.992672 20956 catalog_manager.cc:5957] Failed to send alter table request: Not found: failed to reset TS proxy: No leader found: Tablet b7cb58c7e0f24e69bee1a297aa481484 has no consensus state
W20260630 12:16:12.994232 20956 catalog_manager.cc:5957] Failed to send alter table request: Not found: failed to reset TS proxy: No leader found: Tablet 99a5e3a24d88490aadae15e5d34385ae has no consensus state
W20260630 12:16:12.995728 20956 catalog_manager.cc:5957] Failed to send alter table request: Not found: failed to reset TS proxy: No leader found: Tablet 37baa858514c4b3fb351084843dc6589 has no consensus state
W20260630 12:16:12.997253 20956 catalog_manager.cc:5957] Failed to send alter table request: Not found: failed to reset TS proxy: No leader found: Tablet b56b5e11c6b24e5f8163d52ee8cb1ac5 has no consensus state
W20260630 12:16:12.998869 20956 catalog_manager.cc:5957] Failed to send alter table request: Not found: failed to reset TS proxy: No leader found: Tablet 57700d19b68e417e8a71310c4cdde332 has no consensus state
W20260630 12:16:13.000388 20946 catalog_manager.cc:4810] Async tablet task AlterTable RPC for tablet 9ddd3f2ef56343c4948e90be444c0dba (table range_aware_rebalance_new_range [id=da61684d84fd49b494fbd765b5fe144a], current schema version=0) failed: Not found: failed to reset TS proxy: No leader found: Tablet 9ddd3f2ef56343c4948e90be444c0dba has no consensus state
I20260630 12:16:13.012490 21276 consensus_queue.cc:1048] T e3da0265bb1a429c8028a689f1e75e89 P 46e265cf88274dd6ac398349754d8d3b [LEADER]: Connected to new peer: Peer: permanent_uuid: "166e4234e15c4e1e820ceb22a1e98ecf" member_type: VOTER last_known_addr { host: "127.17.174.194" port: 43669 }, Status: LMP_MISMATCH, Last received: 0.0, Next index: 1, Last known committed idx: 0, Time since last communication: 0.000s
I20260630 12:16:13.016827 21048 tablet_service.cc:1511] Processing CreateTablet for tablet 1ed3bdf61b0645579d1b6682eae3cf24 (DEFAULT_TABLE table=range_aware_rebalance_new_range [id=da61684d84fd49b494fbd765b5fe144a]), partition=HASH (key) PARTITION 0, RANGE (key) PARTITION 10 <= VALUES < 20
I20260630 12:16:13.019942 21119 tablet_service.cc:1511] Processing CreateTablet for tablet 1ed3bdf61b0645579d1b6682eae3cf24 (DEFAULT_TABLE table=range_aware_rebalance_new_range [id=da61684d84fd49b494fbd765b5fe144a]), partition=HASH (key) PARTITION 0, RANGE (key) PARTITION 10 <= VALUES < 20
I20260630 12:16:13.021347 21119 data_dirs.cc:400] Could only allocate 1 dirs of requested 3 for tablet 1ed3bdf61b0645579d1b6682eae3cf24. 1 dirs total, 0 dirs full, 0 dirs failed
I20260630 12:16:13.024407 21048 data_dirs.cc:400] Could only allocate 1 dirs of requested 3 for tablet 1ed3bdf61b0645579d1b6682eae3cf24. 1 dirs total, 0 dirs full, 0 dirs failed
I20260630 12:16:13.025991 21262 consensus_queue.cc:1048] T eae001ef600b4a84af65f97c130f6085 P 166e4234e15c4e1e820ceb22a1e98ecf [LEADER]: Connected to new peer: Peer: permanent_uuid: "46e265cf88274dd6ac398349754d8d3b" member_type: VOTER last_known_addr { host: "127.17.174.193" port: 38735 }, Status: LMP_MISMATCH, Last received: 0.0, Next index: 1, Last known committed idx: 0, Time since last communication: 0.000s
I20260630 12:16:13.029285 21196 tablet_service.cc:1511] Processing CreateTablet for tablet 9ddd3f2ef56343c4948e90be444c0dba (DEFAULT_TABLE table=range_aware_rebalance_new_range [id=da61684d84fd49b494fbd765b5fe144a]), partition=HASH (key) PARTITION 1, RANGE (key) PARTITION 10 <= VALUES < 20
I20260630 12:16:13.030670 21196 data_dirs.cc:400] Could only allocate 1 dirs of requested 3 for tablet 9ddd3f2ef56343c4948e90be444c0dba. 1 dirs total, 0 dirs full, 0 dirs failed
I20260630 12:16:13.033919 21050 tablet_service.cc:1511] Processing CreateTablet for tablet 9ddd3f2ef56343c4948e90be444c0dba (DEFAULT_TABLE table=range_aware_rebalance_new_range [id=da61684d84fd49b494fbd765b5fe144a]), partition=HASH (key) PARTITION 1, RANGE (key) PARTITION 10 <= VALUES < 20
I20260630 12:16:13.034591 21193 tablet_service.cc:1511] Processing CreateTablet for tablet 7431a33b32fb473c856f08e92882a0df (DEFAULT_TABLE table=range_aware_rebalance_new_range [id=da61684d84fd49b494fbd765b5fe144a]), partition=HASH (key) PARTITION 2, RANGE (key) PARTITION 10 <= VALUES < 20
I20260630 12:16:13.035785 21193 data_dirs.cc:400] Could only allocate 1 dirs of requested 3 for tablet 7431a33b32fb473c856f08e92882a0df. 1 dirs total, 0 dirs full, 0 dirs failed
I20260630 12:16:13.038286 21046 tablet_service.cc:1511] Processing CreateTablet for tablet b7cb58c7e0f24e69bee1a297aa481484 (DEFAULT_TABLE table=range_aware_rebalance_new_range [id=da61684d84fd49b494fbd765b5fe144a]), partition=HASH (key) PARTITION 3, RANGE (key) PARTITION 10 <= VALUES < 20
I20260630 12:16:13.039539 21046 data_dirs.cc:400] Could only allocate 1 dirs of requested 3 for tablet b7cb58c7e0f24e69bee1a297aa481484. 1 dirs total, 0 dirs full, 0 dirs failed
I20260630 12:16:13.040895 21050 data_dirs.cc:400] Could only allocate 1 dirs of requested 3 for tablet 9ddd3f2ef56343c4948e90be444c0dba. 1 dirs total, 0 dirs full, 0 dirs failed
I20260630 12:16:13.045867 21047 tablet_service.cc:1511] Processing CreateTablet for tablet 99a5e3a24d88490aadae15e5d34385ae (DEFAULT_TABLE table=range_aware_rebalance_new_range [id=da61684d84fd49b494fbd765b5fe144a]), partition=HASH (key) PARTITION 4, RANGE (key) PARTITION 10 <= VALUES < 20
I20260630 12:16:13.050014 21276 consensus_queue.cc:1048] T 41cf84fe94aa4e13aa44737dac0b48fe P 46e265cf88274dd6ac398349754d8d3b [LEADER]: Connected to new peer: Peer: permanent_uuid: "b2d15d2b415c4160bada43ef835d5364" member_type: VOTER last_known_addr { host: "127.17.174.195" port: 44929 }, Status: LMP_MISMATCH, Last received: 0.0, Next index: 1, Last known committed idx: 0, Time since last communication: 0.010s
I20260630 12:16:13.054455 21200 tablet_service.cc:1511] Processing CreateTablet for tablet 99a5e3a24d88490aadae15e5d34385ae (DEFAULT_TABLE table=range_aware_rebalance_new_range [id=da61684d84fd49b494fbd765b5fe144a]), partition=HASH (key) PARTITION 4, RANGE (key) PARTITION 10 <= VALUES < 20
I20260630 12:16:13.061908 21200 data_dirs.cc:400] Could only allocate 1 dirs of requested 3 for tablet 99a5e3a24d88490aadae15e5d34385ae. 1 dirs total, 0 dirs full, 0 dirs failed
I20260630 12:16:13.065369 21047 data_dirs.cc:400] Could only allocate 1 dirs of requested 3 for tablet 99a5e3a24d88490aadae15e5d34385ae. 1 dirs total, 0 dirs full, 0 dirs failed
I20260630 12:16:13.075037 21276 consensus_queue.cc:1048] T e3da0265bb1a429c8028a689f1e75e89 P 46e265cf88274dd6ac398349754d8d3b [LEADER]: Connected to new peer: Peer: permanent_uuid: "b2d15d2b415c4160bada43ef835d5364" member_type: VOTER last_known_addr { host: "127.17.174.195" port: 44929 }, Status: LMP_MISMATCH, Last received: 0.0, Next index: 1, Last known committed idx: 0, Time since last communication: 0.000s
I20260630 12:16:13.086966 21120 tablet_service.cc:1511] Processing CreateTablet for tablet 7431a33b32fb473c856f08e92882a0df (DEFAULT_TABLE table=range_aware_rebalance_new_range [id=da61684d84fd49b494fbd765b5fe144a]), partition=HASH (key) PARTITION 2, RANGE (key) PARTITION 10 <= VALUES < 20
I20260630 12:16:13.088402 21120 data_dirs.cc:400] Could only allocate 1 dirs of requested 3 for tablet 7431a33b32fb473c856f08e92882a0df. 1 dirs total, 0 dirs full, 0 dirs failed
I20260630 12:16:13.093317 21123 tablet_service.cc:1511] Processing CreateTablet for tablet b7cb58c7e0f24e69bee1a297aa481484 (DEFAULT_TABLE table=range_aware_rebalance_new_range [id=da61684d84fd49b494fbd765b5fe144a]), partition=HASH (key) PARTITION 3, RANGE (key) PARTITION 10 <= VALUES < 20
I20260630 12:16:13.094628 21123 data_dirs.cc:400] Could only allocate 1 dirs of requested 3 for tablet b7cb58c7e0f24e69bee1a297aa481484. 1 dirs total, 0 dirs full, 0 dirs failed
I20260630 12:16:13.108346 21276 consensus_queue.cc:1048] T 41cf84fe94aa4e13aa44737dac0b48fe P 46e265cf88274dd6ac398349754d8d3b [LEADER]: Connected to new peer: Peer: permanent_uuid: "166e4234e15c4e1e820ceb22a1e98ecf" member_type: VOTER last_known_addr { host: "127.17.174.194" port: 43669 }, Status: LMP_MISMATCH, Last received: 0.0, Next index: 1, Last known committed idx: 0, Time since last communication: 0.001s
I20260630 12:16:13.117771 21256 tablet_bootstrap.cc:492] T 1ed3bdf61b0645579d1b6682eae3cf24 P 166e4234e15c4e1e820ceb22a1e98ecf: Bootstrap starting.
I20260630 12:16:13.128736 21198 tablet_service.cc:1511] Processing CreateTablet for tablet 37baa858514c4b3fb351084843dc6589 (DEFAULT_TABLE table=range_aware_rebalance_new_range [id=da61684d84fd49b494fbd765b5fe144a]), partition=HASH (key) PARTITION 5, RANGE (key) PARTITION 10 <= VALUES < 20
I20260630 12:16:13.129303 21256 tablet_bootstrap.cc:654] T 1ed3bdf61b0645579d1b6682eae3cf24 P 166e4234e15c4e1e820ceb22a1e98ecf: Neither blocks nor log segments found. Creating new log.
I20260630 12:16:13.130122 21198 data_dirs.cc:400] Could only allocate 1 dirs of requested 3 for tablet 37baa858514c4b3fb351084843dc6589. 1 dirs total, 0 dirs full, 0 dirs failed
I20260630 12:16:13.135486 21122 tablet_service.cc:1511] Processing CreateTablet for tablet 37baa858514c4b3fb351084843dc6589 (DEFAULT_TABLE table=range_aware_rebalance_new_range [id=da61684d84fd49b494fbd765b5fe144a]), partition=HASH (key) PARTITION 5, RANGE (key) PARTITION 10 <= VALUES < 20
I20260630 12:16:13.136895 21122 data_dirs.cc:400] Could only allocate 1 dirs of requested 3 for tablet 37baa858514c4b3fb351084843dc6589. 1 dirs total, 0 dirs full, 0 dirs failed
I20260630 12:16:13.137660 21051 tablet_service.cc:1511] Processing CreateTablet for tablet b56b5e11c6b24e5f8163d52ee8cb1ac5 (DEFAULT_TABLE table=range_aware_rebalance_new_range [id=da61684d84fd49b494fbd765b5fe144a]), partition=HASH (key) PARTITION 6, RANGE (key) PARTITION 10 <= VALUES < 20
I20260630 12:16:13.138912 21051 data_dirs.cc:400] Could only allocate 1 dirs of requested 3 for tablet b56b5e11c6b24e5f8163d52ee8cb1ac5. 1 dirs total, 0 dirs full, 0 dirs failed
I20260630 12:16:13.161103 21407 tablet_bootstrap.cc:492] T 9ddd3f2ef56343c4948e90be444c0dba P b2d15d2b415c4160bada43ef835d5364: Bootstrap starting.
I20260630 12:16:13.187737 21119 tablet_service.cc:1511] Processing CreateTablet for tablet b56b5e11c6b24e5f8163d52ee8cb1ac5 (DEFAULT_TABLE table=range_aware_rebalance_new_range [id=da61684d84fd49b494fbd765b5fe144a]), partition=HASH (key) PARTITION 6, RANGE (key) PARTITION 10 <= VALUES < 20
I20260630 12:16:13.189134 21119 data_dirs.cc:400] Could only allocate 1 dirs of requested 3 for tablet b56b5e11c6b24e5f8163d52ee8cb1ac5. 1 dirs total, 0 dirs full, 0 dirs failed
I20260630 12:16:13.190356 21050 tablet_service.cc:1511] Processing CreateTablet for tablet 57700d19b68e417e8a71310c4cdde332 (DEFAULT_TABLE table=range_aware_rebalance_new_range [id=da61684d84fd49b494fbd765b5fe144a]), partition=HASH (key) PARTITION 7, RANGE (key) PARTITION 10 <= VALUES < 20
I20260630 12:16:13.195541 21196 tablet_service.cc:1511] Processing CreateTablet for tablet 57700d19b68e417e8a71310c4cdde332 (DEFAULT_TABLE table=range_aware_rebalance_new_range [id=da61684d84fd49b494fbd765b5fe144a]), partition=HASH (key) PARTITION 7, RANGE (key) PARTITION 10 <= VALUES < 20
I20260630 12:16:13.198079 21301 consensus_queue.cc:1048] T 6140f7032e7e469b9b0db5a6fa6e83eb P 46e265cf88274dd6ac398349754d8d3b [LEADER]: Connected to new peer: Peer: permanent_uuid: "b2d15d2b415c4160bada43ef835d5364" member_type: VOTER last_known_addr { host: "127.17.174.195" port: 44929 }, Status: LMP_MISMATCH, Last received: 0.0, Next index: 1, Last known committed idx: 0, Time since last communication: 0.001s
I20260630 12:16:13.202100 21256 tablet_bootstrap.cc:492] T 1ed3bdf61b0645579d1b6682eae3cf24 P 166e4234e15c4e1e820ceb22a1e98ecf: No bootstrap required, opened a new log
I20260630 12:16:13.202674 21256 ts_tablet_manager.cc:1403] T 1ed3bdf61b0645579d1b6682eae3cf24 P 166e4234e15c4e1e820ceb22a1e98ecf: Time spent bootstrapping tablet: real 0.085s	user 0.018s	sys 0.010s
I20260630 12:16:13.204916 21050 data_dirs.cc:400] Could only allocate 1 dirs of requested 3 for tablet 57700d19b68e417e8a71310c4cdde332. 1 dirs total, 0 dirs full, 0 dirs failed
I20260630 12:16:13.205917 21407 tablet_bootstrap.cc:654] T 9ddd3f2ef56343c4948e90be444c0dba P b2d15d2b415c4160bada43ef835d5364: Neither blocks nor log segments found. Creating new log.
I20260630 12:16:13.212373 21301 consensus_queue.cc:1048] T b4c6ce6f24e947099dfca890d21754f1 P 46e265cf88274dd6ac398349754d8d3b [LEADER]: Connected to new peer: Peer: permanent_uuid: "b2d15d2b415c4160bada43ef835d5364" member_type: VOTER last_known_addr { host: "127.17.174.195" port: 44929 }, Status: LMP_MISMATCH, Last received: 0.0, Next index: 1, Last known committed idx: 0, Time since last communication: 0.000s
I20260630 12:16:13.215055 21256 raft_consensus.cc:359] T 1ed3bdf61b0645579d1b6682eae3cf24 P 166e4234e15c4e1e820ceb22a1e98ecf [term 0 FOLLOWER]: Replica starting. Triggering 0 pending ops. Active config: opid_index: -1 OBSOLETE_local: false peers { permanent_uuid: "166e4234e15c4e1e820ceb22a1e98ecf" member_type: VOTER last_known_addr { host: "127.17.174.194" port: 43669 } } peers { permanent_uuid: "46e265cf88274dd6ac398349754d8d3b" member_type: VOTER last_known_addr { host: "127.17.174.193" port: 38735 } } peers { permanent_uuid: "81ba2c05254a440dac47d1eb24f9f4e4" member_type: VOTER last_known_addr { host: "127.17.174.196" port: 41227 } }
I20260630 12:16:13.215708 21256 raft_consensus.cc:385] T 1ed3bdf61b0645579d1b6682eae3cf24 P 166e4234e15c4e1e820ceb22a1e98ecf [term 0 FOLLOWER]: Consensus starting up: Expiring failure detector timer to make a prompt election more likely
I20260630 12:16:13.215993 21256 raft_consensus.cc:740] T 1ed3bdf61b0645579d1b6682eae3cf24 P 166e4234e15c4e1e820ceb22a1e98ecf [term 0 FOLLOWER]: Becoming Follower/Learner. State: Replica: 166e4234e15c4e1e820ceb22a1e98ecf, State: Initialized, Role: FOLLOWER
I20260630 12:16:13.217789 21196 data_dirs.cc:400] Could only allocate 1 dirs of requested 3 for tablet 57700d19b68e417e8a71310c4cdde332. 1 dirs total, 0 dirs full, 0 dirs failed
I20260630 12:16:13.228508 21356 tablet_service.cc:1511] Processing CreateTablet for tablet 1ed3bdf61b0645579d1b6682eae3cf24 (DEFAULT_TABLE table=range_aware_rebalance_new_range [id=da61684d84fd49b494fbd765b5fe144a]), partition=HASH (key) PARTITION 0, RANGE (key) PARTITION 10 <= VALUES < 20
I20260630 12:16:13.230676 21256 consensus_queue.cc:260] T 1ed3bdf61b0645579d1b6682eae3cf24 P 166e4234e15c4e1e820ceb22a1e98ecf [NON_LEADER]: Queue going to NON_LEADER mode. State: All replicated index: 0, Majority replicated index: 0, Committed index: 0, Last appended: 0.0, Last appended by leader: 0, Current term: 0, Majority size: -1, State: 0, Mode: NON_LEADER, active raft config: opid_index: -1 OBSOLETE_local: false peers { permanent_uuid: "166e4234e15c4e1e820ceb22a1e98ecf" member_type: VOTER last_known_addr { host: "127.17.174.194" port: 43669 } } peers { permanent_uuid: "46e265cf88274dd6ac398349754d8d3b" member_type: VOTER last_known_addr { host: "127.17.174.193" port: 38735 } } peers { permanent_uuid: "81ba2c05254a440dac47d1eb24f9f4e4" member_type: VOTER last_known_addr { host: "127.17.174.196" port: 41227 } }
I20260630 12:16:13.235220 21356 data_dirs.cc:400] Could only allocate 1 dirs of requested 3 for tablet 1ed3bdf61b0645579d1b6682eae3cf24. 1 dirs total, 0 dirs full, 0 dirs failed
I20260630 12:16:13.241339 21256 ts_tablet_manager.cc:1434] T 1ed3bdf61b0645579d1b6682eae3cf24 P 166e4234e15c4e1e820ceb22a1e98ecf: Time spent starting tablet: real 0.038s	user 0.004s	sys 0.002s
I20260630 12:16:13.242493 21256 tablet_bootstrap.cc:492] T 7431a33b32fb473c856f08e92882a0df P 166e4234e15c4e1e820ceb22a1e98ecf: Bootstrap starting.
I20260630 12:16:13.245368 21349 tablet_service.cc:1511] Processing CreateTablet for tablet 57700d19b68e417e8a71310c4cdde332 (DEFAULT_TABLE table=range_aware_rebalance_new_range [id=da61684d84fd49b494fbd765b5fe144a]), partition=HASH (key) PARTITION 7, RANGE (key) PARTITION 10 <= VALUES < 20
I20260630 12:16:13.247233 21349 data_dirs.cc:400] Could only allocate 1 dirs of requested 3 for tablet 57700d19b68e417e8a71310c4cdde332. 1 dirs total, 0 dirs full, 0 dirs failed
I20260630 12:16:13.260833 21352 tablet_service.cc:1511] Processing CreateTablet for tablet 99a5e3a24d88490aadae15e5d34385ae (DEFAULT_TABLE table=range_aware_rebalance_new_range [id=da61684d84fd49b494fbd765b5fe144a]), partition=HASH (key) PARTITION 4, RANGE (key) PARTITION 10 <= VALUES < 20
I20260630 12:16:13.262235 21352 data_dirs.cc:400] Could only allocate 1 dirs of requested 3 for tablet 99a5e3a24d88490aadae15e5d34385ae. 1 dirs total, 0 dirs full, 0 dirs failed
I20260630 12:16:13.266261 21410 tablet_bootstrap.cc:492] T 9ddd3f2ef56343c4948e90be444c0dba P 46e265cf88274dd6ac398349754d8d3b: Bootstrap starting.
I20260630 12:16:13.273178 21354 tablet_service.cc:1511] Processing CreateTablet for tablet 7431a33b32fb473c856f08e92882a0df (DEFAULT_TABLE table=range_aware_rebalance_new_range [id=da61684d84fd49b494fbd765b5fe144a]), partition=HASH (key) PARTITION 2, RANGE (key) PARTITION 10 <= VALUES < 20
I20260630 12:16:13.273283 21353 tablet_service.cc:1511] Processing CreateTablet for tablet b7cb58c7e0f24e69bee1a297aa481484 (DEFAULT_TABLE table=range_aware_rebalance_new_range [id=da61684d84fd49b494fbd765b5fe144a]), partition=HASH (key) PARTITION 3, RANGE (key) PARTITION 10 <= VALUES < 20
I20260630 12:16:13.264546 21301 consensus_queue.cc:1048] T 6140f7032e7e469b9b0db5a6fa6e83eb P 46e265cf88274dd6ac398349754d8d3b [LEADER]: Connected to new peer: Peer: permanent_uuid: "166e4234e15c4e1e820ceb22a1e98ecf" member_type: VOTER last_known_addr { host: "127.17.174.194" port: 43669 }, Status: LMP_MISMATCH, Last received: 0.0, Next index: 1, Last known committed idx: 0, Time since last communication: 0.010s
I20260630 12:16:13.277658 21350 tablet_service.cc:1511] Processing CreateTablet for tablet b56b5e11c6b24e5f8163d52ee8cb1ac5 (DEFAULT_TABLE table=range_aware_rebalance_new_range [id=da61684d84fd49b494fbd765b5fe144a]), partition=HASH (key) PARTITION 6, RANGE (key) PARTITION 10 <= VALUES < 20
I20260630 12:16:13.279156 21355 tablet_service.cc:1511] Processing CreateTablet for tablet 9ddd3f2ef56343c4948e90be444c0dba (DEFAULT_TABLE table=range_aware_rebalance_new_range [id=da61684d84fd49b494fbd765b5fe144a]), partition=HASH (key) PARTITION 1, RANGE (key) PARTITION 10 <= VALUES < 20
I20260630 12:16:13.280843 21351 tablet_service.cc:1511] Processing CreateTablet for tablet 37baa858514c4b3fb351084843dc6589 (DEFAULT_TABLE table=range_aware_rebalance_new_range [id=da61684d84fd49b494fbd765b5fe144a]), partition=HASH (key) PARTITION 5, RANGE (key) PARTITION 10 <= VALUES < 20
I20260630 12:16:13.292510 21407 tablet_bootstrap.cc:492] T 9ddd3f2ef56343c4948e90be444c0dba P b2d15d2b415c4160bada43ef835d5364: No bootstrap required, opened a new log
I20260630 12:16:13.293025 21407 ts_tablet_manager.cc:1403] T 9ddd3f2ef56343c4948e90be444c0dba P b2d15d2b415c4160bada43ef835d5364: Time spent bootstrapping tablet: real 0.132s	user 0.019s	sys 0.009s
I20260630 12:16:13.294001 21354 data_dirs.cc:400] Could only allocate 1 dirs of requested 3 for tablet 7431a33b32fb473c856f08e92882a0df. 1 dirs total, 0 dirs full, 0 dirs failed
I20260630 12:16:13.302148 21350 data_dirs.cc:400] Could only allocate 1 dirs of requested 3 for tablet b56b5e11c6b24e5f8163d52ee8cb1ac5. 1 dirs total, 0 dirs full, 0 dirs failed
I20260630 12:16:13.305372 21263 consensus_queue.cc:1048] T b4c6ce6f24e947099dfca890d21754f1 P 46e265cf88274dd6ac398349754d8d3b [LEADER]: Connected to new peer: Peer: permanent_uuid: "166e4234e15c4e1e820ceb22a1e98ecf" member_type: VOTER last_known_addr { host: "127.17.174.194" port: 43669 }, Status: LMP_MISMATCH, Last received: 0.0, Next index: 1, Last known committed idx: 0, Time since last communication: 0.000s
I20260630 12:16:13.311488 21351 data_dirs.cc:400] Could only allocate 1 dirs of requested 3 for tablet 37baa858514c4b3fb351084843dc6589. 1 dirs total, 0 dirs full, 0 dirs failed
I20260630 12:16:13.324510 21353 data_dirs.cc:400] Could only allocate 1 dirs of requested 3 for tablet b7cb58c7e0f24e69bee1a297aa481484. 1 dirs total, 0 dirs full, 0 dirs failed
I20260630 12:16:13.326447 21256 tablet_bootstrap.cc:654] T 7431a33b32fb473c856f08e92882a0df P 166e4234e15c4e1e820ceb22a1e98ecf: Neither blocks nor log segments found. Creating new log.
I20260630 12:16:13.335021 21355 data_dirs.cc:400] Could only allocate 1 dirs of requested 3 for tablet 9ddd3f2ef56343c4948e90be444c0dba. 1 dirs total, 0 dirs full, 0 dirs failed
I20260630 12:16:13.340062 21416 tablet_bootstrap.cc:492] T 1ed3bdf61b0645579d1b6682eae3cf24 P 81ba2c05254a440dac47d1eb24f9f4e4: Bootstrap starting.
I20260630 12:16:13.364977 21407 raft_consensus.cc:359] T 9ddd3f2ef56343c4948e90be444c0dba P b2d15d2b415c4160bada43ef835d5364 [term 0 FOLLOWER]: Replica starting. Triggering 0 pending ops. Active config: opid_index: -1 OBSOLETE_local: false peers { permanent_uuid: "81ba2c05254a440dac47d1eb24f9f4e4" member_type: VOTER last_known_addr { host: "127.17.174.196" port: 41227 } } peers { permanent_uuid: "b2d15d2b415c4160bada43ef835d5364" member_type: VOTER last_known_addr { host: "127.17.174.195" port: 44929 } } peers { permanent_uuid: "46e265cf88274dd6ac398349754d8d3b" member_type: VOTER last_known_addr { host: "127.17.174.193" port: 38735 } }
I20260630 12:16:13.365957 21407 raft_consensus.cc:385] T 9ddd3f2ef56343c4948e90be444c0dba P b2d15d2b415c4160bada43ef835d5364 [term 0 FOLLOWER]: Consensus starting up: Expiring failure detector timer to make a prompt election more likely
I20260630 12:16:13.366246 21407 raft_consensus.cc:740] T 9ddd3f2ef56343c4948e90be444c0dba P b2d15d2b415c4160bada43ef835d5364 [term 0 FOLLOWER]: Becoming Follower/Learner. State: Replica: b2d15d2b415c4160bada43ef835d5364, State: Initialized, Role: FOLLOWER
I20260630 12:16:13.379927 21262 raft_consensus.cc:493] T 1ed3bdf61b0645579d1b6682eae3cf24 P 166e4234e15c4e1e820ceb22a1e98ecf [term 0 FOLLOWER]: Starting pre-election (no leader contacted us within the election timeout)
I20260630 12:16:13.380452 21262 raft_consensus.cc:515] T 1ed3bdf61b0645579d1b6682eae3cf24 P 166e4234e15c4e1e820ceb22a1e98ecf [term 0 FOLLOWER]: Starting pre-election with config: opid_index: -1 OBSOLETE_local: false peers { permanent_uuid: "166e4234e15c4e1e820ceb22a1e98ecf" member_type: VOTER last_known_addr { host: "127.17.174.194" port: 43669 } } peers { permanent_uuid: "46e265cf88274dd6ac398349754d8d3b" member_type: VOTER last_known_addr { host: "127.17.174.193" port: 38735 } } peers { permanent_uuid: "81ba2c05254a440dac47d1eb24f9f4e4" member_type: VOTER last_known_addr { host: "127.17.174.196" port: 41227 } }
I20260630 12:16:13.382699 21262 leader_election.cc:290] T 1ed3bdf61b0645579d1b6682eae3cf24 P 166e4234e15c4e1e820ceb22a1e98ecf [CANDIDATE]: Term 1 pre-election: Requested pre-vote from peers 46e265cf88274dd6ac398349754d8d3b (127.17.174.193:38735), 81ba2c05254a440dac47d1eb24f9f4e4 (127.17.174.196:41227)
I20260630 12:16:13.391292 21060 tablet_service.cc:1917] Received RequestConsensusVote() RPC: tablet_id: "1ed3bdf61b0645579d1b6682eae3cf24" candidate_uuid: "166e4234e15c4e1e820ceb22a1e98ecf" candidate_term: 1 candidate_status { last_received { term: 0 index: 0 } } ignore_live_leader: false dest_uuid: "46e265cf88274dd6ac398349754d8d3b" is_pre_election: true
I20260630 12:16:13.393301 21256 tablet_bootstrap.cc:492] T 7431a33b32fb473c856f08e92882a0df P 166e4234e15c4e1e820ceb22a1e98ecf: No bootstrap required, opened a new log
I20260630 12:16:13.393749 21256 ts_tablet_manager.cc:1403] T 7431a33b32fb473c856f08e92882a0df P 166e4234e15c4e1e820ceb22a1e98ecf: Time spent bootstrapping tablet: real 0.151s	user 0.017s	sys 0.010s
W20260630 12:16:13.393715 21101 leader_election.cc:343] T 1ed3bdf61b0645579d1b6682eae3cf24 P 166e4234e15c4e1e820ceb22a1e98ecf [CANDIDATE]: Term 1 pre-election: Tablet error from VoteRequest() call to peer 46e265cf88274dd6ac398349754d8d3b (127.17.174.193:38735): Illegal state: must be running to vote when last-logged opid is not known
W20260630 12:16:13.393716 21007 auto_rebalancer.cc:298] Could not retrieve cluster info: Service unavailable: Tablet not running
I20260630 12:16:13.404726 21410 tablet_bootstrap.cc:654] T 9ddd3f2ef56343c4948e90be444c0dba P 46e265cf88274dd6ac398349754d8d3b: Neither blocks nor log segments found. Creating new log.
W20260630 12:16:13.409921 21415 log.cc:927] Time spent T b4c6ce6f24e947099dfca890d21754f1 P 166e4234e15c4e1e820ceb22a1e98ecf: Append to log took a long time: real 0.055s	user 0.001s	sys 0.000s
I20260630 12:16:13.401968 21407 consensus_queue.cc:260] T 9ddd3f2ef56343c4948e90be444c0dba P b2d15d2b415c4160bada43ef835d5364 [NON_LEADER]: Queue going to NON_LEADER mode. State: All replicated index: 0, Majority replicated index: 0, Committed index: 0, Last appended: 0.0, Last appended by leader: 0, Current term: 0, Majority size: -1, State: 0, Mode: NON_LEADER, active raft config: opid_index: -1 OBSOLETE_local: false peers { permanent_uuid: "81ba2c05254a440dac47d1eb24f9f4e4" member_type: VOTER last_known_addr { host: "127.17.174.196" port: 41227 } } peers { permanent_uuid: "b2d15d2b415c4160bada43ef835d5364" member_type: VOTER last_known_addr { host: "127.17.174.195" port: 44929 } } peers { permanent_uuid: "46e265cf88274dd6ac398349754d8d3b" member_type: VOTER last_known_addr { host: "127.17.174.193" port: 38735 } }
I20260630 12:16:13.411484 21298 raft_consensus.cc:493] T 9ddd3f2ef56343c4948e90be444c0dba P b2d15d2b415c4160bada43ef835d5364 [term 0 FOLLOWER]: Starting pre-election (no leader contacted us within the election timeout)
I20260630 12:16:13.411937 21298 raft_consensus.cc:515] T 9ddd3f2ef56343c4948e90be444c0dba P b2d15d2b415c4160bada43ef835d5364 [term 0 FOLLOWER]: Starting pre-election with config: opid_index: -1 OBSOLETE_local: false peers { permanent_uuid: "81ba2c05254a440dac47d1eb24f9f4e4" member_type: VOTER last_known_addr { host: "127.17.174.196" port: 41227 } } peers { permanent_uuid: "b2d15d2b415c4160bada43ef835d5364" member_type: VOTER last_known_addr { host: "127.17.174.195" port: 44929 } } peers { permanent_uuid: "46e265cf88274dd6ac398349754d8d3b" member_type: VOTER last_known_addr { host: "127.17.174.193" port: 38735 } }
I20260630 12:16:13.413396 21407 ts_tablet_manager.cc:1434] T 9ddd3f2ef56343c4948e90be444c0dba P b2d15d2b415c4160bada43ef835d5364: Time spent starting tablet: real 0.120s	user 0.007s	sys 0.001s
I20260630 12:16:13.414373 21407 tablet_bootstrap.cc:492] T 99a5e3a24d88490aadae15e5d34385ae P b2d15d2b415c4160bada43ef835d5364: Bootstrap starting.
I20260630 12:16:13.414898 21298 leader_election.cc:290] T 9ddd3f2ef56343c4948e90be444c0dba P b2d15d2b415c4160bada43ef835d5364 [CANDIDATE]: Term 1 pre-election: Requested pre-vote from peers 81ba2c05254a440dac47d1eb24f9f4e4 (127.17.174.196:41227), 46e265cf88274dd6ac398349754d8d3b (127.17.174.193:38735)
I20260630 12:16:13.423740 21060 tablet_service.cc:1917] Received RequestConsensusVote() RPC: tablet_id: "9ddd3f2ef56343c4948e90be444c0dba" candidate_uuid: "b2d15d2b415c4160bada43ef835d5364" candidate_term: 1 candidate_status { last_received { term: 0 index: 0 } } ignore_live_leader: false dest_uuid: "46e265cf88274dd6ac398349754d8d3b" is_pre_election: true
W20260630 12:16:13.426608 21175 leader_election.cc:343] T 9ddd3f2ef56343c4948e90be444c0dba P b2d15d2b415c4160bada43ef835d5364 [CANDIDATE]: Term 1 pre-election: Tablet error from VoteRequest() call to peer 46e265cf88274dd6ac398349754d8d3b (127.17.174.193:38735): Illegal state: must be running to vote when last-logged opid is not known
I20260630 12:16:13.441817 21416 tablet_bootstrap.cc:654] T 1ed3bdf61b0645579d1b6682eae3cf24 P 81ba2c05254a440dac47d1eb24f9f4e4: Neither blocks nor log segments found. Creating new log.
I20260630 12:16:13.444883 21256 raft_consensus.cc:359] T 7431a33b32fb473c856f08e92882a0df P 166e4234e15c4e1e820ceb22a1e98ecf [term 0 FOLLOWER]: Replica starting. Triggering 0 pending ops. Active config: opid_index: -1 OBSOLETE_local: false peers { permanent_uuid: "b2d15d2b415c4160bada43ef835d5364" member_type: VOTER last_known_addr { host: "127.17.174.195" port: 44929 } } peers { permanent_uuid: "81ba2c05254a440dac47d1eb24f9f4e4" member_type: VOTER last_known_addr { host: "127.17.174.196" port: 41227 } } peers { permanent_uuid: "166e4234e15c4e1e820ceb22a1e98ecf" member_type: VOTER last_known_addr { host: "127.17.174.194" port: 43669 } }
I20260630 12:16:13.445578 21256 raft_consensus.cc:385] T 7431a33b32fb473c856f08e92882a0df P 166e4234e15c4e1e820ceb22a1e98ecf [term 0 FOLLOWER]: Consensus starting up: Expiring failure detector timer to make a prompt election more likely
I20260630 12:16:13.445925 21256 raft_consensus.cc:740] T 7431a33b32fb473c856f08e92882a0df P 166e4234e15c4e1e820ceb22a1e98ecf [term 0 FOLLOWER]: Becoming Follower/Learner. State: Replica: 166e4234e15c4e1e820ceb22a1e98ecf, State: Initialized, Role: FOLLOWER
I20260630 12:16:13.449797 21256 consensus_queue.cc:260] T 7431a33b32fb473c856f08e92882a0df P 166e4234e15c4e1e820ceb22a1e98ecf [NON_LEADER]: Queue going to NON_LEADER mode. State: All replicated index: 0, Majority replicated index: 0, Committed index: 0, Last appended: 0.0, Last appended by leader: 0, Current term: 0, Majority size: -1, State: 0, Mode: NON_LEADER, active raft config: opid_index: -1 OBSOLETE_local: false peers { permanent_uuid: "b2d15d2b415c4160bada43ef835d5364" member_type: VOTER last_known_addr { host: "127.17.174.195" port: 44929 } } peers { permanent_uuid: "81ba2c05254a440dac47d1eb24f9f4e4" member_type: VOTER last_known_addr { host: "127.17.174.196" port: 41227 } } peers { permanent_uuid: "166e4234e15c4e1e820ceb22a1e98ecf" member_type: VOTER last_known_addr { host: "127.17.174.194" port: 43669 } }
I20260630 12:16:13.457487 21256 ts_tablet_manager.cc:1434] T 7431a33b32fb473c856f08e92882a0df P 166e4234e15c4e1e820ceb22a1e98ecf: Time spent starting tablet: real 0.063s	user 0.005s	sys 0.002s
I20260630 12:16:13.458573 21256 tablet_bootstrap.cc:492] T 37baa858514c4b3fb351084843dc6589 P 166e4234e15c4e1e820ceb22a1e98ecf: Bootstrap starting.
I20260630 12:16:13.464051 21410 tablet_bootstrap.cc:492] T 9ddd3f2ef56343c4948e90be444c0dba P 46e265cf88274dd6ac398349754d8d3b: No bootstrap required, opened a new log
I20260630 12:16:13.464579 21410 ts_tablet_manager.cc:1403] T 9ddd3f2ef56343c4948e90be444c0dba P 46e265cf88274dd6ac398349754d8d3b: Time spent bootstrapping tablet: real 0.262s	user 0.008s	sys 0.009s
I20260630 12:16:13.469691 21366 tablet_service.cc:1917] Received RequestConsensusVote() RPC: tablet_id: "9ddd3f2ef56343c4948e90be444c0dba" candidate_uuid: "b2d15d2b415c4160bada43ef835d5364" candidate_term: 1 candidate_status { last_received { term: 0 index: 0 } } ignore_live_leader: false dest_uuid: "81ba2c05254a440dac47d1eb24f9f4e4" is_pre_election: true
I20260630 12:16:13.470901 21407 tablet_bootstrap.cc:654] T 99a5e3a24d88490aadae15e5d34385ae P b2d15d2b415c4160bada43ef835d5364: Neither blocks nor log segments found. Creating new log.
W20260630 12:16:13.472621 21174 leader_election.cc:343] T 9ddd3f2ef56343c4948e90be444c0dba P b2d15d2b415c4160bada43ef835d5364 [CANDIDATE]: Term 1 pre-election: Tablet error from VoteRequest() call to peer 81ba2c05254a440dac47d1eb24f9f4e4 (127.17.174.196:41227): Illegal state: must be running to vote when last-logged opid is not known
I20260630 12:16:13.473091 21174 leader_election.cc:304] T 9ddd3f2ef56343c4948e90be444c0dba P b2d15d2b415c4160bada43ef835d5364 [CANDIDATE]: Term 1 pre-election: Election decided. Result: candidate lost. Election summary: received 3 responses out of 3 voters: 1 yes votes; 2 no votes. yes voters: b2d15d2b415c4160bada43ef835d5364; no voters: 46e265cf88274dd6ac398349754d8d3b, 81ba2c05254a440dac47d1eb24f9f4e4
I20260630 12:16:13.473851 21298 raft_consensus.cc:2749] T 9ddd3f2ef56343c4948e90be444c0dba P b2d15d2b415c4160bada43ef835d5364 [term 0 FOLLOWER]: Leader pre-election lost for term 1. Reason: could not achieve majority
I20260630 12:16:13.480628 21410 raft_consensus.cc:359] T 9ddd3f2ef56343c4948e90be444c0dba P 46e265cf88274dd6ac398349754d8d3b [term 0 FOLLOWER]: Replica starting. Triggering 0 pending ops. Active config: opid_index: -1 OBSOLETE_local: false peers { permanent_uuid: "81ba2c05254a440dac47d1eb24f9f4e4" member_type: VOTER last_known_addr { host: "127.17.174.196" port: 41227 } } peers { permanent_uuid: "b2d15d2b415c4160bada43ef835d5364" member_type: VOTER last_known_addr { host: "127.17.174.195" port: 44929 } } peers { permanent_uuid: "46e265cf88274dd6ac398349754d8d3b" member_type: VOTER last_known_addr { host: "127.17.174.193" port: 38735 } }
I20260630 12:16:13.481702 21256 tablet_bootstrap.cc:654] T 37baa858514c4b3fb351084843dc6589 P 166e4234e15c4e1e820ceb22a1e98ecf: Neither blocks nor log segments found. Creating new log.
I20260630 12:16:13.481375 21410 raft_consensus.cc:385] T 9ddd3f2ef56343c4948e90be444c0dba P 46e265cf88274dd6ac398349754d8d3b [term 0 FOLLOWER]: Consensus starting up: Expiring failure detector timer to make a prompt election more likely
I20260630 12:16:13.482547 21410 raft_consensus.cc:740] T 9ddd3f2ef56343c4948e90be444c0dba P 46e265cf88274dd6ac398349754d8d3b [term 0 FOLLOWER]: Becoming Follower/Learner. State: Replica: 46e265cf88274dd6ac398349754d8d3b, State: Initialized, Role: FOLLOWER
I20260630 12:16:13.483420 21410 consensus_queue.cc:260] T 9ddd3f2ef56343c4948e90be444c0dba P 46e265cf88274dd6ac398349754d8d3b [NON_LEADER]: Queue going to NON_LEADER mode. State: All replicated index: 0, Majority replicated index: 0, Committed index: 0, Last appended: 0.0, Last appended by leader: 0, Current term: 0, Majority size: -1, State: 0, Mode: NON_LEADER, active raft config: opid_index: -1 OBSOLETE_local: false peers { permanent_uuid: "81ba2c05254a440dac47d1eb24f9f4e4" member_type: VOTER last_known_addr { host: "127.17.174.196" port: 41227 } } peers { permanent_uuid: "b2d15d2b415c4160bada43ef835d5364" member_type: VOTER last_known_addr { host: "127.17.174.195" port: 44929 } } peers { permanent_uuid: "46e265cf88274dd6ac398349754d8d3b" member_type: VOTER last_known_addr { host: "127.17.174.193" port: 38735 } }
I20260630 12:16:13.491688 21366 tablet_service.cc:1917] Received RequestConsensusVote() RPC: tablet_id: "1ed3bdf61b0645579d1b6682eae3cf24" candidate_uuid: "166e4234e15c4e1e820ceb22a1e98ecf" candidate_term: 1 candidate_status { last_received { term: 0 index: 0 } } ignore_live_leader: false dest_uuid: "81ba2c05254a440dac47d1eb24f9f4e4" is_pre_election: true
W20260630 12:16:13.493494 21100 leader_election.cc:343] T 1ed3bdf61b0645579d1b6682eae3cf24 P 166e4234e15c4e1e820ceb22a1e98ecf [CANDIDATE]: Term 1 pre-election: Tablet error from VoteRequest() call to peer 81ba2c05254a440dac47d1eb24f9f4e4 (127.17.174.196:41227): Illegal state: must be running to vote when last-logged opid is not known
I20260630 12:16:13.493933 21100 leader_election.cc:304] T 1ed3bdf61b0645579d1b6682eae3cf24 P 166e4234e15c4e1e820ceb22a1e98ecf [CANDIDATE]: Term 1 pre-election: Election decided. Result: candidate lost. Election summary: received 3 responses out of 3 voters: 1 yes votes; 2 no votes. yes voters: 166e4234e15c4e1e820ceb22a1e98ecf; no voters: 46e265cf88274dd6ac398349754d8d3b, 81ba2c05254a440dac47d1eb24f9f4e4
I20260630 12:16:13.494808 21294 raft_consensus.cc:2749] T 1ed3bdf61b0645579d1b6682eae3cf24 P 166e4234e15c4e1e820ceb22a1e98ecf [term 0 FOLLOWER]: Leader pre-election lost for term 1. Reason: could not achieve majority
I20260630 12:16:13.502591 21410 ts_tablet_manager.cc:1434] T 9ddd3f2ef56343c4948e90be444c0dba P 46e265cf88274dd6ac398349754d8d3b: Time spent starting tablet: real 0.038s	user 0.004s	sys 0.009s
I20260630 12:16:13.503026 21416 tablet_bootstrap.cc:492] T 1ed3bdf61b0645579d1b6682eae3cf24 P 81ba2c05254a440dac47d1eb24f9f4e4: No bootstrap required, opened a new log
I20260630 12:16:13.503541 21416 ts_tablet_manager.cc:1403] T 1ed3bdf61b0645579d1b6682eae3cf24 P 81ba2c05254a440dac47d1eb24f9f4e4: Time spent bootstrapping tablet: real 0.165s	user 0.015s	sys 0.005s
I20260630 12:16:13.503598 21410 tablet_bootstrap.cc:492] T 99a5e3a24d88490aadae15e5d34385ae P 46e265cf88274dd6ac398349754d8d3b: Bootstrap starting.
