I20260630 12:16:30.943233 19010 consensus_queue.cc:1048] T 087958e273aa4e16a1900a72c0848b6c P 7b11a2507e024e0a8e06bae6326c8da5 [LEADER]: Connected to new peer: Peer: permanent_uuid: "d4b24fd7c4fa44a6957fcc155e7c68fc" member_type: VOTER last_known_addr { host: "127.14.94.67" port: 33357 }, Status: LMP_MISMATCH, Last received: 0.0, Next index: 1, Last known committed idx: 0, Time since last communication: 0.000s
I20260630 12:16:31.648087 18755 placement_policy_util.cc:411] tablet 087958e273aa4e16a1900a72c0848b6c: detected majority of replicas (2 of 3) at location L0
I20260630 12:16:32.644035 18760 auto_leader_rebalancer.cc:141] leader rebalance for table test-workload
I20260630 12:16:32.645303 18760 auto_leader_rebalancer.cc:440] table: test-workload, leader rebalance finish, leader transfer count: 0
I20260630 12:16:32.645566 18760 auto_leader_rebalancer.cc:515] All tables' leader rebalancing finished this round
I20260630 12:16:32.656481 18755 placement_policy_util.cc:411] tablet 087958e273aa4e16a1900a72c0848b6c: detected majority of replicas (2 of 3) at location L0
I20260630 12:16:33.664692 18755 placement_policy_util.cc:411] tablet 087958e273aa4e16a1900a72c0848b6c: detected majority of replicas (2 of 3) at location L0
I20260630 12:16:34.646718 18760 auto_leader_rebalancer.cc:141] leader rebalance for table test-workload
I20260630 12:16:34.648373 18760 auto_leader_rebalancer.cc:440] table: test-workload, leader rebalance finish, leader transfer count: 0
I20260630 12:16:34.648674 18760 auto_leader_rebalancer.cc:515] All tables' leader rebalancing finished this round
I20260630 12:16:34.672521 18755 placement_policy_util.cc:411] tablet 087958e273aa4e16a1900a72c0848b6c: detected majority of replicas (2 of 3) at location L0
I20260630 12:16:35.680526 18755 placement_policy_util.cc:411] tablet 087958e273aa4e16a1900a72c0848b6c: detected majority of replicas (2 of 3) at location L0
I20260630 12:16:36.649586 18760 auto_leader_rebalancer.cc:141] leader rebalance for table test-workload
I20260630 12:16:36.650803 18760 auto_leader_rebalancer.cc:440] table: test-workload, leader rebalance finish, leader transfer count: 0
I20260630 12:16:36.651113 18760 auto_leader_rebalancer.cc:515] All tables' leader rebalancing finished this round
I20260630 12:16:36.688467 18755 placement_policy_util.cc:411] tablet 087958e273aa4e16a1900a72c0848b6c: detected majority of replicas (2 of 3) at location L0
I20260630 12:16:37.711299 18755 placement_policy_util.cc:411] tablet 087958e273aa4e16a1900a72c0848b6c: detected majority of replicas (2 of 3) at location L0
I20260630 12:16:38.652024 18760 auto_leader_rebalancer.cc:141] leader rebalance for table test-workload
I20260630 12:16:38.653259 18760 auto_leader_rebalancer.cc:440] table: test-workload, leader rebalance finish, leader transfer count: 0
I20260630 12:16:38.653533 18760 auto_leader_rebalancer.cc:515] All tables' leader rebalancing finished this round
I20260630 12:16:38.721722 18755 placement_policy_util.cc:411] tablet 087958e273aa4e16a1900a72c0848b6c: detected majority of replicas (2 of 3) at location L0
W20260630 12:16:38.822743 18979 debug-util.cc:398] Leaking SignalData structure 0x7b080005f140 after lost signal to thread 14716
W20260630 12:16:38.823607 18979 debug-util.cc:398] Leaking SignalData structure 0x7b08001d2980 after lost signal to thread 18741
W20260630 12:16:38.824510 18979 debug-util.cc:398] Leaking SignalData structure 0x7b0800191540 after lost signal to thread 18833
W20260630 12:16:38.825402 18979 debug-util.cc:398] Leaking SignalData structure 0x7b0800145460 after lost signal to thread 18908
W20260630 12:16:38.826152 18979 debug-util.cc:398] Leaking SignalData structure 0x7b0800063660 after lost signal to thread 18982
I20260630 12:16:39.728341 18755 placement_policy_util.cc:411] tablet 087958e273aa4e16a1900a72c0848b6c: detected majority of replicas (2 of 3) at location L0
I20260630 12:16:40.654407 18760 auto_leader_rebalancer.cc:141] leader rebalance for table test-workload
I20260630 12:16:40.655648 18760 auto_leader_rebalancer.cc:440] table: test-workload, leader rebalance finish, leader transfer count: 0
I20260630 12:16:40.655947 18760 auto_leader_rebalancer.cc:515] All tables' leader rebalancing finished this round
I20260630 12:16:40.734988 18755 placement_policy_util.cc:411] tablet 087958e273aa4e16a1900a72c0848b6c: detected majority of replicas (2 of 3) at location L0
I20260630 12:16:41.634285 14713 tablet_server.cc:179] TabletServer@127.14.94.65:0 shutting down...
I20260630 12:16:41.657163 14713 ts_tablet_manager.cc:1507] Shutting down tablet manager...
I20260630 12:16:41.657860 14713 tablet_replica.cc:333] T 087958e273aa4e16a1900a72c0848b6c P 9e196b3de1e749438bd30826c18e7ac5: stopping tablet replica
I20260630 12:16:41.658428 14713 raft_consensus.cc:2243] T 087958e273aa4e16a1900a72c0848b6c P 9e196b3de1e749438bd30826c18e7ac5 [term 1 FOLLOWER]: Raft consensus shutting down.
I20260630 12:16:41.659008 14713 raft_consensus.cc:2272] T 087958e273aa4e16a1900a72c0848b6c P 9e196b3de1e749438bd30826c18e7ac5 [term 1 FOLLOWER]: Raft consensus is shut down!
I20260630 12:16:41.679162 14713 tablet_server.cc:196] TabletServer@127.14.94.65:0 shutdown complete.
I20260630 12:16:41.690482 14713 tablet_server.cc:179] TabletServer@127.14.94.66:0 shutting down...
I20260630 12:16:41.707458 14713 ts_tablet_manager.cc:1507] Shutting down tablet manager...
I20260630 12:16:41.708139 14713 tablet_replica.cc:333] T 087958e273aa4e16a1900a72c0848b6c P 7b11a2507e024e0a8e06bae6326c8da5: stopping tablet replica
I20260630 12:16:41.708639 14713 raft_consensus.cc:2243] T 087958e273aa4e16a1900a72c0848b6c P 7b11a2507e024e0a8e06bae6326c8da5 [term 1 LEADER]: Raft consensus shutting down.
I20260630 12:16:41.709470 14713 raft_consensus.cc:2272] T 087958e273aa4e16a1900a72c0848b6c P 7b11a2507e024e0a8e06bae6326c8da5 [term 1 FOLLOWER]: Raft consensus is shut down!
I20260630 12:16:41.728117 14713 tablet_server.cc:196] TabletServer@127.14.94.66:0 shutdown complete.
I20260630 12:16:41.738724 14713 tablet_server.cc:179] TabletServer@127.14.94.67:0 shutting down...
I20260630 12:16:41.741888 18755 placement_policy_util.cc:411] tablet 087958e273aa4e16a1900a72c0848b6c: detected majority of replicas (2 of 3) at location L0
I20260630 12:16:41.757550 14713 ts_tablet_manager.cc:1507] Shutting down tablet manager...
I20260630 12:16:41.758260 14713 tablet_replica.cc:333] T 087958e273aa4e16a1900a72c0848b6c P d4b24fd7c4fa44a6957fcc155e7c68fc: stopping tablet replica
I20260630 12:16:41.758810 14713 raft_consensus.cc:2243] T 087958e273aa4e16a1900a72c0848b6c P d4b24fd7c4fa44a6957fcc155e7c68fc [term 1 FOLLOWER]: Raft consensus shutting down.
I20260630 12:16:41.759276 14713 raft_consensus.cc:2272] T 087958e273aa4e16a1900a72c0848b6c P d4b24fd7c4fa44a6957fcc155e7c68fc [term 1 FOLLOWER]: Raft consensus is shut down!
I20260630 12:16:41.793622 14713 tablet_server.cc:196] TabletServer@127.14.94.67:0 shutdown complete.
I20260630 12:16:41.803839 14713 master.cc:562] Master@127.14.94.126:45895 shutting down...
I20260630 12:16:41.820665 14713 raft_consensus.cc:2243] T 00000000000000000000000000000000 P b759961ec9eb40b59d1aad0220d2d5ce [term 1 LEADER]: Raft consensus shutting down.
I20260630 12:16:41.821276 14713 raft_consensus.cc:2272] T 00000000000000000000000000000000 P b759961ec9eb40b59d1aad0220d2d5ce [term 1 FOLLOWER]: Raft consensus is shut down!
I20260630 12:16:41.821592 14713 tablet_replica.cc:333] T 00000000000000000000000000000000 P b759961ec9eb40b59d1aad0220d2d5ce: stopping tablet replica
I20260630 12:16:41.856343 14713 master.cc:584] Master@127.14.94.126:45895 shutdown complete.
[       OK ] AutoRebalancerTest.NoReplicaMovesIfCannotFixPlacementPolicy (13371 ms)
[ RUN      ] AutoRebalancerTest.TestMaxMovesPerServer
I20260630 12:16:41.889160 14713 internal_mini_cluster.cc:156] Creating distributed mini masters. Addrs: 127.14.94.126:36367
I20260630 12:16:41.890210 14713 file_cache.cc:492] Constructed file cache file cache with capacity 419430
W20260630 12:16:41.895434 19032 instance_detector.cc:116] could not retrieve Azure instance metadata: Network error: curl error: HTTP response code said error: The requested URL returned error: 404
W20260630 12:16:41.895562 19031 instance_detector.cc:116] could not retrieve AWS instance metadata: Network error: curl error: HTTP response code said error: The requested URL returned error: 404
W20260630 12:16:41.896390 19034 instance_detector.cc:116] could not retrieve OpenStack instance metadata: Network error: curl error: HTTP response code said error: The requested URL returned error: 404
I20260630 12:16:41.898036 14713 server_base.cc:1061] running on GCE node
I20260630 12:16:41.898823 14713 hybrid_clock.cc:584] initializing the hybrid clock with 'system_unsync' time source
W20260630 12:16:41.898994 14713 system_unsync_time.cc:38] NTP support is disabled. Clock error bounds will not be accurate. This configuration is not suitable for distributed clusters.
I20260630 12:16:41.899151 14713 hybrid_clock.cc:648] HybridClock initialized: now 1782821801899135 us; error 0 us; skew 500 ppm
I20260630 12:16:41.899646 14713 server_base.cc:861] Flag tcmalloc_max_total_thread_cache_bytes is not working since tcmalloc is not enabled.
I20260630 12:16:41.901895 14713 webserver.cc:533] Webserver started at http://127.14.94.126:44485/ using document root <none> and password file <none>
I20260630 12:16:41.902329 14713 fs_manager.cc:362] Metadata directory not provided
I20260630 12:16:41.902506 14713 fs_manager.cc:368] Using write-ahead log directory (fs_wal_dir) as metadata directory
I20260630 12:16:41.902776 14713 server_base.cc:909] This appears to be a new deployment of Kudu; creating new FS layout
I20260630 12:16:41.903962 14713 fs_manager.cc:1068] Generated new instance metadata in path /tmp/dist-test-task5Kxb1p/test-tmp/auto_rebalancer-test.0.AutoRebalancerTest.TestMaxMovesPerServer.1782821683856667-14713-0/minicluster-data/master-0-root/instance:
uuid: "ccf0b5ed1132422fbcb8017912405bf3"
format_stamp: "Formatted at 2026-06-30 12:16:41 on dist-test-slave-d809"
I20260630 12:16:41.908059 14713 fs_manager.cc:696] Time spent creating directory manager: real 0.004s	user 0.003s	sys 0.000s
I20260630 12:16:41.911126 19039 log_block_manager.cc:4031] Time spent loading block containers with low live blocks: real 0.000s	user 0.000s	sys 0.000s
I20260630 12:16:41.911897 14713 fs_manager.cc:730] Time spent opening block manager: real 0.002s	user 0.002s	sys 0.001s
I20260630 12:16:41.912130 14713 fs_manager.cc:647] Opened local filesystem: /tmp/dist-test-task5Kxb1p/test-tmp/auto_rebalancer-test.0.AutoRebalancerTest.TestMaxMovesPerServer.1782821683856667-14713-0/minicluster-data/master-0-root
uuid: "ccf0b5ed1132422fbcb8017912405bf3"
format_stamp: "Formatted at 2026-06-30 12:16:41 on dist-test-slave-d809"
I20260630 12:16:41.912375 14713 fs_report.cc:389] FS layout report
--------------------
wal directory: /tmp/dist-test-task5Kxb1p/test-tmp/auto_rebalancer-test.0.AutoRebalancerTest.TestMaxMovesPerServer.1782821683856667-14713-0/minicluster-data/master-0-root
metadata directory: /tmp/dist-test-task5Kxb1p/test-tmp/auto_rebalancer-test.0.AutoRebalancerTest.TestMaxMovesPerServer.1782821683856667-14713-0/minicluster-data/master-0-root
1 data directories: /tmp/dist-test-task5Kxb1p/test-tmp/auto_rebalancer-test.0.AutoRebalancerTest.TestMaxMovesPerServer.1782821683856667-14713-0/minicluster-data/master-0-root/data
Total live blocks: 0
Total live bytes: 0
Total live bytes (after alignment): 0
Total number of LBM containers: 0 (0 full)
Did not check for missing blocks
Did not check for orphaned blocks
Total full LBM containers with extra space: 0 (0 repaired)
Total full LBM container extra space in bytes: 0 (0 repaired)
Total incomplete LBM containers: 0 (0 repaired)
Total LBM partial records: 0 (0 repaired)
Total corrupted LBM metadata records in RocksDB: 0 (0 repaired)
I20260630 12:16:41.946317 14713 rpc_server.cc:225] running with OpenSSL 1.1.1  11 Sep 2018
I20260630 12:16:41.947548 14713 kserver.cc:163] Server-wide thread pool size limit: 3276
I20260630 12:16:41.986989 14713 rpc_server.cc:307] RPC server started. Bound to: 127.14.94.126:36367
I20260630 12:16:41.987102 19090 acceptor_pool.cc:272] collecting diagnostics on the listening RPC socket 127.14.94.126:36367 every 8 connection(s)
I20260630 12:16:41.990698 19091 data_dirs.cc:400] Could only allocate 1 dirs of requested 3 for tablet 00000000000000000000000000000000. 1 dirs total, 0 dirs full, 0 dirs failed
I20260630 12:16:42.001130 19091 tablet_bootstrap.cc:492] T 00000000000000000000000000000000 P ccf0b5ed1132422fbcb8017912405bf3: Bootstrap starting.
I20260630 12:16:42.005407 19091 tablet_bootstrap.cc:654] T 00000000000000000000000000000000 P ccf0b5ed1132422fbcb8017912405bf3: Neither blocks nor log segments found. Creating new log.
I20260630 12:16:42.009143 19091 tablet_bootstrap.cc:492] T 00000000000000000000000000000000 P ccf0b5ed1132422fbcb8017912405bf3: No bootstrap required, opened a new log
I20260630 12:16:42.011066 19091 raft_consensus.cc:359] T 00000000000000000000000000000000 P ccf0b5ed1132422fbcb8017912405bf3 [term 0 FOLLOWER]: Replica starting. Triggering 0 pending ops. Active config: opid_index: -1 OBSOLETE_local: true peers { permanent_uuid: "ccf0b5ed1132422fbcb8017912405bf3" member_type: VOTER }
I20260630 12:16:42.011452 19091 raft_consensus.cc:385] T 00000000000000000000000000000000 P ccf0b5ed1132422fbcb8017912405bf3 [term 0 FOLLOWER]: Consensus starting up: Expiring failure detector timer to make a prompt election more likely
I20260630 12:16:42.011669 19091 raft_consensus.cc:740] T 00000000000000000000000000000000 P ccf0b5ed1132422fbcb8017912405bf3 [term 0 FOLLOWER]: Becoming Follower/Learner. State: Replica: ccf0b5ed1132422fbcb8017912405bf3, State: Initialized, Role: FOLLOWER
I20260630 12:16:42.012194 19091 consensus_queue.cc:260] T 00000000000000000000000000000000 P ccf0b5ed1132422fbcb8017912405bf3 [NON_LEADER]: Queue going to NON_LEADER mode. State: All replicated index: 0, Majority replicated index: 0, Committed index: 0, Last appended: 0.0, Last appended by leader: 0, Current term: 0, Majority size: -1, State: 0, Mode: NON_LEADER, active raft config: opid_index: -1 OBSOLETE_local: true peers { permanent_uuid: "ccf0b5ed1132422fbcb8017912405bf3" member_type: VOTER }
I20260630 12:16:42.012625 19091 raft_consensus.cc:399] T 00000000000000000000000000000000 P ccf0b5ed1132422fbcb8017912405bf3 [term 0 FOLLOWER]: Only one voter in the Raft config. Triggering election immediately
I20260630 12:16:42.012818 19091 raft_consensus.cc:493] T 00000000000000000000000000000000 P ccf0b5ed1132422fbcb8017912405bf3 [term 0 FOLLOWER]: Starting leader election (initial election of a single-replica configuration)
I20260630 12:16:42.013077 19091 raft_consensus.cc:3060] T 00000000000000000000000000000000 P ccf0b5ed1132422fbcb8017912405bf3 [term 0 FOLLOWER]: Advancing to term 1
I20260630 12:16:42.016940 19091 raft_consensus.cc:515] T 00000000000000000000000000000000 P ccf0b5ed1132422fbcb8017912405bf3 [term 1 FOLLOWER]: Starting leader election with config: opid_index: -1 OBSOLETE_local: true peers { permanent_uuid: "ccf0b5ed1132422fbcb8017912405bf3" member_type: VOTER }
I20260630 12:16:42.017388 19091 leader_election.cc:304] T 00000000000000000000000000000000 P ccf0b5ed1132422fbcb8017912405bf3 [CANDIDATE]: Term 1 election: Election decided. Result: candidate won. Election summary: received 1 responses out of 1 voters: 1 yes votes; 0 no votes. yes voters: ccf0b5ed1132422fbcb8017912405bf3; no voters: 
I20260630 12:16:42.018374 19091 leader_election.cc:290] T 00000000000000000000000000000000 P ccf0b5ed1132422fbcb8017912405bf3 [CANDIDATE]: Term 1 election: Requested vote from peers 
I20260630 12:16:42.018615 19094 raft_consensus.cc:2804] T 00000000000000000000000000000000 P ccf0b5ed1132422fbcb8017912405bf3 [term 1 FOLLOWER]: Leader election won for term 1
I20260630 12:16:42.019793 19094 raft_consensus.cc:697] T 00000000000000000000000000000000 P ccf0b5ed1132422fbcb8017912405bf3 [term 1 LEADER]: Becoming Leader. State: Replica: ccf0b5ed1132422fbcb8017912405bf3, State: Running, Role: LEADER
I20260630 12:16:42.020469 19094 consensus_queue.cc:237] T 00000000000000000000000000000000 P ccf0b5ed1132422fbcb8017912405bf3 [LEADER]: Queue going to LEADER mode. State: All replicated index: 0, Majority replicated index: 0, Committed index: 0, Last appended: 0.0, Last appended by leader: 0, Current term: 1, Majority size: 1, State: 0, Mode: LEADER, active raft config: opid_index: -1 OBSOLETE_local: true peers { permanent_uuid: "ccf0b5ed1132422fbcb8017912405bf3" member_type: VOTER }
I20260630 12:16:42.021179 19091 sys_catalog.cc:565] T 00000000000000000000000000000000 P ccf0b5ed1132422fbcb8017912405bf3 [sys.catalog]: configured and running, proceeding with master startup.
I20260630 12:16:42.026290 19096 sys_catalog.cc:455] T 00000000000000000000000000000000 P ccf0b5ed1132422fbcb8017912405bf3 [sys.catalog]: SysCatalogTable state changed. Reason: New leader ccf0b5ed1132422fbcb8017912405bf3. Latest consensus state: current_term: 1 leader_uuid: "ccf0b5ed1132422fbcb8017912405bf3" committed_config { opid_index: -1 OBSOLETE_local: true peers { permanent_uuid: "ccf0b5ed1132422fbcb8017912405bf3" member_type: VOTER } }
I20260630 12:16:42.026662 19095 sys_catalog.cc:455] T 00000000000000000000000000000000 P ccf0b5ed1132422fbcb8017912405bf3 [sys.catalog]: SysCatalogTable state changed. Reason: RaftConsensus started. Latest consensus state: current_term: 1 leader_uuid: "ccf0b5ed1132422fbcb8017912405bf3" committed_config { opid_index: -1 OBSOLETE_local: true peers { permanent_uuid: "ccf0b5ed1132422fbcb8017912405bf3" member_type: VOTER } }
I20260630 12:16:42.026921 19096 sys_catalog.cc:458] T 00000000000000000000000000000000 P ccf0b5ed1132422fbcb8017912405bf3 [sys.catalog]: This master's current role is: LEADER
I20260630 12:16:42.027201 19095 sys_catalog.cc:458] T 00000000000000000000000000000000 P ccf0b5ed1132422fbcb8017912405bf3 [sys.catalog]: This master's current role is: LEADER
I20260630 12:16:42.028776 19103 catalog_manager.cc:1511] Loading table and tablet metadata into memory...
I20260630 12:16:42.033371 19103 catalog_manager.cc:1520] Initializing Kudu cluster ID...
I20260630 12:16:42.034446 14713 internal_mini_cluster.cc:184] Waiting to initialize catalog manager on master 0
I20260630 12:16:42.041301 19103 catalog_manager.cc:1383] Generated new cluster ID: 9420c16e382c471ebfa2b7e9bd0b088d
I20260630 12:16:42.041554 19103 catalog_manager.cc:1531] Initializing Kudu internal certificate authority...
I20260630 12:16:42.058056 19103 catalog_manager.cc:1406] Generated new certificate authority record
I20260630 12:16:42.059209 19103 catalog_manager.cc:1540] Loading token signing keys...
I20260630 12:16:42.070127 19103 catalog_manager.cc:6070] T 00000000000000000000000000000000 P ccf0b5ed1132422fbcb8017912405bf3: Generated new TSK 0
I20260630 12:16:42.070631 19103 catalog_manager.cc:1550] Initializing in-progress tserver states...
I20260630 12:16:42.100494 14713 file_cache.cc:492] Constructed file cache file cache with capacity 419430
W20260630 12:16:42.105604 19112 instance_detector.cc:116] could not retrieve AWS instance metadata: Network error: curl error: HTTP response code said error: The requested URL returned error: 404
W20260630 12:16:42.106616 19113 instance_detector.cc:116] could not retrieve Azure instance metadata: Network error: curl error: HTTP response code said error: The requested URL returned error: 404
I20260630 12:16:42.108126 14713 server_base.cc:1061] running on GCE node
W20260630 12:16:42.108804 19115 instance_detector.cc:116] could not retrieve OpenStack instance metadata: Network error: curl error: HTTP response code said error: The requested URL returned error: 404
I20260630 12:16:42.109586 14713 hybrid_clock.cc:584] initializing the hybrid clock with 'system_unsync' time source
W20260630 12:16:42.109782 14713 system_unsync_time.cc:38] NTP support is disabled. Clock error bounds will not be accurate. This configuration is not suitable for distributed clusters.
I20260630 12:16:42.109925 14713 hybrid_clock.cc:648] HybridClock initialized: now 1782821802109908 us; error 0 us; skew 500 ppm
I20260630 12:16:42.110392 14713 server_base.cc:861] Flag tcmalloc_max_total_thread_cache_bytes is not working since tcmalloc is not enabled.
I20260630 12:16:42.112450 14713 webserver.cc:533] Webserver started at http://127.14.94.65:33895/ using document root <none> and password file <none>
I20260630 12:16:42.112881 14713 fs_manager.cc:362] Metadata directory not provided
I20260630 12:16:42.113049 14713 fs_manager.cc:368] Using write-ahead log directory (fs_wal_dir) as metadata directory
I20260630 12:16:42.113283 14713 server_base.cc:909] This appears to be a new deployment of Kudu; creating new FS layout
I20260630 12:16:42.114286 14713 fs_manager.cc:1068] Generated new instance metadata in path /tmp/dist-test-task5Kxb1p/test-tmp/auto_rebalancer-test.0.AutoRebalancerTest.TestMaxMovesPerServer.1782821683856667-14713-0/minicluster-data/ts-0-root/instance:
uuid: "b18bc14f879341d1b1559ae5142bda3b"
format_stamp: "Formatted at 2026-06-30 12:16:42 on dist-test-slave-d809"
I20260630 12:16:42.118337 14713 fs_manager.cc:696] Time spent creating directory manager: real 0.004s	user 0.005s	sys 0.000s
I20260630 12:16:42.121284 19120 log_block_manager.cc:4031] Time spent loading block containers with low live blocks: real 0.000s	user 0.000s	sys 0.000s
I20260630 12:16:42.121920 14713 fs_manager.cc:730] Time spent opening block manager: real 0.002s	user 0.001s	sys 0.000s
I20260630 12:16:42.122191 14713 fs_manager.cc:647] Opened local filesystem: /tmp/dist-test-task5Kxb1p/test-tmp/auto_rebalancer-test.0.AutoRebalancerTest.TestMaxMovesPerServer.1782821683856667-14713-0/minicluster-data/ts-0-root
uuid: "b18bc14f879341d1b1559ae5142bda3b"
format_stamp: "Formatted at 2026-06-30 12:16:42 on dist-test-slave-d809"
I20260630 12:16:42.122443 14713 fs_report.cc:389] FS layout report
--------------------
wal directory: /tmp/dist-test-task5Kxb1p/test-tmp/auto_rebalancer-test.0.AutoRebalancerTest.TestMaxMovesPerServer.1782821683856667-14713-0/minicluster-data/ts-0-root
metadata directory: /tmp/dist-test-task5Kxb1p/test-tmp/auto_rebalancer-test.0.AutoRebalancerTest.TestMaxMovesPerServer.1782821683856667-14713-0/minicluster-data/ts-0-root
1 data directories: /tmp/dist-test-task5Kxb1p/test-tmp/auto_rebalancer-test.0.AutoRebalancerTest.TestMaxMovesPerServer.1782821683856667-14713-0/minicluster-data/ts-0-root/data
Total live blocks: 0
Total live bytes: 0
Total live bytes (after alignment): 0
Total number of LBM containers: 0 (0 full)
Did not check for missing blocks
Did not check for orphaned blocks
Total full LBM containers with extra space: 0 (0 repaired)
Total full LBM container extra space in bytes: 0 (0 repaired)
Total incomplete LBM containers: 0 (0 repaired)
Total LBM partial records: 0 (0 repaired)
Total corrupted LBM metadata records in RocksDB: 0 (0 repaired)
I20260630 12:16:42.136826 14713 rpc_server.cc:225] running with OpenSSL 1.1.1  11 Sep 2018
I20260630 12:16:42.137925 14713 kserver.cc:163] Server-wide thread pool size limit: 3276
I20260630 12:16:42.139269 14713 txn_system_client.cc:432] TxnSystemClient initialization is disabled...
I20260630 12:16:42.141683 14713 ts_tablet_manager.cc:585] Loaded tablet metadata (0 total tablets, 0 live tablets)
I20260630 12:16:42.141892 14713 ts_tablet_manager.cc:531] Time spent load tablet metadata: real 0.000s	user 0.000s	sys 0.000s
I20260630 12:16:42.142143 14713 ts_tablet_manager.cc:616] Registered 0 tablets
I20260630 12:16:42.142320 14713 ts_tablet_manager.cc:595] Time spent register tablets: real 0.000s	user 0.000s	sys 0.000s
I20260630 12:16:42.186292 14713 rpc_server.cc:307] RPC server started. Bound to: 127.14.94.65:38821
I20260630 12:16:42.186391 19182 acceptor_pool.cc:272] collecting diagnostics on the listening RPC socket 127.14.94.65:38821 every 8 connection(s)
I20260630 12:16:42.191267 14713 file_cache.cc:492] Constructed file cache file cache with capacity 419430
W20260630 12:16:42.198637 19187 instance_detector.cc:116] could not retrieve AWS instance metadata: Network error: curl error: HTTP response code said error: The requested URL returned error: 404
W20260630 12:16:42.202006 19188 instance_detector.cc:116] could not retrieve Azure instance metadata: Network error: curl error: HTTP response code said error: The requested URL returned error: 404
W20260630 12:16:42.202454 19190 instance_detector.cc:116] could not retrieve OpenStack instance metadata: Network error: curl error: HTTP response code said error: The requested URL returned error: 404
I20260630 12:16:42.203663 14713 server_base.cc:1061] running on GCE node
I20260630 12:16:42.204492 14713 hybrid_clock.cc:584] initializing the hybrid clock with 'system_unsync' time source
W20260630 12:16:42.204691 14713 system_unsync_time.cc:38] NTP support is disabled. Clock error bounds will not be accurate. This configuration is not suitable for distributed clusters.
I20260630 12:16:42.204849 14713 hybrid_clock.cc:648] HybridClock initialized: now 1782821802204831 us; error 0 us; skew 500 ppm
I20260630 12:16:42.205296 14713 server_base.cc:861] Flag tcmalloc_max_total_thread_cache_bytes is not working since tcmalloc is not enabled.
I20260630 12:16:42.207444 14713 webserver.cc:533] Webserver started at http://127.14.94.66:42345/ using document root <none> and password file <none>
I20260630 12:16:42.207989 14713 fs_manager.cc:362] Metadata directory not provided
I20260630 12:16:42.208181 14713 fs_manager.cc:368] Using write-ahead log directory (fs_wal_dir) as metadata directory
I20260630 12:16:42.208441 14713 server_base.cc:909] This appears to be a new deployment of Kudu; creating new FS layout
I20260630 12:16:42.209556 14713 fs_manager.cc:1068] Generated new instance metadata in path /tmp/dist-test-task5Kxb1p/test-tmp/auto_rebalancer-test.0.AutoRebalancerTest.TestMaxMovesPerServer.1782821683856667-14713-0/minicluster-data/ts-1-root/instance:
uuid: "a0ff4b8ff6744ea498a98c2c9d2a03d9"
format_stamp: "Formatted at 2026-06-30 12:16:42 on dist-test-slave-d809"
I20260630 12:16:42.210713 19183 heartbeater.cc:344] Connected to a master server at 127.14.94.126:36367
I20260630 12:16:42.211035 19183 heartbeater.cc:461] Registering TS with master...
I20260630 12:16:42.211666 19183 heartbeater.cc:507] Master 127.14.94.126:36367 requested a full tablet report, sending...
I20260630 12:16:42.213912 19056 ts_manager.cc:194] Registered new tserver with Master: b18bc14f879341d1b1559ae5142bda3b (127.14.94.65:38821)
I20260630 12:16:42.214511 14713 fs_manager.cc:696] Time spent creating directory manager: real 0.004s	user 0.006s	sys 0.000s
I20260630 12:16:42.215838 19056 master_service.cc:502] Signed X509 certificate for tserver {username='slave'} at 127.0.0.1:46876
I20260630 12:16:42.218084 19195 log_block_manager.cc:4031] Time spent loading block containers with low live blocks: real 0.000s	user 0.000s	sys 0.000s
I20260630 12:16:42.218849 14713 fs_manager.cc:730] Time spent opening block manager: real 0.002s	user 0.000s	sys 0.002s
I20260630 12:16:42.219112 14713 fs_manager.cc:647] Opened local filesystem: /tmp/dist-test-task5Kxb1p/test-tmp/auto_rebalancer-test.0.AutoRebalancerTest.TestMaxMovesPerServer.1782821683856667-14713-0/minicluster-data/ts-1-root
uuid: "a0ff4b8ff6744ea498a98c2c9d2a03d9"
format_stamp: "Formatted at 2026-06-30 12:16:42 on dist-test-slave-d809"
I20260630 12:16:42.219363 14713 fs_report.cc:389] FS layout report
--------------------
wal directory: /tmp/dist-test-task5Kxb1p/test-tmp/auto_rebalancer-test.0.AutoRebalancerTest.TestMaxMovesPerServer.1782821683856667-14713-0/minicluster-data/ts-1-root
metadata directory: /tmp/dist-test-task5Kxb1p/test-tmp/auto_rebalancer-test.0.AutoRebalancerTest.TestMaxMovesPerServer.1782821683856667-14713-0/minicluster-data/ts-1-root
1 data directories: /tmp/dist-test-task5Kxb1p/test-tmp/auto_rebalancer-test.0.AutoRebalancerTest.TestMaxMovesPerServer.1782821683856667-14713-0/minicluster-data/ts-1-root/data
Total live blocks: 0
Total live bytes: 0
Total live bytes (after alignment): 0
Total number of LBM containers: 0 (0 full)
Did not check for missing blocks
Did not check for orphaned blocks
Total full LBM containers with extra space: 0 (0 repaired)
Total full LBM container extra space in bytes: 0 (0 repaired)
Total incomplete LBM containers: 0 (0 repaired)
Total LBM partial records: 0 (0 repaired)
Total corrupted LBM metadata records in RocksDB: 0 (0 repaired)
I20260630 12:16:42.231652 14713 rpc_server.cc:225] running with OpenSSL 1.1.1  11 Sep 2018
I20260630 12:16:42.232844 14713 kserver.cc:163] Server-wide thread pool size limit: 3276
I20260630 12:16:42.234241 14713 txn_system_client.cc:432] TxnSystemClient initialization is disabled...
I20260630 12:16:42.236414 14713 ts_tablet_manager.cc:585] Loaded tablet metadata (0 total tablets, 0 live tablets)
I20260630 12:16:42.236619 14713 ts_tablet_manager.cc:531] Time spent load tablet metadata: real 0.000s	user 0.000s	sys 0.000s
I20260630 12:16:42.236835 14713 ts_tablet_manager.cc:616] Registered 0 tablets
I20260630 12:16:42.236982 14713 ts_tablet_manager.cc:595] Time spent register tablets: real 0.000s	user 0.000s	sys 0.000s
I20260630 12:16:42.275017 14713 rpc_server.cc:307] RPC server started. Bound to: 127.14.94.66:38535
I20260630 12:16:42.275152 19257 acceptor_pool.cc:272] collecting diagnostics on the listening RPC socket 127.14.94.66:38535 every 8 connection(s)
I20260630 12:16:42.279595 14713 file_cache.cc:492] Constructed file cache file cache with capacity 419430
W20260630 12:16:42.285539 19261 instance_detector.cc:116] could not retrieve AWS instance metadata: Network error: curl error: HTTP response code said error: The requested URL returned error: 404
W20260630 12:16:42.287377 19262 instance_detector.cc:116] could not retrieve Azure instance metadata: Network error: curl error: HTTP response code said error: The requested URL returned error: 404
W20260630 12:16:42.288329 19264 instance_detector.cc:116] could not retrieve OpenStack instance metadata: Network error: curl error: HTTP response code said error: The requested URL returned error: 404
I20260630 12:16:42.289383 14713 server_base.cc:1061] running on GCE node
I20260630 12:16:42.290125 19258 heartbeater.cc:344] Connected to a master server at 127.14.94.126:36367
I20260630 12:16:42.290310 14713 hybrid_clock.cc:584] initializing the hybrid clock with 'system_unsync' time source
I20260630 12:16:42.290520 19258 heartbeater.cc:461] Registering TS with master...
W20260630 12:16:42.290606 14713 system_unsync_time.cc:38] NTP support is disabled. Clock error bounds will not be accurate. This configuration is not suitable for distributed clusters.
I20260630 12:16:42.290872 14713 hybrid_clock.cc:648] HybridClock initialized: now 1782821802290855 us; error 0 us; skew 500 ppm
I20260630 12:16:42.291409 19258 heartbeater.cc:507] Master 127.14.94.126:36367 requested a full tablet report, sending...
I20260630 12:16:42.291579 14713 server_base.cc:861] Flag tcmalloc_max_total_thread_cache_bytes is not working since tcmalloc is not enabled.
I20260630 12:16:42.293514 19056 ts_manager.cc:194] Registered new tserver with Master: a0ff4b8ff6744ea498a98c2c9d2a03d9 (127.14.94.66:38535)
I20260630 12:16:42.294126 14713 webserver.cc:533] Webserver started at http://127.14.94.67:41809/ using document root <none> and password file <none>
I20260630 12:16:42.294585 14713 fs_manager.cc:362] Metadata directory not provided
I20260630 12:16:42.294756 14713 fs_manager.cc:368] Using write-ahead log directory (fs_wal_dir) as metadata directory
I20260630 12:16:42.294878 19056 master_service.cc:502] Signed X509 certificate for tserver {username='slave'} at 127.0.0.1:46888
I20260630 12:16:42.294979 14713 server_base.cc:909] This appears to be a new deployment of Kudu; creating new FS layout
I20260630 12:16:42.296277 14713 fs_manager.cc:1068] Generated new instance metadata in path /tmp/dist-test-task5Kxb1p/test-tmp/auto_rebalancer-test.0.AutoRebalancerTest.TestMaxMovesPerServer.1782821683856667-14713-0/minicluster-data/ts-2-root/instance:
uuid: "d886358ff3934709913fa1070da0bcd8"
format_stamp: "Formatted at 2026-06-30 12:16:42 on dist-test-slave-d809"
I20260630 12:16:42.300231 14713 fs_manager.cc:696] Time spent creating directory manager: real 0.003s	user 0.003s	sys 0.001s
I20260630 12:16:42.303105 19269 log_block_manager.cc:4031] Time spent loading block containers with low live blocks: real 0.000s	user 0.000s	sys 0.000s
I20260630 12:16:42.303807 14713 fs_manager.cc:730] Time spent opening block manager: real 0.002s	user 0.002s	sys 0.001s
I20260630 12:16:42.304072 14713 fs_manager.cc:647] Opened local filesystem: /tmp/dist-test-task5Kxb1p/test-tmp/auto_rebalancer-test.0.AutoRebalancerTest.TestMaxMovesPerServer.1782821683856667-14713-0/minicluster-data/ts-2-root
uuid: "d886358ff3934709913fa1070da0bcd8"
format_stamp: "Formatted at 2026-06-30 12:16:42 on dist-test-slave-d809"
I20260630 12:16:42.304311 14713 fs_report.cc:389] FS layout report
--------------------
wal directory: /tmp/dist-test-task5Kxb1p/test-tmp/auto_rebalancer-test.0.AutoRebalancerTest.TestMaxMovesPerServer.1782821683856667-14713-0/minicluster-data/ts-2-root
metadata directory: /tmp/dist-test-task5Kxb1p/test-tmp/auto_rebalancer-test.0.AutoRebalancerTest.TestMaxMovesPerServer.1782821683856667-14713-0/minicluster-data/ts-2-root
1 data directories: /tmp/dist-test-task5Kxb1p/test-tmp/auto_rebalancer-test.0.AutoRebalancerTest.TestMaxMovesPerServer.1782821683856667-14713-0/minicluster-data/ts-2-root/data
Total live blocks: 0
Total live bytes: 0
Total live bytes (after alignment): 0
Total number of LBM containers: 0 (0 full)
Did not check for missing blocks
Did not check for orphaned blocks
Total full LBM containers with extra space: 0 (0 repaired)
Total full LBM container extra space in bytes: 0 (0 repaired)
Total incomplete LBM containers: 0 (0 repaired)
Total LBM partial records: 0 (0 repaired)
Total corrupted LBM metadata records in RocksDB: 0 (0 repaired)
I20260630 12:16:42.324070 14713 rpc_server.cc:225] running with OpenSSL 1.1.1  11 Sep 2018
I20260630 12:16:42.325085 14713 kserver.cc:163] Server-wide thread pool size limit: 3276
I20260630 12:16:42.326370 14713 txn_system_client.cc:432] TxnSystemClient initialization is disabled...
I20260630 12:16:42.328452 14713 ts_tablet_manager.cc:585] Loaded tablet metadata (0 total tablets, 0 live tablets)
I20260630 12:16:42.328636 14713 ts_tablet_manager.cc:531] Time spent load tablet metadata: real 0.000s	user 0.000s	sys 0.000s
I20260630 12:16:42.328846 14713 ts_tablet_manager.cc:616] Registered 0 tablets
I20260630 12:16:42.328991 14713 ts_tablet_manager.cc:595] Time spent register tablets: real 0.000s	user 0.000s	sys 0.000s
I20260630 12:16:42.365005 14713 rpc_server.cc:307] RPC server started. Bound to: 127.14.94.67:42821
I20260630 12:16:42.365110 19331 acceptor_pool.cc:272] collecting diagnostics on the listening RPC socket 127.14.94.67:42821 every 8 connection(s)
I20260630 12:16:42.377921 19332 heartbeater.cc:344] Connected to a master server at 127.14.94.126:36367
I20260630 12:16:42.378268 19332 heartbeater.cc:461] Registering TS with master...
I20260630 12:16:42.378937 19332 heartbeater.cc:507] Master 127.14.94.126:36367 requested a full tablet report, sending...
I20260630 12:16:42.380702 19056 ts_manager.cc:194] Registered new tserver with Master: d886358ff3934709913fa1070da0bcd8 (127.14.94.67:42821)
I20260630 12:16:42.381600 14713 internal_mini_cluster.cc:371] 3 TS(s) registered with all masters after 0.013434872s
I20260630 12:16:42.381955 19056 master_service.cc:502] Signed X509 certificate for tserver {username='slave'} at 127.0.0.1:46902
I20260630 12:16:43.218714 19183 heartbeater.cc:499] Master 127.14.94.126:36367 was elected leader, sending a full tablet report...
I20260630 12:16:43.297156 19258 heartbeater.cc:499] Master 127.14.94.126:36367 was elected leader, sending a full tablet report...
I20260630 12:16:43.384262 19332 heartbeater.cc:499] Master 127.14.94.126:36367 was elected leader, sending a full tablet report...
I20260630 12:16:43.434885 19056 catalog_manager.cc:2283] Servicing CreateTable request from {username='slave'} at 127.0.0.1:46906:
name: "test-workload"
schema {
  columns {
    name: "key"
    type: INT32
    is_key: true
    is_nullable: false
    encoding: AUTO_ENCODING
    compression: DEFAULT_COMPRESSION
    cfile_block_size: 0
    immutable: false
  }
  columns {
    name: "int_val"
    type: INT32
    is_key: false
    is_nullable: false
    encoding: AUTO_ENCODING
    compression: DEFAULT_COMPRESSION
    cfile_block_size: 0
    immutable: false
  }
  columns {
    name: "string_val"
    type: STRING
    is_key: false
    is_nullable: true
    encoding: AUTO_ENCODING
    compression: DEFAULT_COMPRESSION
    cfile_block_size: 0
    immutable: false
  }
}
num_replicas: 3
split_rows_range_bounds {
  rows: "\004\001\000\252\252\252\n\004\001\000TUU\025\004\001\000\376\377\377\037\004\001\000\250\252\252*\004\001\000RUU5\004\001\000\374\377\377?\004\001\000\246\252\252J\004\001\000PUUU\004\001\000\372\377\377_\004\001\000\244\252\252j\004\001\000NUUu""\004\001\000\252\252\252\n\004\001\000TUU\025\004\001\000\376\377\377\037\004\001\000\250\252\252*\004\001\000RUU5\004\001\000\374\377\377?\004\001\000\246\252\252J\004\001\000PUUU\004\001\000\372\377\377_\004\001\000\244\252\252j\004\001\000NUUu"
  indirect_data: """"
}
partition_schema {
  range_schema {
    columns {
      name: "key"
    }
  }
}
W20260630 12:16:43.437966 19056 catalog_manager.cc:7077] The number of live tablet servers is not enough to re-replicate a tablet replica of the newly created table test-workload in case of a server failure: 4 tablet servers would be needed, 3 are available. Consider bringing up more tablet servers.
I20260630 12:16:43.525630 19297 tablet_service.cc:1511] Processing CreateTablet for tablet c728b2f02f60408f89eab01486d61247 (DEFAULT_TABLE table=test-workload [id=f6af9a27ce814fdd8500987b3691ef52]), partition=RANGE (key) PARTITION VALUES < 178956970
I20260630 12:16:43.525791 19296 tablet_service.cc:1511] Processing CreateTablet for tablet dc152361068c4d4bb8393ccfba09da37 (DEFAULT_TABLE table=test-workload [id=f6af9a27ce814fdd8500987b3691ef52]), partition=RANGE (key) PARTITION 178956970 <= VALUES < 357913940
I20260630 12:16:43.527129 19297 data_dirs.cc:400] Could only allocate 1 dirs of requested 3 for tablet c728b2f02f60408f89eab01486d61247. 1 dirs total, 0 dirs full, 0 dirs failed
I20260630 12:16:43.528911 19147 tablet_service.cc:1511] Processing CreateTablet for tablet dc152361068c4d4bb8393ccfba09da37 (DEFAULT_TABLE table=test-workload [id=f6af9a27ce814fdd8500987b3691ef52]), partition=RANGE (key) PARTITION 178956970 <= VALUES < 357913940
I20260630 12:16:43.529610 19148 tablet_service.cc:1511] Processing CreateTablet for tablet c728b2f02f60408f89eab01486d61247 (DEFAULT_TABLE table=test-workload [id=f6af9a27ce814fdd8500987b3691ef52]), partition=RANGE (key) PARTITION VALUES < 178956970
I20260630 12:16:43.530301 19147 data_dirs.cc:400] Could only allocate 1 dirs of requested 3 for tablet dc152361068c4d4bb8393ccfba09da37. 1 dirs total, 0 dirs full, 0 dirs failed
I20260630 12:16:43.532341 19295 tablet_service.cc:1511] Processing CreateTablet for tablet 1a942ab710094c74aee565cc4eae96cd (DEFAULT_TABLE table=test-workload [id=f6af9a27ce814fdd8500987b3691ef52]), partition=RANGE (key) PARTITION 357913940 <= VALUES < 536870910
I20260630 12:16:43.533008 19296 data_dirs.cc:400] Could only allocate 1 dirs of requested 3 for tablet dc152361068c4d4bb8393ccfba09da37. 1 dirs total, 0 dirs full, 0 dirs failed
I20260630 12:16:43.532791 19146 tablet_service.cc:1511] Processing CreateTablet for tablet 1a942ab710094c74aee565cc4eae96cd (DEFAULT_TABLE table=test-workload [id=f6af9a27ce814fdd8500987b3691ef52]), partition=RANGE (key) PARTITION 357913940 <= VALUES < 536870910
I20260630 12:16:43.533648 19295 data_dirs.cc:400] Could only allocate 1 dirs of requested 3 for tablet 1a942ab710094c74aee565cc4eae96cd. 1 dirs total, 0 dirs full, 0 dirs failed
I20260630 12:16:43.534057 19146 data_dirs.cc:400] Could only allocate 1 dirs of requested 3 for tablet 1a942ab710094c74aee565cc4eae96cd. 1 dirs total, 0 dirs full, 0 dirs failed
I20260630 12:16:43.536350 19148 data_dirs.cc:400] Could only allocate 1 dirs of requested 3 for tablet c728b2f02f60408f89eab01486d61247. 1 dirs total, 0 dirs full, 0 dirs failed
I20260630 12:16:43.536823 19145 tablet_service.cc:1511] Processing CreateTablet for tablet 39fef84a919e42e084767dbd02263518 (DEFAULT_TABLE table=test-workload [id=f6af9a27ce814fdd8500987b3691ef52]), partition=RANGE (key) PARTITION 536870910 <= VALUES < 715827880
I20260630 12:16:43.540974 19223 tablet_service.cc:1511] Processing CreateTablet for tablet c728b2f02f60408f89eab01486d61247 (DEFAULT_TABLE table=test-workload [id=f6af9a27ce814fdd8500987b3691ef52]), partition=RANGE (key) PARTITION VALUES < 178956970
I20260630 12:16:43.542270 19223 data_dirs.cc:400] Could only allocate 1 dirs of requested 3 for tablet c728b2f02f60408f89eab01486d61247. 1 dirs total, 0 dirs full, 0 dirs failed
I20260630 12:16:43.544122 19294 tablet_service.cc:1511] Processing CreateTablet for tablet 39fef84a919e42e084767dbd02263518 (DEFAULT_TABLE table=test-workload [id=f6af9a27ce814fdd8500987b3691ef52]), partition=RANGE (key) PARTITION 536870910 <= VALUES < 715827880
I20260630 12:16:43.544826 19222 tablet_service.cc:1511] Processing CreateTablet for tablet dc152361068c4d4bb8393ccfba09da37 (DEFAULT_TABLE table=test-workload [id=f6af9a27ce814fdd8500987b3691ef52]), partition=RANGE (key) PARTITION 178956970 <= VALUES < 357913940
I20260630 12:16:43.545467 19294 data_dirs.cc:400] Could only allocate 1 dirs of requested 3 for tablet 39fef84a919e42e084767dbd02263518. 1 dirs total, 0 dirs full, 0 dirs failed
I20260630 12:16:43.546052 19222 data_dirs.cc:400] Could only allocate 1 dirs of requested 3 for tablet dc152361068c4d4bb8393ccfba09da37. 1 dirs total, 0 dirs full, 0 dirs failed
I20260630 12:16:43.548878 19221 tablet_service.cc:1511] Processing CreateTablet for tablet 1a942ab710094c74aee565cc4eae96cd (DEFAULT_TABLE table=test-workload [id=f6af9a27ce814fdd8500987b3691ef52]), partition=RANGE (key) PARTITION 357913940 <= VALUES < 536870910
I20260630 12:16:43.550181 19221 data_dirs.cc:400] Could only allocate 1 dirs of requested 3 for tablet 1a942ab710094c74aee565cc4eae96cd. 1 dirs total, 0 dirs full, 0 dirs failed
I20260630 12:16:43.551404 19293 tablet_service.cc:1511] Processing CreateTablet for tablet e94a112413944daf83d3675bf159b8a2 (DEFAULT_TABLE table=test-workload [id=f6af9a27ce814fdd8500987b3691ef52]), partition=RANGE (key) PARTITION 715827880 <= VALUES < 894784850
I20260630 12:16:43.552167 19220 tablet_service.cc:1511] Processing CreateTablet for tablet 39fef84a919e42e084767dbd02263518 (DEFAULT_TABLE table=test-workload [id=f6af9a27ce814fdd8500987b3691ef52]), partition=RANGE (key) PARTITION 536870910 <= VALUES < 715827880
I20260630 12:16:43.552721 19293 data_dirs.cc:400] Could only allocate 1 dirs of requested 3 for tablet e94a112413944daf83d3675bf159b8a2. 1 dirs total, 0 dirs full, 0 dirs failed
I20260630 12:16:43.553503 19220 data_dirs.cc:400] Could only allocate 1 dirs of requested 3 for tablet 39fef84a919e42e084767dbd02263518. 1 dirs total, 0 dirs full, 0 dirs failed
I20260630 12:16:43.556757 19145 data_dirs.cc:400] Could only allocate 1 dirs of requested 3 for tablet 39fef84a919e42e084767dbd02263518. 1 dirs total, 0 dirs full, 0 dirs failed
I20260630 12:16:43.557309 19292 tablet_service.cc:1511] Processing CreateTablet for tablet a1e4aaae5a534cb2b3ca134e5ab2275a (DEFAULT_TABLE table=test-workload [id=f6af9a27ce814fdd8500987b3691ef52]), partition=RANGE (key) PARTITION 894784850 <= VALUES < 1073741820
I20260630 12:16:43.558611 19292 data_dirs.cc:400] Could only allocate 1 dirs of requested 3 for tablet a1e4aaae5a534cb2b3ca134e5ab2275a. 1 dirs total, 0 dirs full, 0 dirs failed
I20260630 12:16:43.559109 19219 tablet_service.cc:1511] Processing CreateTablet for tablet e94a112413944daf83d3675bf159b8a2 (DEFAULT_TABLE table=test-workload [id=f6af9a27ce814fdd8500987b3691ef52]), partition=RANGE (key) PARTITION 715827880 <= VALUES < 894784850
I20260630 12:16:43.560446 19219 data_dirs.cc:400] Could only allocate 1 dirs of requested 3 for tablet e94a112413944daf83d3675bf159b8a2. 1 dirs total, 0 dirs full, 0 dirs failed
I20260630 12:16:43.562904 19218 tablet_service.cc:1511] Processing CreateTablet for tablet a1e4aaae5a534cb2b3ca134e5ab2275a (DEFAULT_TABLE table=test-workload [id=f6af9a27ce814fdd8500987b3691ef52]), partition=RANGE (key) PARTITION 894784850 <= VALUES < 1073741820
I20260630 12:16:43.564307 19218 data_dirs.cc:400] Could only allocate 1 dirs of requested 3 for tablet a1e4aaae5a534cb2b3ca134e5ab2275a. 1 dirs total, 0 dirs full, 0 dirs failed
I20260630 12:16:43.567775 19144 tablet_service.cc:1511] Processing CreateTablet for tablet e94a112413944daf83d3675bf159b8a2 (DEFAULT_TABLE table=test-workload [id=f6af9a27ce814fdd8500987b3691ef52]), partition=RANGE (key) PARTITION 715827880 <= VALUES < 894784850
I20260630 12:16:43.569171 19144 data_dirs.cc:400] Could only allocate 1 dirs of requested 3 for tablet e94a112413944daf83d3675bf159b8a2. 1 dirs total, 0 dirs full, 0 dirs failed
I20260630 12:16:43.571120 19143 tablet_service.cc:1511] Processing CreateTablet for tablet a1e4aaae5a534cb2b3ca134e5ab2275a (DEFAULT_TABLE table=test-workload [id=f6af9a27ce814fdd8500987b3691ef52]), partition=RANGE (key) PARTITION 894784850 <= VALUES < 1073741820
I20260630 12:16:43.572530 19143 data_dirs.cc:400] Could only allocate 1 dirs of requested 3 for tablet a1e4aaae5a534cb2b3ca134e5ab2275a. 1 dirs total, 0 dirs full, 0 dirs failed
I20260630 12:16:43.578052 19142 tablet_service.cc:1511] Processing CreateTablet for tablet 2f1158d526a24dec9869f285386d2a38 (DEFAULT_TABLE table=test-workload [id=f6af9a27ce814fdd8500987b3691ef52]), partition=RANGE (key) PARTITION 1073741820 <= VALUES < 1252698790
I20260630 12:16:43.579399 19142 data_dirs.cc:400] Could only allocate 1 dirs of requested 3 for tablet 2f1158d526a24dec9869f285386d2a38. 1 dirs total, 0 dirs full, 0 dirs failed
I20260630 12:16:43.581327 19291 tablet_service.cc:1511] Processing CreateTablet for tablet 2f1158d526a24dec9869f285386d2a38 (DEFAULT_TABLE table=test-workload [id=f6af9a27ce814fdd8500987b3691ef52]), partition=RANGE (key) PARTITION 1073741820 <= VALUES < 1252698790
I20260630 12:16:43.582646 19291 data_dirs.cc:400] Could only allocate 1 dirs of requested 3 for tablet 2f1158d526a24dec9869f285386d2a38. 1 dirs total, 0 dirs full, 0 dirs failed
I20260630 12:16:43.588608 19217 tablet_service.cc:1511] Processing CreateTablet for tablet 2f1158d526a24dec9869f285386d2a38 (DEFAULT_TABLE table=test-workload [id=f6af9a27ce814fdd8500987b3691ef52]), partition=RANGE (key) PARTITION 1073741820 <= VALUES < 1252698790
I20260630 12:16:43.590034 19217 data_dirs.cc:400] Could only allocate 1 dirs of requested 3 for tablet 2f1158d526a24dec9869f285386d2a38. 1 dirs total, 0 dirs full, 0 dirs failed
I20260630 12:16:43.593075 19141 tablet_service.cc:1511] Processing CreateTablet for tablet 9afdf071096746e4a1d34c2b2e7b0006 (DEFAULT_TABLE table=test-workload [id=f6af9a27ce814fdd8500987b3691ef52]), partition=RANGE (key) PARTITION 1252698790 <= VALUES < 1431655760
I20260630 12:16:43.594590 19141 data_dirs.cc:400] Could only allocate 1 dirs of requested 3 for tablet 9afdf071096746e4a1d34c2b2e7b0006. 1 dirs total, 0 dirs full, 0 dirs failed
I20260630 12:16:43.618857 19296 tablet_service.cc:1511] Processing CreateTablet for tablet 9afdf071096746e4a1d34c2b2e7b0006 (DEFAULT_TABLE table=test-workload [id=f6af9a27ce814fdd8500987b3691ef52]), partition=RANGE (key) PARTITION 1252698790 <= VALUES < 1431655760
I20260630 12:16:43.620273 19296 data_dirs.cc:400] Could only allocate 1 dirs of requested 3 for tablet 9afdf071096746e4a1d34c2b2e7b0006. 1 dirs total, 0 dirs full, 0 dirs failed
I20260630 12:16:43.625113 19140 tablet_service.cc:1511] Processing CreateTablet for tablet a60dde9d275a4963916cbe771814f3d2 (DEFAULT_TABLE table=test-workload [id=f6af9a27ce814fdd8500987b3691ef52]), partition=RANGE (key) PARTITION 1431655760 <= VALUES < 1610612730
I20260630 12:16:43.626492 19140 data_dirs.cc:400] Could only allocate 1 dirs of requested 3 for tablet a60dde9d275a4963916cbe771814f3d2. 1 dirs total, 0 dirs full, 0 dirs failed
I20260630 12:16:43.628005 19214 tablet_service.cc:1511] Processing CreateTablet for tablet cae90f0dc3ee4df5adc1556b892076e7 (DEFAULT_TABLE table=test-workload [id=f6af9a27ce814fdd8500987b3691ef52]), partition=RANGE (key) PARTITION 1610612730 <= VALUES < 1789569700
I20260630 12:16:43.629354 19214 data_dirs.cc:400] Could only allocate 1 dirs of requested 3 for tablet cae90f0dc3ee4df5adc1556b892076e7. 1 dirs total, 0 dirs full, 0 dirs failed
I20260630 12:16:43.633567 19290 tablet_service.cc:1511] Processing CreateTablet for tablet a60dde9d275a4963916cbe771814f3d2 (DEFAULT_TABLE table=test-workload [id=f6af9a27ce814fdd8500987b3691ef52]), partition=RANGE (key) PARTITION 1431655760 <= VALUES < 1610612730
I20260630 12:16:43.634971 19290 data_dirs.cc:400] Could only allocate 1 dirs of requested 3 for tablet a60dde9d275a4963916cbe771814f3d2. 1 dirs total, 0 dirs full, 0 dirs failed
I20260630 12:16:43.637545 19139 tablet_service.cc:1511] Processing CreateTablet for tablet cae90f0dc3ee4df5adc1556b892076e7 (DEFAULT_TABLE table=test-workload [id=f6af9a27ce814fdd8500987b3691ef52]), partition=RANGE (key) PARTITION 1610612730 <= VALUES < 1789569700
I20260630 12:16:43.639364 19139 data_dirs.cc:400] Could only allocate 1 dirs of requested 3 for tablet cae90f0dc3ee4df5adc1556b892076e7. 1 dirs total, 0 dirs full, 0 dirs failed
I20260630 12:16:43.648423 19216 tablet_service.cc:1511] Processing CreateTablet for tablet 9afdf071096746e4a1d34c2b2e7b0006 (DEFAULT_TABLE table=test-workload [id=f6af9a27ce814fdd8500987b3691ef52]), partition=RANGE (key) PARTITION 1252698790 <= VALUES < 1431655760
