I20260630 12:14:22.217267 25210 tablet_service.cc:1917] Received RequestConsensusVote() RPC: tablet_id: "00000000000000000000000000000000" candidate_uuid: "76fe40e55d5d424192e19b8138a9b4c6" candidate_term: 2 candidate_status { last_received { term: 1 index: 9 } } ignore_live_leader: false dest_uuid: "0e0295cef73b497ab8c35dcfbb577166" is_pre_election: true
I20260630 12:14:22.218102 25210 raft_consensus.cc:2468] T 00000000000000000000000000000000 P 0e0295cef73b497ab8c35dcfbb577166 [term 1 FOLLOWER]: Leader pre-election vote request: Granting yes vote for candidate 76fe40e55d5d424192e19b8138a9b4c6 in term 1.
I20260630 12:14:22.219578 25122 leader_election.cc:304] T 00000000000000000000000000000000 P 76fe40e55d5d424192e19b8138a9b4c6 [CANDIDATE]: Term 2 pre-election: Election decided. Result: candidate won. Election summary: received 2 responses out of 3 voters: 2 yes votes; 0 no votes. yes voters: 0e0295cef73b497ab8c35dcfbb577166, 76fe40e55d5d424192e19b8138a9b4c6; no voters: 
I20260630 12:14:22.220352 25649 raft_consensus.cc:2804] T 00000000000000000000000000000000 P 76fe40e55d5d424192e19b8138a9b4c6 [term 1 FOLLOWER]: Leader pre-election won for term 2
I20260630 12:14:22.220731 25649 raft_consensus.cc:493] T 00000000000000000000000000000000 P 76fe40e55d5d424192e19b8138a9b4c6 [term 1 FOLLOWER]: Starting leader election (detected failure of leader 695cee3746a54a15bb2556c84f2160dc)
I20260630 12:14:22.221139 25649 raft_consensus.cc:3060] T 00000000000000000000000000000000 P 76fe40e55d5d424192e19b8138a9b4c6 [term 1 FOLLOWER]: Advancing to term 2
W20260630 12:14:22.224264 25122 leader_election.cc:336] T 00000000000000000000000000000000 P 76fe40e55d5d424192e19b8138a9b4c6 [CANDIDATE]: Term 2 pre-election: RPC error from VoteRequest() call to peer 695cee3746a54a15bb2556c84f2160dc (127.23.123.188:42733): Network error: Client connection negotiation failed: client connection to 127.23.123.188:42733: connect: Connection refused (error 111)
I20260630 12:14:22.227967 25649 raft_consensus.cc:515] T 00000000000000000000000000000000 P 76fe40e55d5d424192e19b8138a9b4c6 [term 2 FOLLOWER]: Starting leader election with config: opid_index: -1 OBSOLETE_local: false peers { permanent_uuid: "76fe40e55d5d424192e19b8138a9b4c6" member_type: VOTER last_known_addr { host: "127.23.123.190" port: 38093 } } peers { permanent_uuid: "0e0295cef73b497ab8c35dcfbb577166" member_type: VOTER last_known_addr { host: "127.23.123.189" port: 41945 } } peers { permanent_uuid: "695cee3746a54a15bb2556c84f2160dc" member_type: VOTER last_known_addr { host: "127.23.123.188" port: 42733 } }
I20260630 12:14:22.230050 25649 leader_election.cc:290] T 00000000000000000000000000000000 P 76fe40e55d5d424192e19b8138a9b4c6 [CANDIDATE]: Term 2 election: Requested vote from peers 0e0295cef73b497ab8c35dcfbb577166 (127.23.123.189:41945), 695cee3746a54a15bb2556c84f2160dc (127.23.123.188:42733)
I20260630 12:14:22.230852 25210 tablet_service.cc:1917] Received RequestConsensusVote() RPC: tablet_id: "00000000000000000000000000000000" candidate_uuid: "76fe40e55d5d424192e19b8138a9b4c6" candidate_term: 2 candidate_status { last_received { term: 1 index: 9 } } ignore_live_leader: false dest_uuid: "0e0295cef73b497ab8c35dcfbb577166"
I20260630 12:14:22.231410 25210 raft_consensus.cc:3060] T 00000000000000000000000000000000 P 0e0295cef73b497ab8c35dcfbb577166 [term 1 FOLLOWER]: Advancing to term 2
W20260630 12:14:22.234280 25122 leader_election.cc:336] T 00000000000000000000000000000000 P 76fe40e55d5d424192e19b8138a9b4c6 [CANDIDATE]: Term 2 election: RPC error from VoteRequest() call to peer 695cee3746a54a15bb2556c84f2160dc (127.23.123.188:42733): Network error: Client connection negotiation failed: client connection to 127.23.123.188:42733: connect: Connection refused (error 111)
I20260630 12:14:22.237037 25210 raft_consensus.cc:2468] T 00000000000000000000000000000000 P 0e0295cef73b497ab8c35dcfbb577166 [term 2 FOLLOWER]: Leader election vote request: Granting yes vote for candidate 76fe40e55d5d424192e19b8138a9b4c6 in term 2.
I20260630 12:14:22.238009 25122 leader_election.cc:304] T 00000000000000000000000000000000 P 76fe40e55d5d424192e19b8138a9b4c6 [CANDIDATE]: Term 2 election: Election decided. Result: candidate won. Election summary: received 3 responses out of 3 voters: 2 yes votes; 1 no votes. yes voters: 0e0295cef73b497ab8c35dcfbb577166, 76fe40e55d5d424192e19b8138a9b4c6; no voters: 695cee3746a54a15bb2556c84f2160dc
I20260630 12:14:22.238734 25649 raft_consensus.cc:2804] T 00000000000000000000000000000000 P 76fe40e55d5d424192e19b8138a9b4c6 [term 2 FOLLOWER]: Leader election won for term 2
I20260630 12:14:22.239871 25649 raft_consensus.cc:697] T 00000000000000000000000000000000 P 76fe40e55d5d424192e19b8138a9b4c6 [term 2 LEADER]: Becoming Leader. State: Replica: 76fe40e55d5d424192e19b8138a9b4c6, State: Running, Role: LEADER
I20260630 12:14:22.240664 25649 consensus_queue.cc:237] T 00000000000000000000000000000000 P 76fe40e55d5d424192e19b8138a9b4c6 [LEADER]: Queue going to LEADER mode. State: All replicated index: 0, Majority replicated index: 9, Committed index: 9, Last appended: 1.9, Last appended by leader: 9, Current term: 2, Majority size: 2, State: 0, Mode: LEADER, active raft config: opid_index: -1 OBSOLETE_local: false peers { permanent_uuid: "76fe40e55d5d424192e19b8138a9b4c6" member_type: VOTER last_known_addr { host: "127.23.123.190" port: 38093 } } peers { permanent_uuid: "0e0295cef73b497ab8c35dcfbb577166" member_type: VOTER last_known_addr { host: "127.23.123.189" port: 41945 } } peers { permanent_uuid: "695cee3746a54a15bb2556c84f2160dc" member_type: VOTER last_known_addr { host: "127.23.123.188" port: 42733 } }
I20260630 12:14:22.244999 25652 sys_catalog.cc:455] T 00000000000000000000000000000000 P 76fe40e55d5d424192e19b8138a9b4c6 [sys.catalog]: SysCatalogTable state changed. Reason: New leader 76fe40e55d5d424192e19b8138a9b4c6. Latest consensus state: current_term: 2 leader_uuid: "76fe40e55d5d424192e19b8138a9b4c6" committed_config { opid_index: -1 OBSOLETE_local: false peers { permanent_uuid: "76fe40e55d5d424192e19b8138a9b4c6" member_type: VOTER last_known_addr { host: "127.23.123.190" port: 38093 } } peers { permanent_uuid: "0e0295cef73b497ab8c35dcfbb577166" member_type: VOTER last_known_addr { host: "127.23.123.189" port: 41945 } } peers { permanent_uuid: "695cee3746a54a15bb2556c84f2160dc" member_type: VOTER last_known_addr { host: "127.23.123.188" port: 42733 } } }
I20260630 12:14:22.246017 25652 sys_catalog.cc:458] T 00000000000000000000000000000000 P 76fe40e55d5d424192e19b8138a9b4c6 [sys.catalog]: This master's current role is: LEADER
I20260630 12:14:22.247746 25654 catalog_manager.cc:1511] Loading table and tablet metadata into memory...
I20260630 12:14:22.252930 25654 catalog_manager.cc:679] Loaded metadata for table test-workload [id=1cb87da995734e6db258241a3654b569]
I20260630 12:14:22.258862 25654 tablet_loader.cc:96] loaded metadata for tablet 38b754d761e649c5bbeb899f6a441b7e (table test-workload [id=1cb87da995734e6db258241a3654b569])
I20260630 12:14:22.260368 25654 tablet_loader.cc:96] loaded metadata for tablet 432a7fc5674649d7b074a9038f959349 (table test-workload [id=1cb87da995734e6db258241a3654b569])
I20260630 12:14:22.261442 25654 tablet_loader.cc:96] loaded metadata for tablet 46efbf9c9832479c856440c989dbe227 (table test-workload [id=1cb87da995734e6db258241a3654b569])
I20260630 12:14:22.262436 25654 catalog_manager.cc:1520] Initializing Kudu cluster ID...
I20260630 12:14:22.265527 25654 catalog_manager.cc:1295] Loaded cluster ID: 788dc837dac5471ab4f9420bc8d5af1f
I20260630 12:14:22.265725 25654 catalog_manager.cc:1531] Initializing Kudu internal certificate authority...
I20260630 12:14:22.269083 25654 catalog_manager.cc:1540] Loading token signing keys...
I20260630 12:14:22.272275 25654 catalog_manager.cc:6081] T 00000000000000000000000000000000 P 76fe40e55d5d424192e19b8138a9b4c6: Loaded TSK: 0
I20260630 12:14:22.273494 25654 catalog_manager.cc:1550] Initializing in-progress tserver states...
I20260630 12:14:22.367359 25342 auto_leader_rebalancer.cc:141] leader rebalance for table test-workload
I20260630 12:14:22.368078 24046 tablet_server.cc:179] TabletServer@127.23.123.129:0 shutting down...
I20260630 12:14:22.370483 25342 auto_leader_rebalancer.cc:515] All tables' leader rebalancing finished this round
I20260630 12:14:22.400766 24046 ts_tablet_manager.cc:1507] Shutting down tablet manager...
I20260630 12:14:22.401718 24046 tablet_replica.cc:333] T 432a7fc5674649d7b074a9038f959349 P e3f66b52a5a7454fb6a98c0fb274bcc5: stopping tablet replica
I20260630 12:14:22.402361 24046 raft_consensus.cc:2243] T 432a7fc5674649d7b074a9038f959349 P e3f66b52a5a7454fb6a98c0fb274bcc5 [term 1 LEADER]: Raft consensus shutting down.
I20260630 12:14:22.402963 24046 raft_consensus.cc:2272] T 432a7fc5674649d7b074a9038f959349 P e3f66b52a5a7454fb6a98c0fb274bcc5 [term 1 FOLLOWER]: Raft consensus is shut down!
I20260630 12:14:22.423033 24046 tablet_server.cc:196] TabletServer@127.23.123.129:0 shutdown complete.
I20260630 12:14:22.436685 24046 tablet_server.cc:179] TabletServer@127.23.123.130:0 shutting down...
I20260630 12:14:22.465487 24046 ts_tablet_manager.cc:1507] Shutting down tablet manager...
I20260630 12:14:22.466176 24046 tablet_replica.cc:333] T 38b754d761e649c5bbeb899f6a441b7e P 69f454a19bf94b2f871d4bf0a61c5bf6: stopping tablet replica
I20260630 12:14:22.466775 24046 raft_consensus.cc:2243] T 38b754d761e649c5bbeb899f6a441b7e P 69f454a19bf94b2f871d4bf0a61c5bf6 [term 1 LEADER]: Raft consensus shutting down.
I20260630 12:14:22.467410 24046 raft_consensus.cc:2272] T 38b754d761e649c5bbeb899f6a441b7e P 69f454a19bf94b2f871d4bf0a61c5bf6 [term 1 FOLLOWER]: Raft consensus is shut down!
I20260630 12:14:22.488168 24046 tablet_server.cc:196] TabletServer@127.23.123.130:0 shutdown complete.
I20260630 12:14:22.501130 24046 tablet_server.cc:179] TabletServer@127.23.123.131:0 shutting down...
I20260630 12:14:22.533143 24046 ts_tablet_manager.cc:1507] Shutting down tablet manager...
I20260630 12:14:22.534117 24046 tablet_replica.cc:333] T 46efbf9c9832479c856440c989dbe227 P 2fdb39e47b0a416290e8a045353ed33b: stopping tablet replica
I20260630 12:14:22.534679 24046 raft_consensus.cc:2243] T 46efbf9c9832479c856440c989dbe227 P 2fdb39e47b0a416290e8a045353ed33b [term 1 LEADER]: Raft consensus shutting down.
I20260630 12:14:22.535311 24046 raft_consensus.cc:2272] T 46efbf9c9832479c856440c989dbe227 P 2fdb39e47b0a416290e8a045353ed33b [term 1 FOLLOWER]: Raft consensus is shut down!
I20260630 12:14:22.554958 24046 tablet_server.cc:196] TabletServer@127.23.123.131:0 shutdown complete.
I20260630 12:14:22.566509 24046 master.cc:562] Master@127.23.123.190:38093 shutting down...
I20260630 12:14:22.595737 24046 raft_consensus.cc:2243] T 00000000000000000000000000000000 P 76fe40e55d5d424192e19b8138a9b4c6 [term 2 LEADER]: Raft consensus shutting down.
I20260630 12:14:22.596570 24046 pending_rounds.cc:70] T 00000000000000000000000000000000 P 76fe40e55d5d424192e19b8138a9b4c6: Trying to abort 1 pending ops.
I20260630 12:14:22.596812 24046 pending_rounds.cc:77] T 00000000000000000000000000000000 P 76fe40e55d5d424192e19b8138a9b4c6: Aborting op as it isn't in flight: id { term: 2 index: 10 } timestamp: 7302437528545222656 op_type: NO_OP noop_request { }
I20260630 12:14:22.597146 24046 raft_consensus.cc:2889] T 00000000000000000000000000000000 P 76fe40e55d5d424192e19b8138a9b4c6 [term 2 LEADER]: NO_OP replication failed: Aborted: Op aborted
I20260630 12:14:22.597411 24046 raft_consensus.cc:2272] T 00000000000000000000000000000000 P 76fe40e55d5d424192e19b8138a9b4c6 [term 2 FOLLOWER]: Raft consensus is shut down!
I20260630 12:14:22.597827 24046 tablet_replica.cc:333] T 00000000000000000000000000000000 P 76fe40e55d5d424192e19b8138a9b4c6: stopping tablet replica
I20260630 12:14:22.619549 24046 master.cc:584] Master@127.23.123.190:38093 shutdown complete.
I20260630 12:14:22.634871 24046 master.cc:562] Master@127.23.123.189:41945 shutting down...
I20260630 12:14:22.660105 24046 raft_consensus.cc:2243] T 00000000000000000000000000000000 P 0e0295cef73b497ab8c35dcfbb577166 [term 2 FOLLOWER]: Raft consensus shutting down.
I20260630 12:14:22.660708 24046 raft_consensus.cc:2272] T 00000000000000000000000000000000 P 0e0295cef73b497ab8c35dcfbb577166 [term 2 FOLLOWER]: Raft consensus is shut down!
I20260630 12:14:22.661005 24046 tablet_replica.cc:333] T 00000000000000000000000000000000 P 0e0295cef73b497ab8c35dcfbb577166: stopping tablet replica
I20260630 12:14:22.680594 24046 master.cc:584] Master@127.23.123.189:41945 shutdown complete.
[       OK ] AutoRebalancerTest.NextLeaderResumesAutoRebalancing (6753 ms)
[ RUN      ] AutoRebalancerTest.MovesScheduledIfAddTserver
I20260630 12:14:22.717648 24046 internal_mini_cluster.cc:156] Creating distributed mini masters. Addrs: 127.23.123.190:34821
I20260630 12:14:22.718756 24046 file_cache.cc:492] Constructed file cache file cache with capacity 419430
W20260630 12:14:22.725971 25656 instance_detector.cc:116] could not retrieve Azure instance metadata: Network error: curl error: HTTP response code said error: The requested URL returned error: 404
W20260630 12:14:22.726102 25655 instance_detector.cc:116] could not retrieve AWS instance metadata: Network error: curl error: HTTP response code said error: The requested URL returned error: 404
W20260630 12:14:22.728158 25658 instance_detector.cc:116] could not retrieve OpenStack instance metadata: Network error: curl error: HTTP response code said error: The requested URL returned error: 404
I20260630 12:14:22.728466 24046 server_base.cc:1061] running on GCE node
I20260630 12:14:22.729836 24046 hybrid_clock.cc:584] initializing the hybrid clock with 'system_unsync' time source
W20260630 12:14:22.730077 24046 system_unsync_time.cc:38] NTP support is disabled. Clock error bounds will not be accurate. This configuration is not suitable for distributed clusters.
I20260630 12:14:22.730288 24046 hybrid_clock.cc:648] HybridClock initialized: now 1782821662730266 us; error 0 us; skew 500 ppm
I20260630 12:14:22.730901 24046 server_base.cc:861] Flag tcmalloc_max_total_thread_cache_bytes is not working since tcmalloc is not enabled.
I20260630 12:14:22.734766 24046 webserver.cc:533] Webserver started at http://127.23.123.190:35523/ using document root <none> and password file <none>
I20260630 12:14:22.735569 24046 fs_manager.cc:362] Metadata directory not provided
I20260630 12:14:22.735760 24046 fs_manager.cc:368] Using write-ahead log directory (fs_wal_dir) as metadata directory
I20260630 12:14:22.736158 24046 server_base.cc:909] This appears to be a new deployment of Kudu; creating new FS layout
I20260630 12:14:22.737462 24046 fs_manager.cc:1068] Generated new instance metadata in path /tmp/dist-test-taskyk1TLb/test-tmp/auto_rebalancer-test.0.AutoRebalancerTest.MovesScheduledIfAddTserver.1782821640039882-24046-0/minicluster-data/master-0-root/instance:
uuid: "23478422bbb74d9e96630ebe85cfff93"
format_stamp: "Formatted at 2026-06-30 12:14:22 on dist-test-slave-p6mv"
I20260630 12:14:22.742664 24046 fs_manager.cc:696] Time spent creating directory manager: real 0.005s	user 0.006s	sys 0.000s
I20260630 12:14:22.746591 25663 log_block_manager.cc:4031] Time spent loading block containers with low live blocks: real 0.000s	user 0.000s	sys 0.000s
I20260630 12:14:22.747620 24046 fs_manager.cc:730] Time spent opening block manager: real 0.003s	user 0.003s	sys 0.000s
I20260630 12:14:22.747927 24046 fs_manager.cc:647] Opened local filesystem: /tmp/dist-test-taskyk1TLb/test-tmp/auto_rebalancer-test.0.AutoRebalancerTest.MovesScheduledIfAddTserver.1782821640039882-24046-0/minicluster-data/master-0-root
uuid: "23478422bbb74d9e96630ebe85cfff93"
format_stamp: "Formatted at 2026-06-30 12:14:22 on dist-test-slave-p6mv"
I20260630 12:14:22.748211 24046 fs_report.cc:389] FS layout report
--------------------
wal directory: /tmp/dist-test-taskyk1TLb/test-tmp/auto_rebalancer-test.0.AutoRebalancerTest.MovesScheduledIfAddTserver.1782821640039882-24046-0/minicluster-data/master-0-root
metadata directory: /tmp/dist-test-taskyk1TLb/test-tmp/auto_rebalancer-test.0.AutoRebalancerTest.MovesScheduledIfAddTserver.1782821640039882-24046-0/minicluster-data/master-0-root
1 data directories: /tmp/dist-test-taskyk1TLb/test-tmp/auto_rebalancer-test.0.AutoRebalancerTest.MovesScheduledIfAddTserver.1782821640039882-24046-0/minicluster-data/master-0-root/data
Total live blocks: 0
Total live bytes: 0
Total live bytes (after alignment): 0
Total number of LBM containers: 0 (0 full)
Did not check for missing blocks
Did not check for orphaned blocks
Total full LBM containers with extra space: 0 (0 repaired)
Total full LBM container extra space in bytes: 0 (0 repaired)
Total incomplete LBM containers: 0 (0 repaired)
Total LBM partial records: 0 (0 repaired)
Total corrupted LBM metadata records in RocksDB: 0 (0 repaired)
I20260630 12:14:22.776458 24046 rpc_server.cc:225] running with OpenSSL 1.1.1  11 Sep 2018
I20260630 12:14:22.777868 24046 kserver.cc:163] Server-wide thread pool size limit: 3276
I20260630 12:14:22.825358 24046 rpc_server.cc:307] RPC server started. Bound to: 127.23.123.190:34821
I20260630 12:14:22.825469 25714 acceptor_pool.cc:272] collecting diagnostics on the listening RPC socket 127.23.123.190:34821 every 8 connection(s)
I20260630 12:14:22.831105 25715 data_dirs.cc:400] Could only allocate 1 dirs of requested 3 for tablet 00000000000000000000000000000000. 1 dirs total, 0 dirs full, 0 dirs failed
I20260630 12:14:22.842163 25715 tablet_bootstrap.cc:492] T 00000000000000000000000000000000 P 23478422bbb74d9e96630ebe85cfff93: Bootstrap starting.
I20260630 12:14:22.847379 25715 tablet_bootstrap.cc:654] T 00000000000000000000000000000000 P 23478422bbb74d9e96630ebe85cfff93: Neither blocks nor log segments found. Creating new log.
I20260630 12:14:22.853508 25715 tablet_bootstrap.cc:492] T 00000000000000000000000000000000 P 23478422bbb74d9e96630ebe85cfff93: No bootstrap required, opened a new log
I20260630 12:14:22.855859 25715 raft_consensus.cc:359] T 00000000000000000000000000000000 P 23478422bbb74d9e96630ebe85cfff93 [term 0 FOLLOWER]: Replica starting. Triggering 0 pending ops. Active config: opid_index: -1 OBSOLETE_local: true peers { permanent_uuid: "23478422bbb74d9e96630ebe85cfff93" member_type: VOTER }
I20260630 12:14:22.856225 25715 raft_consensus.cc:385] T 00000000000000000000000000000000 P 23478422bbb74d9e96630ebe85cfff93 [term 0 FOLLOWER]: Consensus starting up: Expiring failure detector timer to make a prompt election more likely
I20260630 12:14:22.856488 25715 raft_consensus.cc:740] T 00000000000000000000000000000000 P 23478422bbb74d9e96630ebe85cfff93 [term 0 FOLLOWER]: Becoming Follower/Learner. State: Replica: 23478422bbb74d9e96630ebe85cfff93, State: Initialized, Role: FOLLOWER
I20260630 12:14:22.857092 25715 consensus_queue.cc:260] T 00000000000000000000000000000000 P 23478422bbb74d9e96630ebe85cfff93 [NON_LEADER]: Queue going to NON_LEADER mode. State: All replicated index: 0, Majority replicated index: 0, Committed index: 0, Last appended: 0.0, Last appended by leader: 0, Current term: 0, Majority size: -1, State: 0, Mode: NON_LEADER, active raft config: opid_index: -1 OBSOLETE_local: true peers { permanent_uuid: "23478422bbb74d9e96630ebe85cfff93" member_type: VOTER }
I20260630 12:14:22.857535 25715 raft_consensus.cc:399] T 00000000000000000000000000000000 P 23478422bbb74d9e96630ebe85cfff93 [term 0 FOLLOWER]: Only one voter in the Raft config. Triggering election immediately
I20260630 12:14:22.857749 25715 raft_consensus.cc:493] T 00000000000000000000000000000000 P 23478422bbb74d9e96630ebe85cfff93 [term 0 FOLLOWER]: Starting leader election (initial election of a single-replica configuration)
I20260630 12:14:22.858104 25715 raft_consensus.cc:3060] T 00000000000000000000000000000000 P 23478422bbb74d9e96630ebe85cfff93 [term 0 FOLLOWER]: Advancing to term 1
I20260630 12:14:22.862387 25715 raft_consensus.cc:515] T 00000000000000000000000000000000 P 23478422bbb74d9e96630ebe85cfff93 [term 1 FOLLOWER]: Starting leader election with config: opid_index: -1 OBSOLETE_local: true peers { permanent_uuid: "23478422bbb74d9e96630ebe85cfff93" member_type: VOTER }
I20260630 12:14:22.862859 25715 leader_election.cc:304] T 00000000000000000000000000000000 P 23478422bbb74d9e96630ebe85cfff93 [CANDIDATE]: Term 1 election: Election decided. Result: candidate won. Election summary: received 1 responses out of 1 voters: 1 yes votes; 0 no votes. yes voters: 23478422bbb74d9e96630ebe85cfff93; no voters: 
I20260630 12:14:22.864428 25715 leader_election.cc:290] T 00000000000000000000000000000000 P 23478422bbb74d9e96630ebe85cfff93 [CANDIDATE]: Term 1 election: Requested vote from peers 
I20260630 12:14:22.865120 25718 raft_consensus.cc:2804] T 00000000000000000000000000000000 P 23478422bbb74d9e96630ebe85cfff93 [term 1 FOLLOWER]: Leader election won for term 1
I20260630 12:14:22.866663 25718 raft_consensus.cc:697] T 00000000000000000000000000000000 P 23478422bbb74d9e96630ebe85cfff93 [term 1 LEADER]: Becoming Leader. State: Replica: 23478422bbb74d9e96630ebe85cfff93, State: Running, Role: LEADER
I20260630 12:14:22.867424 25718 consensus_queue.cc:237] T 00000000000000000000000000000000 P 23478422bbb74d9e96630ebe85cfff93 [LEADER]: Queue going to LEADER mode. State: All replicated index: 0, Majority replicated index: 0, Committed index: 0, Last appended: 0.0, Last appended by leader: 0, Current term: 1, Majority size: 1, State: 0, Mode: LEADER, active raft config: opid_index: -1 OBSOLETE_local: true peers { permanent_uuid: "23478422bbb74d9e96630ebe85cfff93" member_type: VOTER }
I20260630 12:14:22.867790 25715 sys_catalog.cc:565] T 00000000000000000000000000000000 P 23478422bbb74d9e96630ebe85cfff93 [sys.catalog]: configured and running, proceeding with master startup.
I20260630 12:14:22.871690 25720 sys_catalog.cc:455] T 00000000000000000000000000000000 P 23478422bbb74d9e96630ebe85cfff93 [sys.catalog]: SysCatalogTable state changed. Reason: New leader 23478422bbb74d9e96630ebe85cfff93. Latest consensus state: current_term: 1 leader_uuid: "23478422bbb74d9e96630ebe85cfff93" committed_config { opid_index: -1 OBSOLETE_local: true peers { permanent_uuid: "23478422bbb74d9e96630ebe85cfff93" member_type: VOTER } }
I20260630 12:14:22.871790 25719 sys_catalog.cc:455] T 00000000000000000000000000000000 P 23478422bbb74d9e96630ebe85cfff93 [sys.catalog]: SysCatalogTable state changed. Reason: RaftConsensus started. Latest consensus state: current_term: 1 leader_uuid: "23478422bbb74d9e96630ebe85cfff93" committed_config { opid_index: -1 OBSOLETE_local: true peers { permanent_uuid: "23478422bbb74d9e96630ebe85cfff93" member_type: VOTER } }
I20260630 12:14:22.872668 25720 sys_catalog.cc:458] T 00000000000000000000000000000000 P 23478422bbb74d9e96630ebe85cfff93 [sys.catalog]: This master's current role is: LEADER
I20260630 12:14:22.872687 25719 sys_catalog.cc:458] T 00000000000000000000000000000000 P 23478422bbb74d9e96630ebe85cfff93 [sys.catalog]: This master's current role is: LEADER
I20260630 12:14:22.878095 25724 catalog_manager.cc:1511] Loading table and tablet metadata into memory...
I20260630 12:14:22.884110 25724 catalog_manager.cc:1520] Initializing Kudu cluster ID...
I20260630 12:14:22.887698 24046 internal_mini_cluster.cc:184] Waiting to initialize catalog manager on master 0
I20260630 12:14:22.895057 25724 catalog_manager.cc:1383] Generated new cluster ID: 6ffc9fc22aef43eabbb534ac1ac8e3cc
I20260630 12:14:22.895460 25724 catalog_manager.cc:1531] Initializing Kudu internal certificate authority...
I20260630 12:14:22.911789 25724 catalog_manager.cc:1406] Generated new certificate authority record
I20260630 12:14:22.913400 25724 catalog_manager.cc:1540] Loading token signing keys...
I20260630 12:14:22.932953 25724 catalog_manager.cc:6070] T 00000000000000000000000000000000 P 23478422bbb74d9e96630ebe85cfff93: Generated new TSK 0
I20260630 12:14:22.933665 25724 catalog_manager.cc:1550] Initializing in-progress tserver states...
I20260630 12:14:22.955547 24046 file_cache.cc:492] Constructed file cache file cache with capacity 419430
W20260630 12:14:22.963264 25736 instance_detector.cc:116] could not retrieve AWS instance metadata: Network error: curl error: HTTP response code said error: The requested URL returned error: 404
W20260630 12:14:22.964598 25737 instance_detector.cc:116] could not retrieve Azure instance metadata: Network error: curl error: HTTP response code said error: The requested URL returned error: 404
W20260630 12:14:22.967582 25739 instance_detector.cc:116] could not retrieve OpenStack instance metadata: Network error: curl error: HTTP response code said error: The requested URL returned error: 404
I20260630 12:14:22.967636 24046 server_base.cc:1061] running on GCE node
I20260630 12:14:22.969060 24046 hybrid_clock.cc:584] initializing the hybrid clock with 'system_unsync' time source
W20260630 12:14:22.969336 24046 system_unsync_time.cc:38] NTP support is disabled. Clock error bounds will not be accurate. This configuration is not suitable for distributed clusters.
I20260630 12:14:22.969599 24046 hybrid_clock.cc:648] HybridClock initialized: now 1782821662969569 us; error 0 us; skew 500 ppm
I20260630 12:14:22.970579 24046 server_base.cc:861] Flag tcmalloc_max_total_thread_cache_bytes is not working since tcmalloc is not enabled.
I20260630 12:14:22.973485 24046 webserver.cc:533] Webserver started at http://127.23.123.129:34619/ using document root <none> and password file <none>
I20260630 12:14:22.974027 24046 fs_manager.cc:362] Metadata directory not provided
I20260630 12:14:22.974244 24046 fs_manager.cc:368] Using write-ahead log directory (fs_wal_dir) as metadata directory
I20260630 12:14:22.974563 24046 server_base.cc:909] This appears to be a new deployment of Kudu; creating new FS layout
I20260630 12:14:22.975929 24046 fs_manager.cc:1068] Generated new instance metadata in path /tmp/dist-test-taskyk1TLb/test-tmp/auto_rebalancer-test.0.AutoRebalancerTest.MovesScheduledIfAddTserver.1782821640039882-24046-0/minicluster-data/ts-0-root/instance:
uuid: "e39acbdc7feb4ed792ea791c847e4e15"
format_stamp: "Formatted at 2026-06-30 12:14:22 on dist-test-slave-p6mv"
I20260630 12:14:22.981582 24046 fs_manager.cc:696] Time spent creating directory manager: real 0.005s	user 0.001s	sys 0.004s
I20260630 12:14:22.986145 25744 log_block_manager.cc:4031] Time spent loading block containers with low live blocks: real 0.000s	user 0.000s	sys 0.000s
I20260630 12:14:22.987296 24046 fs_manager.cc:730] Time spent opening block manager: real 0.003s	user 0.003s	sys 0.000s
I20260630 12:14:22.987594 24046 fs_manager.cc:647] Opened local filesystem: /tmp/dist-test-taskyk1TLb/test-tmp/auto_rebalancer-test.0.AutoRebalancerTest.MovesScheduledIfAddTserver.1782821640039882-24046-0/minicluster-data/ts-0-root
uuid: "e39acbdc7feb4ed792ea791c847e4e15"
format_stamp: "Formatted at 2026-06-30 12:14:22 on dist-test-slave-p6mv"
I20260630 12:14:22.987881 24046 fs_report.cc:389] FS layout report
--------------------
wal directory: /tmp/dist-test-taskyk1TLb/test-tmp/auto_rebalancer-test.0.AutoRebalancerTest.MovesScheduledIfAddTserver.1782821640039882-24046-0/minicluster-data/ts-0-root
metadata directory: /tmp/dist-test-taskyk1TLb/test-tmp/auto_rebalancer-test.0.AutoRebalancerTest.MovesScheduledIfAddTserver.1782821640039882-24046-0/minicluster-data/ts-0-root
1 data directories: /tmp/dist-test-taskyk1TLb/test-tmp/auto_rebalancer-test.0.AutoRebalancerTest.MovesScheduledIfAddTserver.1782821640039882-24046-0/minicluster-data/ts-0-root/data
Total live blocks: 0
Total live bytes: 0
Total live bytes (after alignment): 0
Total number of LBM containers: 0 (0 full)
Did not check for missing blocks
Did not check for orphaned blocks
Total full LBM containers with extra space: 0 (0 repaired)
Total full LBM container extra space in bytes: 0 (0 repaired)
Total incomplete LBM containers: 0 (0 repaired)
Total LBM partial records: 0 (0 repaired)
Total corrupted LBM metadata records in RocksDB: 0 (0 repaired)
I20260630 12:14:23.002929 24046 rpc_server.cc:225] running with OpenSSL 1.1.1  11 Sep 2018
I20260630 12:14:23.004511 24046 kserver.cc:163] Server-wide thread pool size limit: 3276
I20260630 12:14:23.006172 24046 txn_system_client.cc:432] TxnSystemClient initialization is disabled...
I20260630 12:14:23.008917 24046 ts_tablet_manager.cc:585] Loaded tablet metadata (0 total tablets, 0 live tablets)
I20260630 12:14:23.009150 24046 ts_tablet_manager.cc:531] Time spent load tablet metadata: real 0.000s	user 0.000s	sys 0.000s
I20260630 12:14:23.009485 24046 ts_tablet_manager.cc:616] Registered 0 tablets
I20260630 12:14:23.009665 24046 ts_tablet_manager.cc:595] Time spent register tablets: real 0.000s	user 0.000s	sys 0.000s
I20260630 12:14:23.055002 24046 rpc_server.cc:307] RPC server started. Bound to: 127.23.123.129:39947
I20260630 12:14:23.055168 25806 acceptor_pool.cc:272] collecting diagnostics on the listening RPC socket 127.23.123.129:39947 every 8 connection(s)
I20260630 12:14:23.060356 24046 file_cache.cc:492] Constructed file cache file cache with capacity 419430
W20260630 12:14:23.068620 25811 instance_detector.cc:116] could not retrieve AWS instance metadata: Network error: curl error: HTTP response code said error: The requested URL returned error: 404
W20260630 12:14:23.069607 25812 instance_detector.cc:116] could not retrieve Azure instance metadata: Network error: curl error: HTTP response code said error: The requested URL returned error: 404
W20260630 12:14:23.074807 25814 instance_detector.cc:116] could not retrieve OpenStack instance metadata: Network error: curl error: HTTP response code said error: The requested URL returned error: 404
I20260630 12:14:23.074855 24046 server_base.cc:1061] running on GCE node
I20260630 12:14:23.076784 24046 hybrid_clock.cc:584] initializing the hybrid clock with 'system_unsync' time source
W20260630 12:14:23.077093 24046 system_unsync_time.cc:38] NTP support is disabled. Clock error bounds will not be accurate. This configuration is not suitable for distributed clusters.
I20260630 12:14:23.077375 24046 hybrid_clock.cc:648] HybridClock initialized: now 1782821663077352 us; error 0 us; skew 500 ppm
I20260630 12:14:23.078032 24046 server_base.cc:861] Flag tcmalloc_max_total_thread_cache_bytes is not working since tcmalloc is not enabled.
I20260630 12:14:23.078989 25807 heartbeater.cc:344] Connected to a master server at 127.23.123.190:34821
I20260630 12:14:23.079584 25807 heartbeater.cc:461] Registering TS with master...
I20260630 12:14:23.080607 25807 heartbeater.cc:507] Master 127.23.123.190:34821 requested a full tablet report, sending...
I20260630 12:14:23.081233 24046 webserver.cc:533] Webserver started at http://127.23.123.130:42175/ using document root <none> and password file <none>
I20260630 12:14:23.081887 24046 fs_manager.cc:362] Metadata directory not provided
I20260630 12:14:23.082130 24046 fs_manager.cc:368] Using write-ahead log directory (fs_wal_dir) as metadata directory
I20260630 12:14:23.082489 24046 server_base.cc:909] This appears to be a new deployment of Kudu; creating new FS layout
I20260630 12:14:23.083568 25680 ts_manager.cc:194] Registered new tserver with Master: e39acbdc7feb4ed792ea791c847e4e15 (127.23.123.129:39947)
I20260630 12:14:23.083798 24046 fs_manager.cc:1068] Generated new instance metadata in path /tmp/dist-test-taskyk1TLb/test-tmp/auto_rebalancer-test.0.AutoRebalancerTest.MovesScheduledIfAddTserver.1782821640039882-24046-0/minicluster-data/ts-1-root/instance:
uuid: "fc0f4e99b0be4e22b2588d932f448e95"
format_stamp: "Formatted at 2026-06-30 12:14:23 on dist-test-slave-p6mv"
I20260630 12:14:23.085829 25680 master_service.cc:502] Signed X509 certificate for tserver {username='slave'} at 127.0.0.1:55844
I20260630 12:14:23.089664 24046 fs_manager.cc:696] Time spent creating directory manager: real 0.005s	user 0.005s	sys 0.001s
I20260630 12:14:23.094411 25819 log_block_manager.cc:4031] Time spent loading block containers with low live blocks: real 0.000s	user 0.000s	sys 0.000s
I20260630 12:14:23.095854 24046 fs_manager.cc:730] Time spent opening block manager: real 0.004s	user 0.000s	sys 0.002s
I20260630 12:14:23.096225 24046 fs_manager.cc:647] Opened local filesystem: /tmp/dist-test-taskyk1TLb/test-tmp/auto_rebalancer-test.0.AutoRebalancerTest.MovesScheduledIfAddTserver.1782821640039882-24046-0/minicluster-data/ts-1-root
uuid: "fc0f4e99b0be4e22b2588d932f448e95"
format_stamp: "Formatted at 2026-06-30 12:14:23 on dist-test-slave-p6mv"
I20260630 12:14:23.096508 24046 fs_report.cc:389] FS layout report
--------------------
wal directory: /tmp/dist-test-taskyk1TLb/test-tmp/auto_rebalancer-test.0.AutoRebalancerTest.MovesScheduledIfAddTserver.1782821640039882-24046-0/minicluster-data/ts-1-root
metadata directory: /tmp/dist-test-taskyk1TLb/test-tmp/auto_rebalancer-test.0.AutoRebalancerTest.MovesScheduledIfAddTserver.1782821640039882-24046-0/minicluster-data/ts-1-root
1 data directories: /tmp/dist-test-taskyk1TLb/test-tmp/auto_rebalancer-test.0.AutoRebalancerTest.MovesScheduledIfAddTserver.1782821640039882-24046-0/minicluster-data/ts-1-root/data
Total live blocks: 0
Total live bytes: 0
Total live bytes (after alignment): 0
Total number of LBM containers: 0 (0 full)
Did not check for missing blocks
Did not check for orphaned blocks
Total full LBM containers with extra space: 0 (0 repaired)
Total full LBM container extra space in bytes: 0 (0 repaired)
Total incomplete LBM containers: 0 (0 repaired)
Total LBM partial records: 0 (0 repaired)
Total corrupted LBM metadata records in RocksDB: 0 (0 repaired)
I20260630 12:14:23.133697 24046 rpc_server.cc:225] running with OpenSSL 1.1.1  11 Sep 2018
I20260630 12:14:23.134860 24046 kserver.cc:163] Server-wide thread pool size limit: 3276
I20260630 12:14:23.136505 24046 txn_system_client.cc:432] TxnSystemClient initialization is disabled...
I20260630 12:14:23.138789 24046 ts_tablet_manager.cc:585] Loaded tablet metadata (0 total tablets, 0 live tablets)
I20260630 12:14:23.139030 24046 ts_tablet_manager.cc:531] Time spent load tablet metadata: real 0.000s	user 0.000s	sys 0.000s
I20260630 12:14:23.139286 24046 ts_tablet_manager.cc:616] Registered 0 tablets
I20260630 12:14:23.139452 24046 ts_tablet_manager.cc:595] Time spent register tablets: real 0.000s	user 0.000s	sys 0.000s
I20260630 12:14:23.186902 24046 rpc_server.cc:307] RPC server started. Bound to: 127.23.123.130:41801
I20260630 12:14:23.187026 25881 acceptor_pool.cc:272] collecting diagnostics on the listening RPC socket 127.23.123.130:41801 every 8 connection(s)
I20260630 12:14:23.192179 24046 file_cache.cc:492] Constructed file cache file cache with capacity 419430
W20260630 12:14:23.200253 25885 instance_detector.cc:116] could not retrieve AWS instance metadata: Network error: curl error: HTTP response code said error: The requested URL returned error: 404
W20260630 12:14:23.200912 25886 instance_detector.cc:116] could not retrieve Azure instance metadata: Network error: curl error: HTTP response code said error: The requested URL returned error: 404
W20260630 12:14:23.205096 25889 instance_detector.cc:116] could not retrieve OpenStack instance metadata: Network error: curl error: HTTP response code said error: The requested URL returned error: 404
I20260630 12:14:23.205302 24046 server_base.cc:1061] running on GCE node
I20260630 12:14:23.206050 25882 heartbeater.cc:344] Connected to a master server at 127.23.123.190:34821
I20260630 12:14:23.206480 25882 heartbeater.cc:461] Registering TS with master...
I20260630 12:14:23.206830 24046 hybrid_clock.cc:584] initializing the hybrid clock with 'system_unsync' time source
W20260630 12:14:23.207088 24046 system_unsync_time.cc:38] NTP support is disabled. Clock error bounds will not be accurate. This configuration is not suitable for distributed clusters.
I20260630 12:14:23.207311 25882 heartbeater.cc:507] Master 127.23.123.190:34821 requested a full tablet report, sending...
I20260630 12:14:23.207360 24046 hybrid_clock.cc:648] HybridClock initialized: now 1782821663207337 us; error 0 us; skew 500 ppm
I20260630 12:14:23.208318 24046 server_base.cc:861] Flag tcmalloc_max_total_thread_cache_bytes is not working since tcmalloc is not enabled.
I20260630 12:14:23.209838 25680 ts_manager.cc:194] Registered new tserver with Master: fc0f4e99b0be4e22b2588d932f448e95 (127.23.123.130:41801)
I20260630 12:14:23.211186 24046 webserver.cc:533] Webserver started at http://127.23.123.131:37701/ using document root <none> and password file <none>
I20260630 12:14:23.211437 25680 master_service.cc:502] Signed X509 certificate for tserver {username='slave'} at 127.0.0.1:55850
I20260630 12:14:23.211802 24046 fs_manager.cc:362] Metadata directory not provided
I20260630 12:14:23.212067 24046 fs_manager.cc:368] Using write-ahead log directory (fs_wal_dir) as metadata directory
I20260630 12:14:23.212422 24046 server_base.cc:909] This appears to be a new deployment of Kudu; creating new FS layout
I20260630 12:14:23.213815 24046 fs_manager.cc:1068] Generated new instance metadata in path /tmp/dist-test-taskyk1TLb/test-tmp/auto_rebalancer-test.0.AutoRebalancerTest.MovesScheduledIfAddTserver.1782821640039882-24046-0/minicluster-data/ts-2-root/instance:
uuid: "63fd2297c3b947d8b2f297ed19e4867f"
format_stamp: "Formatted at 2026-06-30 12:14:23 on dist-test-slave-p6mv"
I20260630 12:14:23.218607 24046 fs_manager.cc:696] Time spent creating directory manager: real 0.004s	user 0.007s	sys 0.000s
I20260630 12:14:23.222187 25893 log_block_manager.cc:4031] Time spent loading block containers with low live blocks: real 0.000s	user 0.000s	sys 0.000s
I20260630 12:14:23.222963 24046 fs_manager.cc:730] Time spent opening block manager: real 0.002s	user 0.003s	sys 0.000s
I20260630 12:14:23.223316 24046 fs_manager.cc:647] Opened local filesystem: /tmp/dist-test-taskyk1TLb/test-tmp/auto_rebalancer-test.0.AutoRebalancerTest.MovesScheduledIfAddTserver.1782821640039882-24046-0/minicluster-data/ts-2-root
uuid: "63fd2297c3b947d8b2f297ed19e4867f"
format_stamp: "Formatted at 2026-06-30 12:14:23 on dist-test-slave-p6mv"
I20260630 12:14:23.223629 24046 fs_report.cc:389] FS layout report
--------------------
wal directory: /tmp/dist-test-taskyk1TLb/test-tmp/auto_rebalancer-test.0.AutoRebalancerTest.MovesScheduledIfAddTserver.1782821640039882-24046-0/minicluster-data/ts-2-root
metadata directory: /tmp/dist-test-taskyk1TLb/test-tmp/auto_rebalancer-test.0.AutoRebalancerTest.MovesScheduledIfAddTserver.1782821640039882-24046-0/minicluster-data/ts-2-root
1 data directories: /tmp/dist-test-taskyk1TLb/test-tmp/auto_rebalancer-test.0.AutoRebalancerTest.MovesScheduledIfAddTserver.1782821640039882-24046-0/minicluster-data/ts-2-root/data
Total live blocks: 0
Total live bytes: 0
Total live bytes (after alignment): 0
Total number of LBM containers: 0 (0 full)
Did not check for missing blocks
Did not check for orphaned blocks
Total full LBM containers with extra space: 0 (0 repaired)
Total full LBM container extra space in bytes: 0 (0 repaired)
Total incomplete LBM containers: 0 (0 repaired)
Total LBM partial records: 0 (0 repaired)
Total corrupted LBM metadata records in RocksDB: 0 (0 repaired)
I20260630 12:14:23.240211 24046 rpc_server.cc:225] running with OpenSSL 1.1.1  11 Sep 2018
I20260630 12:14:23.241441 24046 kserver.cc:163] Server-wide thread pool size limit: 3276
I20260630 12:14:23.243057 24046 txn_system_client.cc:432] TxnSystemClient initialization is disabled...
I20260630 12:14:23.245390 24046 ts_tablet_manager.cc:585] Loaded tablet metadata (0 total tablets, 0 live tablets)
I20260630 12:14:23.245664 24046 ts_tablet_manager.cc:531] Time spent load tablet metadata: real 0.000s	user 0.000s	sys 0.000s
I20260630 12:14:23.245950 24046 ts_tablet_manager.cc:616] Registered 0 tablets
I20260630 12:14:23.246147 24046 ts_tablet_manager.cc:595] Time spent register tablets: real 0.000s	user 0.000s	sys 0.000s
I20260630 12:14:23.288686 24046 rpc_server.cc:307] RPC server started. Bound to: 127.23.123.131:41339
I20260630 12:14:23.288810 25955 acceptor_pool.cc:272] collecting diagnostics on the listening RPC socket 127.23.123.131:41339 every 8 connection(s)
I20260630 12:14:23.303655 25956 heartbeater.cc:344] Connected to a master server at 127.23.123.190:34821
I20260630 12:14:23.304080 25956 heartbeater.cc:461] Registering TS with master...
I20260630 12:14:23.304842 25956 heartbeater.cc:507] Master 127.23.123.190:34821 requested a full tablet report, sending...
I20260630 12:14:23.306849 25680 ts_manager.cc:194] Registered new tserver with Master: 63fd2297c3b947d8b2f297ed19e4867f (127.23.123.131:41339)
I20260630 12:14:23.308000 24046 internal_mini_cluster.cc:371] 3 TS(s) registered with all masters after 0.015988465s
I20260630 12:14:23.308233 25680 master_service.cc:502] Signed X509 certificate for tserver {username='slave'} at 127.0.0.1:55860
I20260630 12:14:24.089519 25807 heartbeater.cc:499] Master 127.23.123.190:34821 was elected leader, sending a full tablet report...
I20260630 12:14:24.214139 25882 heartbeater.cc:499] Master 127.23.123.190:34821 was elected leader, sending a full tablet report...
I20260630 12:14:24.310703 25956 heartbeater.cc:499] Master 127.23.123.190:34821 was elected leader, sending a full tablet report...
I20260630 12:14:24.371351 25680 catalog_manager.cc:2283] Servicing CreateTable request from {username='slave'} at 127.0.0.1:55868:
name: "test-workload"
schema {
  columns {
    name: "key"
    type: INT32
    is_key: true
    is_nullable: false
    encoding: AUTO_ENCODING
    compression: DEFAULT_COMPRESSION
    cfile_block_size: 0
    immutable: false
  }
  columns {
    name: "int_val"
    type: INT32
    is_key: false
    is_nullable: false
    encoding: AUTO_ENCODING
    compression: DEFAULT_COMPRESSION
    cfile_block_size: 0
    immutable: false
  }
  columns {
    name: "string_val"
    type: STRING
    is_key: false
    is_nullable: true
    encoding: AUTO_ENCODING
    compression: DEFAULT_COMPRESSION
    cfile_block_size: 0
    immutable: false
  }
}
num_replicas: 3
split_rows_range_bounds {
  rows: "\004\001\000\377\377\377?""\004\001\000\377\377\377?"
  indirect_data: """"
}
partition_schema {
  range_schema {
    columns {
      name: "key"
    }
  }
}
W20260630 12:14:24.374539 25680 catalog_manager.cc:7077] The number of live tablet servers is not enough to re-replicate a tablet replica of the newly created table test-workload in case of a server failure: 4 tablet servers would be needed, 3 are available. Consider bringing up more tablet servers.
I20260630 12:14:24.433044 25772 tablet_service.cc:1511] Processing CreateTablet for tablet fc21fbd235a34f17bc2791e2cc161135 (DEFAULT_TABLE table=test-workload [id=b0beb002bdd644d3b03adf66a427c772]), partition=RANGE (key) PARTITION VALUES < 1073741823
I20260630 12:14:24.434551 25772 data_dirs.cc:400] Could only allocate 1 dirs of requested 3 for tablet fc21fbd235a34f17bc2791e2cc161135. 1 dirs total, 0 dirs full, 0 dirs failed
I20260630 12:14:24.436224 25771 tablet_service.cc:1511] Processing CreateTablet for tablet 8a8a397165a8458fb0155d4347a65cfd (DEFAULT_TABLE table=test-workload [id=b0beb002bdd644d3b03adf66a427c772]), partition=RANGE (key) PARTITION 1073741823 <= VALUES
I20260630 12:14:24.437532 25771 data_dirs.cc:400] Could only allocate 1 dirs of requested 3 for tablet 8a8a397165a8458fb0155d4347a65cfd. 1 dirs total, 0 dirs full, 0 dirs failed
I20260630 12:14:24.438344 25847 tablet_service.cc:1511] Processing CreateTablet for tablet fc21fbd235a34f17bc2791e2cc161135 (DEFAULT_TABLE table=test-workload [id=b0beb002bdd644d3b03adf66a427c772]), partition=RANGE (key) PARTITION VALUES < 1073741823
I20260630 12:14:24.439749 25847 data_dirs.cc:400] Could only allocate 1 dirs of requested 3 for tablet fc21fbd235a34f17bc2791e2cc161135. 1 dirs total, 0 dirs full, 0 dirs failed
I20260630 12:14:24.440129 25920 tablet_service.cc:1511] Processing CreateTablet for tablet 8a8a397165a8458fb0155d4347a65cfd (DEFAULT_TABLE table=test-workload [id=b0beb002bdd644d3b03adf66a427c772]), partition=RANGE (key) PARTITION 1073741823 <= VALUES
I20260630 12:14:24.441401 25920 data_dirs.cc:400] Could only allocate 1 dirs of requested 3 for tablet 8a8a397165a8458fb0155d4347a65cfd. 1 dirs total, 0 dirs full, 0 dirs failed
I20260630 12:14:24.439713 25921 tablet_service.cc:1511] Processing CreateTablet for tablet fc21fbd235a34f17bc2791e2cc161135 (DEFAULT_TABLE table=test-workload [id=b0beb002bdd644d3b03adf66a427c772]), partition=RANGE (key) PARTITION VALUES < 1073741823
I20260630 12:14:24.444185 25921 data_dirs.cc:400] Could only allocate 1 dirs of requested 3 for tablet fc21fbd235a34f17bc2791e2cc161135. 1 dirs total, 0 dirs full, 0 dirs failed
I20260630 12:14:24.444317 25846 tablet_service.cc:1511] Processing CreateTablet for tablet 8a8a397165a8458fb0155d4347a65cfd (DEFAULT_TABLE table=test-workload [id=b0beb002bdd644d3b03adf66a427c772]), partition=RANGE (key) PARTITION 1073741823 <= VALUES
I20260630 12:14:24.445580 25846 data_dirs.cc:400] Could only allocate 1 dirs of requested 3 for tablet 8a8a397165a8458fb0155d4347a65cfd. 1 dirs total, 0 dirs full, 0 dirs failed
I20260630 12:14:24.467178 25977 tablet_bootstrap.cc:492] T 8a8a397165a8458fb0155d4347a65cfd P 63fd2297c3b947d8b2f297ed19e4867f: Bootstrap starting.
I20260630 12:14:24.482924 25977 tablet_bootstrap.cc:654] T 8a8a397165a8458fb0155d4347a65cfd P 63fd2297c3b947d8b2f297ed19e4867f: Neither blocks nor log segments found. Creating new log.
I20260630 12:14:24.502735 25978 tablet_bootstrap.cc:492] T 8a8a397165a8458fb0155d4347a65cfd P e39acbdc7feb4ed792ea791c847e4e15: Bootstrap starting.
I20260630 12:14:24.503369 25976 tablet_bootstrap.cc:492] T fc21fbd235a34f17bc2791e2cc161135 P fc0f4e99b0be4e22b2588d932f448e95: Bootstrap starting.
I20260630 12:14:24.510260 25978 tablet_bootstrap.cc:654] T 8a8a397165a8458fb0155d4347a65cfd P e39acbdc7feb4ed792ea791c847e4e15: Neither blocks nor log segments found. Creating new log.
I20260630 12:14:24.510921 25977 tablet_bootstrap.cc:492] T 8a8a397165a8458fb0155d4347a65cfd P 63fd2297c3b947d8b2f297ed19e4867f: No bootstrap required, opened a new log
I20260630 12:14:24.511070 25976 tablet_bootstrap.cc:654] T fc21fbd235a34f17bc2791e2cc161135 P fc0f4e99b0be4e22b2588d932f448e95: Neither blocks nor log segments found. Creating new log.
I20260630 12:14:24.511436 25977 ts_tablet_manager.cc:1403] T 8a8a397165a8458fb0155d4347a65cfd P 63fd2297c3b947d8b2f297ed19e4867f: Time spent bootstrapping tablet: real 0.045s	user 0.009s	sys 0.021s
I20260630 12:14:24.514456 25977 raft_consensus.cc:359] T 8a8a397165a8458fb0155d4347a65cfd P 63fd2297c3b947d8b2f297ed19e4867f [term 0 FOLLOWER]: Replica starting. Triggering 0 pending ops. Active config: opid_index: -1 OBSOLETE_local: false peers { permanent_uuid: "e39acbdc7feb4ed792ea791c847e4e15" member_type: VOTER last_known_addr { host: "127.23.123.129" port: 39947 } } peers { permanent_uuid: "fc0f4e99b0be4e22b2588d932f448e95" member_type: VOTER last_known_addr { host: "127.23.123.130" port: 41801 } } peers { permanent_uuid: "63fd2297c3b947d8b2f297ed19e4867f" member_type: VOTER last_known_addr { host: "127.23.123.131" port: 41339 } }
I20260630 12:14:24.515349 25977 raft_consensus.cc:385] T 8a8a397165a8458fb0155d4347a65cfd P 63fd2297c3b947d8b2f297ed19e4867f [term 0 FOLLOWER]: Consensus starting up: Expiring failure detector timer to make a prompt election more likely
I20260630 12:14:24.515779 25977 raft_consensus.cc:740] T 8a8a397165a8458fb0155d4347a65cfd P 63fd2297c3b947d8b2f297ed19e4867f [term 0 FOLLOWER]: Becoming Follower/Learner. State: Replica: 63fd2297c3b947d8b2f297ed19e4867f, State: Initialized, Role: FOLLOWER
I20260630 12:14:24.516752 25976 tablet_bootstrap.cc:492] T fc21fbd235a34f17bc2791e2cc161135 P fc0f4e99b0be4e22b2588d932f448e95: No bootstrap required, opened a new log
I20260630 12:14:24.516532 25977 consensus_queue.cc:260] T 8a8a397165a8458fb0155d4347a65cfd P 63fd2297c3b947d8b2f297ed19e4867f [NON_LEADER]: Queue going to NON_LEADER mode. State: All replicated index: 0, Majority replicated index: 0, Committed index: 0, Last appended: 0.0, Last appended by leader: 0, Current term: 0, Majority size: -1, State: 0, Mode: NON_LEADER, active raft config: opid_index: -1 OBSOLETE_local: false peers { permanent_uuid: "e39acbdc7feb4ed792ea791c847e4e15" member_type: VOTER last_known_addr { host: "127.23.123.129" port: 39947 } } peers { permanent_uuid: "fc0f4e99b0be4e22b2588d932f448e95" member_type: VOTER last_known_addr { host: "127.23.123.130" port: 41801 } } peers { permanent_uuid: "63fd2297c3b947d8b2f297ed19e4867f" member_type: VOTER last_known_addr { host: "127.23.123.131" port: 41339 } }
I20260630 12:14:24.516916 25978 tablet_bootstrap.cc:492] T 8a8a397165a8458fb0155d4347a65cfd P e39acbdc7feb4ed792ea791c847e4e15: No bootstrap required, opened a new log
I20260630 12:14:24.517211 25976 ts_tablet_manager.cc:1403] T fc21fbd235a34f17bc2791e2cc161135 P fc0f4e99b0be4e22b2588d932f448e95: Time spent bootstrapping tablet: real 0.014s	user 0.010s	sys 0.002s
I20260630 12:14:24.518115 25978 ts_tablet_manager.cc:1403] T 8a8a397165a8458fb0155d4347a65cfd P e39acbdc7feb4ed792ea791c847e4e15: Time spent bootstrapping tablet: real 0.016s	user 0.004s	sys 0.010s
I20260630 12:14:24.520871 25977 ts_tablet_manager.cc:1434] T 8a8a397165a8458fb0155d4347a65cfd P 63fd2297c3b947d8b2f297ed19e4867f: Time spent starting tablet: real 0.009s	user 0.006s	sys 0.002s
I20260630 12:14:24.520763 25976 raft_consensus.cc:359] T fc21fbd235a34f17bc2791e2cc161135 P fc0f4e99b0be4e22b2588d932f448e95 [term 0 FOLLOWER]: Replica starting. Triggering 0 pending ops. Active config: opid_index: -1 OBSOLETE_local: false peers { permanent_uuid: "fc0f4e99b0be4e22b2588d932f448e95" member_type: VOTER last_known_addr { host: "127.23.123.130" port: 41801 } } peers { permanent_uuid: "e39acbdc7feb4ed792ea791c847e4e15" member_type: VOTER last_known_addr { host: "127.23.123.129" port: 39947 } } peers { permanent_uuid: "63fd2297c3b947d8b2f297ed19e4867f" member_type: VOTER last_known_addr { host: "127.23.123.131" port: 41339 } }
