I20260630 12:13:53.014559 25918 sys_catalog.cc:455] T 00000000000000000000000000000000 P db114fe00689436d8cd3ff0f01cfa7e7 [sys.catalog]: SysCatalogTable state changed. Reason: New leader db114fe00689436d8cd3ff0f01cfa7e7. Latest consensus state: current_term: 1 leader_uuid: "db114fe00689436d8cd3ff0f01cfa7e7" committed_config { opid_index: -1 OBSOLETE_local: true peers { permanent_uuid: "db114fe00689436d8cd3ff0f01cfa7e7" member_type: VOTER } }
I20260630 12:13:53.015771 25918 sys_catalog.cc:458] T 00000000000000000000000000000000 P db114fe00689436d8cd3ff0f01cfa7e7 [sys.catalog]: This master's current role is: LEADER
I20260630 12:13:53.018216 25922 catalog_manager.cc:1511] Loading table and tablet metadata into memory...
I20260630 12:13:53.023088 25922 catalog_manager.cc:1520] Initializing Kudu cluster ID...
I20260630 12:13:53.027331 24234 internal_mini_cluster.cc:184] Waiting to initialize catalog manager on master 0
I20260630 12:13:53.031978 25922 catalog_manager.cc:1383] Generated new cluster ID: 61aa38df05ba4d5c95d3af27f9865011
I20260630 12:13:53.032234 25922 catalog_manager.cc:1531] Initializing Kudu internal certificate authority...
I20260630 12:13:53.056308 25922 catalog_manager.cc:1406] Generated new certificate authority record
I20260630 12:13:53.057533 25922 catalog_manager.cc:1540] Loading token signing keys...
I20260630 12:13:53.071017 25922 catalog_manager.cc:6070] T 00000000000000000000000000000000 P db114fe00689436d8cd3ff0f01cfa7e7: Generated new TSK 0
I20260630 12:13:53.071578 25922 catalog_manager.cc:1550] Initializing in-progress tserver states...
I20260630 12:13:53.093374 24234 file_cache.cc:492] Constructed file cache file cache with capacity 419430
W20260630 12:13:53.099285 25934 instance_detector.cc:116] could not retrieve AWS instance metadata: Network error: curl error: HTTP response code said error: The requested URL returned error: 404
W20260630 12:13:53.100492 25935 instance_detector.cc:116] could not retrieve Azure instance metadata: Network error: curl error: HTTP response code said error: The requested URL returned error: 404
W20260630 12:13:53.101400 25937 instance_detector.cc:116] could not retrieve OpenStack instance metadata: Network error: curl error: HTTP response code said error: The requested URL returned error: 404
I20260630 12:13:53.101961 24234 server_base.cc:1061] running on GCE node
I20260630 12:13:53.102643 24234 hybrid_clock.cc:584] initializing the hybrid clock with 'system_unsync' time source
W20260630 12:13:53.102845 24234 system_unsync_time.cc:38] NTP support is disabled. Clock error bounds will not be accurate. This configuration is not suitable for distributed clusters.
I20260630 12:13:53.103020 24234 hybrid_clock.cc:648] HybridClock initialized: now 1782821633102985 us; error 0 us; skew 500 ppm
I20260630 12:13:53.103528 24234 server_base.cc:861] Flag tcmalloc_max_total_thread_cache_bytes is not working since tcmalloc is not enabled.
I20260630 12:13:53.105806 24234 webserver.cc:533] Webserver started at http://127.23.170.129:40907/ using document root <none> and password file <none>
I20260630 12:13:53.106297 24234 fs_manager.cc:362] Metadata directory not provided
I20260630 12:13:53.106491 24234 fs_manager.cc:368] Using write-ahead log directory (fs_wal_dir) as metadata directory
I20260630 12:13:53.106742 24234 server_base.cc:909] This appears to be a new deployment of Kudu; creating new FS layout
I20260630 12:13:53.107831 24234 fs_manager.cc:1068] Generated new instance metadata in path /tmp/dist-test-taskTuuEjH/test-tmp/auto_rebalancer-test.0.AutoRebalancerTest.MovesScheduledIfAddTserver.1782821609735006-24234-0/minicluster-data/ts-0-root/instance:
uuid: "e8e1d527cdb741158af3653f0a78fc87"
format_stamp: "Formatted at 2026-06-30 12:13:53 on dist-test-slave-5lr7"
I20260630 12:13:53.111943 24234 fs_manager.cc:696] Time spent creating directory manager: real 0.004s	user 0.001s	sys 0.004s
I20260630 12:13:53.115546 25942 log_block_manager.cc:4031] Time spent loading block containers with low live blocks: real 0.000s	user 0.000s	sys 0.000s
I20260630 12:13:53.116408 24234 fs_manager.cc:730] Time spent opening block manager: real 0.002s	user 0.003s	sys 0.001s
I20260630 12:13:53.116633 24234 fs_manager.cc:647] Opened local filesystem: /tmp/dist-test-taskTuuEjH/test-tmp/auto_rebalancer-test.0.AutoRebalancerTest.MovesScheduledIfAddTserver.1782821609735006-24234-0/minicluster-data/ts-0-root
uuid: "e8e1d527cdb741158af3653f0a78fc87"
format_stamp: "Formatted at 2026-06-30 12:13:53 on dist-test-slave-5lr7"
I20260630 12:13:53.116852 24234 fs_report.cc:389] FS layout report
--------------------
wal directory: /tmp/dist-test-taskTuuEjH/test-tmp/auto_rebalancer-test.0.AutoRebalancerTest.MovesScheduledIfAddTserver.1782821609735006-24234-0/minicluster-data/ts-0-root
metadata directory: /tmp/dist-test-taskTuuEjH/test-tmp/auto_rebalancer-test.0.AutoRebalancerTest.MovesScheduledIfAddTserver.1782821609735006-24234-0/minicluster-data/ts-0-root
1 data directories: /tmp/dist-test-taskTuuEjH/test-tmp/auto_rebalancer-test.0.AutoRebalancerTest.MovesScheduledIfAddTserver.1782821609735006-24234-0/minicluster-data/ts-0-root/data
Total live blocks: 0
Total live bytes: 0
Total live bytes (after alignment): 0
Total number of LBM containers: 0 (0 full)
Did not check for missing blocks
Did not check for orphaned blocks
Total full LBM containers with extra space: 0 (0 repaired)
Total full LBM container extra space in bytes: 0 (0 repaired)
Total incomplete LBM containers: 0 (0 repaired)
Total LBM partial records: 0 (0 repaired)
Total corrupted LBM metadata records in RocksDB: 0 (0 repaired)
I20260630 12:13:53.130887 24234 rpc_server.cc:225] running with OpenSSL 1.1.1  11 Sep 2018
I20260630 12:13:53.131999 24234 kserver.cc:163] Server-wide thread pool size limit: 3276
I20260630 12:13:53.133412 24234 txn_system_client.cc:432] TxnSystemClient initialization is disabled...
I20260630 12:13:53.135629 24234 ts_tablet_manager.cc:585] Loaded tablet metadata (0 total tablets, 0 live tablets)
I20260630 12:13:53.135799 24234 ts_tablet_manager.cc:531] Time spent load tablet metadata: real 0.000s	user 0.000s	sys 0.000s
I20260630 12:13:53.136083 24234 ts_tablet_manager.cc:616] Registered 0 tablets
I20260630 12:13:53.136253 24234 ts_tablet_manager.cc:595] Time spent register tablets: real 0.000s	user 0.000s	sys 0.000s
I20260630 12:13:53.176038 24234 rpc_server.cc:307] RPC server started. Bound to: 127.23.170.129:43487
I20260630 12:13:53.176123 26004 acceptor_pool.cc:272] collecting diagnostics on the listening RPC socket 127.23.170.129:43487 every 8 connection(s)
I20260630 12:13:53.180823 24234 file_cache.cc:492] Constructed file cache file cache with capacity 419430
W20260630 12:13:53.188073 26009 instance_detector.cc:116] could not retrieve AWS instance metadata: Network error: curl error: HTTP response code said error: The requested URL returned error: 404
W20260630 12:13:53.190155 26010 instance_detector.cc:116] could not retrieve Azure instance metadata: Network error: curl error: HTTP response code said error: The requested URL returned error: 404
W20260630 12:13:53.191896 26012 instance_detector.cc:116] could not retrieve OpenStack instance metadata: Network error: curl error: HTTP response code said error: The requested URL returned error: 404
I20260630 12:13:53.193039 24234 server_base.cc:1061] running on GCE node
I20260630 12:13:53.193897 24234 hybrid_clock.cc:584] initializing the hybrid clock with 'system_unsync' time source
W20260630 12:13:53.194149 24234 system_unsync_time.cc:38] NTP support is disabled. Clock error bounds will not be accurate. This configuration is not suitable for distributed clusters.
I20260630 12:13:53.194337 24234 hybrid_clock.cc:648] HybridClock initialized: now 1782821633194318 us; error 0 us; skew 500 ppm
I20260630 12:13:53.194667 26005 heartbeater.cc:344] Connected to a master server at 127.23.170.190:33975
I20260630 12:13:53.194886 24234 server_base.cc:861] Flag tcmalloc_max_total_thread_cache_bytes is not working since tcmalloc is not enabled.
I20260630 12:13:53.195022 26005 heartbeater.cc:461] Registering TS with master...
I20260630 12:13:53.195986 26005 heartbeater.cc:507] Master 127.23.170.190:33975 requested a full tablet report, sending...
I20260630 12:13:53.197350 24234 webserver.cc:533] Webserver started at http://127.23.170.130:45383/ using document root <none> and password file <none>
I20260630 12:13:53.197863 24234 fs_manager.cc:362] Metadata directory not provided
I20260630 12:13:53.198068 24234 fs_manager.cc:368] Using write-ahead log directory (fs_wal_dir) as metadata directory
I20260630 12:13:53.198159 25878 ts_manager.cc:194] Registered new tserver with Master: e8e1d527cdb741158af3653f0a78fc87 (127.23.170.129:43487)
I20260630 12:13:53.198321 24234 server_base.cc:909] This appears to be a new deployment of Kudu; creating new FS layout
I20260630 12:13:53.199476 24234 fs_manager.cc:1068] Generated new instance metadata in path /tmp/dist-test-taskTuuEjH/test-tmp/auto_rebalancer-test.0.AutoRebalancerTest.MovesScheduledIfAddTserver.1782821609735006-24234-0/minicluster-data/ts-1-root/instance:
uuid: "85817069d3dd4b7982400b5fe8a92f10"
format_stamp: "Formatted at 2026-06-30 12:13:53 on dist-test-slave-5lr7"
I20260630 12:13:53.200022 25878 master_service.cc:502] Signed X509 certificate for tserver {username='slave'} at 127.0.0.1:48318
I20260630 12:13:53.203775 24234 fs_manager.cc:696] Time spent creating directory manager: real 0.004s	user 0.003s	sys 0.001s
I20260630 12:13:53.207118 26017 log_block_manager.cc:4031] Time spent loading block containers with low live blocks: real 0.000s	user 0.000s	sys 0.000s
I20260630 12:13:53.207990 24234 fs_manager.cc:730] Time spent opening block manager: real 0.002s	user 0.002s	sys 0.001s
I20260630 12:13:53.208346 24234 fs_manager.cc:647] Opened local filesystem: /tmp/dist-test-taskTuuEjH/test-tmp/auto_rebalancer-test.0.AutoRebalancerTest.MovesScheduledIfAddTserver.1782821609735006-24234-0/minicluster-data/ts-1-root
uuid: "85817069d3dd4b7982400b5fe8a92f10"
format_stamp: "Formatted at 2026-06-30 12:13:53 on dist-test-slave-5lr7"
I20260630 12:13:53.208712 24234 fs_report.cc:389] FS layout report
--------------------
wal directory: /tmp/dist-test-taskTuuEjH/test-tmp/auto_rebalancer-test.0.AutoRebalancerTest.MovesScheduledIfAddTserver.1782821609735006-24234-0/minicluster-data/ts-1-root
metadata directory: /tmp/dist-test-taskTuuEjH/test-tmp/auto_rebalancer-test.0.AutoRebalancerTest.MovesScheduledIfAddTserver.1782821609735006-24234-0/minicluster-data/ts-1-root
1 data directories: /tmp/dist-test-taskTuuEjH/test-tmp/auto_rebalancer-test.0.AutoRebalancerTest.MovesScheduledIfAddTserver.1782821609735006-24234-0/minicluster-data/ts-1-root/data
Total live blocks: 0
Total live bytes: 0
Total live bytes (after alignment): 0
Total number of LBM containers: 0 (0 full)
Did not check for missing blocks
Did not check for orphaned blocks
Total full LBM containers with extra space: 0 (0 repaired)
Total full LBM container extra space in bytes: 0 (0 repaired)
Total incomplete LBM containers: 0 (0 repaired)
Total LBM partial records: 0 (0 repaired)
Total corrupted LBM metadata records in RocksDB: 0 (0 repaired)
I20260630 12:13:53.225044 24234 rpc_server.cc:225] running with OpenSSL 1.1.1  11 Sep 2018
I20260630 12:13:53.226039 24234 kserver.cc:163] Server-wide thread pool size limit: 3276
I20260630 12:13:53.227813 24234 txn_system_client.cc:432] TxnSystemClient initialization is disabled...
I20260630 12:13:53.229723 24234 ts_tablet_manager.cc:585] Loaded tablet metadata (0 total tablets, 0 live tablets)
I20260630 12:13:53.230036 24234 ts_tablet_manager.cc:531] Time spent load tablet metadata: real 0.000s	user 0.000s	sys 0.000s
I20260630 12:13:53.230311 24234 ts_tablet_manager.cc:616] Registered 0 tablets
I20260630 12:13:53.230474 24234 ts_tablet_manager.cc:595] Time spent register tablets: real 0.000s	user 0.000s	sys 0.000s
I20260630 12:13:53.268754 24234 rpc_server.cc:307] RPC server started. Bound to: 127.23.170.130:40497
I20260630 12:13:53.268877 26079 acceptor_pool.cc:272] collecting diagnostics on the listening RPC socket 127.23.170.130:40497 every 8 connection(s)
I20260630 12:13:53.273339 24234 file_cache.cc:492] Constructed file cache file cache with capacity 419430
W20260630 12:13:53.280741 26083 instance_detector.cc:116] could not retrieve AWS instance metadata: Network error: curl error: HTTP response code said error: The requested URL returned error: 404
W20260630 12:13:53.281150 26084 instance_detector.cc:116] could not retrieve Azure instance metadata: Network error: curl error: HTTP response code said error: The requested URL returned error: 404
W20260630 12:13:53.284034 26086 instance_detector.cc:116] could not retrieve OpenStack instance metadata: Network error: curl error: HTTP response code said error: The requested URL returned error: 404
I20260630 12:13:53.284418 24234 server_base.cc:1061] running on GCE node
I20260630 12:13:53.284691 26080 heartbeater.cc:344] Connected to a master server at 127.23.170.190:33975
I20260630 12:13:53.285120 26080 heartbeater.cc:461] Registering TS with master...
I20260630 12:13:53.285221 24234 hybrid_clock.cc:584] initializing the hybrid clock with 'system_unsync' time source
W20260630 12:13:53.285495 24234 system_unsync_time.cc:38] NTP support is disabled. Clock error bounds will not be accurate. This configuration is not suitable for distributed clusters.
I20260630 12:13:53.285624 24234 hybrid_clock.cc:648] HybridClock initialized: now 1782821633285613 us; error 0 us; skew 500 ppm
I20260630 12:13:53.285939 26080 heartbeater.cc:507] Master 127.23.170.190:33975 requested a full tablet report, sending...
I20260630 12:13:53.286083 24234 server_base.cc:861] Flag tcmalloc_max_total_thread_cache_bytes is not working since tcmalloc is not enabled.
I20260630 12:13:53.288110 25878 ts_manager.cc:194] Registered new tserver with Master: 85817069d3dd4b7982400b5fe8a92f10 (127.23.170.130:40497)
I20260630 12:13:53.288403 24234 webserver.cc:533] Webserver started at http://127.23.170.131:34245/ using document root <none> and password file <none>
I20260630 12:13:53.288822 24234 fs_manager.cc:362] Metadata directory not provided
I20260630 12:13:53.288964 24234 fs_manager.cc:368] Using write-ahead log directory (fs_wal_dir) as metadata directory
I20260630 12:13:53.289188 24234 server_base.cc:909] This appears to be a new deployment of Kudu; creating new FS layout
I20260630 12:13:53.289695 25878 master_service.cc:502] Signed X509 certificate for tserver {username='slave'} at 127.0.0.1:48330
I20260630 12:13:53.290194 24234 fs_manager.cc:1068] Generated new instance metadata in path /tmp/dist-test-taskTuuEjH/test-tmp/auto_rebalancer-test.0.AutoRebalancerTest.MovesScheduledIfAddTserver.1782821609735006-24234-0/minicluster-data/ts-2-root/instance:
uuid: "afaa00259e2d4b5f8a2474eef8d44f77"
format_stamp: "Formatted at 2026-06-30 12:13:53 on dist-test-slave-5lr7"
I20260630 12:13:53.294413 24234 fs_manager.cc:696] Time spent creating directory manager: real 0.004s	user 0.002s	sys 0.004s
I20260630 12:13:53.297341 26091 log_block_manager.cc:4031] Time spent loading block containers with low live blocks: real 0.000s	user 0.000s	sys 0.000s
I20260630 12:13:53.298054 24234 fs_manager.cc:730] Time spent opening block manager: real 0.002s	user 0.002s	sys 0.000s
I20260630 12:13:53.298327 24234 fs_manager.cc:647] Opened local filesystem: /tmp/dist-test-taskTuuEjH/test-tmp/auto_rebalancer-test.0.AutoRebalancerTest.MovesScheduledIfAddTserver.1782821609735006-24234-0/minicluster-data/ts-2-root
uuid: "afaa00259e2d4b5f8a2474eef8d44f77"
format_stamp: "Formatted at 2026-06-30 12:13:53 on dist-test-slave-5lr7"
I20260630 12:13:53.298576 24234 fs_report.cc:389] FS layout report
--------------------
wal directory: /tmp/dist-test-taskTuuEjH/test-tmp/auto_rebalancer-test.0.AutoRebalancerTest.MovesScheduledIfAddTserver.1782821609735006-24234-0/minicluster-data/ts-2-root
metadata directory: /tmp/dist-test-taskTuuEjH/test-tmp/auto_rebalancer-test.0.AutoRebalancerTest.MovesScheduledIfAddTserver.1782821609735006-24234-0/minicluster-data/ts-2-root
1 data directories: /tmp/dist-test-taskTuuEjH/test-tmp/auto_rebalancer-test.0.AutoRebalancerTest.MovesScheduledIfAddTserver.1782821609735006-24234-0/minicluster-data/ts-2-root/data
Total live blocks: 0
Total live bytes: 0
Total live bytes (after alignment): 0
Total number of LBM containers: 0 (0 full)
Did not check for missing blocks
Did not check for orphaned blocks
Total full LBM containers with extra space: 0 (0 repaired)
Total full LBM container extra space in bytes: 0 (0 repaired)
Total incomplete LBM containers: 0 (0 repaired)
Total LBM partial records: 0 (0 repaired)
Total corrupted LBM metadata records in RocksDB: 0 (0 repaired)
I20260630 12:13:53.316596 24234 rpc_server.cc:225] running with OpenSSL 1.1.1  11 Sep 2018
I20260630 12:13:53.317646 24234 kserver.cc:163] Server-wide thread pool size limit: 3276
I20260630 12:13:53.319123 24234 txn_system_client.cc:432] TxnSystemClient initialization is disabled...
I20260630 12:13:53.321310 24234 ts_tablet_manager.cc:585] Loaded tablet metadata (0 total tablets, 0 live tablets)
I20260630 12:13:53.321522 24234 ts_tablet_manager.cc:531] Time spent load tablet metadata: real 0.000s	user 0.000s	sys 0.000s
I20260630 12:13:53.321760 24234 ts_tablet_manager.cc:616] Registered 0 tablets
I20260630 12:13:53.321930 24234 ts_tablet_manager.cc:595] Time spent register tablets: real 0.000s	user 0.000s	sys 0.000s
I20260630 12:13:53.360340 24234 rpc_server.cc:307] RPC server started. Bound to: 127.23.170.131:41621
I20260630 12:13:53.360440 26153 acceptor_pool.cc:272] collecting diagnostics on the listening RPC socket 127.23.170.131:41621 every 8 connection(s)
I20260630 12:13:53.374190 26154 heartbeater.cc:344] Connected to a master server at 127.23.170.190:33975
I20260630 12:13:53.374541 26154 heartbeater.cc:461] Registering TS with master...
I20260630 12:13:53.375301 26154 heartbeater.cc:507] Master 127.23.170.190:33975 requested a full tablet report, sending...
I20260630 12:13:53.377096 25878 ts_manager.cc:194] Registered new tserver with Master: afaa00259e2d4b5f8a2474eef8d44f77 (127.23.170.131:41621)
I20260630 12:13:53.377254 24234 internal_mini_cluster.cc:371] 3 TS(s) registered with all masters after 0.013288419s
I20260630 12:13:53.378475 25878 master_service.cc:502] Signed X509 certificate for tserver {username='slave'} at 127.0.0.1:48342
I20260630 12:13:54.202395 26005 heartbeater.cc:499] Master 127.23.170.190:33975 was elected leader, sending a full tablet report...
I20260630 12:13:54.292019 26080 heartbeater.cc:499] Master 127.23.170.190:33975 was elected leader, sending a full tablet report...
I20260630 12:13:54.381080 26154 heartbeater.cc:499] Master 127.23.170.190:33975 was elected leader, sending a full tablet report...
I20260630 12:13:54.431630 25878 catalog_manager.cc:2283] Servicing CreateTable request from {username='slave'} at 127.0.0.1:48346:
name: "test-workload"
schema {
  columns {
    name: "key"
    type: INT32
    is_key: true
    is_nullable: false
    encoding: AUTO_ENCODING
    compression: DEFAULT_COMPRESSION
    cfile_block_size: 0
    immutable: false
  }
  columns {
    name: "int_val"
    type: INT32
    is_key: false
    is_nullable: false
    encoding: AUTO_ENCODING
    compression: DEFAULT_COMPRESSION
    cfile_block_size: 0
    immutable: false
  }
  columns {
    name: "string_val"
    type: STRING
    is_key: false
    is_nullable: true
    encoding: AUTO_ENCODING
    compression: DEFAULT_COMPRESSION
    cfile_block_size: 0
    immutable: false
  }
}
num_replicas: 3
split_rows_range_bounds {
  rows: "\004\001\000\377\377\377?""\004\001\000\377\377\377?"
  indirect_data: """"
}
partition_schema {
  range_schema {
    columns {
      name: "key"
    }
  }
}
W20260630 12:13:54.433620 25878 catalog_manager.cc:7077] The number of live tablet servers is not enough to re-replicate a tablet replica of the newly created table test-workload in case of a server failure: 4 tablet servers would be needed, 3 are available. Consider bringing up more tablet servers.
I20260630 12:13:54.481514 26119 tablet_service.cc:1511] Processing CreateTablet for tablet a7c657f84b0e4b50a6170dd2c0652c4d (DEFAULT_TABLE table=test-workload [id=16a560b439384765a002f1877346ec63]), partition=RANGE (key) PARTITION VALUES < 1073741823
I20260630 12:13:54.482896 26119 data_dirs.cc:400] Could only allocate 1 dirs of requested 3 for tablet a7c657f84b0e4b50a6170dd2c0652c4d. 1 dirs total, 0 dirs full, 0 dirs failed
I20260630 12:13:54.486689 26045 tablet_service.cc:1511] Processing CreateTablet for tablet a7c657f84b0e4b50a6170dd2c0652c4d (DEFAULT_TABLE table=test-workload [id=16a560b439384765a002f1877346ec63]), partition=RANGE (key) PARTITION VALUES < 1073741823
I20260630 12:13:54.487524 26118 tablet_service.cc:1511] Processing CreateTablet for tablet 82121287644d4a2d861c50799ffe68bd (DEFAULT_TABLE table=test-workload [id=16a560b439384765a002f1877346ec63]), partition=RANGE (key) PARTITION 1073741823 <= VALUES
I20260630 12:13:54.488065 26045 data_dirs.cc:400] Could only allocate 1 dirs of requested 3 for tablet a7c657f84b0e4b50a6170dd2c0652c4d. 1 dirs total, 0 dirs full, 0 dirs failed
I20260630 12:13:54.487901 26044 tablet_service.cc:1511] Processing CreateTablet for tablet 82121287644d4a2d861c50799ffe68bd (DEFAULT_TABLE table=test-workload [id=16a560b439384765a002f1877346ec63]), partition=RANGE (key) PARTITION 1073741823 <= VALUES
I20260630 12:13:54.488845 26118 data_dirs.cc:400] Could only allocate 1 dirs of requested 3 for tablet 82121287644d4a2d861c50799ffe68bd. 1 dirs total, 0 dirs full, 0 dirs failed
I20260630 12:13:54.489148 26044 data_dirs.cc:400] Could only allocate 1 dirs of requested 3 for tablet 82121287644d4a2d861c50799ffe68bd. 1 dirs total, 0 dirs full, 0 dirs failed
I20260630 12:13:54.505417 26174 tablet_bootstrap.cc:492] T a7c657f84b0e4b50a6170dd2c0652c4d P afaa00259e2d4b5f8a2474eef8d44f77: Bootstrap starting.
I20260630 12:13:54.513298 26175 tablet_bootstrap.cc:492] T 82121287644d4a2d861c50799ffe68bd P 85817069d3dd4b7982400b5fe8a92f10: Bootstrap starting.
I20260630 12:13:54.514384 25970 tablet_service.cc:1511] Processing CreateTablet for tablet a7c657f84b0e4b50a6170dd2c0652c4d (DEFAULT_TABLE table=test-workload [id=16a560b439384765a002f1877346ec63]), partition=RANGE (key) PARTITION VALUES < 1073741823
I20260630 12:13:54.515030 25969 tablet_service.cc:1511] Processing CreateTablet for tablet 82121287644d4a2d861c50799ffe68bd (DEFAULT_TABLE table=test-workload [id=16a560b439384765a002f1877346ec63]), partition=RANGE (key) PARTITION 1073741823 <= VALUES
I20260630 12:13:54.515729 25970 data_dirs.cc:400] Could only allocate 1 dirs of requested 3 for tablet a7c657f84b0e4b50a6170dd2c0652c4d. 1 dirs total, 0 dirs full, 0 dirs failed
I20260630 12:13:54.515049 26174 tablet_bootstrap.cc:654] T a7c657f84b0e4b50a6170dd2c0652c4d P afaa00259e2d4b5f8a2474eef8d44f77: Neither blocks nor log segments found. Creating new log.
I20260630 12:13:54.516269 25969 data_dirs.cc:400] Could only allocate 1 dirs of requested 3 for tablet 82121287644d4a2d861c50799ffe68bd. 1 dirs total, 0 dirs full, 0 dirs failed
I20260630 12:13:54.520234 26175 tablet_bootstrap.cc:654] T 82121287644d4a2d861c50799ffe68bd P 85817069d3dd4b7982400b5fe8a92f10: Neither blocks nor log segments found. Creating new log.
I20260630 12:13:54.532727 26178 tablet_bootstrap.cc:492] T a7c657f84b0e4b50a6170dd2c0652c4d P e8e1d527cdb741158af3653f0a78fc87: Bootstrap starting.
I20260630 12:13:54.533625 26175 tablet_bootstrap.cc:492] T 82121287644d4a2d861c50799ffe68bd P 85817069d3dd4b7982400b5fe8a92f10: No bootstrap required, opened a new log
I20260630 12:13:54.533918 26174 tablet_bootstrap.cc:492] T a7c657f84b0e4b50a6170dd2c0652c4d P afaa00259e2d4b5f8a2474eef8d44f77: No bootstrap required, opened a new log
I20260630 12:13:54.534101 26175 ts_tablet_manager.cc:1403] T 82121287644d4a2d861c50799ffe68bd P 85817069d3dd4b7982400b5fe8a92f10: Time spent bootstrapping tablet: real 0.021s	user 0.011s	sys 0.008s
I20260630 12:13:54.534416 26174 ts_tablet_manager.cc:1403] T a7c657f84b0e4b50a6170dd2c0652c4d P afaa00259e2d4b5f8a2474eef8d44f77: Time spent bootstrapping tablet: real 0.029s	user 0.013s	sys 0.007s
I20260630 12:13:54.537110 26174 raft_consensus.cc:359] T a7c657f84b0e4b50a6170dd2c0652c4d P afaa00259e2d4b5f8a2474eef8d44f77 [term 0 FOLLOWER]: Replica starting. Triggering 0 pending ops. Active config: opid_index: -1 OBSOLETE_local: false peers { permanent_uuid: "afaa00259e2d4b5f8a2474eef8d44f77" member_type: VOTER last_known_addr { host: "127.23.170.131" port: 41621 } } peers { permanent_uuid: "85817069d3dd4b7982400b5fe8a92f10" member_type: VOTER last_known_addr { host: "127.23.170.130" port: 40497 } } peers { permanent_uuid: "e8e1d527cdb741158af3653f0a78fc87" member_type: VOTER last_known_addr { host: "127.23.170.129" port: 43487 } }
I20260630 12:13:54.537091 26175 raft_consensus.cc:359] T 82121287644d4a2d861c50799ffe68bd P 85817069d3dd4b7982400b5fe8a92f10 [term 0 FOLLOWER]: Replica starting. Triggering 0 pending ops. Active config: opid_index: -1 OBSOLETE_local: false peers { permanent_uuid: "e8e1d527cdb741158af3653f0a78fc87" member_type: VOTER last_known_addr { host: "127.23.170.129" port: 43487 } } peers { permanent_uuid: "85817069d3dd4b7982400b5fe8a92f10" member_type: VOTER last_known_addr { host: "127.23.170.130" port: 40497 } } peers { permanent_uuid: "afaa00259e2d4b5f8a2474eef8d44f77" member_type: VOTER last_known_addr { host: "127.23.170.131" port: 41621 } }
I20260630 12:13:54.537945 26174 raft_consensus.cc:385] T a7c657f84b0e4b50a6170dd2c0652c4d P afaa00259e2d4b5f8a2474eef8d44f77 [term 0 FOLLOWER]: Consensus starting up: Expiring failure detector timer to make a prompt election more likely
I20260630 12:13:54.538049 26175 raft_consensus.cc:385] T 82121287644d4a2d861c50799ffe68bd P 85817069d3dd4b7982400b5fe8a92f10 [term 0 FOLLOWER]: Consensus starting up: Expiring failure detector timer to make a prompt election more likely
I20260630 12:13:54.538365 26174 raft_consensus.cc:740] T a7c657f84b0e4b50a6170dd2c0652c4d P afaa00259e2d4b5f8a2474eef8d44f77 [term 0 FOLLOWER]: Becoming Follower/Learner. State: Replica: afaa00259e2d4b5f8a2474eef8d44f77, State: Initialized, Role: FOLLOWER
I20260630 12:13:54.538431 26175 raft_consensus.cc:740] T 82121287644d4a2d861c50799ffe68bd P 85817069d3dd4b7982400b5fe8a92f10 [term 0 FOLLOWER]: Becoming Follower/Learner. State: Replica: 85817069d3dd4b7982400b5fe8a92f10, State: Initialized, Role: FOLLOWER
I20260630 12:13:54.538694 26178 tablet_bootstrap.cc:654] T a7c657f84b0e4b50a6170dd2c0652c4d P e8e1d527cdb741158af3653f0a78fc87: Neither blocks nor log segments found. Creating new log.
I20260630 12:13:54.539199 26174 consensus_queue.cc:260] T a7c657f84b0e4b50a6170dd2c0652c4d P afaa00259e2d4b5f8a2474eef8d44f77 [NON_LEADER]: Queue going to NON_LEADER mode. State: All replicated index: 0, Majority replicated index: 0, Committed index: 0, Last appended: 0.0, Last appended by leader: 0, Current term: 0, Majority size: -1, State: 0, Mode: NON_LEADER, active raft config: opid_index: -1 OBSOLETE_local: false peers { permanent_uuid: "afaa00259e2d4b5f8a2474eef8d44f77" member_type: VOTER last_known_addr { host: "127.23.170.131" port: 41621 } } peers { permanent_uuid: "85817069d3dd4b7982400b5fe8a92f10" member_type: VOTER last_known_addr { host: "127.23.170.130" port: 40497 } } peers { permanent_uuid: "e8e1d527cdb741158af3653f0a78fc87" member_type: VOTER last_known_addr { host: "127.23.170.129" port: 43487 } }
I20260630 12:13:54.539383 26175 consensus_queue.cc:260] T 82121287644d4a2d861c50799ffe68bd P 85817069d3dd4b7982400b5fe8a92f10 [NON_LEADER]: Queue going to NON_LEADER mode. State: All replicated index: 0, Majority replicated index: 0, Committed index: 0, Last appended: 0.0, Last appended by leader: 0, Current term: 0, Majority size: -1, State: 0, Mode: NON_LEADER, active raft config: opid_index: -1 OBSOLETE_local: false peers { permanent_uuid: "e8e1d527cdb741158af3653f0a78fc87" member_type: VOTER last_known_addr { host: "127.23.170.129" port: 43487 } } peers { permanent_uuid: "85817069d3dd4b7982400b5fe8a92f10" member_type: VOTER last_known_addr { host: "127.23.170.130" port: 40497 } } peers { permanent_uuid: "afaa00259e2d4b5f8a2474eef8d44f77" member_type: VOTER last_known_addr { host: "127.23.170.131" port: 41621 } }
I20260630 12:13:54.542644 26175 ts_tablet_manager.cc:1434] T 82121287644d4a2d861c50799ffe68bd P 85817069d3dd4b7982400b5fe8a92f10: Time spent starting tablet: real 0.008s	user 0.009s	sys 0.001s
I20260630 12:13:54.543841 26175 tablet_bootstrap.cc:492] T a7c657f84b0e4b50a6170dd2c0652c4d P 85817069d3dd4b7982400b5fe8a92f10: Bootstrap starting.
I20260630 12:13:54.545850 26174 ts_tablet_manager.cc:1434] T a7c657f84b0e4b50a6170dd2c0652c4d P afaa00259e2d4b5f8a2474eef8d44f77: Time spent starting tablet: real 0.011s	user 0.003s	sys 0.008s
I20260630 12:13:54.546957 26174 tablet_bootstrap.cc:492] T 82121287644d4a2d861c50799ffe68bd P afaa00259e2d4b5f8a2474eef8d44f77: Bootstrap starting.
I20260630 12:13:54.550369 26175 tablet_bootstrap.cc:654] T a7c657f84b0e4b50a6170dd2c0652c4d P 85817069d3dd4b7982400b5fe8a92f10: Neither blocks nor log segments found. Creating new log.
I20260630 12:13:54.553720 26174 tablet_bootstrap.cc:654] T 82121287644d4a2d861c50799ffe68bd P afaa00259e2d4b5f8a2474eef8d44f77: Neither blocks nor log segments found. Creating new log.
I20260630 12:13:54.556787 26175 tablet_bootstrap.cc:492] T a7c657f84b0e4b50a6170dd2c0652c4d P 85817069d3dd4b7982400b5fe8a92f10: No bootstrap required, opened a new log
I20260630 12:13:54.557255 26175 ts_tablet_manager.cc:1403] T a7c657f84b0e4b50a6170dd2c0652c4d P 85817069d3dd4b7982400b5fe8a92f10: Time spent bootstrapping tablet: real 0.014s	user 0.010s	sys 0.000s
I20260630 12:13:54.559934 26175 raft_consensus.cc:359] T a7c657f84b0e4b50a6170dd2c0652c4d P 85817069d3dd4b7982400b5fe8a92f10 [term 0 FOLLOWER]: Replica starting. Triggering 0 pending ops. Active config: opid_index: -1 OBSOLETE_local: false peers { permanent_uuid: "afaa00259e2d4b5f8a2474eef8d44f77" member_type: VOTER last_known_addr { host: "127.23.170.131" port: 41621 } } peers { permanent_uuid: "85817069d3dd4b7982400b5fe8a92f10" member_type: VOTER last_known_addr { host: "127.23.170.130" port: 40497 } } peers { permanent_uuid: "e8e1d527cdb741158af3653f0a78fc87" member_type: VOTER last_known_addr { host: "127.23.170.129" port: 43487 } }
I20260630 12:13:54.561148 26175 raft_consensus.cc:385] T a7c657f84b0e4b50a6170dd2c0652c4d P 85817069d3dd4b7982400b5fe8a92f10 [term 0 FOLLOWER]: Consensus starting up: Expiring failure detector timer to make a prompt election more likely
I20260630 12:13:54.561450 26175 raft_consensus.cc:740] T a7c657f84b0e4b50a6170dd2c0652c4d P 85817069d3dd4b7982400b5fe8a92f10 [term 0 FOLLOWER]: Becoming Follower/Learner. State: Replica: 85817069d3dd4b7982400b5fe8a92f10, State: Initialized, Role: FOLLOWER
I20260630 12:13:54.562142 26178 tablet_bootstrap.cc:492] T a7c657f84b0e4b50a6170dd2c0652c4d P e8e1d527cdb741158af3653f0a78fc87: No bootstrap required, opened a new log
I20260630 12:13:54.562100 26175 consensus_queue.cc:260] T a7c657f84b0e4b50a6170dd2c0652c4d P 85817069d3dd4b7982400b5fe8a92f10 [NON_LEADER]: Queue going to NON_LEADER mode. State: All replicated index: 0, Majority replicated index: 0, Committed index: 0, Last appended: 0.0, Last appended by leader: 0, Current term: 0, Majority size: -1, State: 0, Mode: NON_LEADER, active raft config: opid_index: -1 OBSOLETE_local: false peers { permanent_uuid: "afaa00259e2d4b5f8a2474eef8d44f77" member_type: VOTER last_known_addr { host: "127.23.170.131" port: 41621 } } peers { permanent_uuid: "85817069d3dd4b7982400b5fe8a92f10" member_type: VOTER last_known_addr { host: "127.23.170.130" port: 40497 } } peers { permanent_uuid: "e8e1d527cdb741158af3653f0a78fc87" member_type: VOTER last_known_addr { host: "127.23.170.129" port: 43487 } }
I20260630 12:13:54.562647 26178 ts_tablet_manager.cc:1403] T a7c657f84b0e4b50a6170dd2c0652c4d P e8e1d527cdb741158af3653f0a78fc87: Time spent bootstrapping tablet: real 0.030s	user 0.009s	sys 0.005s
I20260630 12:13:54.562830 26174 tablet_bootstrap.cc:492] T 82121287644d4a2d861c50799ffe68bd P afaa00259e2d4b5f8a2474eef8d44f77: No bootstrap required, opened a new log
I20260630 12:13:54.563298 26174 ts_tablet_manager.cc:1403] T 82121287644d4a2d861c50799ffe68bd P afaa00259e2d4b5f8a2474eef8d44f77: Time spent bootstrapping tablet: real 0.017s	user 0.004s	sys 0.011s
I20260630 12:13:54.564167 26175 ts_tablet_manager.cc:1434] T a7c657f84b0e4b50a6170dd2c0652c4d P 85817069d3dd4b7982400b5fe8a92f10: Time spent starting tablet: real 0.007s	user 0.007s	sys 0.001s
I20260630 12:13:54.565434 26178 raft_consensus.cc:359] T a7c657f84b0e4b50a6170dd2c0652c4d P e8e1d527cdb741158af3653f0a78fc87 [term 0 FOLLOWER]: Replica starting. Triggering 0 pending ops. Active config: opid_index: -1 OBSOLETE_local: false peers { permanent_uuid: "afaa00259e2d4b5f8a2474eef8d44f77" member_type: VOTER last_known_addr { host: "127.23.170.131" port: 41621 } } peers { permanent_uuid: "85817069d3dd4b7982400b5fe8a92f10" member_type: VOTER last_known_addr { host: "127.23.170.130" port: 40497 } } peers { permanent_uuid: "e8e1d527cdb741158af3653f0a78fc87" member_type: VOTER last_known_addr { host: "127.23.170.129" port: 43487 } }
I20260630 12:13:54.565747 26174 raft_consensus.cc:359] T 82121287644d4a2d861c50799ffe68bd P afaa00259e2d4b5f8a2474eef8d44f77 [term 0 FOLLOWER]: Replica starting. Triggering 0 pending ops. Active config: opid_index: -1 OBSOLETE_local: false peers { permanent_uuid: "e8e1d527cdb741158af3653f0a78fc87" member_type: VOTER last_known_addr { host: "127.23.170.129" port: 43487 } } peers { permanent_uuid: "85817069d3dd4b7982400b5fe8a92f10" member_type: VOTER last_known_addr { host: "127.23.170.130" port: 40497 } } peers { permanent_uuid: "afaa00259e2d4b5f8a2474eef8d44f77" member_type: VOTER last_known_addr { host: "127.23.170.131" port: 41621 } }
I20260630 12:13:54.566198 26178 raft_consensus.cc:385] T a7c657f84b0e4b50a6170dd2c0652c4d P e8e1d527cdb741158af3653f0a78fc87 [term 0 FOLLOWER]: Consensus starting up: Expiring failure detector timer to make a prompt election more likely
I20260630 12:13:54.566440 26174 raft_consensus.cc:385] T 82121287644d4a2d861c50799ffe68bd P afaa00259e2d4b5f8a2474eef8d44f77 [term 0 FOLLOWER]: Consensus starting up: Expiring failure detector timer to make a prompt election more likely
I20260630 12:13:54.566527 26178 raft_consensus.cc:740] T a7c657f84b0e4b50a6170dd2c0652c4d P e8e1d527cdb741158af3653f0a78fc87 [term 0 FOLLOWER]: Becoming Follower/Learner. State: Replica: e8e1d527cdb741158af3653f0a78fc87, State: Initialized, Role: FOLLOWER
I20260630 12:13:54.566915 26174 raft_consensus.cc:740] T 82121287644d4a2d861c50799ffe68bd P afaa00259e2d4b5f8a2474eef8d44f77 [term 0 FOLLOWER]: Becoming Follower/Learner. State: Replica: afaa00259e2d4b5f8a2474eef8d44f77, State: Initialized, Role: FOLLOWER
I20260630 12:13:54.567407 26178 consensus_queue.cc:260] T a7c657f84b0e4b50a6170dd2c0652c4d P e8e1d527cdb741158af3653f0a78fc87 [NON_LEADER]: Queue going to NON_LEADER mode. State: All replicated index: 0, Majority replicated index: 0, Committed index: 0, Last appended: 0.0, Last appended by leader: 0, Current term: 0, Majority size: -1, State: 0, Mode: NON_LEADER, active raft config: opid_index: -1 OBSOLETE_local: false peers { permanent_uuid: "afaa00259e2d4b5f8a2474eef8d44f77" member_type: VOTER last_known_addr { host: "127.23.170.131" port: 41621 } } peers { permanent_uuid: "85817069d3dd4b7982400b5fe8a92f10" member_type: VOTER last_known_addr { host: "127.23.170.130" port: 40497 } } peers { permanent_uuid: "e8e1d527cdb741158af3653f0a78fc87" member_type: VOTER last_known_addr { host: "127.23.170.129" port: 43487 } }
I20260630 12:13:54.567658 26174 consensus_queue.cc:260] T 82121287644d4a2d861c50799ffe68bd P afaa00259e2d4b5f8a2474eef8d44f77 [NON_LEADER]: Queue going to NON_LEADER mode. State: All replicated index: 0, Majority replicated index: 0, Committed index: 0, Last appended: 0.0, Last appended by leader: 0, Current term: 0, Majority size: -1, State: 0, Mode: NON_LEADER, active raft config: opid_index: -1 OBSOLETE_local: false peers { permanent_uuid: "e8e1d527cdb741158af3653f0a78fc87" member_type: VOTER last_known_addr { host: "127.23.170.129" port: 43487 } } peers { permanent_uuid: "85817069d3dd4b7982400b5fe8a92f10" member_type: VOTER last_known_addr { host: "127.23.170.130" port: 40497 } } peers { permanent_uuid: "afaa00259e2d4b5f8a2474eef8d44f77" member_type: VOTER last_known_addr { host: "127.23.170.131" port: 41621 } }
I20260630 12:13:54.570091 26174 ts_tablet_manager.cc:1434] T 82121287644d4a2d861c50799ffe68bd P afaa00259e2d4b5f8a2474eef8d44f77: Time spent starting tablet: real 0.006s	user 0.004s	sys 0.000s
I20260630 12:13:54.572352 26178 ts_tablet_manager.cc:1434] T a7c657f84b0e4b50a6170dd2c0652c4d P e8e1d527cdb741158af3653f0a78fc87: Time spent starting tablet: real 0.009s	user 0.010s	sys 0.000s
I20260630 12:13:54.573304 26178 tablet_bootstrap.cc:492] T 82121287644d4a2d861c50799ffe68bd P e8e1d527cdb741158af3653f0a78fc87: Bootstrap starting.
I20260630 12:13:54.578433 26178 tablet_bootstrap.cc:654] T 82121287644d4a2d861c50799ffe68bd P e8e1d527cdb741158af3653f0a78fc87: Neither blocks nor log segments found. Creating new log.
I20260630 12:13:54.582901 26178 tablet_bootstrap.cc:492] T 82121287644d4a2d861c50799ffe68bd P e8e1d527cdb741158af3653f0a78fc87: No bootstrap required, opened a new log
I20260630 12:13:54.583343 26178 ts_tablet_manager.cc:1403] T 82121287644d4a2d861c50799ffe68bd P e8e1d527cdb741158af3653f0a78fc87: Time spent bootstrapping tablet: real 0.010s	user 0.005s	sys 0.005s
I20260630 12:13:54.585142 26178 raft_consensus.cc:359] T 82121287644d4a2d861c50799ffe68bd P e8e1d527cdb741158af3653f0a78fc87 [term 0 FOLLOWER]: Replica starting. Triggering 0 pending ops. Active config: opid_index: -1 OBSOLETE_local: false peers { permanent_uuid: "e8e1d527cdb741158af3653f0a78fc87" member_type: VOTER last_known_addr { host: "127.23.170.129" port: 43487 } } peers { permanent_uuid: "85817069d3dd4b7982400b5fe8a92f10" member_type: VOTER last_known_addr { host: "127.23.170.130" port: 40497 } } peers { permanent_uuid: "afaa00259e2d4b5f8a2474eef8d44f77" member_type: VOTER last_known_addr { host: "127.23.170.131" port: 41621 } }
I20260630 12:13:54.585578 26178 raft_consensus.cc:385] T 82121287644d4a2d861c50799ffe68bd P e8e1d527cdb741158af3653f0a78fc87 [term 0 FOLLOWER]: Consensus starting up: Expiring failure detector timer to make a prompt election more likely
I20260630 12:13:54.585753 26178 raft_consensus.cc:740] T 82121287644d4a2d861c50799ffe68bd P e8e1d527cdb741158af3653f0a78fc87 [term 0 FOLLOWER]: Becoming Follower/Learner. State: Replica: e8e1d527cdb741158af3653f0a78fc87, State: Initialized, Role: FOLLOWER
I20260630 12:13:54.586218 26178 consensus_queue.cc:260] T 82121287644d4a2d861c50799ffe68bd P e8e1d527cdb741158af3653f0a78fc87 [NON_LEADER]: Queue going to NON_LEADER mode. State: All replicated index: 0, Majority replicated index: 0, Committed index: 0, Last appended: 0.0, Last appended by leader: 0, Current term: 0, Majority size: -1, State: 0, Mode: NON_LEADER, active raft config: opid_index: -1 OBSOLETE_local: false peers { permanent_uuid: "e8e1d527cdb741158af3653f0a78fc87" member_type: VOTER last_known_addr { host: "127.23.170.129" port: 43487 } } peers { permanent_uuid: "85817069d3dd4b7982400b5fe8a92f10" member_type: VOTER last_known_addr { host: "127.23.170.130" port: 40497 } } peers { permanent_uuid: "afaa00259e2d4b5f8a2474eef8d44f77" member_type: VOTER last_known_addr { host: "127.23.170.131" port: 41621 } }
I20260630 12:13:54.587776 26178 ts_tablet_manager.cc:1434] T 82121287644d4a2d861c50799ffe68bd P e8e1d527cdb741158af3653f0a78fc87: Time spent starting tablet: real 0.004s	user 0.004s	sys 0.000s
I20260630 12:13:54.758778 26180 raft_consensus.cc:493] T 82121287644d4a2d861c50799ffe68bd P 85817069d3dd4b7982400b5fe8a92f10 [term 0 FOLLOWER]: Starting pre-election (no leader contacted us within the election timeout)
I20260630 12:13:54.759281 26180 raft_consensus.cc:515] T 82121287644d4a2d861c50799ffe68bd P 85817069d3dd4b7982400b5fe8a92f10 [term 0 FOLLOWER]: Starting pre-election with config: opid_index: -1 OBSOLETE_local: false peers { permanent_uuid: "e8e1d527cdb741158af3653f0a78fc87" member_type: VOTER last_known_addr { host: "127.23.170.129" port: 43487 } } peers { permanent_uuid: "85817069d3dd4b7982400b5fe8a92f10" member_type: VOTER last_known_addr { host: "127.23.170.130" port: 40497 } } peers { permanent_uuid: "afaa00259e2d4b5f8a2474eef8d44f77" member_type: VOTER last_known_addr { host: "127.23.170.131" port: 41621 } }
I20260630 12:13:54.761474 26180 leader_election.cc:290] T 82121287644d4a2d861c50799ffe68bd P 85817069d3dd4b7982400b5fe8a92f10 [CANDIDATE]: Term 1 pre-election: Requested pre-vote from peers e8e1d527cdb741158af3653f0a78fc87 (127.23.170.129:43487), afaa00259e2d4b5f8a2474eef8d44f77 (127.23.170.131:41621)
I20260630 12:13:54.771756 25980 tablet_service.cc:1917] Received RequestConsensusVote() RPC: tablet_id: "82121287644d4a2d861c50799ffe68bd" candidate_uuid: "85817069d3dd4b7982400b5fe8a92f10" candidate_term: 1 candidate_status { last_received { term: 0 index: 0 } } ignore_live_leader: false dest_uuid: "e8e1d527cdb741158af3653f0a78fc87" is_pre_election: true
I20260630 12:13:54.772251 26129 tablet_service.cc:1917] Received RequestConsensusVote() RPC: tablet_id: "82121287644d4a2d861c50799ffe68bd" candidate_uuid: "85817069d3dd4b7982400b5fe8a92f10" candidate_term: 1 candidate_status { last_received { term: 0 index: 0 } } ignore_live_leader: false dest_uuid: "afaa00259e2d4b5f8a2474eef8d44f77" is_pre_election: true
I20260630 12:13:54.772517 25980 raft_consensus.cc:2468] T 82121287644d4a2d861c50799ffe68bd P e8e1d527cdb741158af3653f0a78fc87 [term 0 FOLLOWER]: Leader pre-election vote request: Granting yes vote for candidate 85817069d3dd4b7982400b5fe8a92f10 in term 0.
I20260630 12:13:54.772877 26129 raft_consensus.cc:2468] T 82121287644d4a2d861c50799ffe68bd P afaa00259e2d4b5f8a2474eef8d44f77 [term 0 FOLLOWER]: Leader pre-election vote request: Granting yes vote for candidate 85817069d3dd4b7982400b5fe8a92f10 in term 0.
I20260630 12:13:54.774003 26019 leader_election.cc:304] T 82121287644d4a2d861c50799ffe68bd P 85817069d3dd4b7982400b5fe8a92f10 [CANDIDATE]: Term 1 pre-election: Election decided. Result: candidate won. Election summary: received 2 responses out of 3 voters: 2 yes votes; 0 no votes. yes voters: 85817069d3dd4b7982400b5fe8a92f10, e8e1d527cdb741158af3653f0a78fc87; no voters: 
I20260630 12:13:54.774748 26180 raft_consensus.cc:2804] T 82121287644d4a2d861c50799ffe68bd P 85817069d3dd4b7982400b5fe8a92f10 [term 0 FOLLOWER]: Leader pre-election won for term 1
I20260630 12:13:54.775110 26180 raft_consensus.cc:493] T 82121287644d4a2d861c50799ffe68bd P 85817069d3dd4b7982400b5fe8a92f10 [term 0 FOLLOWER]: Starting leader election (no leader contacted us within the election timeout)
I20260630 12:13:54.775418 26180 raft_consensus.cc:3060] T 82121287644d4a2d861c50799ffe68bd P 85817069d3dd4b7982400b5fe8a92f10 [term 0 FOLLOWER]: Advancing to term 1
I20260630 12:13:54.780107 26180 raft_consensus.cc:515] T 82121287644d4a2d861c50799ffe68bd P 85817069d3dd4b7982400b5fe8a92f10 [term 1 FOLLOWER]: Starting leader election with config: opid_index: -1 OBSOLETE_local: false peers { permanent_uuid: "e8e1d527cdb741158af3653f0a78fc87" member_type: VOTER last_known_addr { host: "127.23.170.129" port: 43487 } } peers { permanent_uuid: "85817069d3dd4b7982400b5fe8a92f10" member_type: VOTER last_known_addr { host: "127.23.170.130" port: 40497 } } peers { permanent_uuid: "afaa00259e2d4b5f8a2474eef8d44f77" member_type: VOTER last_known_addr { host: "127.23.170.131" port: 41621 } }
I20260630 12:13:54.781716 26180 leader_election.cc:290] T 82121287644d4a2d861c50799ffe68bd P 85817069d3dd4b7982400b5fe8a92f10 [CANDIDATE]: Term 1 election: Requested vote from peers e8e1d527cdb741158af3653f0a78fc87 (127.23.170.129:43487), afaa00259e2d4b5f8a2474eef8d44f77 (127.23.170.131:41621)
I20260630 12:13:54.782382 25980 tablet_service.cc:1917] Received RequestConsensusVote() RPC: tablet_id: "82121287644d4a2d861c50799ffe68bd" candidate_uuid: "85817069d3dd4b7982400b5fe8a92f10" candidate_term: 1 candidate_status { last_received { term: 0 index: 0 } } ignore_live_leader: false dest_uuid: "e8e1d527cdb741158af3653f0a78fc87"
I20260630 12:13:54.782646 26129 tablet_service.cc:1917] Received RequestConsensusVote() RPC: tablet_id: "82121287644d4a2d861c50799ffe68bd" candidate_uuid: "85817069d3dd4b7982400b5fe8a92f10" candidate_term: 1 candidate_status { last_received { term: 0 index: 0 } } ignore_live_leader: false dest_uuid: "afaa00259e2d4b5f8a2474eef8d44f77"
I20260630 12:13:54.782883 25980 raft_consensus.cc:3060] T 82121287644d4a2d861c50799ffe68bd P e8e1d527cdb741158af3653f0a78fc87 [term 0 FOLLOWER]: Advancing to term 1
I20260630 12:13:54.783315 26129 raft_consensus.cc:3060] T 82121287644d4a2d861c50799ffe68bd P afaa00259e2d4b5f8a2474eef8d44f77 [term 0 FOLLOWER]: Advancing to term 1
I20260630 12:13:54.787436 25980 raft_consensus.cc:2468] T 82121287644d4a2d861c50799ffe68bd P e8e1d527cdb741158af3653f0a78fc87 [term 1 FOLLOWER]: Leader election vote request: Granting yes vote for candidate 85817069d3dd4b7982400b5fe8a92f10 in term 1.
I20260630 12:13:54.788235 26129 raft_consensus.cc:2468] T 82121287644d4a2d861c50799ffe68bd P afaa00259e2d4b5f8a2474eef8d44f77 [term 1 FOLLOWER]: Leader election vote request: Granting yes vote for candidate 85817069d3dd4b7982400b5fe8a92f10 in term 1.
I20260630 12:13:54.788275 26019 leader_election.cc:304] T 82121287644d4a2d861c50799ffe68bd P 85817069d3dd4b7982400b5fe8a92f10 [CANDIDATE]: Term 1 election: Election decided. Result: candidate won. Election summary: received 2 responses out of 3 voters: 2 yes votes; 0 no votes. yes voters: 85817069d3dd4b7982400b5fe8a92f10, e8e1d527cdb741158af3653f0a78fc87; no voters: 
I20260630 12:13:54.789186 26180 raft_consensus.cc:2804] T 82121287644d4a2d861c50799ffe68bd P 85817069d3dd4b7982400b5fe8a92f10 [term 1 FOLLOWER]: Leader election won for term 1
I20260630 12:13:54.790287 26180 raft_consensus.cc:697] T 82121287644d4a2d861c50799ffe68bd P 85817069d3dd4b7982400b5fe8a92f10 [term 1 LEADER]: Becoming Leader. State: Replica: 85817069d3dd4b7982400b5fe8a92f10, State: Running, Role: LEADER
I20260630 12:13:54.791008 26180 consensus_queue.cc:237] T 82121287644d4a2d861c50799ffe68bd P 85817069d3dd4b7982400b5fe8a92f10 [LEADER]: Queue going to LEADER mode. State: All replicated index: 0, Majority replicated index: 0, Committed index: 0, Last appended: 0.0, Last appended by leader: 0, Current term: 1, Majority size: 2, State: 0, Mode: LEADER, active raft config: opid_index: -1 OBSOLETE_local: false peers { permanent_uuid: "e8e1d527cdb741158af3653f0a78fc87" member_type: VOTER last_known_addr { host: "127.23.170.129" port: 43487 } } peers { permanent_uuid: "85817069d3dd4b7982400b5fe8a92f10" member_type: VOTER last_known_addr { host: "127.23.170.130" port: 40497 } } peers { permanent_uuid: "afaa00259e2d4b5f8a2474eef8d44f77" member_type: VOTER last_known_addr { host: "127.23.170.131" port: 41621 } }
I20260630 12:13:54.798730 25875 catalog_manager.cc:5697] T 82121287644d4a2d861c50799ffe68bd P 85817069d3dd4b7982400b5fe8a92f10 reported cstate change: term changed from 0 to 1, leader changed from <none> to 85817069d3dd4b7982400b5fe8a92f10 (127.23.170.130). New cstate: current_term: 1 leader_uuid: "85817069d3dd4b7982400b5fe8a92f10" committed_config { opid_index: -1 OBSOLETE_local: false peers { permanent_uuid: "e8e1d527cdb741158af3653f0a78fc87" member_type: VOTER last_known_addr { host: "127.23.170.129" port: 43487 } health_report { overall_health: UNKNOWN } } peers { permanent_uuid: "85817069d3dd4b7982400b5fe8a92f10" member_type: VOTER last_known_addr { host: "127.23.170.130" port: 40497 } health_report { overall_health: HEALTHY } } peers { permanent_uuid: "afaa00259e2d4b5f8a2474eef8d44f77" member_type: VOTER last_known_addr { host: "127.23.170.131" port: 41621 } health_report { overall_health: UNKNOWN } } }
I20260630 12:13:54.815989 26179 raft_consensus.cc:493] T a7c657f84b0e4b50a6170dd2c0652c4d P afaa00259e2d4b5f8a2474eef8d44f77 [term 0 FOLLOWER]: Starting pre-election (no leader contacted us within the election timeout)
I20260630 12:13:54.816412 26179 raft_consensus.cc:515] T a7c657f84b0e4b50a6170dd2c0652c4d P afaa00259e2d4b5f8a2474eef8d44f77 [term 0 FOLLOWER]: Starting pre-election with config: opid_index: -1 OBSOLETE_local: false peers { permanent_uuid: "afaa00259e2d4b5f8a2474eef8d44f77" member_type: VOTER last_known_addr { host: "127.23.170.131" port: 41621 } } peers { permanent_uuid: "85817069d3dd4b7982400b5fe8a92f10" member_type: VOTER last_known_addr { host: "127.23.170.130" port: 40497 } } peers { permanent_uuid: "e8e1d527cdb741158af3653f0a78fc87" member_type: VOTER last_known_addr { host: "127.23.170.129" port: 43487 } }
I20260630 12:13:54.818228 26179 leader_election.cc:290] T a7c657f84b0e4b50a6170dd2c0652c4d P afaa00259e2d4b5f8a2474eef8d44f77 [CANDIDATE]: Term 1 pre-election: Requested pre-vote from peers 85817069d3dd4b7982400b5fe8a92f10 (127.23.170.130:40497), e8e1d527cdb741158af3653f0a78fc87 (127.23.170.129:43487)
I20260630 12:13:54.827575 26055 tablet_service.cc:1917] Received RequestConsensusVote() RPC: tablet_id: "a7c657f84b0e4b50a6170dd2c0652c4d" candidate_uuid: "afaa00259e2d4b5f8a2474eef8d44f77" candidate_term: 1 candidate_status { last_received { term: 0 index: 0 } } ignore_live_leader: false dest_uuid: "85817069d3dd4b7982400b5fe8a92f10" is_pre_election: true
I20260630 12:13:54.828179 26055 raft_consensus.cc:2468] T a7c657f84b0e4b50a6170dd2c0652c4d P 85817069d3dd4b7982400b5fe8a92f10 [term 0 FOLLOWER]: Leader pre-election vote request: Granting yes vote for candidate afaa00259e2d4b5f8a2474eef8d44f77 in term 0.
