I20260630 12:14:52.581503 27168 leader_election.cc:304] T 9e407ccd8aa64504a61ef08c4b88dcb7 P 6eecefa75a4d411291e5ebf1137f71a2 [CANDIDATE]: Term 1 pre-election: Election decided. Result: candidate won. Election summary: received 2 responses out of 3 voters: 2 yes votes; 0 no votes. yes voters: 6eecefa75a4d411291e5ebf1137f71a2, 8ceb9a72c8b346bbac6bff23e6616623; no voters: 
I20260630 12:14:52.582331 27401 tablet_bootstrap.cc:492] T 411f552219524376aae3adebced31032 P 230f68eebe7a43338fe11c984465568c: Bootstrap starting.
W20260630 12:14:52.582388 27170 leader_election.cc:343] T 9e407ccd8aa64504a61ef08c4b88dcb7 P 6eecefa75a4d411291e5ebf1137f71a2 [CANDIDATE]: Term 1 pre-election: Tablet error from VoteRequest() call to peer ada43039a09a46a1bb511686f8c83f69 (127.23.170.132:34253): Illegal state: must be running to vote when last-logged opid is not known
I20260630 12:14:52.575994 27400 raft_consensus.cc:740] T 60cb028ab17641aabe7335d9587f08ad P 8ceb9a72c8b346bbac6bff23e6616623 [term 0 FOLLOWER]: Becoming Follower/Learner. State: Replica: 8ceb9a72c8b346bbac6bff23e6616623, State: Initialized, Role: FOLLOWER
I20260630 12:14:52.583518 27400 consensus_queue.cc:260] T 60cb028ab17641aabe7335d9587f08ad P 8ceb9a72c8b346bbac6bff23e6616623 [NON_LEADER]: Queue going to NON_LEADER mode. State: All replicated index: 0, Majority replicated index: 0, Committed index: 0, Last appended: 0.0, Last appended by leader: 0, Current term: 0, Majority size: -1, State: 0, Mode: NON_LEADER, active raft config: opid_index: -1 OBSOLETE_local: false peers { permanent_uuid: "8ceb9a72c8b346bbac6bff23e6616623" member_type: VOTER last_known_addr { host: "127.23.170.130" port: 41063 } } peers { permanent_uuid: "ada43039a09a46a1bb511686f8c83f69" member_type: VOTER last_known_addr { host: "127.23.170.132" port: 34253 } } peers { permanent_uuid: "6eecefa75a4d411291e5ebf1137f71a2" member_type: VOTER last_known_addr { host: "127.23.170.129" port: 42691 } }
I20260630 12:14:52.583822 27570 raft_consensus.cc:2804] T 9e407ccd8aa64504a61ef08c4b88dcb7 P 6eecefa75a4d411291e5ebf1137f71a2 [term 0 FOLLOWER]: Leader pre-election won for term 1
I20260630 12:14:52.585114 27570 raft_consensus.cc:493] T 9e407ccd8aa64504a61ef08c4b88dcb7 P 6eecefa75a4d411291e5ebf1137f71a2 [term 0 FOLLOWER]: Starting leader election (no leader contacted us within the election timeout)
I20260630 12:14:52.585464 27570 raft_consensus.cc:3060] T 9e407ccd8aa64504a61ef08c4b88dcb7 P 6eecefa75a4d411291e5ebf1137f71a2 [term 0 FOLLOWER]: Advancing to term 1
I20260630 12:14:52.587505 27402 tablet_bootstrap.cc:492] T 60cb028ab17641aabe7335d9587f08ad P 6eecefa75a4d411291e5ebf1137f71a2: No bootstrap required, opened a new log
I20260630 12:14:52.587961 27402 ts_tablet_manager.cc:1403] T 60cb028ab17641aabe7335d9587f08ad P 6eecefa75a4d411291e5ebf1137f71a2: Time spent bootstrapping tablet: real 0.052s	user 0.013s	sys 0.007s
I20260630 12:14:52.590313 27400 ts_tablet_manager.cc:1434] T 60cb028ab17641aabe7335d9587f08ad P 8ceb9a72c8b346bbac6bff23e6616623: Time spent starting tablet: real 0.018s	user 0.003s	sys 0.003s
I20260630 12:14:52.590878 27402 raft_consensus.cc:359] T 60cb028ab17641aabe7335d9587f08ad P 6eecefa75a4d411291e5ebf1137f71a2 [term 0 FOLLOWER]: Replica starting. Triggering 0 pending ops. Active config: opid_index: -1 OBSOLETE_local: false peers { permanent_uuid: "8ceb9a72c8b346bbac6bff23e6616623" member_type: VOTER last_known_addr { host: "127.23.170.130" port: 41063 } } peers { permanent_uuid: "ada43039a09a46a1bb511686f8c83f69" member_type: VOTER last_known_addr { host: "127.23.170.132" port: 34253 } } peers { permanent_uuid: "6eecefa75a4d411291e5ebf1137f71a2" member_type: VOTER last_known_addr { host: "127.23.170.129" port: 42691 } }
I20260630 12:14:52.591903 27402 raft_consensus.cc:385] T 60cb028ab17641aabe7335d9587f08ad P 6eecefa75a4d411291e5ebf1137f71a2 [term 0 FOLLOWER]: Consensus starting up: Expiring failure detector timer to make a prompt election more likely
I20260630 12:14:52.592214 27402 raft_consensus.cc:740] T 60cb028ab17641aabe7335d9587f08ad P 6eecefa75a4d411291e5ebf1137f71a2 [term 0 FOLLOWER]: Becoming Follower/Learner. State: Replica: 6eecefa75a4d411291e5ebf1137f71a2, State: Initialized, Role: FOLLOWER
I20260630 12:14:52.592921 27402 consensus_queue.cc:260] T 60cb028ab17641aabe7335d9587f08ad P 6eecefa75a4d411291e5ebf1137f71a2 [NON_LEADER]: Queue going to NON_LEADER mode. State: All replicated index: 0, Majority replicated index: 0, Committed index: 0, Last appended: 0.0, Last appended by leader: 0, Current term: 0, Majority size: -1, State: 0, Mode: NON_LEADER, active raft config: opid_index: -1 OBSOLETE_local: false peers { permanent_uuid: "8ceb9a72c8b346bbac6bff23e6616623" member_type: VOTER last_known_addr { host: "127.23.170.130" port: 41063 } } peers { permanent_uuid: "ada43039a09a46a1bb511686f8c83f69" member_type: VOTER last_known_addr { host: "127.23.170.132" port: 34253 } } peers { permanent_uuid: "6eecefa75a4d411291e5ebf1137f71a2" member_type: VOTER last_known_addr { host: "127.23.170.129" port: 42691 } }
I20260630 12:14:52.594008 27401 tablet_bootstrap.cc:654] T 411f552219524376aae3adebced31032 P 230f68eebe7a43338fe11c984465568c: Neither blocks nor log segments found. Creating new log.
I20260630 12:14:52.595168 27402 ts_tablet_manager.cc:1434] T 60cb028ab17641aabe7335d9587f08ad P 6eecefa75a4d411291e5ebf1137f71a2: Time spent starting tablet: real 0.007s	user 0.005s	sys 0.001s
I20260630 12:14:52.596192 27402 tablet_bootstrap.cc:492] T 411f552219524376aae3adebced31032 P 6eecefa75a4d411291e5ebf1137f71a2: Bootstrap starting.
I20260630 12:14:52.603277 27402 tablet_bootstrap.cc:654] T 411f552219524376aae3adebced31032 P 6eecefa75a4d411291e5ebf1137f71a2: Neither blocks nor log segments found. Creating new log.
I20260630 12:14:52.609591 27401 tablet_bootstrap.cc:492] T 411f552219524376aae3adebced31032 P 230f68eebe7a43338fe11c984465568c: No bootstrap required, opened a new log
I20260630 12:14:52.610124 27401 ts_tablet_manager.cc:1403] T 411f552219524376aae3adebced31032 P 230f68eebe7a43338fe11c984465568c: Time spent bootstrapping tablet: real 0.038s	user 0.013s	sys 0.009s
I20260630 12:14:52.611689 27402 tablet_bootstrap.cc:492] T 411f552219524376aae3adebced31032 P 6eecefa75a4d411291e5ebf1137f71a2: No bootstrap required, opened a new log
I20260630 12:14:52.612130 27402 ts_tablet_manager.cc:1403] T 411f552219524376aae3adebced31032 P 6eecefa75a4d411291e5ebf1137f71a2: Time spent bootstrapping tablet: real 0.016s	user 0.013s	sys 0.001s
I20260630 12:14:52.612802 27401 raft_consensus.cc:359] T 411f552219524376aae3adebced31032 P 230f68eebe7a43338fe11c984465568c [term 0 FOLLOWER]: Replica starting. Triggering 0 pending ops. Active config: opid_index: -1 OBSOLETE_local: false peers { permanent_uuid: "ada43039a09a46a1bb511686f8c83f69" member_type: VOTER last_known_addr { host: "127.23.170.132" port: 34253 } } peers { permanent_uuid: "230f68eebe7a43338fe11c984465568c" member_type: VOTER last_known_addr { host: "127.23.170.131" port: 41525 } } peers { permanent_uuid: "6eecefa75a4d411291e5ebf1137f71a2" member_type: VOTER last_known_addr { host: "127.23.170.129" port: 42691 } }
I20260630 12:14:52.613508 27401 raft_consensus.cc:385] T 411f552219524376aae3adebced31032 P 230f68eebe7a43338fe11c984465568c [term 0 FOLLOWER]: Consensus starting up: Expiring failure detector timer to make a prompt election more likely
I20260630 12:14:52.613827 27401 raft_consensus.cc:740] T 411f552219524376aae3adebced31032 P 230f68eebe7a43338fe11c984465568c [term 0 FOLLOWER]: Becoming Follower/Learner. State: Replica: 230f68eebe7a43338fe11c984465568c, State: Initialized, Role: FOLLOWER
I20260630 12:14:52.614709 27401 consensus_queue.cc:260] T 411f552219524376aae3adebced31032 P 230f68eebe7a43338fe11c984465568c [NON_LEADER]: Queue going to NON_LEADER mode. State: All replicated index: 0, Majority replicated index: 0, Committed index: 0, Last appended: 0.0, Last appended by leader: 0, Current term: 0, Majority size: -1, State: 0, Mode: NON_LEADER, active raft config: opid_index: -1 OBSOLETE_local: false peers { permanent_uuid: "ada43039a09a46a1bb511686f8c83f69" member_type: VOTER last_known_addr { host: "127.23.170.132" port: 34253 } } peers { permanent_uuid: "230f68eebe7a43338fe11c984465568c" member_type: VOTER last_known_addr { host: "127.23.170.131" port: 41525 } } peers { permanent_uuid: "6eecefa75a4d411291e5ebf1137f71a2" member_type: VOTER last_known_addr { host: "127.23.170.129" port: 42691 } }
I20260630 12:14:52.614995 27402 raft_consensus.cc:359] T 411f552219524376aae3adebced31032 P 6eecefa75a4d411291e5ebf1137f71a2 [term 0 FOLLOWER]: Replica starting. Triggering 0 pending ops. Active config: opid_index: -1 OBSOLETE_local: false peers { permanent_uuid: "ada43039a09a46a1bb511686f8c83f69" member_type: VOTER last_known_addr { host: "127.23.170.132" port: 34253 } } peers { permanent_uuid: "230f68eebe7a43338fe11c984465568c" member_type: VOTER last_known_addr { host: "127.23.170.131" port: 41525 } } peers { permanent_uuid: "6eecefa75a4d411291e5ebf1137f71a2" member_type: VOTER last_known_addr { host: "127.23.170.129" port: 42691 } }
I20260630 12:14:52.615645 27402 raft_consensus.cc:385] T 411f552219524376aae3adebced31032 P 6eecefa75a4d411291e5ebf1137f71a2 [term 0 FOLLOWER]: Consensus starting up: Expiring failure detector timer to make a prompt election more likely
I20260630 12:14:52.615933 27402 raft_consensus.cc:740] T 411f552219524376aae3adebced31032 P 6eecefa75a4d411291e5ebf1137f71a2 [term 0 FOLLOWER]: Becoming Follower/Learner. State: Replica: 6eecefa75a4d411291e5ebf1137f71a2, State: Initialized, Role: FOLLOWER
I20260630 12:14:52.616568 27402 consensus_queue.cc:260] T 411f552219524376aae3adebced31032 P 6eecefa75a4d411291e5ebf1137f71a2 [NON_LEADER]: Queue going to NON_LEADER mode. State: All replicated index: 0, Majority replicated index: 0, Committed index: 0, Last appended: 0.0, Last appended by leader: 0, Current term: 0, Majority size: -1, State: 0, Mode: NON_LEADER, active raft config: opid_index: -1 OBSOLETE_local: false peers { permanent_uuid: "ada43039a09a46a1bb511686f8c83f69" member_type: VOTER last_known_addr { host: "127.23.170.132" port: 34253 } } peers { permanent_uuid: "230f68eebe7a43338fe11c984465568c" member_type: VOTER last_known_addr { host: "127.23.170.131" port: 41525 } } peers { permanent_uuid: "6eecefa75a4d411291e5ebf1137f71a2" member_type: VOTER last_known_addr { host: "127.23.170.129" port: 42691 } }
I20260630 12:14:52.617300 27401 ts_tablet_manager.cc:1434] T 411f552219524376aae3adebced31032 P 230f68eebe7a43338fe11c984465568c: Time spent starting tablet: real 0.007s	user 0.006s	sys 0.000s
I20260630 12:14:52.618475 27402 ts_tablet_manager.cc:1434] T 411f552219524376aae3adebced31032 P 6eecefa75a4d411291e5ebf1137f71a2: Time spent starting tablet: real 0.006s	user 0.006s	sys 0.000s
I20260630 12:14:52.626132 27570 raft_consensus.cc:515] T 9e407ccd8aa64504a61ef08c4b88dcb7 P 6eecefa75a4d411291e5ebf1137f71a2 [term 1 FOLLOWER]: Starting leader election with config: opid_index: -1 OBSOLETE_local: false peers { permanent_uuid: "8ceb9a72c8b346bbac6bff23e6616623" member_type: VOTER last_known_addr { host: "127.23.170.130" port: 41063 } } peers { permanent_uuid: "ada43039a09a46a1bb511686f8c83f69" member_type: VOTER last_known_addr { host: "127.23.170.132" port: 34253 } } peers { permanent_uuid: "6eecefa75a4d411291e5ebf1137f71a2" member_type: VOTER last_known_addr { host: "127.23.170.129" port: 42691 } }
I20260630 12:14:52.628839 27277 tablet_service.cc:1917] Received RequestConsensusVote() RPC: tablet_id: "9e407ccd8aa64504a61ef08c4b88dcb7" candidate_uuid: "6eecefa75a4d411291e5ebf1137f71a2" candidate_term: 1 candidate_status { last_received { term: 0 index: 0 } } ignore_live_leader: false dest_uuid: "8ceb9a72c8b346bbac6bff23e6616623"
I20260630 12:14:52.629385 27277 raft_consensus.cc:3060] T 9e407ccd8aa64504a61ef08c4b88dcb7 P 8ceb9a72c8b346bbac6bff23e6616623 [term 0 FOLLOWER]: Advancing to term 1
I20260630 12:14:52.629719 27550 tablet_bootstrap.cc:492] T 9e407ccd8aa64504a61ef08c4b88dcb7 P ada43039a09a46a1bb511686f8c83f69: No bootstrap required, opened a new log
I20260630 12:14:52.630177 27550 ts_tablet_manager.cc:1403] T 9e407ccd8aa64504a61ef08c4b88dcb7 P ada43039a09a46a1bb511686f8c83f69: Time spent bootstrapping tablet: real 0.073s	user 0.021s	sys 0.026s
I20260630 12:14:52.630540 27449 raft_consensus.cc:493] T c5dc1940bdf04848a3889a60324e3631 P 8ceb9a72c8b346bbac6bff23e6616623 [term 0 FOLLOWER]: Starting pre-election (no leader contacted us within the election timeout)
I20260630 12:14:52.631014 27449 raft_consensus.cc:515] T c5dc1940bdf04848a3889a60324e3631 P 8ceb9a72c8b346bbac6bff23e6616623 [term 0 FOLLOWER]: Starting pre-election with config: opid_index: -1 OBSOLETE_local: false peers { permanent_uuid: "8ceb9a72c8b346bbac6bff23e6616623" member_type: VOTER last_known_addr { host: "127.23.170.130" port: 41063 } } peers { permanent_uuid: "ada43039a09a46a1bb511686f8c83f69" member_type: VOTER last_known_addr { host: "127.23.170.132" port: 34253 } } peers { permanent_uuid: "230f68eebe7a43338fe11c984465568c" member_type: VOTER last_known_addr { host: "127.23.170.131" port: 41525 } }
I20260630 12:14:52.631537 27440 raft_consensus.cc:493] T 411f552219524376aae3adebced31032 P 6eecefa75a4d411291e5ebf1137f71a2 [term 0 FOLLOWER]: Starting pre-election (no leader contacted us within the election timeout)
I20260630 12:14:52.631963 27440 raft_consensus.cc:515] T 411f552219524376aae3adebced31032 P 6eecefa75a4d411291e5ebf1137f71a2 [term 0 FOLLOWER]: Starting pre-election with config: opid_index: -1 OBSOLETE_local: false peers { permanent_uuid: "ada43039a09a46a1bb511686f8c83f69" member_type: VOTER last_known_addr { host: "127.23.170.132" port: 34253 } } peers { permanent_uuid: "230f68eebe7a43338fe11c984465568c" member_type: VOTER last_known_addr { host: "127.23.170.131" port: 41525 } } peers { permanent_uuid: "6eecefa75a4d411291e5ebf1137f71a2" member_type: VOTER last_known_addr { host: "127.23.170.129" port: 42691 } }
I20260630 12:14:52.633064 27449 leader_election.cc:290] T c5dc1940bdf04848a3889a60324e3631 P 8ceb9a72c8b346bbac6bff23e6616623 [CANDIDATE]: Term 1 pre-election: Requested pre-vote from peers ada43039a09a46a1bb511686f8c83f69 (127.23.170.132:34253), 230f68eebe7a43338fe11c984465568c (127.23.170.131:41525)
I20260630 12:14:52.632905 27550 raft_consensus.cc:359] T 9e407ccd8aa64504a61ef08c4b88dcb7 P ada43039a09a46a1bb511686f8c83f69 [term 0 FOLLOWER]: Replica starting. Triggering 0 pending ops. Active config: opid_index: -1 OBSOLETE_local: false peers { permanent_uuid: "8ceb9a72c8b346bbac6bff23e6616623" member_type: VOTER last_known_addr { host: "127.23.170.130" port: 41063 } } peers { permanent_uuid: "ada43039a09a46a1bb511686f8c83f69" member_type: VOTER last_known_addr { host: "127.23.170.132" port: 34253 } } peers { permanent_uuid: "6eecefa75a4d411291e5ebf1137f71a2" member_type: VOTER last_known_addr { host: "127.23.170.129" port: 42691 } }
I20260630 12:14:52.633605 27550 raft_consensus.cc:385] T 9e407ccd8aa64504a61ef08c4b88dcb7 P ada43039a09a46a1bb511686f8c83f69 [term 0 FOLLOWER]: Consensus starting up: Expiring failure detector timer to make a prompt election more likely
I20260630 12:14:52.633800 27440 leader_election.cc:290] T 411f552219524376aae3adebced31032 P 6eecefa75a4d411291e5ebf1137f71a2 [CANDIDATE]: Term 1 pre-election: Requested pre-vote from peers ada43039a09a46a1bb511686f8c83f69 (127.23.170.132:34253), 230f68eebe7a43338fe11c984465568c (127.23.170.131:41525)
I20260630 12:14:52.633973 27550 raft_consensus.cc:740] T 9e407ccd8aa64504a61ef08c4b88dcb7 P ada43039a09a46a1bb511686f8c83f69 [term 0 FOLLOWER]: Becoming Follower/Learner. State: Replica: ada43039a09a46a1bb511686f8c83f69, State: Initialized, Role: FOLLOWER
I20260630 12:14:52.634690 27354 tablet_service.cc:1917] Received RequestConsensusVote() RPC: tablet_id: "c5dc1940bdf04848a3889a60324e3631" candidate_uuid: "8ceb9a72c8b346bbac6bff23e6616623" candidate_term: 1 candidate_status { last_received { term: 0 index: 0 } } ignore_live_leader: false dest_uuid: "230f68eebe7a43338fe11c984465568c" is_pre_election: true
I20260630 12:14:52.634765 27550 consensus_queue.cc:260] T 9e407ccd8aa64504a61ef08c4b88dcb7 P ada43039a09a46a1bb511686f8c83f69 [NON_LEADER]: Queue going to NON_LEADER mode. State: All replicated index: 0, Majority replicated index: 0, Committed index: 0, Last appended: 0.0, Last appended by leader: 0, Current term: 0, Majority size: -1, State: 0, Mode: NON_LEADER, active raft config: opid_index: -1 OBSOLETE_local: false peers { permanent_uuid: "8ceb9a72c8b346bbac6bff23e6616623" member_type: VOTER last_known_addr { host: "127.23.170.130" port: 41063 } } peers { permanent_uuid: "ada43039a09a46a1bb511686f8c83f69" member_type: VOTER last_known_addr { host: "127.23.170.132" port: 34253 } } peers { permanent_uuid: "6eecefa75a4d411291e5ebf1137f71a2" member_type: VOTER last_known_addr { host: "127.23.170.129" port: 42691 } }
I20260630 12:14:52.635411 27352 tablet_service.cc:1917] Received RequestConsensusVote() RPC: tablet_id: "411f552219524376aae3adebced31032" candidate_uuid: "6eecefa75a4d411291e5ebf1137f71a2" candidate_term: 1 candidate_status { last_received { term: 0 index: 0 } } ignore_live_leader: false dest_uuid: "230f68eebe7a43338fe11c984465568c" is_pre_election: true
I20260630 12:14:52.636090 27352 raft_consensus.cc:2468] T 411f552219524376aae3adebced31032 P 230f68eebe7a43338fe11c984465568c [term 0 FOLLOWER]: Leader pre-election vote request: Granting yes vote for candidate 6eecefa75a4d411291e5ebf1137f71a2 in term 0.
I20260630 12:14:52.636945 27550 ts_tablet_manager.cc:1434] T 9e407ccd8aa64504a61ef08c4b88dcb7 P ada43039a09a46a1bb511686f8c83f69: Time spent starting tablet: real 0.006s	user 0.000s	sys 0.007s
I20260630 12:14:52.636997 27505 tablet_service.cc:1917] Received RequestConsensusVote() RPC: tablet_id: "c5dc1940bdf04848a3889a60324e3631" candidate_uuid: "8ceb9a72c8b346bbac6bff23e6616623" candidate_term: 1 candidate_status { last_received { term: 0 index: 0 } } ignore_live_leader: false dest_uuid: "ada43039a09a46a1bb511686f8c83f69" is_pre_election: true
I20260630 12:14:52.637326 27171 leader_election.cc:304] T 411f552219524376aae3adebced31032 P 6eecefa75a4d411291e5ebf1137f71a2 [CANDIDATE]: Term 1 pre-election: Election decided. Result: candidate won. Election summary: received 2 responses out of 3 voters: 2 yes votes; 0 no votes. yes voters: 230f68eebe7a43338fe11c984465568c, 6eecefa75a4d411291e5ebf1137f71a2; no voters: 
I20260630 12:14:52.638072 27550 tablet_bootstrap.cc:492] T 09724be1371d44e1a2968db1f6121155 P ada43039a09a46a1bb511686f8c83f69: Bootstrap starting.
I20260630 12:14:52.638567 27571 raft_consensus.cc:2804] T 411f552219524376aae3adebced31032 P 6eecefa75a4d411291e5ebf1137f71a2 [term 0 FOLLOWER]: Leader pre-election won for term 1
I20260630 12:14:52.638784 27504 tablet_service.cc:1917] Received RequestConsensusVote() RPC: tablet_id: "411f552219524376aae3adebced31032" candidate_uuid: "6eecefa75a4d411291e5ebf1137f71a2" candidate_term: 1 candidate_status { last_received { term: 0 index: 0 } } ignore_live_leader: false dest_uuid: "ada43039a09a46a1bb511686f8c83f69" is_pre_election: true
W20260630 12:14:52.641899 27170 leader_election.cc:343] T 411f552219524376aae3adebced31032 P 6eecefa75a4d411291e5ebf1137f71a2 [CANDIDATE]: Term 1 pre-election: Tablet error from VoteRequest() call to peer ada43039a09a46a1bb511686f8c83f69 (127.23.170.132:34253): Illegal state: must be running to vote when last-logged opid is not known
I20260630 12:14:52.639005 27571 raft_consensus.cc:493] T 411f552219524376aae3adebced31032 P 6eecefa75a4d411291e5ebf1137f71a2 [term 0 FOLLOWER]: Starting leader election (no leader contacted us within the election timeout)
W20260630 12:14:52.642794 27245 leader_election.cc:343] T c5dc1940bdf04848a3889a60324e3631 P 8ceb9a72c8b346bbac6bff23e6616623 [CANDIDATE]: Term 1 pre-election: Tablet error from VoteRequest() call to peer ada43039a09a46a1bb511686f8c83f69 (127.23.170.132:34253): Illegal state: must be running to vote when last-logged opid is not known
I20260630 12:14:52.643006 27571 raft_consensus.cc:3060] T 411f552219524376aae3adebced31032 P 6eecefa75a4d411291e5ebf1137f71a2 [term 0 FOLLOWER]: Advancing to term 1
I20260630 12:14:52.635375 27354 raft_consensus.cc:2468] T c5dc1940bdf04848a3889a60324e3631 P 230f68eebe7a43338fe11c984465568c [term 0 FOLLOWER]: Leader pre-election vote request: Granting yes vote for candidate 8ceb9a72c8b346bbac6bff23e6616623 in term 0.
I20260630 12:14:52.644520 27550 tablet_bootstrap.cc:654] T 09724be1371d44e1a2968db1f6121155 P ada43039a09a46a1bb511686f8c83f69: Neither blocks nor log segments found. Creating new log.
I20260630 12:14:52.644569 27246 leader_election.cc:304] T c5dc1940bdf04848a3889a60324e3631 P 8ceb9a72c8b346bbac6bff23e6616623 [CANDIDATE]: Term 1 pre-election: Election decided. Result: candidate won. Election summary: received 3 responses out of 3 voters: 2 yes votes; 1 no votes. yes voters: 230f68eebe7a43338fe11c984465568c, 8ceb9a72c8b346bbac6bff23e6616623; no voters: ada43039a09a46a1bb511686f8c83f69
I20260630 12:14:52.645371 27449 raft_consensus.cc:2804] T c5dc1940bdf04848a3889a60324e3631 P 8ceb9a72c8b346bbac6bff23e6616623 [term 0 FOLLOWER]: Leader pre-election won for term 1
I20260630 12:14:52.642813 27277 raft_consensus.cc:2468] T 9e407ccd8aa64504a61ef08c4b88dcb7 P 8ceb9a72c8b346bbac6bff23e6616623 [term 1 FOLLOWER]: Leader election vote request: Granting yes vote for candidate 6eecefa75a4d411291e5ebf1137f71a2 in term 1.
I20260630 12:14:52.645936 27449 raft_consensus.cc:493] T c5dc1940bdf04848a3889a60324e3631 P 8ceb9a72c8b346bbac6bff23e6616623 [term 0 FOLLOWER]: Starting leader election (no leader contacted us within the election timeout)
I20260630 12:14:52.646281 27449 raft_consensus.cc:3060] T c5dc1940bdf04848a3889a60324e3631 P 8ceb9a72c8b346bbac6bff23e6616623 [term 0 FOLLOWER]: Advancing to term 1
I20260630 12:14:52.646855 27168 leader_election.cc:304] T 9e407ccd8aa64504a61ef08c4b88dcb7 P 6eecefa75a4d411291e5ebf1137f71a2 [CANDIDATE]: Term 1 election: Election decided. Result: candidate won. Election summary: received 2 responses out of 3 voters: 2 yes votes; 0 no votes. yes voters: 6eecefa75a4d411291e5ebf1137f71a2, 8ceb9a72c8b346bbac6bff23e6616623; no voters: 
I20260630 12:14:52.647835 27441 raft_consensus.cc:2804] T 9e407ccd8aa64504a61ef08c4b88dcb7 P 6eecefa75a4d411291e5ebf1137f71a2 [term 1 FOLLOWER]: Leader election won for term 1
I20260630 12:14:52.648319 27441 raft_consensus.cc:697] T 9e407ccd8aa64504a61ef08c4b88dcb7 P 6eecefa75a4d411291e5ebf1137f71a2 [term 1 LEADER]: Becoming Leader. State: Replica: 6eecefa75a4d411291e5ebf1137f71a2, State: Running, Role: LEADER
I20260630 12:14:52.648917 27099 catalog_manager.cc:6242] T 00000000000000000000000000000000 P 7d656ce3b34c477c9319a9a421d050e9: range_aware_rebalance_new_range [id=2ef6ddccd016445c9ba7658262f87c68] alter complete (version 0)
I20260630 12:14:52.649302 27441 consensus_queue.cc:237] T 9e407ccd8aa64504a61ef08c4b88dcb7 P 6eecefa75a4d411291e5ebf1137f71a2 [LEADER]: Queue going to LEADER mode. State: All replicated index: 0, Majority replicated index: 0, Committed index: 0, Last appended: 0.0, Last appended by leader: 0, Current term: 1, Majority size: 2, State: 0, Mode: LEADER, active raft config: opid_index: -1 OBSOLETE_local: false peers { permanent_uuid: "8ceb9a72c8b346bbac6bff23e6616623" member_type: VOTER last_known_addr { host: "127.23.170.130" port: 41063 } } peers { permanent_uuid: "ada43039a09a46a1bb511686f8c83f69" member_type: VOTER last_known_addr { host: "127.23.170.132" port: 34253 } } peers { permanent_uuid: "6eecefa75a4d411291e5ebf1137f71a2" member_type: VOTER last_known_addr { host: "127.23.170.129" port: 42691 } }
I20260630 12:14:52.650317 27570 leader_election.cc:290] T 9e407ccd8aa64504a61ef08c4b88dcb7 P 6eecefa75a4d411291e5ebf1137f71a2 [CANDIDATE]: Term 1 election: Requested vote from peers 8ceb9a72c8b346bbac6bff23e6616623 (127.23.170.130:41063), ada43039a09a46a1bb511686f8c83f69 (127.23.170.132:34253)
I20260630 12:14:52.650804 27571 raft_consensus.cc:515] T 411f552219524376aae3adebced31032 P 6eecefa75a4d411291e5ebf1137f71a2 [term 1 FOLLOWER]: Starting leader election with config: opid_index: -1 OBSOLETE_local: false peers { permanent_uuid: "ada43039a09a46a1bb511686f8c83f69" member_type: VOTER last_known_addr { host: "127.23.170.132" port: 34253 } } peers { permanent_uuid: "230f68eebe7a43338fe11c984465568c" member_type: VOTER last_known_addr { host: "127.23.170.131" port: 41525 } } peers { permanent_uuid: "6eecefa75a4d411291e5ebf1137f71a2" member_type: VOTER last_known_addr { host: "127.23.170.129" port: 42691 } }
I20260630 12:14:52.651350 27504 tablet_service.cc:1917] Received RequestConsensusVote() RPC: tablet_id: "9e407ccd8aa64504a61ef08c4b88dcb7" candidate_uuid: "6eecefa75a4d411291e5ebf1137f71a2" candidate_term: 1 candidate_status { last_received { term: 0 index: 0 } } ignore_live_leader: false dest_uuid: "ada43039a09a46a1bb511686f8c83f69"
I20260630 12:14:52.651940 27504 raft_consensus.cc:3060] T 9e407ccd8aa64504a61ef08c4b88dcb7 P ada43039a09a46a1bb511686f8c83f69 [term 0 FOLLOWER]: Advancing to term 1
I20260630 12:14:52.654953 27571 leader_election.cc:290] T 411f552219524376aae3adebced31032 P 6eecefa75a4d411291e5ebf1137f71a2 [CANDIDATE]: Term 1 election: Requested vote from peers ada43039a09a46a1bb511686f8c83f69 (127.23.170.132:34253), 230f68eebe7a43338fe11c984465568c (127.23.170.131:41525)
I20260630 12:14:52.655663 27505 tablet_service.cc:1917] Received RequestConsensusVote() RPC: tablet_id: "411f552219524376aae3adebced31032" candidate_uuid: "6eecefa75a4d411291e5ebf1137f71a2" candidate_term: 1 candidate_status { last_received { term: 0 index: 0 } } ignore_live_leader: false dest_uuid: "ada43039a09a46a1bb511686f8c83f69"
W20260630 12:14:52.657673 27170 leader_election.cc:343] T 411f552219524376aae3adebced31032 P 6eecefa75a4d411291e5ebf1137f71a2 [CANDIDATE]: Term 1 election: Tablet error from VoteRequest() call to peer ada43039a09a46a1bb511686f8c83f69 (127.23.170.132:34253): Illegal state: must be running to vote when last-logged opid is not known
I20260630 12:14:52.658550 27550 tablet_bootstrap.cc:492] T 09724be1371d44e1a2968db1f6121155 P ada43039a09a46a1bb511686f8c83f69: No bootstrap required, opened a new log
I20260630 12:14:52.658421 27354 tablet_service.cc:1917] Received RequestConsensusVote() RPC: tablet_id: "411f552219524376aae3adebced31032" candidate_uuid: "6eecefa75a4d411291e5ebf1137f71a2" candidate_term: 1 candidate_status { last_received { term: 0 index: 0 } } ignore_live_leader: false dest_uuid: "230f68eebe7a43338fe11c984465568c"
I20260630 12:14:52.659437 27354 raft_consensus.cc:3060] T 411f552219524376aae3adebced31032 P 230f68eebe7a43338fe11c984465568c [term 0 FOLLOWER]: Advancing to term 1
I20260630 12:14:52.661770 27550 ts_tablet_manager.cc:1403] T 09724be1371d44e1a2968db1f6121155 P ada43039a09a46a1bb511686f8c83f69: Time spent bootstrapping tablet: real 0.024s	user 0.004s	sys 0.012s
I20260630 12:14:52.666896 27449 raft_consensus.cc:515] T c5dc1940bdf04848a3889a60324e3631 P 8ceb9a72c8b346bbac6bff23e6616623 [term 1 FOLLOWER]: Starting leader election with config: opid_index: -1 OBSOLETE_local: false peers { permanent_uuid: "8ceb9a72c8b346bbac6bff23e6616623" member_type: VOTER last_known_addr { host: "127.23.170.130" port: 41063 } } peers { permanent_uuid: "ada43039a09a46a1bb511686f8c83f69" member_type: VOTER last_known_addr { host: "127.23.170.132" port: 34253 } } peers { permanent_uuid: "230f68eebe7a43338fe11c984465568c" member_type: VOTER last_known_addr { host: "127.23.170.131" port: 41525 } }
I20260630 12:14:52.667662 27504 raft_consensus.cc:2468] T 9e407ccd8aa64504a61ef08c4b88dcb7 P ada43039a09a46a1bb511686f8c83f69 [term 1 FOLLOWER]: Leader election vote request: Granting yes vote for candidate 6eecefa75a4d411291e5ebf1137f71a2 in term 1.
I20260630 12:14:52.672077 27550 raft_consensus.cc:359] T 09724be1371d44e1a2968db1f6121155 P ada43039a09a46a1bb511686f8c83f69 [term 0 FOLLOWER]: Replica starting. Triggering 0 pending ops. Active config: opid_index: -1 OBSOLETE_local: false peers { permanent_uuid: "ada43039a09a46a1bb511686f8c83f69" member_type: VOTER last_known_addr { host: "127.23.170.132" port: 34253 } } peers { permanent_uuid: "230f68eebe7a43338fe11c984465568c" member_type: VOTER last_known_addr { host: "127.23.170.131" port: 41525 } } peers { permanent_uuid: "6eecefa75a4d411291e5ebf1137f71a2" member_type: VOTER last_known_addr { host: "127.23.170.129" port: 42691 } }
I20260630 12:14:52.672814 27550 raft_consensus.cc:385] T 09724be1371d44e1a2968db1f6121155 P ada43039a09a46a1bb511686f8c83f69 [term 0 FOLLOWER]: Consensus starting up: Expiring failure detector timer to make a prompt election more likely
I20260630 12:14:52.673108 27550 raft_consensus.cc:740] T 09724be1371d44e1a2968db1f6121155 P ada43039a09a46a1bb511686f8c83f69 [term 0 FOLLOWER]: Becoming Follower/Learner. State: Replica: ada43039a09a46a1bb511686f8c83f69, State: Initialized, Role: FOLLOWER
I20260630 12:14:52.673835 27449 leader_election.cc:290] T c5dc1940bdf04848a3889a60324e3631 P 8ceb9a72c8b346bbac6bff23e6616623 [CANDIDATE]: Term 1 election: Requested vote from peers ada43039a09a46a1bb511686f8c83f69 (127.23.170.132:34253), 230f68eebe7a43338fe11c984465568c (127.23.170.131:41525)
I20260630 12:14:52.674290 27550 consensus_queue.cc:260] T 09724be1371d44e1a2968db1f6121155 P ada43039a09a46a1bb511686f8c83f69 [NON_LEADER]: Queue going to NON_LEADER mode. State: All replicated index: 0, Majority replicated index: 0, Committed index: 0, Last appended: 0.0, Last appended by leader: 0, Current term: 0, Majority size: -1, State: 0, Mode: NON_LEADER, active raft config: opid_index: -1 OBSOLETE_local: false peers { permanent_uuid: "ada43039a09a46a1bb511686f8c83f69" member_type: VOTER last_known_addr { host: "127.23.170.132" port: 34253 } } peers { permanent_uuid: "230f68eebe7a43338fe11c984465568c" member_type: VOTER last_known_addr { host: "127.23.170.131" port: 41525 } } peers { permanent_uuid: "6eecefa75a4d411291e5ebf1137f71a2" member_type: VOTER last_known_addr { host: "127.23.170.129" port: 42691 } }
I20260630 12:14:52.674744 27504 tablet_service.cc:1917] Received RequestConsensusVote() RPC: tablet_id: "c5dc1940bdf04848a3889a60324e3631" candidate_uuid: "8ceb9a72c8b346bbac6bff23e6616623" candidate_term: 1 candidate_status { last_received { term: 0 index: 0 } } ignore_live_leader: false dest_uuid: "ada43039a09a46a1bb511686f8c83f69"
I20260630 12:14:52.675439 27352 tablet_service.cc:1917] Received RequestConsensusVote() RPC: tablet_id: "c5dc1940bdf04848a3889a60324e3631" candidate_uuid: "8ceb9a72c8b346bbac6bff23e6616623" candidate_term: 1 candidate_status { last_received { term: 0 index: 0 } } ignore_live_leader: false dest_uuid: "230f68eebe7a43338fe11c984465568c"
I20260630 12:14:52.676026 27352 raft_consensus.cc:3060] T c5dc1940bdf04848a3889a60324e3631 P 230f68eebe7a43338fe11c984465568c [term 0 FOLLOWER]: Advancing to term 1
W20260630 12:14:52.677624 27245 leader_election.cc:343] T c5dc1940bdf04848a3889a60324e3631 P 8ceb9a72c8b346bbac6bff23e6616623 [CANDIDATE]: Term 1 election: Tablet error from VoteRequest() call to peer ada43039a09a46a1bb511686f8c83f69 (127.23.170.132:34253): Illegal state: must be running to vote when last-logged opid is not known
I20260630 12:14:52.679194 27550 ts_tablet_manager.cc:1434] T 09724be1371d44e1a2968db1f6121155 P ada43039a09a46a1bb511686f8c83f69: Time spent starting tablet: real 0.017s	user 0.004s	sys 0.004s
I20260630 12:14:52.680171 27550 tablet_bootstrap.cc:492] T c5dc1940bdf04848a3889a60324e3631 P ada43039a09a46a1bb511686f8c83f69: Bootstrap starting.
I20260630 12:14:52.681473 27557 raft_consensus.cc:493] T 09724be1371d44e1a2968db1f6121155 P 230f68eebe7a43338fe11c984465568c [term 0 FOLLOWER]: Starting pre-election (no leader contacted us within the election timeout)
I20260630 12:14:52.681941 27557 raft_consensus.cc:515] T 09724be1371d44e1a2968db1f6121155 P 230f68eebe7a43338fe11c984465568c [term 0 FOLLOWER]: Starting pre-election with config: opid_index: -1 OBSOLETE_local: false peers { permanent_uuid: "ada43039a09a46a1bb511686f8c83f69" member_type: VOTER last_known_addr { host: "127.23.170.132" port: 34253 } } peers { permanent_uuid: "230f68eebe7a43338fe11c984465568c" member_type: VOTER last_known_addr { host: "127.23.170.131" port: 41525 } } peers { permanent_uuid: "6eecefa75a4d411291e5ebf1137f71a2" member_type: VOTER last_known_addr { host: "127.23.170.129" port: 42691 } }
I20260630 12:14:52.683975 27557 leader_election.cc:290] T 09724be1371d44e1a2968db1f6121155 P 230f68eebe7a43338fe11c984465568c [CANDIDATE]: Term 1 pre-election: Requested pre-vote from peers ada43039a09a46a1bb511686f8c83f69 (127.23.170.132:34253), 6eecefa75a4d411291e5ebf1137f71a2 (127.23.170.129:42691)
I20260630 12:14:52.687453 27550 tablet_bootstrap.cc:654] T c5dc1940bdf04848a3889a60324e3631 P ada43039a09a46a1bb511686f8c83f69: Neither blocks nor log segments found. Creating new log.
I20260630 12:14:52.687722 27205 tablet_service.cc:1917] Received RequestConsensusVote() RPC: tablet_id: "09724be1371d44e1a2968db1f6121155" candidate_uuid: "230f68eebe7a43338fe11c984465568c" candidate_term: 1 candidate_status { last_received { term: 0 index: 0 } } ignore_live_leader: false dest_uuid: "6eecefa75a4d411291e5ebf1137f71a2" is_pre_election: true
I20260630 12:14:52.687443 27099 catalog_manager.cc:5697] T 9e407ccd8aa64504a61ef08c4b88dcb7 P 6eecefa75a4d411291e5ebf1137f71a2 reported cstate change: term changed from 0 to 1, leader changed from <none> to 6eecefa75a4d411291e5ebf1137f71a2 (127.23.170.129). New cstate: current_term: 1 leader_uuid: "6eecefa75a4d411291e5ebf1137f71a2" committed_config { opid_index: -1 OBSOLETE_local: false peers { permanent_uuid: "8ceb9a72c8b346bbac6bff23e6616623" member_type: VOTER last_known_addr { host: "127.23.170.130" port: 41063 } health_report { overall_health: UNKNOWN } } peers { permanent_uuid: "ada43039a09a46a1bb511686f8c83f69" member_type: VOTER last_known_addr { host: "127.23.170.132" port: 34253 } health_report { overall_health: UNKNOWN } } peers { permanent_uuid: "6eecefa75a4d411291e5ebf1137f71a2" member_type: VOTER last_known_addr { host: "127.23.170.129" port: 42691 } health_report { overall_health: HEALTHY } } }
I20260630 12:14:52.688359 27205 raft_consensus.cc:2468] T 09724be1371d44e1a2968db1f6121155 P 6eecefa75a4d411291e5ebf1137f71a2 [term 0 FOLLOWER]: Leader pre-election vote request: Granting yes vote for candidate 230f68eebe7a43338fe11c984465568c in term 0.
I20260630 12:14:52.690461 27354 raft_consensus.cc:2468] T 411f552219524376aae3adebced31032 P 230f68eebe7a43338fe11c984465568c [term 1 FOLLOWER]: Leader election vote request: Granting yes vote for candidate 6eecefa75a4d411291e5ebf1137f71a2 in term 1.
I20260630 12:14:52.691126 27318 leader_election.cc:304] T 09724be1371d44e1a2968db1f6121155 P 230f68eebe7a43338fe11c984465568c [CANDIDATE]: Term 1 pre-election: Election decided. Result: candidate won. Election summary: received 2 responses out of 3 voters: 2 yes votes; 0 no votes. yes voters: 230f68eebe7a43338fe11c984465568c, 6eecefa75a4d411291e5ebf1137f71a2; no voters: 
I20260630 12:14:52.693106 27431 raft_consensus.cc:2804] T 09724be1371d44e1a2968db1f6121155 P 230f68eebe7a43338fe11c984465568c [term 0 FOLLOWER]: Leader pre-election won for term 1
I20260630 12:14:52.693470 27431 raft_consensus.cc:493] T 09724be1371d44e1a2968db1f6121155 P 230f68eebe7a43338fe11c984465568c [term 0 FOLLOWER]: Starting leader election (no leader contacted us within the election timeout)
I20260630 12:14:52.693816 27431 raft_consensus.cc:3060] T 09724be1371d44e1a2968db1f6121155 P 230f68eebe7a43338fe11c984465568c [term 0 FOLLOWER]: Advancing to term 1
I20260630 12:14:52.696286 27171 leader_election.cc:304] T 411f552219524376aae3adebced31032 P 6eecefa75a4d411291e5ebf1137f71a2 [CANDIDATE]: Term 1 election: Election decided. Result: candidate won. Election summary: received 3 responses out of 3 voters: 2 yes votes; 1 no votes. yes voters: 230f68eebe7a43338fe11c984465568c, 6eecefa75a4d411291e5ebf1137f71a2; no voters: ada43039a09a46a1bb511686f8c83f69
I20260630 12:14:52.699755 27570 raft_consensus.cc:2804] T 411f552219524376aae3adebced31032 P 6eecefa75a4d411291e5ebf1137f71a2 [term 1 FOLLOWER]: Leader election won for term 1
I20260630 12:14:52.700188 27570 raft_consensus.cc:697] T 411f552219524376aae3adebced31032 P 6eecefa75a4d411291e5ebf1137f71a2 [term 1 LEADER]: Becoming Leader. State: Replica: 6eecefa75a4d411291e5ebf1137f71a2, State: Running, Role: LEADER
I20260630 12:14:52.700925 27570 consensus_queue.cc:237] T 411f552219524376aae3adebced31032 P 6eecefa75a4d411291e5ebf1137f71a2 [LEADER]: Queue going to LEADER mode. State: All replicated index: 0, Majority replicated index: 0, Committed index: 0, Last appended: 0.0, Last appended by leader: 0, Current term: 1, Majority size: 2, State: 0, Mode: LEADER, active raft config: opid_index: -1 OBSOLETE_local: false peers { permanent_uuid: "ada43039a09a46a1bb511686f8c83f69" member_type: VOTER last_known_addr { host: "127.23.170.132" port: 34253 } } peers { permanent_uuid: "230f68eebe7a43338fe11c984465568c" member_type: VOTER last_known_addr { host: "127.23.170.131" port: 41525 } } peers { permanent_uuid: "6eecefa75a4d411291e5ebf1137f71a2" member_type: VOTER last_known_addr { host: "127.23.170.129" port: 42691 } }
I20260630 12:14:52.706041 27504 tablet_service.cc:1917] Received RequestConsensusVote() RPC: tablet_id: "09724be1371d44e1a2968db1f6121155" candidate_uuid: "230f68eebe7a43338fe11c984465568c" candidate_term: 1 candidate_status { last_received { term: 0 index: 0 } } ignore_live_leader: false dest_uuid: "ada43039a09a46a1bb511686f8c83f69" is_pre_election: true
I20260630 12:14:52.706836 27504 raft_consensus.cc:2468] T 09724be1371d44e1a2968db1f6121155 P ada43039a09a46a1bb511686f8c83f69 [term 0 FOLLOWER]: Leader pre-election vote request: Granting yes vote for candidate 230f68eebe7a43338fe11c984465568c in term 0.
I20260630 12:14:52.708731 27352 raft_consensus.cc:2468] T c5dc1940bdf04848a3889a60324e3631 P 230f68eebe7a43338fe11c984465568c [term 1 FOLLOWER]: Leader election vote request: Granting yes vote for candidate 8ceb9a72c8b346bbac6bff23e6616623 in term 1.
I20260630 12:14:52.710850 27431 raft_consensus.cc:515] T 09724be1371d44e1a2968db1f6121155 P 230f68eebe7a43338fe11c984465568c [term 1 FOLLOWER]: Starting leader election with config: opid_index: -1 OBSOLETE_local: false peers { permanent_uuid: "ada43039a09a46a1bb511686f8c83f69" member_type: VOTER last_known_addr { host: "127.23.170.132" port: 34253 } } peers { permanent_uuid: "230f68eebe7a43338fe11c984465568c" member_type: VOTER last_known_addr { host: "127.23.170.131" port: 41525 } } peers { permanent_uuid: "6eecefa75a4d411291e5ebf1137f71a2" member_type: VOTER last_known_addr { host: "127.23.170.129" port: 42691 } }
I20260630 12:14:52.712590 27246 leader_election.cc:304] T c5dc1940bdf04848a3889a60324e3631 P 8ceb9a72c8b346bbac6bff23e6616623 [CANDIDATE]: Term 1 election: Election decided. Result: candidate won. Election summary: received 3 responses out of 3 voters: 2 yes votes; 1 no votes. yes voters: 230f68eebe7a43338fe11c984465568c, 8ceb9a72c8b346bbac6bff23e6616623; no voters: ada43039a09a46a1bb511686f8c83f69
I20260630 12:14:52.713649 27449 raft_consensus.cc:2804] T c5dc1940bdf04848a3889a60324e3631 P 8ceb9a72c8b346bbac6bff23e6616623 [term 1 FOLLOWER]: Leader election won for term 1
I20260630 12:14:52.713510 27431 leader_election.cc:290] T 09724be1371d44e1a2968db1f6121155 P 230f68eebe7a43338fe11c984465568c [CANDIDATE]: Term 1 election: Requested vote from peers ada43039a09a46a1bb511686f8c83f69 (127.23.170.132:34253), 6eecefa75a4d411291e5ebf1137f71a2 (127.23.170.129:42691)
I20260630 12:14:52.714654 27449 raft_consensus.cc:697] T c5dc1940bdf04848a3889a60324e3631 P 8ceb9a72c8b346bbac6bff23e6616623 [term 1 LEADER]: Becoming Leader. State: Replica: 8ceb9a72c8b346bbac6bff23e6616623, State: Running, Role: LEADER
I20260630 12:14:52.715513 27449 consensus_queue.cc:237] T c5dc1940bdf04848a3889a60324e3631 P 8ceb9a72c8b346bbac6bff23e6616623 [LEADER]: Queue going to LEADER mode. State: All replicated index: 0, Majority replicated index: 0, Committed index: 0, Last appended: 0.0, Last appended by leader: 0, Current term: 1, Majority size: 2, State: 0, Mode: LEADER, active raft config: opid_index: -1 OBSOLETE_local: false peers { permanent_uuid: "8ceb9a72c8b346bbac6bff23e6616623" member_type: VOTER last_known_addr { host: "127.23.170.130" port: 41063 } } peers { permanent_uuid: "ada43039a09a46a1bb511686f8c83f69" member_type: VOTER last_known_addr { host: "127.23.170.132" port: 34253 } } peers { permanent_uuid: "230f68eebe7a43338fe11c984465568c" member_type: VOTER last_known_addr { host: "127.23.170.131" port: 41525 } }
I20260630 12:14:52.716539 27550 tablet_bootstrap.cc:492] T c5dc1940bdf04848a3889a60324e3631 P ada43039a09a46a1bb511686f8c83f69: No bootstrap required, opened a new log
I20260630 12:14:52.717031 27550 ts_tablet_manager.cc:1403] T c5dc1940bdf04848a3889a60324e3631 P ada43039a09a46a1bb511686f8c83f69: Time spent bootstrapping tablet: real 0.037s	user 0.005s	sys 0.026s
I20260630 12:14:52.718402 27504 tablet_service.cc:1917] Received RequestConsensusVote() RPC: tablet_id: "09724be1371d44e1a2968db1f6121155" candidate_uuid: "230f68eebe7a43338fe11c984465568c" candidate_term: 1 candidate_status { last_received { term: 0 index: 0 } } ignore_live_leader: false dest_uuid: "ada43039a09a46a1bb511686f8c83f69"
I20260630 12:14:52.718963 27504 raft_consensus.cc:3060] T 09724be1371d44e1a2968db1f6121155 P ada43039a09a46a1bb511686f8c83f69 [term 0 FOLLOWER]: Advancing to term 1
I20260630 12:14:52.719909 27550 raft_consensus.cc:359] T c5dc1940bdf04848a3889a60324e3631 P ada43039a09a46a1bb511686f8c83f69 [term 0 FOLLOWER]: Replica starting. Triggering 0 pending ops. Active config: opid_index: -1 OBSOLETE_local: false peers { permanent_uuid: "8ceb9a72c8b346bbac6bff23e6616623" member_type: VOTER last_known_addr { host: "127.23.170.130" port: 41063 } } peers { permanent_uuid: "ada43039a09a46a1bb511686f8c83f69" member_type: VOTER last_known_addr { host: "127.23.170.132" port: 34253 } } peers { permanent_uuid: "230f68eebe7a43338fe11c984465568c" member_type: VOTER last_known_addr { host: "127.23.170.131" port: 41525 } }
I20260630 12:14:52.720669 27550 raft_consensus.cc:385] T c5dc1940bdf04848a3889a60324e3631 P ada43039a09a46a1bb511686f8c83f69 [term 0 FOLLOWER]: Consensus starting up: Expiring failure detector timer to make a prompt election more likely
I20260630 12:14:52.720954 27550 raft_consensus.cc:740] T c5dc1940bdf04848a3889a60324e3631 P ada43039a09a46a1bb511686f8c83f69 [term 0 FOLLOWER]: Becoming Follower/Learner. State: Replica: ada43039a09a46a1bb511686f8c83f69, State: Initialized, Role: FOLLOWER
I20260630 12:14:52.721601 27205 tablet_service.cc:1917] Received RequestConsensusVote() RPC: tablet_id: "09724be1371d44e1a2968db1f6121155" candidate_uuid: "230f68eebe7a43338fe11c984465568c" candidate_term: 1 candidate_status { last_received { term: 0 index: 0 } } ignore_live_leader: false dest_uuid: "6eecefa75a4d411291e5ebf1137f71a2"
I20260630 12:14:52.721664 27550 consensus_queue.cc:260] T c5dc1940bdf04848a3889a60324e3631 P ada43039a09a46a1bb511686f8c83f69 [NON_LEADER]: Queue going to NON_LEADER mode. State: All replicated index: 0, Majority replicated index: 0, Committed index: 0, Last appended: 0.0, Last appended by leader: 0, Current term: 0, Majority size: -1, State: 0, Mode: NON_LEADER, active raft config: opid_index: -1 OBSOLETE_local: false peers { permanent_uuid: "8ceb9a72c8b346bbac6bff23e6616623" member_type: VOTER last_known_addr { host: "127.23.170.130" port: 41063 } } peers { permanent_uuid: "ada43039a09a46a1bb511686f8c83f69" member_type: VOTER last_known_addr { host: "127.23.170.132" port: 34253 } } peers { permanent_uuid: "230f68eebe7a43338fe11c984465568c" member_type: VOTER last_known_addr { host: "127.23.170.131" port: 41525 } }
I20260630 12:14:52.722257 27205 raft_consensus.cc:3060] T 09724be1371d44e1a2968db1f6121155 P 6eecefa75a4d411291e5ebf1137f71a2 [term 0 FOLLOWER]: Advancing to term 1
I20260630 12:14:52.725370 27447 raft_consensus.cc:493] T 44ce124f9dc14472b3688abe50d21bd3 P 8ceb9a72c8b346bbac6bff23e6616623 [term 0 FOLLOWER]: Starting pre-election (no leader contacted us within the election timeout)
I20260630 12:14:52.725864 27447 raft_consensus.cc:515] T 44ce124f9dc14472b3688abe50d21bd3 P 8ceb9a72c8b346bbac6bff23e6616623 [term 0 FOLLOWER]: Starting pre-election with config: opid_index: -1 OBSOLETE_local: false peers { permanent_uuid: "ada43039a09a46a1bb511686f8c83f69" member_type: VOTER last_known_addr { host: "127.23.170.132" port: 34253 } } peers { permanent_uuid: "8ceb9a72c8b346bbac6bff23e6616623" member_type: VOTER last_known_addr { host: "127.23.170.130" port: 41063 } } peers { permanent_uuid: "230f68eebe7a43338fe11c984465568c" member_type: VOTER last_known_addr { host: "127.23.170.131" port: 41525 } }
I20260630 12:14:52.726709 27550 ts_tablet_manager.cc:1434] T c5dc1940bdf04848a3889a60324e3631 P ada43039a09a46a1bb511686f8c83f69: Time spent starting tablet: real 0.009s	user 0.006s	sys 0.003s
I20260630 12:14:52.727742 27550 tablet_bootstrap.cc:492] T 411f552219524376aae3adebced31032 P ada43039a09a46a1bb511686f8c83f69: Bootstrap starting.
I20260630 12:14:52.727880 27447 leader_election.cc:290] T 44ce124f9dc14472b3688abe50d21bd3 P 8ceb9a72c8b346bbac6bff23e6616623 [CANDIDATE]: Term 1 pre-election: Requested pre-vote from peers ada43039a09a46a1bb511686f8c83f69 (127.23.170.132:34253), 230f68eebe7a43338fe11c984465568c (127.23.170.131:41525)
I20260630 12:14:52.729440 27505 tablet_service.cc:1917] Received RequestConsensusVote() RPC: tablet_id: "44ce124f9dc14472b3688abe50d21bd3" candidate_uuid: "8ceb9a72c8b346bbac6bff23e6616623" candidate_term: 1 candidate_status { last_received { term: 0 index: 0 } } ignore_live_leader: false dest_uuid: "ada43039a09a46a1bb511686f8c83f69" is_pre_election: true
I20260630 12:14:52.730059 27505 raft_consensus.cc:2468] T 44ce124f9dc14472b3688abe50d21bd3 P ada43039a09a46a1bb511686f8c83f69 [term 0 FOLLOWER]: Leader pre-election vote request: Granting yes vote for candidate 8ceb9a72c8b346bbac6bff23e6616623 in term 0.
I20260630 12:14:52.730418 27352 tablet_service.cc:1917] Received RequestConsensusVote() RPC: tablet_id: "44ce124f9dc14472b3688abe50d21bd3" candidate_uuid: "8ceb9a72c8b346bbac6bff23e6616623" candidate_term: 1 candidate_status { last_received { term: 0 index: 0 } } ignore_live_leader: false dest_uuid: "230f68eebe7a43338fe11c984465568c" is_pre_election: true
I20260630 12:14:52.731024 27352 raft_consensus.cc:2468] T 44ce124f9dc14472b3688abe50d21bd3 P 230f68eebe7a43338fe11c984465568c [term 0 FOLLOWER]: Leader pre-election vote request: Granting yes vote for candidate 8ceb9a72c8b346bbac6bff23e6616623 in term 0.
I20260630 12:14:52.731289 27245 leader_election.cc:304] T 44ce124f9dc14472b3688abe50d21bd3 P 8ceb9a72c8b346bbac6bff23e6616623 [CANDIDATE]: Term 1 pre-election: Election decided. Result: candidate won. Election summary: received 2 responses out of 3 voters: 2 yes votes; 0 no votes. yes voters: 8ceb9a72c8b346bbac6bff23e6616623, ada43039a09a46a1bb511686f8c83f69; no voters: 
I20260630 12:14:52.734549 27550 tablet_bootstrap.cc:654] T 411f552219524376aae3adebced31032 P ada43039a09a46a1bb511686f8c83f69: Neither blocks nor log segments found. Creating new log.
I20260630 12:14:52.735374 27447 raft_consensus.cc:2804] T 44ce124f9dc14472b3688abe50d21bd3 P 8ceb9a72c8b346bbac6bff23e6616623 [term 0 FOLLOWER]: Leader pre-election won for term 1
I20260630 12:14:52.735770 27447 raft_consensus.cc:493] T 44ce124f9dc14472b3688abe50d21bd3 P 8ceb9a72c8b346bbac6bff23e6616623 [term 0 FOLLOWER]: Starting leader election (no leader contacted us within the election timeout)
I20260630 12:14:52.736049 27447 raft_consensus.cc:3060] T 44ce124f9dc14472b3688abe50d21bd3 P 8ceb9a72c8b346bbac6bff23e6616623 [term 0 FOLLOWER]: Advancing to term 1
I20260630 12:14:52.743297 27099 catalog_manager.cc:5697] T 411f552219524376aae3adebced31032 P 6eecefa75a4d411291e5ebf1137f71a2 reported cstate change: term changed from 0 to 1, leader changed from <none> to 6eecefa75a4d411291e5ebf1137f71a2 (127.23.170.129). New cstate: current_term: 1 leader_uuid: "6eecefa75a4d411291e5ebf1137f71a2" committed_config { opid_index: -1 OBSOLETE_local: false peers { permanent_uuid: "ada43039a09a46a1bb511686f8c83f69" member_type: VOTER last_known_addr { host: "127.23.170.132" port: 34253 } health_report { overall_health: UNKNOWN } } peers { permanent_uuid: "230f68eebe7a43338fe11c984465568c" member_type: VOTER last_known_addr { host: "127.23.170.131" port: 41525 } health_report { overall_health: UNKNOWN } } peers { permanent_uuid: "6eecefa75a4d411291e5ebf1137f71a2" member_type: VOTER last_known_addr { host: "127.23.170.129" port: 42691 } health_report { overall_health: HEALTHY } } }
I20260630 12:14:52.740321 27504 raft_consensus.cc:2468] T 09724be1371d44e1a2968db1f6121155 P ada43039a09a46a1bb511686f8c83f69 [term 1 FOLLOWER]: Leader election vote request: Granting yes vote for candidate 230f68eebe7a43338fe11c984465568c in term 1.
I20260630 12:14:52.747562 27319 leader_election.cc:304] T 09724be1371d44e1a2968db1f6121155 P 230f68eebe7a43338fe11c984465568c [CANDIDATE]: Term 1 election: Election decided. Result: candidate won. Election summary: received 2 responses out of 3 voters: 2 yes votes; 0 no votes. yes voters: 230f68eebe7a43338fe11c984465568c, ada43039a09a46a1bb511686f8c83f69; no voters: 
I20260630 12:14:52.748359 27431 raft_consensus.cc:2804] T 09724be1371d44e1a2968db1f6121155 P 230f68eebe7a43338fe11c984465568c [term 1 FOLLOWER]: Leader election won for term 1
I20260630 12:14:52.749019 27431 raft_consensus.cc:697] T 09724be1371d44e1a2968db1f6121155 P 230f68eebe7a43338fe11c984465568c [term 1 LEADER]: Becoming Leader. State: Replica: 230f68eebe7a43338fe11c984465568c, State: Running, Role: LEADER
