I20260630 12:14:12.761613 19972 raft_consensus.cc:359] T eeb8f540c00e4451a688f579e798f7d4 P 96d93c54e7df4dc1a690a10e4bcadeab [term 0 FOLLOWER]: Replica starting. Triggering 0 pending ops. Active config: opid_index: -1 OBSOLETE_local: false peers { permanent_uuid: "96d93c54e7df4dc1a690a10e4bcadeab" member_type: VOTER last_known_addr { host: "127.16.105.66" port: 46417 } } peers { permanent_uuid: "451d708f9a9848ccad9e61654064a41d" member_type: VOTER last_known_addr { host: "127.16.105.65" port: 45141 } } peers { permanent_uuid: "dedb397551cc4c8aa785349bd55f481d" member_type: VOTER last_known_addr { host: "127.16.105.67" port: 46663 } }
I20260630 12:14:12.762281 19972 raft_consensus.cc:385] T eeb8f540c00e4451a688f579e798f7d4 P 96d93c54e7df4dc1a690a10e4bcadeab [term 0 FOLLOWER]: Consensus starting up: Expiring failure detector timer to make a prompt election more likely
I20260630 12:14:12.763705 19927 tablet_service.cc:1917] Received RequestConsensusVote() RPC: tablet_id: "48fecddca87848f7bc426963275d480a" candidate_uuid: "451d708f9a9848ccad9e61654064a41d" candidate_term: 1 candidate_status { last_received { term: 0 index: 0 } } ignore_live_leader: false dest_uuid: "dedb397551cc4c8aa785349bd55f481d" is_pre_election: true
I20260630 12:14:12.764241 19926 raft_consensus.cc:2468] T c4339e5c652e486f86dcd6418d47b3c4 P dedb397551cc4c8aa785349bd55f481d [term 1 FOLLOWER]: Leader election vote request: Granting yes vote for candidate 96d93c54e7df4dc1a690a10e4bcadeab in term 1.
I20260630 12:14:12.764298 19927 raft_consensus.cc:2468] T 48fecddca87848f7bc426963275d480a P dedb397551cc4c8aa785349bd55f481d [term 0 FOLLOWER]: Leader pre-election vote request: Granting yes vote for candidate 451d708f9a9848ccad9e61654064a41d in term 0.
I20260630 12:14:12.764436 19980 raft_consensus.cc:515] T fc2e121080564edfb90a812941df954d P dedb397551cc4c8aa785349bd55f481d [term 1 FOLLOWER]: Starting leader election with config: opid_index: -1 OBSOLETE_local: false peers { permanent_uuid: "96d93c54e7df4dc1a690a10e4bcadeab" member_type: VOTER last_known_addr { host: "127.16.105.66" port: 46417 } } peers { permanent_uuid: "451d708f9a9848ccad9e61654064a41d" member_type: VOTER last_known_addr { host: "127.16.105.65" port: 45141 } } peers { permanent_uuid: "dedb397551cc4c8aa785349bd55f481d" member_type: VOTER last_known_addr { host: "127.16.105.67" port: 46663 } }
I20260630 12:14:12.765434 19819 leader_election.cc:304] T c4339e5c652e486f86dcd6418d47b3c4 P 96d93c54e7df4dc1a690a10e4bcadeab [CANDIDATE]: Term 1 election: Election decided. Result: candidate won. Election summary: received 2 responses out of 3 voters: 2 yes votes; 0 no votes. yes voters: 96d93c54e7df4dc1a690a10e4bcadeab, dedb397551cc4c8aa785349bd55f481d; no voters: 
I20260630 12:14:12.766263 19991 raft_consensus.cc:2804] T c4339e5c652e486f86dcd6418d47b3c4 P 96d93c54e7df4dc1a690a10e4bcadeab [term 1 FOLLOWER]: Leader election won for term 1
I20260630 12:14:12.766141 19744 leader_election.cc:304] T 48fecddca87848f7bc426963275d480a P 451d708f9a9848ccad9e61654064a41d [CANDIDATE]: Term 1 pre-election: Election decided. Result: candidate won. Election summary: received 2 responses out of 3 voters: 2 yes votes; 0 no votes. yes voters: 451d708f9a9848ccad9e61654064a41d, dedb397551cc4c8aa785349bd55f481d; no voters: 
I20260630 12:14:12.766783 19991 raft_consensus.cc:697] T c4339e5c652e486f86dcd6418d47b3c4 P 96d93c54e7df4dc1a690a10e4bcadeab [term 1 LEADER]: Becoming Leader. State: Replica: 96d93c54e7df4dc1a690a10e4bcadeab, State: Running, Role: LEADER
I20260630 12:14:12.767313 19972 raft_consensus.cc:740] T eeb8f540c00e4451a688f579e798f7d4 P 96d93c54e7df4dc1a690a10e4bcadeab [term 0 FOLLOWER]: Becoming Follower/Learner. State: Replica: 96d93c54e7df4dc1a690a10e4bcadeab, State: Initialized, Role: FOLLOWER
I20260630 12:14:12.767580 19991 consensus_queue.cc:237] T c4339e5c652e486f86dcd6418d47b3c4 P 96d93c54e7df4dc1a690a10e4bcadeab [LEADER]: Queue going to LEADER mode. State: All replicated index: 0, Majority replicated index: 0, Committed index: 0, Last appended: 0.0, Last appended by leader: 0, Current term: 1, Majority size: 2, State: 0, Mode: LEADER, active raft config: opid_index: -1 OBSOLETE_local: false peers { permanent_uuid: "96d93c54e7df4dc1a690a10e4bcadeab" member_type: VOTER last_known_addr { host: "127.16.105.66" port: 46417 } } peers { permanent_uuid: "451d708f9a9848ccad9e61654064a41d" member_type: VOTER last_known_addr { host: "127.16.105.65" port: 45141 } } peers { permanent_uuid: "dedb397551cc4c8aa785349bd55f481d" member_type: VOTER last_known_addr { host: "127.16.105.67" port: 46663 } }
I20260630 12:14:12.768117 19972 consensus_queue.cc:260] T eeb8f540c00e4451a688f579e798f7d4 P 96d93c54e7df4dc1a690a10e4bcadeab [NON_LEADER]: Queue going to NON_LEADER mode. State: All replicated index: 0, Majority replicated index: 0, Committed index: 0, Last appended: 0.0, Last appended by leader: 0, Current term: 0, Majority size: -1, State: 0, Mode: NON_LEADER, active raft config: opid_index: -1 OBSOLETE_local: false peers { permanent_uuid: "96d93c54e7df4dc1a690a10e4bcadeab" member_type: VOTER last_known_addr { host: "127.16.105.66" port: 46417 } } peers { permanent_uuid: "451d708f9a9848ccad9e61654064a41d" member_type: VOTER last_known_addr { host: "127.16.105.65" port: 45141 } } peers { permanent_uuid: "dedb397551cc4c8aa785349bd55f481d" member_type: VOTER last_known_addr { host: "127.16.105.67" port: 46663 } }
I20260630 12:14:12.769784 19972 ts_tablet_manager.cc:1434] T eeb8f540c00e4451a688f579e798f7d4 P 96d93c54e7df4dc1a690a10e4bcadeab: Time spent starting tablet: real 0.011s	user 0.004s	sys 0.000s
I20260630 12:14:12.770674 19853 tablet_service.cc:1917] Received RequestConsensusVote() RPC: tablet_id: "fc2e121080564edfb90a812941df954d" candidate_uuid: "dedb397551cc4c8aa785349bd55f481d" candidate_term: 1 candidate_status { last_received { term: 0 index: 0 } } ignore_live_leader: false dest_uuid: "96d93c54e7df4dc1a690a10e4bcadeab"
I20260630 12:14:12.770893 19980 leader_election.cc:290] T fc2e121080564edfb90a812941df954d P dedb397551cc4c8aa785349bd55f481d [CANDIDATE]: Term 1 election: Requested vote from peers 96d93c54e7df4dc1a690a10e4bcadeab (127.16.105.66:46417), 451d708f9a9848ccad9e61654064a41d (127.16.105.65:45141)
I20260630 12:14:12.771308 19853 raft_consensus.cc:3060] T fc2e121080564edfb90a812941df954d P 96d93c54e7df4dc1a690a10e4bcadeab [term 0 FOLLOWER]: Advancing to term 1
I20260630 12:14:12.772167 19977 raft_consensus.cc:2804] T 48fecddca87848f7bc426963275d480a P 451d708f9a9848ccad9e61654064a41d [term 0 FOLLOWER]: Leader pre-election won for term 1
I20260630 12:14:12.772089 19777 tablet_service.cc:1917] Received RequestConsensusVote() RPC: tablet_id: "fc2e121080564edfb90a812941df954d" candidate_uuid: "dedb397551cc4c8aa785349bd55f481d" candidate_term: 1 candidate_status { last_received { term: 0 index: 0 } } ignore_live_leader: false dest_uuid: "451d708f9a9848ccad9e61654064a41d"
I20260630 12:14:12.772657 19977 raft_consensus.cc:493] T 48fecddca87848f7bc426963275d480a P 451d708f9a9848ccad9e61654064a41d [term 0 FOLLOWER]: Starting leader election (no leader contacted us within the election timeout)
I20260630 12:14:12.772825 19777 raft_consensus.cc:3060] T fc2e121080564edfb90a812941df954d P 451d708f9a9848ccad9e61654064a41d [term 0 FOLLOWER]: Advancing to term 1
I20260630 12:14:12.773095 19977 raft_consensus.cc:3060] T 48fecddca87848f7bc426963275d480a P 451d708f9a9848ccad9e61654064a41d [term 0 FOLLOWER]: Advancing to term 1
I20260630 12:14:12.746311 19674 catalog_manager.cc:5697] T ed143385739047c585789d650d03f983 P 96d93c54e7df4dc1a690a10e4bcadeab reported cstate change: term changed from 0 to 1, leader changed from <none> to 96d93c54e7df4dc1a690a10e4bcadeab (127.16.105.66). New cstate: current_term: 1 leader_uuid: "96d93c54e7df4dc1a690a10e4bcadeab" committed_config { opid_index: -1 OBSOLETE_local: false peers { permanent_uuid: "451d708f9a9848ccad9e61654064a41d" member_type: VOTER last_known_addr { host: "127.16.105.65" port: 45141 } health_report { overall_health: UNKNOWN } } peers { permanent_uuid: "96d93c54e7df4dc1a690a10e4bcadeab" member_type: VOTER last_known_addr { host: "127.16.105.66" port: 46417 } health_report { overall_health: HEALTHY } } peers { permanent_uuid: "dedb397551cc4c8aa785349bd55f481d" member_type: VOTER last_known_addr { host: "127.16.105.67" port: 46663 } health_report { overall_health: UNKNOWN } } }
I20260630 12:14:12.774981 19852 tablet_service.cc:1917] Received RequestConsensusVote() RPC: tablet_id: "48fecddca87848f7bc426963275d480a" candidate_uuid: "451d708f9a9848ccad9e61654064a41d" candidate_term: 1 candidate_status { last_received { term: 0 index: 0 } } ignore_live_leader: false dest_uuid: "96d93c54e7df4dc1a690a10e4bcadeab" is_pre_election: true
I20260630 12:14:12.776638 19852 raft_consensus.cc:2468] T 48fecddca87848f7bc426963275d480a P 96d93c54e7df4dc1a690a10e4bcadeab [term 0 FOLLOWER]: Leader pre-election vote request: Granting yes vote for candidate 451d708f9a9848ccad9e61654064a41d in term 0.
I20260630 12:14:12.777506 19778 raft_consensus.cc:2468] T c4339e5c652e486f86dcd6418d47b3c4 P 451d708f9a9848ccad9e61654064a41d [term 1 FOLLOWER]: Leader election vote request: Granting yes vote for candidate 96d93c54e7df4dc1a690a10e4bcadeab in term 1.
I20260630 12:14:12.780128 19777 raft_consensus.cc:2468] T fc2e121080564edfb90a812941df954d P 451d708f9a9848ccad9e61654064a41d [term 1 FOLLOWER]: Leader election vote request: Granting yes vote for candidate dedb397551cc4c8aa785349bd55f481d in term 1.
I20260630 12:14:12.781416 19853 raft_consensus.cc:2468] T fc2e121080564edfb90a812941df954d P 96d93c54e7df4dc1a690a10e4bcadeab [term 1 FOLLOWER]: Leader election vote request: Granting yes vote for candidate dedb397551cc4c8aa785349bd55f481d in term 1.
I20260630 12:14:12.782963 19890 leader_election.cc:304] T fc2e121080564edfb90a812941df954d P dedb397551cc4c8aa785349bd55f481d [CANDIDATE]: Term 1 election: Election decided. Result: candidate won. Election summary: received 2 responses out of 3 voters: 2 yes votes; 0 no votes. yes voters: 451d708f9a9848ccad9e61654064a41d, dedb397551cc4c8aa785349bd55f481d; no voters: 
I20260630 12:14:12.785657 19977 raft_consensus.cc:515] T 48fecddca87848f7bc426963275d480a P 451d708f9a9848ccad9e61654064a41d [term 1 FOLLOWER]: Starting leader election with config: opid_index: -1 OBSOLETE_local: false peers { permanent_uuid: "451d708f9a9848ccad9e61654064a41d" member_type: VOTER last_known_addr { host: "127.16.105.65" port: 45141 } } peers { permanent_uuid: "96d93c54e7df4dc1a690a10e4bcadeab" member_type: VOTER last_known_addr { host: "127.16.105.66" port: 46417 } } peers { permanent_uuid: "dedb397551cc4c8aa785349bd55f481d" member_type: VOTER last_known_addr { host: "127.16.105.67" port: 46663 } }
I20260630 12:14:12.786186 19980 raft_consensus.cc:2804] T fc2e121080564edfb90a812941df954d P dedb397551cc4c8aa785349bd55f481d [term 1 FOLLOWER]: Leader election won for term 1
I20260630 12:14:12.787606 19980 raft_consensus.cc:697] T fc2e121080564edfb90a812941df954d P dedb397551cc4c8aa785349bd55f481d [term 1 LEADER]: Becoming Leader. State: Replica: dedb397551cc4c8aa785349bd55f481d, State: Running, Role: LEADER
I20260630 12:14:12.788306 19980 consensus_queue.cc:237] T fc2e121080564edfb90a812941df954d P dedb397551cc4c8aa785349bd55f481d [LEADER]: Queue going to LEADER mode. State: All replicated index: 0, Majority replicated index: 0, Committed index: 0, Last appended: 0.0, Last appended by leader: 0, Current term: 1, Majority size: 2, State: 0, Mode: LEADER, active raft config: opid_index: -1 OBSOLETE_local: false peers { permanent_uuid: "96d93c54e7df4dc1a690a10e4bcadeab" member_type: VOTER last_known_addr { host: "127.16.105.66" port: 46417 } } peers { permanent_uuid: "451d708f9a9848ccad9e61654064a41d" member_type: VOTER last_known_addr { host: "127.16.105.65" port: 45141 } } peers { permanent_uuid: "dedb397551cc4c8aa785349bd55f481d" member_type: VOTER last_known_addr { host: "127.16.105.67" port: 46663 } }
I20260630 12:14:12.788714 19853 tablet_service.cc:1917] Received RequestConsensusVote() RPC: tablet_id: "48fecddca87848f7bc426963275d480a" candidate_uuid: "451d708f9a9848ccad9e61654064a41d" candidate_term: 1 candidate_status { last_received { term: 0 index: 0 } } ignore_live_leader: false dest_uuid: "96d93c54e7df4dc1a690a10e4bcadeab"
I20260630 12:14:12.789274 19853 raft_consensus.cc:3060] T 48fecddca87848f7bc426963275d480a P 96d93c54e7df4dc1a690a10e4bcadeab [term 0 FOLLOWER]: Advancing to term 1
I20260630 12:14:12.791412 20020 raft_consensus.cc:493] T d8c976129f03401a88ea7e50d00a3d9b P 451d708f9a9848ccad9e61654064a41d [term 0 FOLLOWER]: Starting pre-election (no leader contacted us within the election timeout)
I20260630 12:14:12.792029 20020 raft_consensus.cc:515] T d8c976129f03401a88ea7e50d00a3d9b P 451d708f9a9848ccad9e61654064a41d [term 0 FOLLOWER]: Starting pre-election with config: opid_index: -1 OBSOLETE_local: false peers { permanent_uuid: "451d708f9a9848ccad9e61654064a41d" member_type: VOTER last_known_addr { host: "127.16.105.65" port: 45141 } } peers { permanent_uuid: "96d93c54e7df4dc1a690a10e4bcadeab" member_type: VOTER last_known_addr { host: "127.16.105.66" port: 46417 } } peers { permanent_uuid: "dedb397551cc4c8aa785349bd55f481d" member_type: VOTER last_known_addr { host: "127.16.105.67" port: 46663 } }
I20260630 12:14:12.795692 19852 tablet_service.cc:1917] Received RequestConsensusVote() RPC: tablet_id: "d8c976129f03401a88ea7e50d00a3d9b" candidate_uuid: "451d708f9a9848ccad9e61654064a41d" candidate_term: 1 candidate_status { last_received { term: 0 index: 0 } } ignore_live_leader: false dest_uuid: "96d93c54e7df4dc1a690a10e4bcadeab" is_pre_election: true
I20260630 12:14:12.795843 19926 tablet_service.cc:1917] Received RequestConsensusVote() RPC: tablet_id: "d8c976129f03401a88ea7e50d00a3d9b" candidate_uuid: "451d708f9a9848ccad9e61654064a41d" candidate_term: 1 candidate_status { last_received { term: 0 index: 0 } } ignore_live_leader: false dest_uuid: "dedb397551cc4c8aa785349bd55f481d" is_pre_election: true
I20260630 12:14:12.796625 19926 raft_consensus.cc:2393] T d8c976129f03401a88ea7e50d00a3d9b P dedb397551cc4c8aa785349bd55f481d [term 1 FOLLOWER]: Leader pre-election vote request: Denying vote to candidate 451d708f9a9848ccad9e61654064a41d in current term 1: Already voted for candidate 96d93c54e7df4dc1a690a10e4bcadeab in this term.
I20260630 12:14:12.797730 19853 raft_consensus.cc:2468] T 48fecddca87848f7bc426963275d480a P 96d93c54e7df4dc1a690a10e4bcadeab [term 1 FOLLOWER]: Leader election vote request: Granting yes vote for candidate 451d708f9a9848ccad9e61654064a41d in term 1.
I20260630 12:14:12.797977 20020 leader_election.cc:290] T d8c976129f03401a88ea7e50d00a3d9b P 451d708f9a9848ccad9e61654064a41d [CANDIDATE]: Term 1 pre-election: Requested pre-vote from peers 96d93c54e7df4dc1a690a10e4bcadeab (127.16.105.66:46417), dedb397551cc4c8aa785349bd55f481d (127.16.105.67:46663)
I20260630 12:14:12.799033 19927 tablet_service.cc:1917] Received RequestConsensusVote() RPC: tablet_id: "48fecddca87848f7bc426963275d480a" candidate_uuid: "451d708f9a9848ccad9e61654064a41d" candidate_term: 1 candidate_status { last_received { term: 0 index: 0 } } ignore_live_leader: false dest_uuid: "dedb397551cc4c8aa785349bd55f481d"
I20260630 12:14:12.799650 19927 raft_consensus.cc:3060] T 48fecddca87848f7bc426963275d480a P dedb397551cc4c8aa785349bd55f481d [term 0 FOLLOWER]: Advancing to term 1
I20260630 12:14:12.799348 19743 leader_election.cc:304] T d8c976129f03401a88ea7e50d00a3d9b P 451d708f9a9848ccad9e61654064a41d [CANDIDATE]: Term 1 pre-election: Election decided. Result: candidate lost. Election summary: received 3 responses out of 3 voters: 1 yes votes; 2 no votes. yes voters: 451d708f9a9848ccad9e61654064a41d; no voters: 96d93c54e7df4dc1a690a10e4bcadeab, dedb397551cc4c8aa785349bd55f481d
I20260630 12:14:12.801043 19743 leader_election.cc:304] T 48fecddca87848f7bc426963275d480a P 451d708f9a9848ccad9e61654064a41d [CANDIDATE]: Term 1 election: Election decided. Result: candidate won. Election summary: received 2 responses out of 3 voters: 2 yes votes; 0 no votes. yes voters: 451d708f9a9848ccad9e61654064a41d, 96d93c54e7df4dc1a690a10e4bcadeab; no voters: 
I20260630 12:14:12.800586 19674 catalog_manager.cc:5697] T c4339e5c652e486f86dcd6418d47b3c4 P 96d93c54e7df4dc1a690a10e4bcadeab reported cstate change: term changed from 0 to 1, leader changed from <none> to 96d93c54e7df4dc1a690a10e4bcadeab (127.16.105.66). New cstate: current_term: 1 leader_uuid: "96d93c54e7df4dc1a690a10e4bcadeab" committed_config { opid_index: -1 OBSOLETE_local: false peers { permanent_uuid: "96d93c54e7df4dc1a690a10e4bcadeab" member_type: VOTER last_known_addr { host: "127.16.105.66" port: 46417 } health_report { overall_health: HEALTHY } } peers { permanent_uuid: "451d708f9a9848ccad9e61654064a41d" member_type: VOTER last_known_addr { host: "127.16.105.65" port: 45141 } health_report { overall_health: UNKNOWN } } peers { permanent_uuid: "dedb397551cc4c8aa785349bd55f481d" member_type: VOTER last_known_addr { host: "127.16.105.67" port: 46663 } health_report { overall_health: UNKNOWN } } }
I20260630 12:14:12.804773 20020 raft_consensus.cc:3060] T d8c976129f03401a88ea7e50d00a3d9b P 451d708f9a9848ccad9e61654064a41d [term 0 FOLLOWER]: Advancing to term 1
I20260630 12:14:12.806281 20022 raft_consensus.cc:2804] T 48fecddca87848f7bc426963275d480a P 451d708f9a9848ccad9e61654064a41d [term 1 FOLLOWER]: Leader election won for term 1
I20260630 12:14:12.807045 19927 raft_consensus.cc:2468] T 48fecddca87848f7bc426963275d480a P dedb397551cc4c8aa785349bd55f481d [term 1 FOLLOWER]: Leader election vote request: Granting yes vote for candidate 451d708f9a9848ccad9e61654064a41d in term 1.
I20260630 12:14:12.807483 19977 leader_election.cc:290] T 48fecddca87848f7bc426963275d480a P 451d708f9a9848ccad9e61654064a41d [CANDIDATE]: Term 1 election: Requested vote from peers 96d93c54e7df4dc1a690a10e4bcadeab (127.16.105.66:46417), dedb397551cc4c8aa785349bd55f481d (127.16.105.67:46663)
I20260630 12:14:12.812482 20022 raft_consensus.cc:697] T 48fecddca87848f7bc426963275d480a P 451d708f9a9848ccad9e61654064a41d [term 1 LEADER]: Becoming Leader. State: Replica: 451d708f9a9848ccad9e61654064a41d, State: Running, Role: LEADER
I20260630 12:14:12.813473 20022 consensus_queue.cc:237] T 48fecddca87848f7bc426963275d480a P 451d708f9a9848ccad9e61654064a41d [LEADER]: Queue going to LEADER mode. State: All replicated index: 0, Majority replicated index: 0, Committed index: 0, Last appended: 0.0, Last appended by leader: 0, Current term: 1, Majority size: 2, State: 0, Mode: LEADER, active raft config: opid_index: -1 OBSOLETE_local: false peers { permanent_uuid: "451d708f9a9848ccad9e61654064a41d" member_type: VOTER last_known_addr { host: "127.16.105.65" port: 45141 } } peers { permanent_uuid: "96d93c54e7df4dc1a690a10e4bcadeab" member_type: VOTER last_known_addr { host: "127.16.105.66" port: 46417 } } peers { permanent_uuid: "dedb397551cc4c8aa785349bd55f481d" member_type: VOTER last_known_addr { host: "127.16.105.67" port: 46663 } }
I20260630 12:14:12.814610 19676 catalog_manager.cc:5697] T fc2e121080564edfb90a812941df954d P dedb397551cc4c8aa785349bd55f481d reported cstate change: term changed from 0 to 1, leader changed from <none> to dedb397551cc4c8aa785349bd55f481d (127.16.105.67). New cstate: current_term: 1 leader_uuid: "dedb397551cc4c8aa785349bd55f481d" committed_config { opid_index: -1 OBSOLETE_local: false peers { permanent_uuid: "96d93c54e7df4dc1a690a10e4bcadeab" member_type: VOTER last_known_addr { host: "127.16.105.66" port: 46417 } health_report { overall_health: UNKNOWN } } peers { permanent_uuid: "451d708f9a9848ccad9e61654064a41d" member_type: VOTER last_known_addr { host: "127.16.105.65" port: 45141 } health_report { overall_health: UNKNOWN } } peers { permanent_uuid: "dedb397551cc4c8aa785349bd55f481d" member_type: VOTER last_known_addr { host: "127.16.105.67" port: 46663 } health_report { overall_health: HEALTHY } } }
I20260630 12:14:12.816437 20020 raft_consensus.cc:2749] T d8c976129f03401a88ea7e50d00a3d9b P 451d708f9a9848ccad9e61654064a41d [term 1 FOLLOWER]: Leader pre-election lost for term 1. Reason: could not achieve majority
I20260630 12:14:12.821679 19674 catalog_manager.cc:5697] T 48fecddca87848f7bc426963275d480a P 451d708f9a9848ccad9e61654064a41d reported cstate change: term changed from 0 to 1, leader changed from <none> to 451d708f9a9848ccad9e61654064a41d (127.16.105.65). New cstate: current_term: 1 leader_uuid: "451d708f9a9848ccad9e61654064a41d" committed_config { opid_index: -1 OBSOLETE_local: false peers { permanent_uuid: "451d708f9a9848ccad9e61654064a41d" member_type: VOTER last_known_addr { host: "127.16.105.65" port: 45141 } health_report { overall_health: HEALTHY } } peers { permanent_uuid: "96d93c54e7df4dc1a690a10e4bcadeab" member_type: VOTER last_known_addr { host: "127.16.105.66" port: 46417 } health_report { overall_health: UNKNOWN } } peers { permanent_uuid: "dedb397551cc4c8aa785349bd55f481d" member_type: VOTER last_known_addr { host: "127.16.105.67" port: 46663 } health_report { overall_health: UNKNOWN } } }
I20260630 12:14:12.848165 19980 raft_consensus.cc:493] T eeb8f540c00e4451a688f579e798f7d4 P dedb397551cc4c8aa785349bd55f481d [term 0 FOLLOWER]: Starting pre-election (no leader contacted us within the election timeout)
I20260630 12:14:12.848640 19980 raft_consensus.cc:515] T eeb8f540c00e4451a688f579e798f7d4 P dedb397551cc4c8aa785349bd55f481d [term 0 FOLLOWER]: Starting pre-election with config: opid_index: -1 OBSOLETE_local: false peers { permanent_uuid: "96d93c54e7df4dc1a690a10e4bcadeab" member_type: VOTER last_known_addr { host: "127.16.105.66" port: 46417 } } peers { permanent_uuid: "451d708f9a9848ccad9e61654064a41d" member_type: VOTER last_known_addr { host: "127.16.105.65" port: 45141 } } peers { permanent_uuid: "dedb397551cc4c8aa785349bd55f481d" member_type: VOTER last_known_addr { host: "127.16.105.67" port: 46663 } }
I20260630 12:14:12.850287 19980 leader_election.cc:290] T eeb8f540c00e4451a688f579e798f7d4 P dedb397551cc4c8aa785349bd55f481d [CANDIDATE]: Term 1 pre-election: Requested pre-vote from peers 96d93c54e7df4dc1a690a10e4bcadeab (127.16.105.66:46417), 451d708f9a9848ccad9e61654064a41d (127.16.105.65:45141)
I20260630 12:14:12.851107 19853 tablet_service.cc:1917] Received RequestConsensusVote() RPC: tablet_id: "eeb8f540c00e4451a688f579e798f7d4" candidate_uuid: "dedb397551cc4c8aa785349bd55f481d" candidate_term: 1 candidate_status { last_received { term: 0 index: 0 } } ignore_live_leader: false dest_uuid: "96d93c54e7df4dc1a690a10e4bcadeab" is_pre_election: true
I20260630 12:14:12.851297 19777 tablet_service.cc:1917] Received RequestConsensusVote() RPC: tablet_id: "eeb8f540c00e4451a688f579e798f7d4" candidate_uuid: "dedb397551cc4c8aa785349bd55f481d" candidate_term: 1 candidate_status { last_received { term: 0 index: 0 } } ignore_live_leader: false dest_uuid: "451d708f9a9848ccad9e61654064a41d" is_pre_election: true
I20260630 12:14:12.851752 19853 raft_consensus.cc:2468] T eeb8f540c00e4451a688f579e798f7d4 P 96d93c54e7df4dc1a690a10e4bcadeab [term 0 FOLLOWER]: Leader pre-election vote request: Granting yes vote for candidate dedb397551cc4c8aa785349bd55f481d in term 0.
I20260630 12:14:12.851842 19777 raft_consensus.cc:2468] T eeb8f540c00e4451a688f579e798f7d4 P 451d708f9a9848ccad9e61654064a41d [term 0 FOLLOWER]: Leader pre-election vote request: Granting yes vote for candidate dedb397551cc4c8aa785349bd55f481d in term 0.
I20260630 12:14:12.852870 19890 leader_election.cc:304] T eeb8f540c00e4451a688f579e798f7d4 P dedb397551cc4c8aa785349bd55f481d [CANDIDATE]: Term 1 pre-election: Election decided. Result: candidate won. Election summary: received 2 responses out of 3 voters: 2 yes votes; 0 no votes. yes voters: 451d708f9a9848ccad9e61654064a41d, dedb397551cc4c8aa785349bd55f481d; no voters: 
I20260630 12:14:12.853636 19980 raft_consensus.cc:2804] T eeb8f540c00e4451a688f579e798f7d4 P dedb397551cc4c8aa785349bd55f481d [term 0 FOLLOWER]: Leader pre-election won for term 1
I20260630 12:14:12.854054 19980 raft_consensus.cc:493] T eeb8f540c00e4451a688f579e798f7d4 P dedb397551cc4c8aa785349bd55f481d [term 0 FOLLOWER]: Starting leader election (no leader contacted us within the election timeout)
I20260630 12:14:12.854291 19980 raft_consensus.cc:3060] T eeb8f540c00e4451a688f579e798f7d4 P dedb397551cc4c8aa785349bd55f481d [term 0 FOLLOWER]: Advancing to term 1
I20260630 12:14:12.858510 19980 raft_consensus.cc:515] T eeb8f540c00e4451a688f579e798f7d4 P dedb397551cc4c8aa785349bd55f481d [term 1 FOLLOWER]: Starting leader election with config: opid_index: -1 OBSOLETE_local: false peers { permanent_uuid: "96d93c54e7df4dc1a690a10e4bcadeab" member_type: VOTER last_known_addr { host: "127.16.105.66" port: 46417 } } peers { permanent_uuid: "451d708f9a9848ccad9e61654064a41d" member_type: VOTER last_known_addr { host: "127.16.105.65" port: 45141 } } peers { permanent_uuid: "dedb397551cc4c8aa785349bd55f481d" member_type: VOTER last_known_addr { host: "127.16.105.67" port: 46663 } }
I20260630 12:14:12.859983 19980 leader_election.cc:290] T eeb8f540c00e4451a688f579e798f7d4 P dedb397551cc4c8aa785349bd55f481d [CANDIDATE]: Term 1 election: Requested vote from peers 96d93c54e7df4dc1a690a10e4bcadeab (127.16.105.66:46417), 451d708f9a9848ccad9e61654064a41d (127.16.105.65:45141)
I20260630 12:14:12.860697 19853 tablet_service.cc:1917] Received RequestConsensusVote() RPC: tablet_id: "eeb8f540c00e4451a688f579e798f7d4" candidate_uuid: "dedb397551cc4c8aa785349bd55f481d" candidate_term: 1 candidate_status { last_received { term: 0 index: 0 } } ignore_live_leader: false dest_uuid: "96d93c54e7df4dc1a690a10e4bcadeab"
I20260630 12:14:12.860903 19777 tablet_service.cc:1917] Received RequestConsensusVote() RPC: tablet_id: "eeb8f540c00e4451a688f579e798f7d4" candidate_uuid: "dedb397551cc4c8aa785349bd55f481d" candidate_term: 1 candidate_status { last_received { term: 0 index: 0 } } ignore_live_leader: false dest_uuid: "451d708f9a9848ccad9e61654064a41d"
I20260630 12:14:12.861253 19853 raft_consensus.cc:3060] T eeb8f540c00e4451a688f579e798f7d4 P 96d93c54e7df4dc1a690a10e4bcadeab [term 0 FOLLOWER]: Advancing to term 1
I20260630 12:14:12.861498 19777 raft_consensus.cc:3060] T eeb8f540c00e4451a688f579e798f7d4 P 451d708f9a9848ccad9e61654064a41d [term 0 FOLLOWER]: Advancing to term 1
I20260630 12:14:12.865688 19853 raft_consensus.cc:2468] T eeb8f540c00e4451a688f579e798f7d4 P 96d93c54e7df4dc1a690a10e4bcadeab [term 1 FOLLOWER]: Leader election vote request: Granting yes vote for candidate dedb397551cc4c8aa785349bd55f481d in term 1.
I20260630 12:14:12.865895 19777 raft_consensus.cc:2468] T eeb8f540c00e4451a688f579e798f7d4 P 451d708f9a9848ccad9e61654064a41d [term 1 FOLLOWER]: Leader election vote request: Granting yes vote for candidate dedb397551cc4c8aa785349bd55f481d in term 1.
I20260630 12:14:12.866755 19892 leader_election.cc:304] T eeb8f540c00e4451a688f579e798f7d4 P dedb397551cc4c8aa785349bd55f481d [CANDIDATE]: Term 1 election: Election decided. Result: candidate won. Election summary: received 2 responses out of 3 voters: 2 yes votes; 0 no votes. yes voters: 96d93c54e7df4dc1a690a10e4bcadeab, dedb397551cc4c8aa785349bd55f481d; no voters: 
I20260630 12:14:12.867506 19980 raft_consensus.cc:2804] T eeb8f540c00e4451a688f579e798f7d4 P dedb397551cc4c8aa785349bd55f481d [term 1 FOLLOWER]: Leader election won for term 1
I20260630 12:14:12.868060 19980 raft_consensus.cc:697] T eeb8f540c00e4451a688f579e798f7d4 P dedb397551cc4c8aa785349bd55f481d [term 1 LEADER]: Becoming Leader. State: Replica: dedb397551cc4c8aa785349bd55f481d, State: Running, Role: LEADER
I20260630 12:14:12.868723 19980 consensus_queue.cc:237] T eeb8f540c00e4451a688f579e798f7d4 P dedb397551cc4c8aa785349bd55f481d [LEADER]: Queue going to LEADER mode. State: All replicated index: 0, Majority replicated index: 0, Committed index: 0, Last appended: 0.0, Last appended by leader: 0, Current term: 1, Majority size: 2, State: 0, Mode: LEADER, active raft config: opid_index: -1 OBSOLETE_local: false peers { permanent_uuid: "96d93c54e7df4dc1a690a10e4bcadeab" member_type: VOTER last_known_addr { host: "127.16.105.66" port: 46417 } } peers { permanent_uuid: "451d708f9a9848ccad9e61654064a41d" member_type: VOTER last_known_addr { host: "127.16.105.65" port: 45141 } } peers { permanent_uuid: "dedb397551cc4c8aa785349bd55f481d" member_type: VOTER last_known_addr { host: "127.16.105.67" port: 46663 } }
I20260630 12:14:12.875437 19674 catalog_manager.cc:5697] T eeb8f540c00e4451a688f579e798f7d4 P dedb397551cc4c8aa785349bd55f481d reported cstate change: term changed from 0 to 1, leader changed from <none> to dedb397551cc4c8aa785349bd55f481d (127.16.105.67). New cstate: current_term: 1 leader_uuid: "dedb397551cc4c8aa785349bd55f481d" committed_config { opid_index: -1 OBSOLETE_local: false peers { permanent_uuid: "96d93c54e7df4dc1a690a10e4bcadeab" member_type: VOTER last_known_addr { host: "127.16.105.66" port: 46417 } health_report { overall_health: UNKNOWN } } peers { permanent_uuid: "451d708f9a9848ccad9e61654064a41d" member_type: VOTER last_known_addr { host: "127.16.105.65" port: 45141 } health_report { overall_health: UNKNOWN } } peers { permanent_uuid: "dedb397551cc4c8aa785349bd55f481d" member_type: VOTER last_known_addr { host: "127.16.105.67" port: 46663 } health_report { overall_health: HEALTHY } } }
I20260630 12:14:12.962957 16805 file_cache.cc:492] Constructed file cache file cache with capacity 419430
W20260630 12:14:12.968708 20025 instance_detector.cc:116] could not retrieve AWS instance metadata: Network error: curl error: HTTP response code said error: The requested URL returned error: 404
W20260630 12:14:12.969854 20026 instance_detector.cc:116] could not retrieve Azure instance metadata: Network error: curl error: HTTP response code said error: The requested URL returned error: 404
W20260630 12:14:12.970464 20028 instance_detector.cc:116] could not retrieve OpenStack instance metadata: Network error: curl error: HTTP response code said error: The requested URL returned error: 404
I20260630 12:14:12.970778 16805 server_base.cc:1061] running on GCE node
I20260630 12:14:12.971686 16805 hybrid_clock.cc:584] initializing the hybrid clock with 'system_unsync' time source
W20260630 12:14:12.971895 16805 system_unsync_time.cc:38] NTP support is disabled. Clock error bounds will not be accurate. This configuration is not suitable for distributed clusters.
I20260630 12:14:12.972090 16805 hybrid_clock.cc:648] HybridClock initialized: now 1782821652972071 us; error 0 us; skew 500 ppm
I20260630 12:14:12.972666 16805 server_base.cc:861] Flag tcmalloc_max_total_thread_cache_bytes is not working since tcmalloc is not enabled.
I20260630 12:14:12.975019 16805 webserver.cc:533] Webserver started at http://127.16.105.68:39513/ using document root <none> and password file <none>
I20260630 12:14:12.975524 16805 fs_manager.cc:362] Metadata directory not provided
I20260630 12:14:12.975714 16805 fs_manager.cc:368] Using write-ahead log directory (fs_wal_dir) as metadata directory
I20260630 12:14:12.975993 16805 server_base.cc:909] This appears to be a new deployment of Kudu; creating new FS layout
I20260630 12:14:12.977015 16805 fs_manager.cc:1068] Generated new instance metadata in path /tmp/dist-test-taskKQvxoL/test-tmp/auto_rebalancer-test.0.AutoRebalancerTest.RangeAwareRebalancesNewRangeReplicas.1782821564766040-16805-0/minicluster-data/ts-3-root/instance:
uuid: "115592a6f395484d96304da695d93bd0"
format_stamp: "Formatted at 2026-06-30 12:14:12 on dist-test-slave-tf9s"
I20260630 12:14:12.981240 16805 fs_manager.cc:696] Time spent creating directory manager: real 0.004s	user 0.006s	sys 0.000s
I20260630 12:14:12.984439 20033 log_block_manager.cc:4031] Time spent loading block containers with low live blocks: real 0.000s	user 0.000s	sys 0.000s
I20260630 12:14:12.985229 16805 fs_manager.cc:730] Time spent opening block manager: real 0.002s	user 0.001s	sys 0.000s
I20260630 12:14:12.985585 16805 fs_manager.cc:647] Opened local filesystem: /tmp/dist-test-taskKQvxoL/test-tmp/auto_rebalancer-test.0.AutoRebalancerTest.RangeAwareRebalancesNewRangeReplicas.1782821564766040-16805-0/minicluster-data/ts-3-root
uuid: "115592a6f395484d96304da695d93bd0"
format_stamp: "Formatted at 2026-06-30 12:14:12 on dist-test-slave-tf9s"
I20260630 12:14:12.985916 16805 fs_report.cc:389] FS layout report
--------------------
wal directory: /tmp/dist-test-taskKQvxoL/test-tmp/auto_rebalancer-test.0.AutoRebalancerTest.RangeAwareRebalancesNewRangeReplicas.1782821564766040-16805-0/minicluster-data/ts-3-root
metadata directory: /tmp/dist-test-taskKQvxoL/test-tmp/auto_rebalancer-test.0.AutoRebalancerTest.RangeAwareRebalancesNewRangeReplicas.1782821564766040-16805-0/minicluster-data/ts-3-root
1 data directories: /tmp/dist-test-taskKQvxoL/test-tmp/auto_rebalancer-test.0.AutoRebalancerTest.RangeAwareRebalancesNewRangeReplicas.1782821564766040-16805-0/minicluster-data/ts-3-root/data
Total live blocks: 0
Total live bytes: 0
Total live bytes (after alignment): 0
Total number of LBM containers: 0 (0 full)
Did not check for missing blocks
Did not check for orphaned blocks
Total full LBM containers with extra space: 0 (0 repaired)
Total full LBM container extra space in bytes: 0 (0 repaired)
Total incomplete LBM containers: 0 (0 repaired)
Total LBM partial records: 0 (0 repaired)
Total corrupted LBM metadata records in RocksDB: 0 (0 repaired)
I20260630 12:14:13.016749 19991 consensus_queue.cc:1048] T 920a135533204fceb72f40f2c04d871f P 96d93c54e7df4dc1a690a10e4bcadeab [LEADER]: Connected to new peer: Peer: permanent_uuid: "dedb397551cc4c8aa785349bd55f481d" member_type: VOTER last_known_addr { host: "127.16.105.67" port: 46663 }, Status: LMP_MISMATCH, Last received: 0.0, Next index: 1, Last known committed idx: 0, Time since last communication: 0.000s
I20260630 12:14:13.023386 16805 rpc_server.cc:225] running with OpenSSL 1.1.1  11 Sep 2018
I20260630 12:14:13.024961 16805 kserver.cc:163] Server-wide thread pool size limit: 3276
I20260630 12:14:13.029361 19991 consensus_queue.cc:1048] T 920a135533204fceb72f40f2c04d871f P 96d93c54e7df4dc1a690a10e4bcadeab [LEADER]: Connected to new peer: Peer: permanent_uuid: "451d708f9a9848ccad9e61654064a41d" member_type: VOTER last_known_addr { host: "127.16.105.65" port: 45141 }, Status: LMP_MISMATCH, Last received: 0.0, Next index: 1, Last known committed idx: 0, Time since last communication: 0.000s
I20260630 12:14:13.036209 16805 txn_system_client.cc:432] TxnSystemClient initialization is disabled...
I20260630 12:14:13.042411 16805 ts_tablet_manager.cc:585] Loaded tablet metadata (0 total tablets, 0 live tablets)
I20260630 12:14:13.042698 16805 ts_tablet_manager.cc:531] Time spent load tablet metadata: real 0.000s	user 0.001s	sys 0.000s
I20260630 12:14:13.043007 16805 ts_tablet_manager.cc:616] Registered 0 tablets
I20260630 12:14:13.043228 16805 ts_tablet_manager.cc:595] Time spent register tablets: real 0.000s	user 0.000s	sys 0.000s
I20260630 12:14:13.086512 16805 rpc_server.cc:307] RPC server started. Bound to: 127.16.105.68:43409
I20260630 12:14:13.086658 20100 acceptor_pool.cc:272] collecting diagnostics on the listening RPC socket 127.16.105.68:43409 every 8 connection(s)
I20260630 12:14:13.087538 19991 consensus_queue.cc:1048] T d8c976129f03401a88ea7e50d00a3d9b P 96d93c54e7df4dc1a690a10e4bcadeab [LEADER]: Connected to new peer: Peer: permanent_uuid: "dedb397551cc4c8aa785349bd55f481d" member_type: VOTER last_known_addr { host: "127.16.105.67" port: 46663 }, Status: LMP_MISMATCH, Last received: 0.0, Next index: 1, Last known committed idx: 0, Time since last communication: 0.000s
I20260630 12:14:13.095309 19674 catalog_manager.cc:3570] Servicing AlterTable request from {username='slave'} at 127.0.0.1:55652:
table { table_name: "range_aware_rebalance_new_range" } alter_schema_steps { type: ADD_RANGE_PARTITION add_range_partition { range_bounds { rows: "\006\001\n\000\000\000\007\001\024\000\000\000""\006\001\n\000\000\000\007\001\024\000\000\000" indirect_data: """" } } } schema { columns { name: "key" type: INT32 is_key: true is_nullable: false encoding: AUTO_ENCODING compression: DEFAULT_COMPRESSION cfile_block_size: 0 immutable: false } } modify_external_catalogs: true
I20260630 12:14:13.104633 19978 consensus_queue.cc:1048] T d8c976129f03401a88ea7e50d00a3d9b P 96d93c54e7df4dc1a690a10e4bcadeab [LEADER]: Connected to new peer: Peer: permanent_uuid: "451d708f9a9848ccad9e61654064a41d" member_type: VOTER last_known_addr { host: "127.16.105.65" port: 45141 }, Status: LMP_MISMATCH, Last received: 0.0, Next index: 1, Last known committed idx: 0, Time since last communication: 0.000s
I20260630 12:14:13.112103 20022 raft_consensus.cc:493] T f62548df97014237a3db92c53793a027 P 451d708f9a9848ccad9e61654064a41d [term 0 FOLLOWER]: Starting pre-election (no leader contacted us within the election timeout)
I20260630 12:14:13.112725 20022 raft_consensus.cc:515] T f62548df97014237a3db92c53793a027 P 451d708f9a9848ccad9e61654064a41d [term 0 FOLLOWER]: Starting pre-election with config: opid_index: -1 OBSOLETE_local: false peers { permanent_uuid: "96d93c54e7df4dc1a690a10e4bcadeab" member_type: VOTER last_known_addr { host: "127.16.105.66" port: 46417 } } peers { permanent_uuid: "451d708f9a9848ccad9e61654064a41d" member_type: VOTER last_known_addr { host: "127.16.105.65" port: 45141 } } peers { permanent_uuid: "dedb397551cc4c8aa785349bd55f481d" member_type: VOTER last_known_addr { host: "127.16.105.67" port: 46663 } }
I20260630 12:14:13.117390 19926 tablet_service.cc:1917] Received RequestConsensusVote() RPC: tablet_id: "f62548df97014237a3db92c53793a027" candidate_uuid: "451d708f9a9848ccad9e61654064a41d" candidate_term: 1 candidate_status { last_received { term: 0 index: 0 } } ignore_live_leader: false dest_uuid: "dedb397551cc4c8aa785349bd55f481d" is_pre_election: true
I20260630 12:14:13.118443 19926 raft_consensus.cc:2393] T f62548df97014237a3db92c53793a027 P dedb397551cc4c8aa785349bd55f481d [term 1 FOLLOWER]: Leader pre-election vote request: Denying vote to candidate 451d708f9a9848ccad9e61654064a41d in current term 1: Already voted for candidate 96d93c54e7df4dc1a690a10e4bcadeab in this term.
I20260630 12:14:13.120633 20022 leader_election.cc:290] T f62548df97014237a3db92c53793a027 P 451d708f9a9848ccad9e61654064a41d [CANDIDATE]: Term 1 pre-election: Requested pre-vote from peers 96d93c54e7df4dc1a690a10e4bcadeab (127.16.105.66:46417), dedb397551cc4c8aa785349bd55f481d (127.16.105.67:46663)
I20260630 12:14:13.120961 19853 tablet_service.cc:1917] Received RequestConsensusVote() RPC: tablet_id: "f62548df97014237a3db92c53793a027" candidate_uuid: "451d708f9a9848ccad9e61654064a41d" candidate_term: 1 candidate_status { last_received { term: 0 index: 0 } } ignore_live_leader: false dest_uuid: "96d93c54e7df4dc1a690a10e4bcadeab" is_pre_election: true
I20260630 12:14:13.122519 20101 heartbeater.cc:344] Connected to a master server at 127.16.105.126:40469
I20260630 12:14:13.122473 19743 leader_election.cc:304] T f62548df97014237a3db92c53793a027 P 451d708f9a9848ccad9e61654064a41d [CANDIDATE]: Term 1 pre-election: Election decided. Result: candidate lost. Election summary: received 3 responses out of 3 voters: 1 yes votes; 2 no votes. yes voters: 451d708f9a9848ccad9e61654064a41d; no voters: 96d93c54e7df4dc1a690a10e4bcadeab, dedb397551cc4c8aa785349bd55f481d
I20260630 12:14:13.123107 20101 heartbeater.cc:461] Registering TS with master...
I20260630 12:14:13.124038 20101 heartbeater.cc:507] Master 127.16.105.126:40469 requested a full tablet report, sending...
I20260630 12:14:13.125069 20022 raft_consensus.cc:3060] T f62548df97014237a3db92c53793a027 P 451d708f9a9848ccad9e61654064a41d [term 0 FOLLOWER]: Advancing to term 1
I20260630 12:14:13.128015 19672 ts_manager.cc:194] Registered new tserver with Master: 115592a6f395484d96304da695d93bd0 (127.16.105.68:43409)
I20260630 12:14:13.129984 19672 master_service.cc:502] Signed X509 certificate for tserver {username='slave'} at 127.0.0.1:55666
I20260630 12:14:13.132050 20022 raft_consensus.cc:2749] T f62548df97014237a3db92c53793a027 P 451d708f9a9848ccad9e61654064a41d [term 1 FOLLOWER]: Leader pre-election lost for term 1. Reason: could not achieve majority
W20260630 12:14:13.133234 19674 catalog_manager.cc:5957] Failed to send alter table request: Not found: failed to reset TS proxy: No leader found: Tablet b0f8d1c6931145b1a040b448b44c29a8 has no consensus state
W20260630 12:14:13.134776 19674 catalog_manager.cc:5957] Failed to send alter table request: Not found: failed to reset TS proxy: No leader found: Tablet 9bc887dffd554a698639ba34419752ac has no consensus state
W20260630 12:14:13.136339 19674 catalog_manager.cc:5957] Failed to send alter table request: Not found: failed to reset TS proxy: No leader found: Tablet 829ddab48b624e7bb55d3b27b184389d has no consensus state
W20260630 12:14:13.138799 19674 catalog_manager.cc:5957] Failed to send alter table request: Not found: failed to reset TS proxy: No leader found: Tablet e16e21b070554e2ba1c0d26634905d74 has no consensus state
I20260630 12:14:13.139003 19978 consensus_queue.cc:1048] T ed143385739047c585789d650d03f983 P 96d93c54e7df4dc1a690a10e4bcadeab [LEADER]: Connected to new peer: Peer: permanent_uuid: "451d708f9a9848ccad9e61654064a41d" member_type: VOTER last_known_addr { host: "127.16.105.65" port: 45141 }, Status: LMP_MISMATCH, Last received: 0.0, Next index: 1, Last known committed idx: 0, Time since last communication: 0.000s
W20260630 12:14:13.140250 19674 catalog_manager.cc:5957] Failed to send alter table request: Not found: failed to reset TS proxy: No leader found: Tablet 21fb9adc731147309897b5f00173af9a has no consensus state
W20260630 12:14:13.141649 19674 catalog_manager.cc:5957] Failed to send alter table request: Not found: failed to reset TS proxy: No leader found: Tablet 247ae5044da64f328272ebc84640e181 has no consensus state
W20260630 12:14:13.143170 19674 catalog_manager.cc:5957] Failed to send alter table request: Not found: failed to reset TS proxy: No leader found: Tablet 0b2b0a617d834f20b3767a36c01f2650 has no consensus state
I20260630 12:14:13.144213 19978 consensus_queue.cc:1048] T f62548df97014237a3db92c53793a027 P 96d93c54e7df4dc1a690a10e4bcadeab [LEADER]: Connected to new peer: Peer: permanent_uuid: "dedb397551cc4c8aa785349bd55f481d" member_type: VOTER last_known_addr { host: "127.16.105.67" port: 46663 }, Status: LMP_MISMATCH, Last received: 0.0, Next index: 1, Last known committed idx: 0, Time since last communication: 0.000s
W20260630 12:14:13.144642 19674 catalog_manager.cc:5957] Failed to send alter table request: Not found: failed to reset TS proxy: No leader found: Tablet d8548959d2424ed6a88b4c6ee5cfe764 has no consensus state
W20260630 12:14:13.157793 19661 catalog_manager.cc:4810] Async tablet task AlterTable RPC for tablet b0f8d1c6931145b1a040b448b44c29a8 (table range_aware_rebalance_new_range [id=742d4af7cf494143ba9f11ed088b8740], current schema version=0) failed: Not found: failed to reset TS proxy: No leader found: Tablet b0f8d1c6931145b1a040b448b44c29a8 has no consensus state
I20260630 12:14:13.162184 19994 consensus_queue.cc:1048] T ed143385739047c585789d650d03f983 P 96d93c54e7df4dc1a690a10e4bcadeab [LEADER]: Connected to new peer: Peer: permanent_uuid: "dedb397551cc4c8aa785349bd55f481d" member_type: VOTER last_known_addr { host: "127.16.105.67" port: 46663 }, Status: LMP_MISMATCH, Last received: 0.0, Next index: 1, Last known committed idx: 0, Time since last communication: 0.000s
I20260630 12:14:13.173933 19994 consensus_queue.cc:1048] T f62548df97014237a3db92c53793a027 P 96d93c54e7df4dc1a690a10e4bcadeab [LEADER]: Connected to new peer: Peer: permanent_uuid: "451d708f9a9848ccad9e61654064a41d" member_type: VOTER last_known_addr { host: "127.16.105.65" port: 45141 }, Status: LMP_MISMATCH, Last received: 0.0, Next index: 1, Last known committed idx: 0, Time since last communication: 0.000s
I20260630 12:14:13.191008 19764 tablet_service.cc:1511] Processing CreateTablet for tablet b0f8d1c6931145b1a040b448b44c29a8 (DEFAULT_TABLE table=range_aware_rebalance_new_range [id=742d4af7cf494143ba9f11ed088b8740]), partition=HASH (key) PARTITION 0, RANGE (key) PARTITION 10 <= VALUES < 20
I20260630 12:14:13.192378 19764 data_dirs.cc:400] Could only allocate 1 dirs of requested 3 for tablet b0f8d1c6931145b1a040b448b44c29a8. 1 dirs total, 0 dirs full, 0 dirs failed
I20260630 12:14:13.196201 19766 tablet_service.cc:1511] Processing CreateTablet for tablet 9bc887dffd554a698639ba34419752ac (DEFAULT_TABLE table=range_aware_rebalance_new_range [id=742d4af7cf494143ba9f11ed088b8740]), partition=HASH (key) PARTITION 1, RANGE (key) PARTITION 10 <= VALUES < 20
I20260630 12:14:13.197965 19766 data_dirs.cc:400] Could only allocate 1 dirs of requested 3 for tablet 9bc887dffd554a698639ba34419752ac. 1 dirs total, 0 dirs full, 0 dirs failed
I20260630 12:14:13.200073 19839 tablet_service.cc:1511] Processing CreateTablet for tablet b0f8d1c6931145b1a040b448b44c29a8 (DEFAULT_TABLE table=range_aware_rebalance_new_range [id=742d4af7cf494143ba9f11ed088b8740]), partition=HASH (key) PARTITION 0, RANGE (key) PARTITION 10 <= VALUES < 20
I20260630 12:14:13.201599 19839 data_dirs.cc:400] Could only allocate 1 dirs of requested 3 for tablet b0f8d1c6931145b1a040b448b44c29a8. 1 dirs total, 0 dirs full, 0 dirs failed
I20260630 12:14:13.213030 19843 tablet_service.cc:1511] Processing CreateTablet for tablet 829ddab48b624e7bb55d3b27b184389d (DEFAULT_TABLE table=range_aware_rebalance_new_range [id=742d4af7cf494143ba9f11ed088b8740]), partition=HASH (key) PARTITION 2, RANGE (key) PARTITION 10 <= VALUES < 20
I20260630 12:14:13.217797 19980 consensus_queue.cc:1048] T fc2e121080564edfb90a812941df954d P dedb397551cc4c8aa785349bd55f481d [LEADER]: Connected to new peer: Peer: permanent_uuid: "451d708f9a9848ccad9e61654064a41d" member_type: VOTER last_known_addr { host: "127.16.105.65" port: 45141 }, Status: LMP_MISMATCH, Last received: 0.0, Next index: 1, Last known committed idx: 0, Time since last communication: 0.001s
I20260630 12:14:13.222146 19843 data_dirs.cc:400] Could only allocate 1 dirs of requested 3 for tablet 829ddab48b624e7bb55d3b27b184389d. 1 dirs total, 0 dirs full, 0 dirs failed
I20260630 12:14:13.236069 19973 tablet_bootstrap.cc:492] T b0f8d1c6931145b1a040b448b44c29a8 P 451d708f9a9848ccad9e61654064a41d: Bootstrap starting.
I20260630 12:14:13.234762 19994 consensus_queue.cc:1048] T c4339e5c652e486f86dcd6418d47b3c4 P 96d93c54e7df4dc1a690a10e4bcadeab [LEADER]: Connected to new peer: Peer: permanent_uuid: "451d708f9a9848ccad9e61654064a41d" member_type: VOTER last_known_addr { host: "127.16.105.65" port: 45141 }, Status: LMP_MISMATCH, Last received: 0.0, Next index: 1, Last known committed idx: 0, Time since last communication: 0.004s
I20260630 12:14:13.243422 19973 tablet_bootstrap.cc:654] T b0f8d1c6931145b1a040b448b44c29a8 P 451d708f9a9848ccad9e61654064a41d: Neither blocks nor log segments found. Creating new log.
I20260630 12:14:13.243242 19838 tablet_service.cc:1511] Processing CreateTablet for tablet e16e21b070554e2ba1c0d26634905d74 (DEFAULT_TABLE table=range_aware_rebalance_new_range [id=742d4af7cf494143ba9f11ed088b8740]), partition=HASH (key) PARTITION 3, RANGE (key) PARTITION 10 <= VALUES < 20
I20260630 12:14:13.244953 19838 data_dirs.cc:400] Could only allocate 1 dirs of requested 3 for tablet e16e21b070554e2ba1c0d26634905d74. 1 dirs total, 0 dirs full, 0 dirs failed
I20260630 12:14:13.250589 19764 tablet_service.cc:1511] Processing CreateTablet for tablet e16e21b070554e2ba1c0d26634905d74 (DEFAULT_TABLE table=range_aware_rebalance_new_range [id=742d4af7cf494143ba9f11ed088b8740]), partition=HASH (key) PARTITION 3, RANGE (key) PARTITION 10 <= VALUES < 20
I20260630 12:14:13.251971 19764 data_dirs.cc:400] Could only allocate 1 dirs of requested 3 for tablet e16e21b070554e2ba1c0d26634905d74. 1 dirs total, 0 dirs full, 0 dirs failed
I20260630 12:14:13.260845 19762 tablet_service.cc:1511] Processing CreateTablet for tablet 21fb9adc731147309897b5f00173af9a (DEFAULT_TABLE table=range_aware_rebalance_new_range [id=742d4af7cf494143ba9f11ed088b8740]), partition=HASH (key) PARTITION 4, RANGE (key) PARTITION 10 <= VALUES < 20
I20260630 12:14:13.262655 19762 data_dirs.cc:400] Could only allocate 1 dirs of requested 3 for tablet 21fb9adc731147309897b5f00173af9a. 1 dirs total, 0 dirs full, 0 dirs failed
I20260630 12:14:13.262784 19914 tablet_service.cc:1511] Processing CreateTablet for tablet 9bc887dffd554a698639ba34419752ac (DEFAULT_TABLE table=range_aware_rebalance_new_range [id=742d4af7cf494143ba9f11ed088b8740]), partition=HASH (key) PARTITION 1, RANGE (key) PARTITION 10 <= VALUES < 20
I20260630 12:14:13.264475 19914 data_dirs.cc:400] Could only allocate 1 dirs of requested 3 for tablet 9bc887dffd554a698639ba34419752ac. 1 dirs total, 0 dirs full, 0 dirs failed
I20260630 12:14:13.254702 19980 consensus_queue.cc:1048] T fc2e121080564edfb90a812941df954d P dedb397551cc4c8aa785349bd55f481d [LEADER]: Connected to new peer: Peer: permanent_uuid: "96d93c54e7df4dc1a690a10e4bcadeab" member_type: VOTER last_known_addr { host: "127.16.105.66" port: 46417 }, Status: LMP_MISMATCH, Last received: 0.0, Next index: 1, Last known committed idx: 0, Time since last communication: 0.013s
I20260630 12:14:13.287077 19915 tablet_service.cc:1511] Processing CreateTablet for tablet 829ddab48b624e7bb55d3b27b184389d (DEFAULT_TABLE table=range_aware_rebalance_new_range [id=742d4af7cf494143ba9f11ed088b8740]), partition=HASH (key) PARTITION 2, RANGE (key) PARTITION 10 <= VALUES < 20
I20260630 12:14:13.288589 19915 data_dirs.cc:400] Could only allocate 1 dirs of requested 3 for tablet 829ddab48b624e7bb55d3b27b184389d. 1 dirs total, 0 dirs full, 0 dirs failed
I20260630 12:14:13.295722 19973 tablet_bootstrap.cc:492] T b0f8d1c6931145b1a040b448b44c29a8 P 451d708f9a9848ccad9e61654064a41d: No bootstrap required, opened a new log
