I20260630 12:14:09.750543 19622 consensus_queue.cc:260] T d3af7dc8fc724f40bb5945b90fb2bb9c P 9489718df25b4c27955ccadd6dd51d8d [NON_LEADER]: Queue going to NON_LEADER mode. State: All replicated index: 0, Majority replicated index: 0, Committed index: 0, Last appended: 0.0, Last appended by leader: 0, Current term: 0, Majority size: -1, State: 0, Mode: NON_LEADER, active raft config: opid_index: -1 OBSOLETE_local: false peers { permanent_uuid: "ccf4cc1b753b444cb9c489ff78f3f37d" member_type: VOTER last_known_addr { host: "127.16.105.65" port: 42373 } } peers { permanent_uuid: "02422dbcca9f403e84b7f07aec6c7de5" member_type: VOTER last_known_addr { host: "127.16.105.66" port: 40089 } } peers { permanent_uuid: "9489718df25b4c27955ccadd6dd51d8d" member_type: VOTER last_known_addr { host: "127.16.105.67" port: 43297 } }
I20260630 12:14:09.753518 19622 ts_tablet_manager.cc:1434] T d3af7dc8fc724f40bb5945b90fb2bb9c P 9489718df25b4c27955ccadd6dd51d8d: Time spent starting tablet: real 0.008s	user 0.005s	sys 0.001s
I20260630 12:14:09.754735 19624 tablet_bootstrap.cc:654] T 0a5fdfea00434c1fa9d2fb6b697e0a0e P ccf4cc1b753b444cb9c489ff78f3f37d: Neither blocks nor log segments found. Creating new log.
I20260630 12:14:09.757431 19623 tablet_bootstrap.cc:654] T 79d3b3b3ae0c4391bae1a4de996c88e2 P 02422dbcca9f403e84b7f07aec6c7de5: Neither blocks nor log segments found. Creating new log.
I20260630 12:14:09.770442 19624 tablet_bootstrap.cc:492] T 0a5fdfea00434c1fa9d2fb6b697e0a0e P ccf4cc1b753b444cb9c489ff78f3f37d: No bootstrap required, opened a new log
I20260630 12:14:09.770936 19624 ts_tablet_manager.cc:1403] T 0a5fdfea00434c1fa9d2fb6b697e0a0e P ccf4cc1b753b444cb9c489ff78f3f37d: Time spent bootstrapping tablet: real 0.023s	user 0.007s	sys 0.015s
I20260630 12:14:09.771728 19623 tablet_bootstrap.cc:492] T 79d3b3b3ae0c4391bae1a4de996c88e2 P 02422dbcca9f403e84b7f07aec6c7de5: No bootstrap required, opened a new log
I20260630 12:14:09.772181 19623 ts_tablet_manager.cc:1403] T 79d3b3b3ae0c4391bae1a4de996c88e2 P 02422dbcca9f403e84b7f07aec6c7de5: Time spent bootstrapping tablet: real 0.022s	user 0.001s	sys 0.019s
I20260630 12:14:09.773020 19624 raft_consensus.cc:359] T 0a5fdfea00434c1fa9d2fb6b697e0a0e P ccf4cc1b753b444cb9c489ff78f3f37d [term 0 FOLLOWER]: Replica starting. Triggering 0 pending ops. Active config: opid_index: -1 OBSOLETE_local: false peers { permanent_uuid: "ccf4cc1b753b444cb9c489ff78f3f37d" member_type: VOTER last_known_addr { host: "127.16.105.65" port: 42373 } } peers { permanent_uuid: "02422dbcca9f403e84b7f07aec6c7de5" member_type: VOTER last_known_addr { host: "127.16.105.66" port: 40089 } } peers { permanent_uuid: "9489718df25b4c27955ccadd6dd51d8d" member_type: VOTER last_known_addr { host: "127.16.105.67" port: 43297 } }
I20260630 12:14:09.773581 19624 raft_consensus.cc:385] T 0a5fdfea00434c1fa9d2fb6b697e0a0e P ccf4cc1b753b444cb9c489ff78f3f37d [term 0 FOLLOWER]: Consensus starting up: Expiring failure detector timer to make a prompt election more likely
I20260630 12:14:09.773815 19624 raft_consensus.cc:740] T 0a5fdfea00434c1fa9d2fb6b697e0a0e P ccf4cc1b753b444cb9c489ff78f3f37d [term 0 FOLLOWER]: Becoming Follower/Learner. State: Replica: ccf4cc1b753b444cb9c489ff78f3f37d, State: Initialized, Role: FOLLOWER
I20260630 12:14:09.774396 19624 consensus_queue.cc:260] T 0a5fdfea00434c1fa9d2fb6b697e0a0e P ccf4cc1b753b444cb9c489ff78f3f37d [NON_LEADER]: Queue going to NON_LEADER mode. State: All replicated index: 0, Majority replicated index: 0, Committed index: 0, Last appended: 0.0, Last appended by leader: 0, Current term: 0, Majority size: -1, State: 0, Mode: NON_LEADER, active raft config: opid_index: -1 OBSOLETE_local: false peers { permanent_uuid: "ccf4cc1b753b444cb9c489ff78f3f37d" member_type: VOTER last_known_addr { host: "127.16.105.65" port: 42373 } } peers { permanent_uuid: "02422dbcca9f403e84b7f07aec6c7de5" member_type: VOTER last_known_addr { host: "127.16.105.66" port: 40089 } } peers { permanent_uuid: "9489718df25b4c27955ccadd6dd51d8d" member_type: VOTER last_known_addr { host: "127.16.105.67" port: 43297 } }
I20260630 12:14:09.774801 19623 raft_consensus.cc:359] T 79d3b3b3ae0c4391bae1a4de996c88e2 P 02422dbcca9f403e84b7f07aec6c7de5 [term 0 FOLLOWER]: Replica starting. Triggering 0 pending ops. Active config: opid_index: -1 OBSOLETE_local: false peers { permanent_uuid: "ccf4cc1b753b444cb9c489ff78f3f37d" member_type: VOTER last_known_addr { host: "127.16.105.65" port: 42373 } } peers { permanent_uuid: "02422dbcca9f403e84b7f07aec6c7de5" member_type: VOTER last_known_addr { host: "127.16.105.66" port: 40089 } } peers { permanent_uuid: "9489718df25b4c27955ccadd6dd51d8d" member_type: VOTER last_known_addr { host: "127.16.105.67" port: 43297 } }
I20260630 12:14:09.775580 19623 raft_consensus.cc:385] T 79d3b3b3ae0c4391bae1a4de996c88e2 P 02422dbcca9f403e84b7f07aec6c7de5 [term 0 FOLLOWER]: Consensus starting up: Expiring failure detector timer to make a prompt election more likely
I20260630 12:14:09.775900 19623 raft_consensus.cc:740] T 79d3b3b3ae0c4391bae1a4de996c88e2 P 02422dbcca9f403e84b7f07aec6c7de5 [term 0 FOLLOWER]: Becoming Follower/Learner. State: Replica: 02422dbcca9f403e84b7f07aec6c7de5, State: Initialized, Role: FOLLOWER
I20260630 12:14:09.776101 19624 ts_tablet_manager.cc:1434] T 0a5fdfea00434c1fa9d2fb6b697e0a0e P ccf4cc1b753b444cb9c489ff78f3f37d: Time spent starting tablet: real 0.005s	user 0.004s	sys 0.000s
I20260630 12:14:09.776846 19623 consensus_queue.cc:260] T 79d3b3b3ae0c4391bae1a4de996c88e2 P 02422dbcca9f403e84b7f07aec6c7de5 [NON_LEADER]: Queue going to NON_LEADER mode. State: All replicated index: 0, Majority replicated index: 0, Committed index: 0, Last appended: 0.0, Last appended by leader: 0, Current term: 0, Majority size: -1, State: 0, Mode: NON_LEADER, active raft config: opid_index: -1 OBSOLETE_local: false peers { permanent_uuid: "ccf4cc1b753b444cb9c489ff78f3f37d" member_type: VOTER last_known_addr { host: "127.16.105.65" port: 42373 } } peers { permanent_uuid: "02422dbcca9f403e84b7f07aec6c7de5" member_type: VOTER last_known_addr { host: "127.16.105.66" port: 40089 } } peers { permanent_uuid: "9489718df25b4c27955ccadd6dd51d8d" member_type: VOTER last_known_addr { host: "127.16.105.67" port: 43297 } }
I20260630 12:14:09.779323 19623 ts_tablet_manager.cc:1434] T 79d3b3b3ae0c4391bae1a4de996c88e2 P 02422dbcca9f403e84b7f07aec6c7de5: Time spent starting tablet: real 0.007s	user 0.007s	sys 0.001s
I20260630 12:14:09.809836 19628 raft_consensus.cc:493] T d3af7dc8fc724f40bb5945b90fb2bb9c P 9489718df25b4c27955ccadd6dd51d8d [term 0 FOLLOWER]: Starting pre-election (no leader contacted us within the election timeout)
I20260630 12:14:09.810349 19628 raft_consensus.cc:515] T d3af7dc8fc724f40bb5945b90fb2bb9c P 9489718df25b4c27955ccadd6dd51d8d [term 0 FOLLOWER]: Starting pre-election with config: opid_index: -1 OBSOLETE_local: false peers { permanent_uuid: "ccf4cc1b753b444cb9c489ff78f3f37d" member_type: VOTER last_known_addr { host: "127.16.105.65" port: 42373 } } peers { permanent_uuid: "02422dbcca9f403e84b7f07aec6c7de5" member_type: VOTER last_known_addr { host: "127.16.105.66" port: 40089 } } peers { permanent_uuid: "9489718df25b4c27955ccadd6dd51d8d" member_type: VOTER last_known_addr { host: "127.16.105.67" port: 43297 } }
I20260630 12:14:09.812391 19628 leader_election.cc:290] T d3af7dc8fc724f40bb5945b90fb2bb9c P 9489718df25b4c27955ccadd6dd51d8d [CANDIDATE]: Term 1 pre-election: Requested pre-vote from peers ccf4cc1b753b444cb9c489ff78f3f37d (127.16.105.65:42373), 02422dbcca9f403e84b7f07aec6c7de5 (127.16.105.66:40089)
I20260630 12:14:09.825848 19428 tablet_service.cc:1917] Received RequestConsensusVote() RPC: tablet_id: "d3af7dc8fc724f40bb5945b90fb2bb9c" candidate_uuid: "9489718df25b4c27955ccadd6dd51d8d" candidate_term: 1 candidate_status { last_received { term: 0 index: 0 } } ignore_live_leader: false dest_uuid: "ccf4cc1b753b444cb9c489ff78f3f37d" is_pre_election: true
I20260630 12:14:09.825848 19503 tablet_service.cc:1917] Received RequestConsensusVote() RPC: tablet_id: "d3af7dc8fc724f40bb5945b90fb2bb9c" candidate_uuid: "9489718df25b4c27955ccadd6dd51d8d" candidate_term: 1 candidate_status { last_received { term: 0 index: 0 } } ignore_live_leader: false dest_uuid: "02422dbcca9f403e84b7f07aec6c7de5" is_pre_election: true
I20260630 12:14:09.827147 19503 raft_consensus.cc:2468] T d3af7dc8fc724f40bb5945b90fb2bb9c P 02422dbcca9f403e84b7f07aec6c7de5 [term 0 FOLLOWER]: Leader pre-election vote request: Granting yes vote for candidate 9489718df25b4c27955ccadd6dd51d8d in term 0.
I20260630 12:14:09.827144 19428 raft_consensus.cc:2468] T d3af7dc8fc724f40bb5945b90fb2bb9c P ccf4cc1b753b444cb9c489ff78f3f37d [term 0 FOLLOWER]: Leader pre-election vote request: Granting yes vote for candidate 9489718df25b4c27955ccadd6dd51d8d in term 0.
I20260630 12:14:09.828930 19542 leader_election.cc:304] T d3af7dc8fc724f40bb5945b90fb2bb9c P 9489718df25b4c27955ccadd6dd51d8d [CANDIDATE]: Term 1 pre-election: Election decided. Result: candidate won. Election summary: received 2 responses out of 3 voters: 2 yes votes; 0 no votes. yes voters: 9489718df25b4c27955ccadd6dd51d8d, ccf4cc1b753b444cb9c489ff78f3f37d; no voters: 
I20260630 12:14:09.829687 19628 raft_consensus.cc:2804] T d3af7dc8fc724f40bb5945b90fb2bb9c P 9489718df25b4c27955ccadd6dd51d8d [term 0 FOLLOWER]: Leader pre-election won for term 1
I20260630 12:14:09.830006 19628 raft_consensus.cc:493] T d3af7dc8fc724f40bb5945b90fb2bb9c P 9489718df25b4c27955ccadd6dd51d8d [term 0 FOLLOWER]: Starting leader election (no leader contacted us within the election timeout)
I20260630 12:14:09.830271 19628 raft_consensus.cc:3060] T d3af7dc8fc724f40bb5945b90fb2bb9c P 9489718df25b4c27955ccadd6dd51d8d [term 0 FOLLOWER]: Advancing to term 1
I20260630 12:14:09.835165 19628 raft_consensus.cc:515] T d3af7dc8fc724f40bb5945b90fb2bb9c P 9489718df25b4c27955ccadd6dd51d8d [term 1 FOLLOWER]: Starting leader election with config: opid_index: -1 OBSOLETE_local: false peers { permanent_uuid: "ccf4cc1b753b444cb9c489ff78f3f37d" member_type: VOTER last_known_addr { host: "127.16.105.65" port: 42373 } } peers { permanent_uuid: "02422dbcca9f403e84b7f07aec6c7de5" member_type: VOTER last_known_addr { host: "127.16.105.66" port: 40089 } } peers { permanent_uuid: "9489718df25b4c27955ccadd6dd51d8d" member_type: VOTER last_known_addr { host: "127.16.105.67" port: 43297 } }
I20260630 12:14:09.836700 19628 leader_election.cc:290] T d3af7dc8fc724f40bb5945b90fb2bb9c P 9489718df25b4c27955ccadd6dd51d8d [CANDIDATE]: Term 1 election: Requested vote from peers ccf4cc1b753b444cb9c489ff78f3f37d (127.16.105.65:42373), 02422dbcca9f403e84b7f07aec6c7de5 (127.16.105.66:40089)
I20260630 12:14:09.837738 19503 tablet_service.cc:1917] Received RequestConsensusVote() RPC: tablet_id: "d3af7dc8fc724f40bb5945b90fb2bb9c" candidate_uuid: "9489718df25b4c27955ccadd6dd51d8d" candidate_term: 1 candidate_status { last_received { term: 0 index: 0 } } ignore_live_leader: false dest_uuid: "02422dbcca9f403e84b7f07aec6c7de5"
I20260630 12:14:09.837620 19428 tablet_service.cc:1917] Received RequestConsensusVote() RPC: tablet_id: "d3af7dc8fc724f40bb5945b90fb2bb9c" candidate_uuid: "9489718df25b4c27955ccadd6dd51d8d" candidate_term: 1 candidate_status { last_received { term: 0 index: 0 } } ignore_live_leader: false dest_uuid: "ccf4cc1b753b444cb9c489ff78f3f37d"
I20260630 12:14:09.838310 19503 raft_consensus.cc:3060] T d3af7dc8fc724f40bb5945b90fb2bb9c P 02422dbcca9f403e84b7f07aec6c7de5 [term 0 FOLLOWER]: Advancing to term 1
I20260630 12:14:09.838358 19428 raft_consensus.cc:3060] T d3af7dc8fc724f40bb5945b90fb2bb9c P ccf4cc1b753b444cb9c489ff78f3f37d [term 0 FOLLOWER]: Advancing to term 1
I20260630 12:14:09.840920 19629 raft_consensus.cc:493] T 79d3b3b3ae0c4391bae1a4de996c88e2 P ccf4cc1b753b444cb9c489ff78f3f37d [term 0 FOLLOWER]: Starting pre-election (no leader contacted us within the election timeout)
I20260630 12:14:09.841455 19629 raft_consensus.cc:515] T 79d3b3b3ae0c4391bae1a4de996c88e2 P ccf4cc1b753b444cb9c489ff78f3f37d [term 0 FOLLOWER]: Starting pre-election with config: opid_index: -1 OBSOLETE_local: false peers { permanent_uuid: "ccf4cc1b753b444cb9c489ff78f3f37d" member_type: VOTER last_known_addr { host: "127.16.105.65" port: 42373 } } peers { permanent_uuid: "02422dbcca9f403e84b7f07aec6c7de5" member_type: VOTER last_known_addr { host: "127.16.105.66" port: 40089 } } peers { permanent_uuid: "9489718df25b4c27955ccadd6dd51d8d" member_type: VOTER last_known_addr { host: "127.16.105.67" port: 43297 } }
I20260630 12:14:09.845466 19629 leader_election.cc:290] T 79d3b3b3ae0c4391bae1a4de996c88e2 P ccf4cc1b753b444cb9c489ff78f3f37d [CANDIDATE]: Term 1 pre-election: Requested pre-vote from peers 02422dbcca9f403e84b7f07aec6c7de5 (127.16.105.66:40089), 9489718df25b4c27955ccadd6dd51d8d (127.16.105.67:43297)
I20260630 12:14:09.845680 19503 raft_consensus.cc:2468] T d3af7dc8fc724f40bb5945b90fb2bb9c P 02422dbcca9f403e84b7f07aec6c7de5 [term 1 FOLLOWER]: Leader election vote request: Granting yes vote for candidate 9489718df25b4c27955ccadd6dd51d8d in term 1.
I20260630 12:14:09.846772 19428 raft_consensus.cc:2468] T d3af7dc8fc724f40bb5945b90fb2bb9c P ccf4cc1b753b444cb9c489ff78f3f37d [term 1 FOLLOWER]: Leader election vote request: Granting yes vote for candidate 9489718df25b4c27955ccadd6dd51d8d in term 1.
I20260630 12:14:09.847018 19541 leader_election.cc:304] T d3af7dc8fc724f40bb5945b90fb2bb9c P 9489718df25b4c27955ccadd6dd51d8d [CANDIDATE]: Term 1 election: Election decided. Result: candidate won. Election summary: received 2 responses out of 3 voters: 2 yes votes; 0 no votes. yes voters: 02422dbcca9f403e84b7f07aec6c7de5, 9489718df25b4c27955ccadd6dd51d8d; no voters: 
I20260630 12:14:09.847889 19628 raft_consensus.cc:2804] T d3af7dc8fc724f40bb5945b90fb2bb9c P 9489718df25b4c27955ccadd6dd51d8d [term 1 FOLLOWER]: Leader election won for term 1
I20260630 12:14:09.851337 19628 raft_consensus.cc:697] T d3af7dc8fc724f40bb5945b90fb2bb9c P 9489718df25b4c27955ccadd6dd51d8d [term 1 LEADER]: Becoming Leader. State: Replica: 9489718df25b4c27955ccadd6dd51d8d, State: Running, Role: LEADER
I20260630 12:14:09.852336 19628 consensus_queue.cc:237] T d3af7dc8fc724f40bb5945b90fb2bb9c P 9489718df25b4c27955ccadd6dd51d8d [LEADER]: Queue going to LEADER mode. State: All replicated index: 0, Majority replicated index: 0, Committed index: 0, Last appended: 0.0, Last appended by leader: 0, Current term: 1, Majority size: 2, State: 0, Mode: LEADER, active raft config: opid_index: -1 OBSOLETE_local: false peers { permanent_uuid: "ccf4cc1b753b444cb9c489ff78f3f37d" member_type: VOTER last_known_addr { host: "127.16.105.65" port: 42373 } } peers { permanent_uuid: "02422dbcca9f403e84b7f07aec6c7de5" member_type: VOTER last_known_addr { host: "127.16.105.66" port: 40089 } } peers { permanent_uuid: "9489718df25b4c27955ccadd6dd51d8d" member_type: VOTER last_known_addr { host: "127.16.105.67" port: 43297 } }
I20260630 12:14:09.854192 19644 raft_consensus.cc:493] T 38137402eda94f67b213868152fa7caa P 9489718df25b4c27955ccadd6dd51d8d [term 0 FOLLOWER]: Starting pre-election (no leader contacted us within the election timeout)
I20260630 12:14:09.854770 19644 raft_consensus.cc:515] T 38137402eda94f67b213868152fa7caa P 9489718df25b4c27955ccadd6dd51d8d [term 0 FOLLOWER]: Starting pre-election with config: opid_index: -1 OBSOLETE_local: false peers { permanent_uuid: "9489718df25b4c27955ccadd6dd51d8d" member_type: VOTER last_known_addr { host: "127.16.105.67" port: 43297 } } peers { permanent_uuid: "02422dbcca9f403e84b7f07aec6c7de5" member_type: VOTER last_known_addr { host: "127.16.105.66" port: 40089 } } peers { permanent_uuid: "ccf4cc1b753b444cb9c489ff78f3f37d" member_type: VOTER last_known_addr { host: "127.16.105.65" port: 42373 } }
I20260630 12:14:09.857999 19503 tablet_service.cc:1917] Received RequestConsensusVote() RPC: tablet_id: "38137402eda94f67b213868152fa7caa" candidate_uuid: "9489718df25b4c27955ccadd6dd51d8d" candidate_term: 1 candidate_status { last_received { term: 0 index: 0 } } ignore_live_leader: false dest_uuid: "02422dbcca9f403e84b7f07aec6c7de5" is_pre_election: true
I20260630 12:14:09.858661 19503 raft_consensus.cc:2468] T 38137402eda94f67b213868152fa7caa P 02422dbcca9f403e84b7f07aec6c7de5 [term 0 FOLLOWER]: Leader pre-election vote request: Granting yes vote for candidate 9489718df25b4c27955ccadd6dd51d8d in term 0.
I20260630 12:14:09.860092 19541 leader_election.cc:304] T 38137402eda94f67b213868152fa7caa P 9489718df25b4c27955ccadd6dd51d8d [CANDIDATE]: Term 1 pre-election: Election decided. Result: candidate won. Election summary: received 2 responses out of 3 voters: 2 yes votes; 0 no votes. yes voters: 02422dbcca9f403e84b7f07aec6c7de5, 9489718df25b4c27955ccadd6dd51d8d; no voters: 
I20260630 12:14:09.861058 19503 tablet_service.cc:1917] Received RequestConsensusVote() RPC: tablet_id: "79d3b3b3ae0c4391bae1a4de996c88e2" candidate_uuid: "ccf4cc1b753b444cb9c489ff78f3f37d" candidate_term: 1 candidate_status { last_received { term: 0 index: 0 } } ignore_live_leader: false dest_uuid: "02422dbcca9f403e84b7f07aec6c7de5" is_pre_election: true
I20260630 12:14:09.861977 19503 raft_consensus.cc:2468] T 79d3b3b3ae0c4391bae1a4de996c88e2 P 02422dbcca9f403e84b7f07aec6c7de5 [term 0 FOLLOWER]: Leader pre-election vote request: Granting yes vote for candidate ccf4cc1b753b444cb9c489ff78f3f37d in term 0.
I20260630 12:14:09.862682 19628 raft_consensus.cc:2804] T 38137402eda94f67b213868152fa7caa P 9489718df25b4c27955ccadd6dd51d8d [term 0 FOLLOWER]: Leader pre-election won for term 1
I20260630 12:14:09.863189 19628 raft_consensus.cc:493] T 38137402eda94f67b213868152fa7caa P 9489718df25b4c27955ccadd6dd51d8d [term 0 FOLLOWER]: Starting leader election (no leader contacted us within the election timeout)
I20260630 12:14:09.863634 19628 raft_consensus.cc:3060] T 38137402eda94f67b213868152fa7caa P 9489718df25b4c27955ccadd6dd51d8d [term 0 FOLLOWER]: Advancing to term 1
I20260630 12:14:09.864080 19392 leader_election.cc:304] T 79d3b3b3ae0c4391bae1a4de996c88e2 P ccf4cc1b753b444cb9c489ff78f3f37d [CANDIDATE]: Term 1 pre-election: Election decided. Result: candidate won. Election summary: received 2 responses out of 3 voters: 2 yes votes; 0 no votes. yes voters: 02422dbcca9f403e84b7f07aec6c7de5, ccf4cc1b753b444cb9c489ff78f3f37d; no voters: 
I20260630 12:14:09.865145 19629 raft_consensus.cc:2804] T 79d3b3b3ae0c4391bae1a4de996c88e2 P ccf4cc1b753b444cb9c489ff78f3f37d [term 0 FOLLOWER]: Leader pre-election won for term 1
I20260630 12:14:09.865510 19629 raft_consensus.cc:493] T 79d3b3b3ae0c4391bae1a4de996c88e2 P ccf4cc1b753b444cb9c489ff78f3f37d [term 0 FOLLOWER]: Starting leader election (no leader contacted us within the election timeout)
I20260630 12:14:09.865844 19629 raft_consensus.cc:3060] T 79d3b3b3ae0c4391bae1a4de996c88e2 P ccf4cc1b753b444cb9c489ff78f3f37d [term 0 FOLLOWER]: Advancing to term 1
I20260630 12:14:09.868602 19644 leader_election.cc:290] T 38137402eda94f67b213868152fa7caa P 9489718df25b4c27955ccadd6dd51d8d [CANDIDATE]: Term 1 pre-election: Requested pre-vote from peers 02422dbcca9f403e84b7f07aec6c7de5 (127.16.105.66:40089), ccf4cc1b753b444cb9c489ff78f3f37d (127.16.105.65:42373)
I20260630 12:14:09.868614 19577 tablet_service.cc:1917] Received RequestConsensusVote() RPC: tablet_id: "79d3b3b3ae0c4391bae1a4de996c88e2" candidate_uuid: "ccf4cc1b753b444cb9c489ff78f3f37d" candidate_term: 1 candidate_status { last_received { term: 0 index: 0 } } ignore_live_leader: false dest_uuid: "9489718df25b4c27955ccadd6dd51d8d" is_pre_election: true
I20260630 12:14:09.869565 19577 raft_consensus.cc:2468] T 79d3b3b3ae0c4391bae1a4de996c88e2 P 9489718df25b4c27955ccadd6dd51d8d [term 0 FOLLOWER]: Leader pre-election vote request: Granting yes vote for candidate ccf4cc1b753b444cb9c489ff78f3f37d in term 0.
I20260630 12:14:09.870309 19628 raft_consensus.cc:515] T 38137402eda94f67b213868152fa7caa P 9489718df25b4c27955ccadd6dd51d8d [term 1 FOLLOWER]: Starting leader election with config: opid_index: -1 OBSOLETE_local: false peers { permanent_uuid: "9489718df25b4c27955ccadd6dd51d8d" member_type: VOTER last_known_addr { host: "127.16.105.67" port: 43297 } } peers { permanent_uuid: "02422dbcca9f403e84b7f07aec6c7de5" member_type: VOTER last_known_addr { host: "127.16.105.66" port: 40089 } } peers { permanent_uuid: "ccf4cc1b753b444cb9c489ff78f3f37d" member_type: VOTER last_known_addr { host: "127.16.105.65" port: 42373 } }
I20260630 12:14:09.871321 19428 tablet_service.cc:1917] Received RequestConsensusVote() RPC: tablet_id: "38137402eda94f67b213868152fa7caa" candidate_uuid: "9489718df25b4c27955ccadd6dd51d8d" candidate_term: 1 candidate_status { last_received { term: 0 index: 0 } } ignore_live_leader: false dest_uuid: "ccf4cc1b753b444cb9c489ff78f3f37d" is_pre_election: true
I20260630 12:14:09.871930 19428 raft_consensus.cc:2468] T 38137402eda94f67b213868152fa7caa P ccf4cc1b753b444cb9c489ff78f3f37d [term 0 FOLLOWER]: Leader pre-election vote request: Granting yes vote for candidate 9489718df25b4c27955ccadd6dd51d8d in term 0.
I20260630 12:14:09.873292 19628 leader_election.cc:290] T 38137402eda94f67b213868152fa7caa P 9489718df25b4c27955ccadd6dd51d8d [CANDIDATE]: Term 1 election: Requested vote from peers 02422dbcca9f403e84b7f07aec6c7de5 (127.16.105.66:40089), ccf4cc1b753b444cb9c489ff78f3f37d (127.16.105.65:42373)
I20260630 12:14:09.873555 19428 tablet_service.cc:1917] Received RequestConsensusVote() RPC: tablet_id: "38137402eda94f67b213868152fa7caa" candidate_uuid: "9489718df25b4c27955ccadd6dd51d8d" candidate_term: 1 candidate_status { last_received { term: 0 index: 0 } } ignore_live_leader: false dest_uuid: "ccf4cc1b753b444cb9c489ff78f3f37d"
I20260630 12:14:09.872900 19323 catalog_manager.cc:5697] T d3af7dc8fc724f40bb5945b90fb2bb9c P 9489718df25b4c27955ccadd6dd51d8d reported cstate change: term changed from 0 to 1, leader changed from <none> to 9489718df25b4c27955ccadd6dd51d8d (127.16.105.67). New cstate: current_term: 1 leader_uuid: "9489718df25b4c27955ccadd6dd51d8d" committed_config { opid_index: -1 OBSOLETE_local: false peers { permanent_uuid: "ccf4cc1b753b444cb9c489ff78f3f37d" member_type: VOTER last_known_addr { host: "127.16.105.65" port: 42373 } health_report { overall_health: UNKNOWN } } peers { permanent_uuid: "02422dbcca9f403e84b7f07aec6c7de5" member_type: VOTER last_known_addr { host: "127.16.105.66" port: 40089 } health_report { overall_health: UNKNOWN } } peers { permanent_uuid: "9489718df25b4c27955ccadd6dd51d8d" member_type: VOTER last_known_addr { host: "127.16.105.67" port: 43297 } health_report { overall_health: HEALTHY } } }
I20260630 12:14:09.874107 19428 raft_consensus.cc:3060] T 38137402eda94f67b213868152fa7caa P ccf4cc1b753b444cb9c489ff78f3f37d [term 0 FOLLOWER]: Advancing to term 1
I20260630 12:14:09.875072 19503 tablet_service.cc:1917] Received RequestConsensusVote() RPC: tablet_id: "38137402eda94f67b213868152fa7caa" candidate_uuid: "9489718df25b4c27955ccadd6dd51d8d" candidate_term: 1 candidate_status { last_received { term: 0 index: 0 } } ignore_live_leader: false dest_uuid: "02422dbcca9f403e84b7f07aec6c7de5"
I20260630 12:14:09.875651 19503 raft_consensus.cc:3060] T 38137402eda94f67b213868152fa7caa P 02422dbcca9f403e84b7f07aec6c7de5 [term 0 FOLLOWER]: Advancing to term 1
I20260630 12:14:09.877040 19629 raft_consensus.cc:515] T 79d3b3b3ae0c4391bae1a4de996c88e2 P ccf4cc1b753b444cb9c489ff78f3f37d [term 1 FOLLOWER]: Starting leader election with config: opid_index: -1 OBSOLETE_local: false peers { permanent_uuid: "ccf4cc1b753b444cb9c489ff78f3f37d" member_type: VOTER last_known_addr { host: "127.16.105.65" port: 42373 } } peers { permanent_uuid: "02422dbcca9f403e84b7f07aec6c7de5" member_type: VOTER last_known_addr { host: "127.16.105.66" port: 40089 } } peers { permanent_uuid: "9489718df25b4c27955ccadd6dd51d8d" member_type: VOTER last_known_addr { host: "127.16.105.67" port: 43297 } }
I20260630 12:14:09.879849 19629 leader_election.cc:290] T 79d3b3b3ae0c4391bae1a4de996c88e2 P ccf4cc1b753b444cb9c489ff78f3f37d [CANDIDATE]: Term 1 election: Requested vote from peers 02422dbcca9f403e84b7f07aec6c7de5 (127.16.105.66:40089), 9489718df25b4c27955ccadd6dd51d8d (127.16.105.67:43297)
I20260630 12:14:09.879985 19502 tablet_service.cc:1917] Received RequestConsensusVote() RPC: tablet_id: "79d3b3b3ae0c4391bae1a4de996c88e2" candidate_uuid: "ccf4cc1b753b444cb9c489ff78f3f37d" candidate_term: 1 candidate_status { last_received { term: 0 index: 0 } } ignore_live_leader: false dest_uuid: "02422dbcca9f403e84b7f07aec6c7de5"
I20260630 12:14:09.880652 19502 raft_consensus.cc:3060] T 79d3b3b3ae0c4391bae1a4de996c88e2 P 02422dbcca9f403e84b7f07aec6c7de5 [term 0 FOLLOWER]: Advancing to term 1
I20260630 12:14:09.880918 19577 tablet_service.cc:1917] Received RequestConsensusVote() RPC: tablet_id: "79d3b3b3ae0c4391bae1a4de996c88e2" candidate_uuid: "ccf4cc1b753b444cb9c489ff78f3f37d" candidate_term: 1 candidate_status { last_received { term: 0 index: 0 } } ignore_live_leader: false dest_uuid: "9489718df25b4c27955ccadd6dd51d8d"
I20260630 12:14:09.881451 19577 raft_consensus.cc:3060] T 79d3b3b3ae0c4391bae1a4de996c88e2 P 9489718df25b4c27955ccadd6dd51d8d [term 0 FOLLOWER]: Advancing to term 1
I20260630 12:14:09.882580 19503 raft_consensus.cc:2468] T 38137402eda94f67b213868152fa7caa P 02422dbcca9f403e84b7f07aec6c7de5 [term 1 FOLLOWER]: Leader election vote request: Granting yes vote for candidate 9489718df25b4c27955ccadd6dd51d8d in term 1.
I20260630 12:14:09.884266 19541 leader_election.cc:304] T 38137402eda94f67b213868152fa7caa P 9489718df25b4c27955ccadd6dd51d8d [CANDIDATE]: Term 1 election: Election decided. Result: candidate won. Election summary: received 2 responses out of 3 voters: 2 yes votes; 0 no votes. yes voters: 02422dbcca9f403e84b7f07aec6c7de5, 9489718df25b4c27955ccadd6dd51d8d; no voters: 
I20260630 12:14:09.885152 19628 raft_consensus.cc:2804] T 38137402eda94f67b213868152fa7caa P 9489718df25b4c27955ccadd6dd51d8d [term 1 FOLLOWER]: Leader election won for term 1
I20260630 12:14:09.885694 19628 raft_consensus.cc:697] T 38137402eda94f67b213868152fa7caa P 9489718df25b4c27955ccadd6dd51d8d [term 1 LEADER]: Becoming Leader. State: Replica: 9489718df25b4c27955ccadd6dd51d8d, State: Running, Role: LEADER
I20260630 12:14:09.887279 19628 consensus_queue.cc:237] T 38137402eda94f67b213868152fa7caa P 9489718df25b4c27955ccadd6dd51d8d [LEADER]: Queue going to LEADER mode. State: All replicated index: 0, Majority replicated index: 0, Committed index: 0, Last appended: 0.0, Last appended by leader: 0, Current term: 1, Majority size: 2, State: 0, Mode: LEADER, active raft config: opid_index: -1 OBSOLETE_local: false peers { permanent_uuid: "9489718df25b4c27955ccadd6dd51d8d" member_type: VOTER last_known_addr { host: "127.16.105.67" port: 43297 } } peers { permanent_uuid: "02422dbcca9f403e84b7f07aec6c7de5" member_type: VOTER last_known_addr { host: "127.16.105.66" port: 40089 } } peers { permanent_uuid: "ccf4cc1b753b444cb9c489ff78f3f37d" member_type: VOTER last_known_addr { host: "127.16.105.65" port: 42373 } }
I20260630 12:14:09.888103 19502 raft_consensus.cc:2468] T 79d3b3b3ae0c4391bae1a4de996c88e2 P 02422dbcca9f403e84b7f07aec6c7de5 [term 1 FOLLOWER]: Leader election vote request: Granting yes vote for candidate ccf4cc1b753b444cb9c489ff78f3f37d in term 1.
I20260630 12:14:09.888103 19428 raft_consensus.cc:2468] T 38137402eda94f67b213868152fa7caa P ccf4cc1b753b444cb9c489ff78f3f37d [term 1 FOLLOWER]: Leader election vote request: Granting yes vote for candidate 9489718df25b4c27955ccadd6dd51d8d in term 1.
I20260630 12:14:09.888319 19577 raft_consensus.cc:2468] T 79d3b3b3ae0c4391bae1a4de996c88e2 P 9489718df25b4c27955ccadd6dd51d8d [term 1 FOLLOWER]: Leader election vote request: Granting yes vote for candidate ccf4cc1b753b444cb9c489ff78f3f37d in term 1.
I20260630 12:14:09.889961 19392 leader_election.cc:304] T 79d3b3b3ae0c4391bae1a4de996c88e2 P ccf4cc1b753b444cb9c489ff78f3f37d [CANDIDATE]: Term 1 election: Election decided. Result: candidate won. Election summary: received 2 responses out of 3 voters: 2 yes votes; 0 no votes. yes voters: 02422dbcca9f403e84b7f07aec6c7de5, ccf4cc1b753b444cb9c489ff78f3f37d; no voters: 
I20260630 12:14:09.890939 19629 raft_consensus.cc:2804] T 79d3b3b3ae0c4391bae1a4de996c88e2 P ccf4cc1b753b444cb9c489ff78f3f37d [term 1 FOLLOWER]: Leader election won for term 1
I20260630 12:14:09.892313 19629 raft_consensus.cc:697] T 79d3b3b3ae0c4391bae1a4de996c88e2 P ccf4cc1b753b444cb9c489ff78f3f37d [term 1 LEADER]: Becoming Leader. State: Replica: ccf4cc1b753b444cb9c489ff78f3f37d, State: Running, Role: LEADER
I20260630 12:14:09.893141 19629 consensus_queue.cc:237] T 79d3b3b3ae0c4391bae1a4de996c88e2 P ccf4cc1b753b444cb9c489ff78f3f37d [LEADER]: Queue going to LEADER mode. State: All replicated index: 0, Majority replicated index: 0, Committed index: 0, Last appended: 0.0, Last appended by leader: 0, Current term: 1, Majority size: 2, State: 0, Mode: LEADER, active raft config: opid_index: -1 OBSOLETE_local: false peers { permanent_uuid: "ccf4cc1b753b444cb9c489ff78f3f37d" member_type: VOTER last_known_addr { host: "127.16.105.65" port: 42373 } } peers { permanent_uuid: "02422dbcca9f403e84b7f07aec6c7de5" member_type: VOTER last_known_addr { host: "127.16.105.66" port: 40089 } } peers { permanent_uuid: "9489718df25b4c27955ccadd6dd51d8d" member_type: VOTER last_known_addr { host: "127.16.105.67" port: 43297 } }
I20260630 12:14:09.896106 19323 catalog_manager.cc:5697] T 38137402eda94f67b213868152fa7caa P 9489718df25b4c27955ccadd6dd51d8d reported cstate change: term changed from 0 to 1, leader changed from <none> to 9489718df25b4c27955ccadd6dd51d8d (127.16.105.67). New cstate: current_term: 1 leader_uuid: "9489718df25b4c27955ccadd6dd51d8d" committed_config { opid_index: -1 OBSOLETE_local: false peers { permanent_uuid: "9489718df25b4c27955ccadd6dd51d8d" member_type: VOTER last_known_addr { host: "127.16.105.67" port: 43297 } health_report { overall_health: HEALTHY } } peers { permanent_uuid: "02422dbcca9f403e84b7f07aec6c7de5" member_type: VOTER last_known_addr { host: "127.16.105.66" port: 40089 } health_report { overall_health: UNKNOWN } } peers { permanent_uuid: "ccf4cc1b753b444cb9c489ff78f3f37d" member_type: VOTER last_known_addr { host: "127.16.105.65" port: 42373 } health_report { overall_health: UNKNOWN } } }
I20260630 12:14:09.900775 19326 catalog_manager.cc:5697] T 79d3b3b3ae0c4391bae1a4de996c88e2 P ccf4cc1b753b444cb9c489ff78f3f37d reported cstate change: term changed from 0 to 1, leader changed from <none> to ccf4cc1b753b444cb9c489ff78f3f37d (127.16.105.65). New cstate: current_term: 1 leader_uuid: "ccf4cc1b753b444cb9c489ff78f3f37d" committed_config { opid_index: -1 OBSOLETE_local: false peers { permanent_uuid: "ccf4cc1b753b444cb9c489ff78f3f37d" member_type: VOTER last_known_addr { host: "127.16.105.65" port: 42373 } health_report { overall_health: HEALTHY } } peers { permanent_uuid: "02422dbcca9f403e84b7f07aec6c7de5" member_type: VOTER last_known_addr { host: "127.16.105.66" port: 40089 } health_report { overall_health: UNKNOWN } } peers { permanent_uuid: "9489718df25b4c27955ccadd6dd51d8d" member_type: VOTER last_known_addr { host: "127.16.105.67" port: 43297 } health_report { overall_health: UNKNOWN } } }
I20260630 12:14:10.026722 19628 raft_consensus.cc:493] T 0a5fdfea00434c1fa9d2fb6b697e0a0e P 9489718df25b4c27955ccadd6dd51d8d [term 0 FOLLOWER]: Starting pre-election (no leader contacted us within the election timeout)
I20260630 12:14:10.027170 19628 raft_consensus.cc:515] T 0a5fdfea00434c1fa9d2fb6b697e0a0e P 9489718df25b4c27955ccadd6dd51d8d [term 0 FOLLOWER]: Starting pre-election with config: opid_index: -1 OBSOLETE_local: false peers { permanent_uuid: "ccf4cc1b753b444cb9c489ff78f3f37d" member_type: VOTER last_known_addr { host: "127.16.105.65" port: 42373 } } peers { permanent_uuid: "02422dbcca9f403e84b7f07aec6c7de5" member_type: VOTER last_known_addr { host: "127.16.105.66" port: 40089 } } peers { permanent_uuid: "9489718df25b4c27955ccadd6dd51d8d" member_type: VOTER last_known_addr { host: "127.16.105.67" port: 43297 } }
I20260630 12:14:10.028779 19628 leader_election.cc:290] T 0a5fdfea00434c1fa9d2fb6b697e0a0e P 9489718df25b4c27955ccadd6dd51d8d [CANDIDATE]: Term 1 pre-election: Requested pre-vote from peers ccf4cc1b753b444cb9c489ff78f3f37d (127.16.105.65:42373), 02422dbcca9f403e84b7f07aec6c7de5 (127.16.105.66:40089)
I20260630 12:14:10.029560 19428 tablet_service.cc:1917] Received RequestConsensusVote() RPC: tablet_id: "0a5fdfea00434c1fa9d2fb6b697e0a0e" candidate_uuid: "9489718df25b4c27955ccadd6dd51d8d" candidate_term: 1 candidate_status { last_received { term: 0 index: 0 } } ignore_live_leader: false dest_uuid: "ccf4cc1b753b444cb9c489ff78f3f37d" is_pre_election: true
I20260630 12:14:10.029867 19502 tablet_service.cc:1917] Received RequestConsensusVote() RPC: tablet_id: "0a5fdfea00434c1fa9d2fb6b697e0a0e" candidate_uuid: "9489718df25b4c27955ccadd6dd51d8d" candidate_term: 1 candidate_status { last_received { term: 0 index: 0 } } ignore_live_leader: false dest_uuid: "02422dbcca9f403e84b7f07aec6c7de5" is_pre_election: true
I20260630 12:14:10.030082 19428 raft_consensus.cc:2468] T 0a5fdfea00434c1fa9d2fb6b697e0a0e P ccf4cc1b753b444cb9c489ff78f3f37d [term 0 FOLLOWER]: Leader pre-election vote request: Granting yes vote for candidate 9489718df25b4c27955ccadd6dd51d8d in term 0.
I20260630 12:14:10.030453 19502 raft_consensus.cc:2468] T 0a5fdfea00434c1fa9d2fb6b697e0a0e P 02422dbcca9f403e84b7f07aec6c7de5 [term 0 FOLLOWER]: Leader pre-election vote request: Granting yes vote for candidate 9489718df25b4c27955ccadd6dd51d8d in term 0.
I20260630 12:14:10.031137 19542 leader_election.cc:304] T 0a5fdfea00434c1fa9d2fb6b697e0a0e P 9489718df25b4c27955ccadd6dd51d8d [CANDIDATE]: Term 1 pre-election: Election decided. Result: candidate won. Election summary: received 2 responses out of 3 voters: 2 yes votes; 0 no votes. yes voters: 9489718df25b4c27955ccadd6dd51d8d, ccf4cc1b753b444cb9c489ff78f3f37d; no voters: 
I20260630 12:14:10.031929 19628 raft_consensus.cc:2804] T 0a5fdfea00434c1fa9d2fb6b697e0a0e P 9489718df25b4c27955ccadd6dd51d8d [term 0 FOLLOWER]: Leader pre-election won for term 1
I20260630 12:14:10.032222 19628 raft_consensus.cc:493] T 0a5fdfea00434c1fa9d2fb6b697e0a0e P 9489718df25b4c27955ccadd6dd51d8d [term 0 FOLLOWER]: Starting leader election (no leader contacted us within the election timeout)
I20260630 12:14:10.032536 19628 raft_consensus.cc:3060] T 0a5fdfea00434c1fa9d2fb6b697e0a0e P 9489718df25b4c27955ccadd6dd51d8d [term 0 FOLLOWER]: Advancing to term 1
I20260630 12:14:10.037380 19628 raft_consensus.cc:515] T 0a5fdfea00434c1fa9d2fb6b697e0a0e P 9489718df25b4c27955ccadd6dd51d8d [term 1 FOLLOWER]: Starting leader election with config: opid_index: -1 OBSOLETE_local: false peers { permanent_uuid: "ccf4cc1b753b444cb9c489ff78f3f37d" member_type: VOTER last_known_addr { host: "127.16.105.65" port: 42373 } } peers { permanent_uuid: "02422dbcca9f403e84b7f07aec6c7de5" member_type: VOTER last_known_addr { host: "127.16.105.66" port: 40089 } } peers { permanent_uuid: "9489718df25b4c27955ccadd6dd51d8d" member_type: VOTER last_known_addr { host: "127.16.105.67" port: 43297 } }
I20260630 12:14:10.039000 19628 leader_election.cc:290] T 0a5fdfea00434c1fa9d2fb6b697e0a0e P 9489718df25b4c27955ccadd6dd51d8d [CANDIDATE]: Term 1 election: Requested vote from peers ccf4cc1b753b444cb9c489ff78f3f37d (127.16.105.65:42373), 02422dbcca9f403e84b7f07aec6c7de5 (127.16.105.66:40089)
I20260630 12:14:10.039757 19428 tablet_service.cc:1917] Received RequestConsensusVote() RPC: tablet_id: "0a5fdfea00434c1fa9d2fb6b697e0a0e" candidate_uuid: "9489718df25b4c27955ccadd6dd51d8d" candidate_term: 1 candidate_status { last_received { term: 0 index: 0 } } ignore_live_leader: false dest_uuid: "ccf4cc1b753b444cb9c489ff78f3f37d"
I20260630 12:14:10.039932 19502 tablet_service.cc:1917] Received RequestConsensusVote() RPC: tablet_id: "0a5fdfea00434c1fa9d2fb6b697e0a0e" candidate_uuid: "9489718df25b4c27955ccadd6dd51d8d" candidate_term: 1 candidate_status { last_received { term: 0 index: 0 } } ignore_live_leader: false dest_uuid: "02422dbcca9f403e84b7f07aec6c7de5"
I20260630 12:14:10.040321 19428 raft_consensus.cc:3060] T 0a5fdfea00434c1fa9d2fb6b697e0a0e P ccf4cc1b753b444cb9c489ff78f3f37d [term 0 FOLLOWER]: Advancing to term 1
I20260630 12:14:10.040436 19502 raft_consensus.cc:3060] T 0a5fdfea00434c1fa9d2fb6b697e0a0e P 02422dbcca9f403e84b7f07aec6c7de5 [term 0 FOLLOWER]: Advancing to term 1
W20260630 12:14:10.044215 19374 auto_rebalancer.cc:298] Could not retrieve cluster info: Service unavailable: Tablet not running
I20260630 12:14:10.045701 19379 auto_leader_rebalancer.cc:141] leader rebalance for table range_aware_auto_rebalancer_test
I20260630 12:14:10.046882 19428 raft_consensus.cc:2468] T 0a5fdfea00434c1fa9d2fb6b697e0a0e P ccf4cc1b753b444cb9c489ff78f3f37d [term 1 FOLLOWER]: Leader election vote request: Granting yes vote for candidate 9489718df25b4c27955ccadd6dd51d8d in term 1.
I20260630 12:14:10.046886 19502 raft_consensus.cc:2468] T 0a5fdfea00434c1fa9d2fb6b697e0a0e P 02422dbcca9f403e84b7f07aec6c7de5 [term 1 FOLLOWER]: Leader election vote request: Granting yes vote for candidate 9489718df25b4c27955ccadd6dd51d8d in term 1.
W20260630 12:14:10.047953 19379 auto_leader_rebalancer.cc:524] the master instance isn't leader: Service unavailable: Tablet not running
I20260630 12:14:10.048203 19541 leader_election.cc:304] T 0a5fdfea00434c1fa9d2fb6b697e0a0e P 9489718df25b4c27955ccadd6dd51d8d [CANDIDATE]: Term 1 election: Election decided. Result: candidate won. Election summary: received 2 responses out of 3 voters: 2 yes votes; 0 no votes. yes voters: 02422dbcca9f403e84b7f07aec6c7de5, 9489718df25b4c27955ccadd6dd51d8d; no voters: 
I20260630 12:14:10.048909 19628 raft_consensus.cc:2804] T 0a5fdfea00434c1fa9d2fb6b697e0a0e P 9489718df25b4c27955ccadd6dd51d8d [term 1 FOLLOWER]: Leader election won for term 1
I20260630 12:14:10.049396 19628 raft_consensus.cc:697] T 0a5fdfea00434c1fa9d2fb6b697e0a0e P 9489718df25b4c27955ccadd6dd51d8d [term 1 LEADER]: Becoming Leader. State: Replica: 9489718df25b4c27955ccadd6dd51d8d, State: Running, Role: LEADER
I20260630 12:14:10.050062 19628 consensus_queue.cc:237] T 0a5fdfea00434c1fa9d2fb6b697e0a0e P 9489718df25b4c27955ccadd6dd51d8d [LEADER]: Queue going to LEADER mode. State: All replicated index: 0, Majority replicated index: 0, Committed index: 0, Last appended: 0.0, Last appended by leader: 0, Current term: 1, Majority size: 2, State: 0, Mode: LEADER, active raft config: opid_index: -1 OBSOLETE_local: false peers { permanent_uuid: "ccf4cc1b753b444cb9c489ff78f3f37d" member_type: VOTER last_known_addr { host: "127.16.105.65" port: 42373 } } peers { permanent_uuid: "02422dbcca9f403e84b7f07aec6c7de5" member_type: VOTER last_known_addr { host: "127.16.105.66" port: 40089 } } peers { permanent_uuid: "9489718df25b4c27955ccadd6dd51d8d" member_type: VOTER last_known_addr { host: "127.16.105.67" port: 43297 } }
I20260630 12:14:10.056706 19326 catalog_manager.cc:5697] T 0a5fdfea00434c1fa9d2fb6b697e0a0e P 9489718df25b4c27955ccadd6dd51d8d reported cstate change: term changed from 0 to 1, leader changed from <none> to 9489718df25b4c27955ccadd6dd51d8d (127.16.105.67). New cstate: current_term: 1 leader_uuid: "9489718df25b4c27955ccadd6dd51d8d" committed_config { opid_index: -1 OBSOLETE_local: false peers { permanent_uuid: "ccf4cc1b753b444cb9c489ff78f3f37d" member_type: VOTER last_known_addr { host: "127.16.105.65" port: 42373 } health_report { overall_health: UNKNOWN } } peers { permanent_uuid: "02422dbcca9f403e84b7f07aec6c7de5" member_type: VOTER last_known_addr { host: "127.16.105.66" port: 40089 } health_report { overall_health: UNKNOWN } } peers { permanent_uuid: "9489718df25b4c27955ccadd6dd51d8d" member_type: VOTER last_known_addr { host: "127.16.105.67" port: 43297 } health_report { overall_health: HEALTHY } } }
I20260630 12:14:10.128664 16805 tablet_server.cc:179] TabletServer@127.16.105.65:0 shutting down...
I20260630 12:14:10.147727 16805 ts_tablet_manager.cc:1507] Shutting down tablet manager...
I20260630 12:14:10.148545 16805 tablet_replica.cc:333] T 0a5fdfea00434c1fa9d2fb6b697e0a0e P ccf4cc1b753b444cb9c489ff78f3f37d: stopping tablet replica
I20260630 12:14:10.149150 16805 raft_consensus.cc:2243] T 0a5fdfea00434c1fa9d2fb6b697e0a0e P ccf4cc1b753b444cb9c489ff78f3f37d [term 1 FOLLOWER]: Raft consensus shutting down.
I20260630 12:14:10.149565 16805 raft_consensus.cc:2272] T 0a5fdfea00434c1fa9d2fb6b697e0a0e P ccf4cc1b753b444cb9c489ff78f3f37d [term 1 FOLLOWER]: Raft consensus is shut down!
I20260630 12:14:10.151857 16805 tablet_replica.cc:333] T 79d3b3b3ae0c4391bae1a4de996c88e2 P ccf4cc1b753b444cb9c489ff78f3f37d: stopping tablet replica
I20260630 12:14:10.152382 16805 raft_consensus.cc:2243] T 79d3b3b3ae0c4391bae1a4de996c88e2 P ccf4cc1b753b444cb9c489ff78f3f37d [term 1 LEADER]: Raft consensus shutting down.
I20260630 12:14:10.152927 16805 pending_rounds.cc:70] T 79d3b3b3ae0c4391bae1a4de996c88e2 P ccf4cc1b753b444cb9c489ff78f3f37d: Trying to abort 1 pending ops.
I20260630 12:14:10.153163 16805 pending_rounds.cc:77] T 79d3b3b3ae0c4391bae1a4de996c88e2 P ccf4cc1b753b444cb9c489ff78f3f37d: Aborting op as it isn't in flight: id { term: 1 index: 1 } timestamp: 7302437477970010112 op_type: NO_OP noop_request { }
I20260630 12:14:10.153503 16805 raft_consensus.cc:2889] T 79d3b3b3ae0c4391bae1a4de996c88e2 P ccf4cc1b753b444cb9c489ff78f3f37d [term 1 LEADER]: NO_OP replication failed: Aborted: Op aborted
I20260630 12:14:10.153766 16805 raft_consensus.cc:2272] T 79d3b3b3ae0c4391bae1a4de996c88e2 P ccf4cc1b753b444cb9c489ff78f3f37d [term 1 FOLLOWER]: Raft consensus is shut down!
I20260630 12:14:10.155884 16805 tablet_replica.cc:333] T 38137402eda94f67b213868152fa7caa P ccf4cc1b753b444cb9c489ff78f3f37d: stopping tablet replica
I20260630 12:14:10.156379 16805 raft_consensus.cc:2243] T 38137402eda94f67b213868152fa7caa P ccf4cc1b753b444cb9c489ff78f3f37d [term 1 FOLLOWER]: Raft consensus shutting down.
I20260630 12:14:10.156736 16805 raft_consensus.cc:2272] T 38137402eda94f67b213868152fa7caa P ccf4cc1b753b444cb9c489ff78f3f37d [term 1 FOLLOWER]: Raft consensus is shut down!
I20260630 12:14:10.158480 16805 tablet_replica.cc:333] T d3af7dc8fc724f40bb5945b90fb2bb9c P ccf4cc1b753b444cb9c489ff78f3f37d: stopping tablet replica
I20260630 12:14:10.159029 16805 raft_consensus.cc:2243] T d3af7dc8fc724f40bb5945b90fb2bb9c P ccf4cc1b753b444cb9c489ff78f3f37d [term 1 FOLLOWER]: Raft consensus shutting down.
I20260630 12:14:10.159389 16805 raft_consensus.cc:2272] T d3af7dc8fc724f40bb5945b90fb2bb9c P ccf4cc1b753b444cb9c489ff78f3f37d [term 1 FOLLOWER]: Raft consensus is shut down!
I20260630 12:14:10.181460 16805 tablet_server.cc:196] TabletServer@127.16.105.65:0 shutdown complete.
I20260630 12:14:10.192281 16805 tablet_server.cc:179] TabletServer@127.16.105.66:0 shutting down...
I20260630 12:14:10.210022 16805 ts_tablet_manager.cc:1507] Shutting down tablet manager...
I20260630 12:14:10.210829 16805 tablet_replica.cc:333] T 0a5fdfea00434c1fa9d2fb6b697e0a0e P 02422dbcca9f403e84b7f07aec6c7de5: stopping tablet replica
I20260630 12:14:10.211580 16805 raft_consensus.cc:2243] T 0a5fdfea00434c1fa9d2fb6b697e0a0e P 02422dbcca9f403e84b7f07aec6c7de5 [term 1 FOLLOWER]: Raft consensus shutting down.
I20260630 12:14:10.212056 16805 raft_consensus.cc:2272] T 0a5fdfea00434c1fa9d2fb6b697e0a0e P 02422dbcca9f403e84b7f07aec6c7de5 [term 1 FOLLOWER]: Raft consensus is shut down!
I20260630 12:14:10.213694 16805 tablet_replica.cc:333] T 79d3b3b3ae0c4391bae1a4de996c88e2 P 02422dbcca9f403e84b7f07aec6c7de5: stopping tablet replica
I20260630 12:14:10.214202 16805 raft_consensus.cc:2243] T 79d3b3b3ae0c4391bae1a4de996c88e2 P 02422dbcca9f403e84b7f07aec6c7de5 [term 1 FOLLOWER]: Raft consensus shutting down.
I20260630 12:14:10.214630 16805 raft_consensus.cc:2272] T 79d3b3b3ae0c4391bae1a4de996c88e2 P 02422dbcca9f403e84b7f07aec6c7de5 [term 1 FOLLOWER]: Raft consensus is shut down!
I20260630 12:14:10.216279 16805 tablet_replica.cc:333] T 38137402eda94f67b213868152fa7caa P 02422dbcca9f403e84b7f07aec6c7de5: stopping tablet replica
I20260630 12:14:10.216769 16805 raft_consensus.cc:2243] T 38137402eda94f67b213868152fa7caa P 02422dbcca9f403e84b7f07aec6c7de5 [term 1 FOLLOWER]: Raft consensus shutting down.
I20260630 12:14:10.217129 16805 raft_consensus.cc:2272] T 38137402eda94f67b213868152fa7caa P 02422dbcca9f403e84b7f07aec6c7de5 [term 1 FOLLOWER]: Raft consensus is shut down!
I20260630 12:14:10.218812 16805 tablet_replica.cc:333] T d3af7dc8fc724f40bb5945b90fb2bb9c P 02422dbcca9f403e84b7f07aec6c7de5: stopping tablet replica
I20260630 12:14:10.219269 16805 raft_consensus.cc:2243] T d3af7dc8fc724f40bb5945b90fb2bb9c P 02422dbcca9f403e84b7f07aec6c7de5 [term 1 FOLLOWER]: Raft consensus shutting down.
I20260630 12:14:10.219630 16805 raft_consensus.cc:2272] T d3af7dc8fc724f40bb5945b90fb2bb9c P 02422dbcca9f403e84b7f07aec6c7de5 [term 1 FOLLOWER]: Raft consensus is shut down!
I20260630 12:14:10.241931 16805 tablet_server.cc:196] TabletServer@127.16.105.66:0 shutdown complete.
I20260630 12:14:10.253743 16805 tablet_server.cc:179] TabletServer@127.16.105.67:0 shutting down...
I20260630 12:14:10.277809 16805 ts_tablet_manager.cc:1507] Shutting down tablet manager...
I20260630 12:14:10.278645 16805 tablet_replica.cc:333] T 0a5fdfea00434c1fa9d2fb6b697e0a0e P 9489718df25b4c27955ccadd6dd51d8d: stopping tablet replica
I20260630 12:14:10.279458 16805 raft_consensus.cc:2243] T 0a5fdfea00434c1fa9d2fb6b697e0a0e P 9489718df25b4c27955ccadd6dd51d8d [term 1 LEADER]: Raft consensus shutting down.
I20260630 12:14:10.280262 16805 pending_rounds.cc:70] T 0a5fdfea00434c1fa9d2fb6b697e0a0e P 9489718df25b4c27955ccadd6dd51d8d: Trying to abort 1 pending ops.
I20260630 12:14:10.280539 16805 pending_rounds.cc:77] T 0a5fdfea00434c1fa9d2fb6b697e0a0e P 9489718df25b4c27955ccadd6dd51d8d: Aborting op as it isn't in flight: id { term: 1 index: 1 } timestamp: 7302437478612414464 op_type: NO_OP noop_request { }
I20260630 12:14:10.280865 16805 raft_consensus.cc:2889] T 0a5fdfea00434c1fa9d2fb6b697e0a0e P 9489718df25b4c27955ccadd6dd51d8d [term 1 LEADER]: NO_OP replication failed: Aborted: Op aborted
I20260630 12:14:10.281199 16805 raft_consensus.cc:2272] T 0a5fdfea00434c1fa9d2fb6b697e0a0e P 9489718df25b4c27955ccadd6dd51d8d [term 1 FOLLOWER]: Raft consensus is shut down!
I20260630 12:14:10.283532 16805 tablet_replica.cc:333] T d3af7dc8fc724f40bb5945b90fb2bb9c P 9489718df25b4c27955ccadd6dd51d8d: stopping tablet replica
I20260630 12:14:10.284091 16805 raft_consensus.cc:2243] T d3af7dc8fc724f40bb5945b90fb2bb9c P 9489718df25b4c27955ccadd6dd51d8d [term 1 LEADER]: Raft consensus shutting down.
I20260630 12:14:10.284678 16805 pending_rounds.cc:70] T d3af7dc8fc724f40bb5945b90fb2bb9c P 9489718df25b4c27955ccadd6dd51d8d: Trying to abort 1 pending ops.
I20260630 12:14:10.284896 16805 pending_rounds.cc:77] T d3af7dc8fc724f40bb5945b90fb2bb9c P 9489718df25b4c27955ccadd6dd51d8d: Aborting op as it isn't in flight: id { term: 1 index: 1 } timestamp: 7302437477804871680 op_type: NO_OP noop_request { }
I20260630 12:14:10.285185 16805 raft_consensus.cc:2889] T d3af7dc8fc724f40bb5945b90fb2bb9c P 9489718df25b4c27955ccadd6dd51d8d [term 1 LEADER]: NO_OP replication failed: Aborted: Op aborted
I20260630 12:14:10.285477 16805 raft_consensus.cc:2272] T d3af7dc8fc724f40bb5945b90fb2bb9c P 9489718df25b4c27955ccadd6dd51d8d [term 1 FOLLOWER]: Raft consensus is shut down!
I20260630 12:14:10.287631 16805 tablet_replica.cc:333] T 79d3b3b3ae0c4391bae1a4de996c88e2 P 9489718df25b4c27955ccadd6dd51d8d: stopping tablet replica
I20260630 12:14:10.288157 16805 raft_consensus.cc:2243] T 79d3b3b3ae0c4391bae1a4de996c88e2 P 9489718df25b4c27955ccadd6dd51d8d [term 1 FOLLOWER]: Raft consensus shutting down.
I20260630 12:14:10.288544 16805 raft_consensus.cc:2272] T 79d3b3b3ae0c4391bae1a4de996c88e2 P 9489718df25b4c27955ccadd6dd51d8d [term 1 FOLLOWER]: Raft consensus is shut down!
I20260630 12:14:10.290077 16805 tablet_replica.cc:333] T 38137402eda94f67b213868152fa7caa P 9489718df25b4c27955ccadd6dd51d8d: stopping tablet replica
I20260630 12:14:10.290548 16805 raft_consensus.cc:2243] T 38137402eda94f67b213868152fa7caa P 9489718df25b4c27955ccadd6dd51d8d [term 1 LEADER]: Raft consensus shutting down.
I20260630 12:14:10.291180 16805 pending_rounds.cc:70] T 38137402eda94f67b213868152fa7caa P 9489718df25b4c27955ccadd6dd51d8d: Trying to abort 1 pending ops.
I20260630 12:14:10.291399 16805 pending_rounds.cc:77] T 38137402eda94f67b213868152fa7caa P 9489718df25b4c27955ccadd6dd51d8d: Aborting op as it isn't in flight: id { term: 1 index: 1 } timestamp: 7302437477948006400 op_type: NO_OP noop_request { }
I20260630 12:14:10.291688 16805 raft_consensus.cc:2889] T 38137402eda94f67b213868152fa7caa P 9489718df25b4c27955ccadd6dd51d8d [term 1 LEADER]: NO_OP replication failed: Aborted: Op aborted
I20260630 12:14:10.291978 16805 raft_consensus.cc:2272] T 38137402eda94f67b213868152fa7caa P 9489718df25b4c27955ccadd6dd51d8d [term 1 FOLLOWER]: Raft consensus is shut down!
I20260630 12:14:10.315128 16805 tablet_server.cc:196] TabletServer@127.16.105.67:0 shutdown complete.
I20260630 12:14:10.325618 16805 master.cc:562] Master@127.16.105.126:46715 shutting down...
I20260630 12:14:10.339941 16805 raft_consensus.cc:2243] T 00000000000000000000000000000000 P 36392706679f4dbd8fbcd8ce11bcb687 [term 1 LEADER]: Raft consensus shutting down.
I20260630 12:14:10.340514 16805 raft_consensus.cc:2272] T 00000000000000000000000000000000 P 36392706679f4dbd8fbcd8ce11bcb687 [term 1 FOLLOWER]: Raft consensus is shut down!
I20260630 12:14:10.340830 16805 tablet_replica.cc:333] T 00000000000000000000000000000000 P 36392706679f4dbd8fbcd8ce11bcb687: stopping tablet replica
I20260630 12:14:10.358139 16805 master.cc:584] Master@127.16.105.126:46715 shutdown complete.
[       OK ] AutoRebalancerTest.RangeAwareBuildClusterInfoGroupsByRange (2483 ms)
[ RUN      ] AutoRebalancerTest.RangeAwareRebalancesNewRangeReplicas
I20260630 12:14:10.388140 16805 internal_mini_cluster.cc:156] Creating distributed mini masters. Addrs: 127.16.105.126:40469
