I20260630 12:12:57.539561  7238 raft_consensus.cc:385] T f805c25e50614fc0a29375ab5aa37ef1 P a24b43228c58434dbf6f977f4b222227 [term 0 FOLLOWER]: Consensus starting up: Expiring failure detector timer to make a prompt election more likely
I20260630 12:12:57.539898  7238 raft_consensus.cc:740] T f805c25e50614fc0a29375ab5aa37ef1 P a24b43228c58434dbf6f977f4b222227 [term 0 FOLLOWER]: Becoming Follower/Learner. State: Replica: a24b43228c58434dbf6f977f4b222227, State: Initialized, Role: FOLLOWER
I20260630 12:12:57.540983  7237 ts_tablet_manager.cc:1434] T e378e797880943e7a02edd0bf906dde4 P 27e603a6765a45d18885607ea7152174: Time spent starting tablet: real 0.007s	user 0.004s	sys 0.003s
I20260630 12:12:57.540668  7238 consensus_queue.cc:260] T f805c25e50614fc0a29375ab5aa37ef1 P a24b43228c58434dbf6f977f4b222227 [NON_LEADER]: Queue going to NON_LEADER mode. State: All replicated index: 0, Majority replicated index: 0, Committed index: 0, Last appended: 0.0, Last appended by leader: 0, Current term: 0, Majority size: -1, State: 0, Mode: NON_LEADER, active raft config: opid_index: -1 OBSOLETE_local: false peers { permanent_uuid: "a24b43228c58434dbf6f977f4b222227" member_type: VOTER last_known_addr { host: "127.3.252.131" port: 44415 } } peers { permanent_uuid: "27e603a6765a45d18885607ea7152174" member_type: VOTER last_known_addr { host: "127.3.252.130" port: 46257 } } peers { permanent_uuid: "c94d35359ba34e80ab2f9ae3033c817d" member_type: VOTER last_known_addr { host: "127.3.252.129" port: 45065 } }
I20260630 12:12:57.541687  7239 tablet_bootstrap.cc:492] T 331ec0d0aec64f43b485db75682e7656 P c94d35359ba34e80ab2f9ae3033c817d: No bootstrap required, opened a new log
I20260630 12:12:57.542279  7239 ts_tablet_manager.cc:1403] T 331ec0d0aec64f43b485db75682e7656 P c94d35359ba34e80ab2f9ae3033c817d: Time spent bootstrapping tablet: real 0.039s	user 0.008s	sys 0.005s
I20260630 12:12:57.542742  7237 tablet_bootstrap.cc:492] T 298d7ad45c4242baa118342274ab1fdb P 27e603a6765a45d18885607ea7152174: Bootstrap starting.
I20260630 12:12:57.545303  7239 raft_consensus.cc:359] T 331ec0d0aec64f43b485db75682e7656 P c94d35359ba34e80ab2f9ae3033c817d [term 0 FOLLOWER]: Replica starting. Triggering 0 pending ops. Active config: opid_index: -1 OBSOLETE_local: false peers { permanent_uuid: "27e603a6765a45d18885607ea7152174" member_type: VOTER last_known_addr { host: "127.3.252.130" port: 46257 } } peers { permanent_uuid: "c94d35359ba34e80ab2f9ae3033c817d" member_type: VOTER last_known_addr { host: "127.3.252.129" port: 45065 } } peers { permanent_uuid: "a24b43228c58434dbf6f977f4b222227" member_type: VOTER last_known_addr { host: "127.3.252.131" port: 44415 } }
I20260630 12:12:57.546202  7239 raft_consensus.cc:385] T 331ec0d0aec64f43b485db75682e7656 P c94d35359ba34e80ab2f9ae3033c817d [term 0 FOLLOWER]: Consensus starting up: Expiring failure detector timer to make a prompt election more likely
I20260630 12:12:57.546626  7239 raft_consensus.cc:740] T 331ec0d0aec64f43b485db75682e7656 P c94d35359ba34e80ab2f9ae3033c817d [term 0 FOLLOWER]: Becoming Follower/Learner. State: Replica: c94d35359ba34e80ab2f9ae3033c817d, State: Initialized, Role: FOLLOWER
I20260630 12:12:57.547621  7239 consensus_queue.cc:260] T 331ec0d0aec64f43b485db75682e7656 P c94d35359ba34e80ab2f9ae3033c817d [NON_LEADER]: Queue going to NON_LEADER mode. State: All replicated index: 0, Majority replicated index: 0, Committed index: 0, Last appended: 0.0, Last appended by leader: 0, Current term: 0, Majority size: -1, State: 0, Mode: NON_LEADER, active raft config: opid_index: -1 OBSOLETE_local: false peers { permanent_uuid: "27e603a6765a45d18885607ea7152174" member_type: VOTER last_known_addr { host: "127.3.252.130" port: 46257 } } peers { permanent_uuid: "c94d35359ba34e80ab2f9ae3033c817d" member_type: VOTER last_known_addr { host: "127.3.252.129" port: 45065 } } peers { permanent_uuid: "a24b43228c58434dbf6f977f4b222227" member_type: VOTER last_known_addr { host: "127.3.252.131" port: 44415 } }
I20260630 12:12:57.548637  7238 ts_tablet_manager.cc:1434] T f805c25e50614fc0a29375ab5aa37ef1 P a24b43228c58434dbf6f977f4b222227: Time spent starting tablet: real 0.012s	user 0.010s	sys 0.003s
I20260630 12:12:57.549913  7238 tablet_bootstrap.cc:492] T 331ec0d0aec64f43b485db75682e7656 P a24b43228c58434dbf6f977f4b222227: Bootstrap starting.
I20260630 12:12:57.555184  7237 tablet_bootstrap.cc:654] T 298d7ad45c4242baa118342274ab1fdb P 27e603a6765a45d18885607ea7152174: Neither blocks nor log segments found. Creating new log.
I20260630 12:12:57.558220  7238 tablet_bootstrap.cc:654] T 331ec0d0aec64f43b485db75682e7656 P a24b43228c58434dbf6f977f4b222227: Neither blocks nor log segments found. Creating new log.
I20260630 12:12:57.569968  7239 ts_tablet_manager.cc:1434] T 331ec0d0aec64f43b485db75682e7656 P c94d35359ba34e80ab2f9ae3033c817d: Time spent starting tablet: real 0.027s	user 0.011s	sys 0.012s
I20260630 12:12:57.571646  7239 tablet_bootstrap.cc:492] T 34a7940b48a44038b8a29e5e9c80f287 P c94d35359ba34e80ab2f9ae3033c817d: Bootstrap starting.
I20260630 12:12:57.578480  7244 raft_consensus.cc:493] T f805c25e50614fc0a29375ab5aa37ef1 P a24b43228c58434dbf6f977f4b222227 [term 0 FOLLOWER]: Starting pre-election (no leader contacted us within the election timeout)
I20260630 12:12:57.579314  7239 tablet_bootstrap.cc:654] T 34a7940b48a44038b8a29e5e9c80f287 P c94d35359ba34e80ab2f9ae3033c817d: Neither blocks nor log segments found. Creating new log.
I20260630 12:12:57.579030  7244 raft_consensus.cc:515] T f805c25e50614fc0a29375ab5aa37ef1 P a24b43228c58434dbf6f977f4b222227 [term 0 FOLLOWER]: Starting pre-election with config: opid_index: -1 OBSOLETE_local: false peers { permanent_uuid: "a24b43228c58434dbf6f977f4b222227" member_type: VOTER last_known_addr { host: "127.3.252.131" port: 44415 } } peers { permanent_uuid: "27e603a6765a45d18885607ea7152174" member_type: VOTER last_known_addr { host: "127.3.252.130" port: 46257 } } peers { permanent_uuid: "c94d35359ba34e80ab2f9ae3033c817d" member_type: VOTER last_known_addr { host: "127.3.252.129" port: 45065 } }
I20260630 12:12:57.583560  7244 leader_election.cc:290] T f805c25e50614fc0a29375ab5aa37ef1 P a24b43228c58434dbf6f977f4b222227 [CANDIDATE]: Term 1 pre-election: Requested pre-vote from peers 27e603a6765a45d18885607ea7152174 (127.3.252.130:46257), c94d35359ba34e80ab2f9ae3033c817d (127.3.252.129:45065)
I20260630 12:12:57.600903  7238 tablet_bootstrap.cc:492] T 331ec0d0aec64f43b485db75682e7656 P a24b43228c58434dbf6f977f4b222227: No bootstrap required, opened a new log
I20260630 12:12:57.601460  7238 ts_tablet_manager.cc:1403] T 331ec0d0aec64f43b485db75682e7656 P a24b43228c58434dbf6f977f4b222227: Time spent bootstrapping tablet: real 0.052s	user 0.019s	sys 0.028s
I20260630 12:12:57.604310  7238 raft_consensus.cc:359] T 331ec0d0aec64f43b485db75682e7656 P a24b43228c58434dbf6f977f4b222227 [term 0 FOLLOWER]: Replica starting. Triggering 0 pending ops. Active config: opid_index: -1 OBSOLETE_local: false peers { permanent_uuid: "27e603a6765a45d18885607ea7152174" member_type: VOTER last_known_addr { host: "127.3.252.130" port: 46257 } } peers { permanent_uuid: "c94d35359ba34e80ab2f9ae3033c817d" member_type: VOTER last_known_addr { host: "127.3.252.129" port: 45065 } } peers { permanent_uuid: "a24b43228c58434dbf6f977f4b222227" member_type: VOTER last_known_addr { host: "127.3.252.131" port: 44415 } }
I20260630 12:12:57.605029  7238 raft_consensus.cc:385] T 331ec0d0aec64f43b485db75682e7656 P a24b43228c58434dbf6f977f4b222227 [term 0 FOLLOWER]: Consensus starting up: Expiring failure detector timer to make a prompt election more likely
I20260630 12:12:57.605345  7238 raft_consensus.cc:740] T 331ec0d0aec64f43b485db75682e7656 P a24b43228c58434dbf6f977f4b222227 [term 0 FOLLOWER]: Becoming Follower/Learner. State: Replica: a24b43228c58434dbf6f977f4b222227, State: Initialized, Role: FOLLOWER
I20260630 12:12:57.606118  7238 consensus_queue.cc:260] T 331ec0d0aec64f43b485db75682e7656 P a24b43228c58434dbf6f977f4b222227 [NON_LEADER]: Queue going to NON_LEADER mode. State: All replicated index: 0, Majority replicated index: 0, Committed index: 0, Last appended: 0.0, Last appended by leader: 0, Current term: 0, Majority size: -1, State: 0, Mode: NON_LEADER, active raft config: opid_index: -1 OBSOLETE_local: false peers { permanent_uuid: "27e603a6765a45d18885607ea7152174" member_type: VOTER last_known_addr { host: "127.3.252.130" port: 46257 } } peers { permanent_uuid: "c94d35359ba34e80ab2f9ae3033c817d" member_type: VOTER last_known_addr { host: "127.3.252.129" port: 45065 } } peers { permanent_uuid: "a24b43228c58434dbf6f977f4b222227" member_type: VOTER last_known_addr { host: "127.3.252.131" port: 44415 } }
I20260630 12:12:57.607668  7237 tablet_bootstrap.cc:492] T 298d7ad45c4242baa118342274ab1fdb P 27e603a6765a45d18885607ea7152174: No bootstrap required, opened a new log
I20260630 12:12:57.608199  7237 ts_tablet_manager.cc:1403] T 298d7ad45c4242baa118342274ab1fdb P 27e603a6765a45d18885607ea7152174: Time spent bootstrapping tablet: real 0.066s	user 0.015s	sys 0.024s
I20260630 12:12:57.608296  7238 ts_tablet_manager.cc:1434] T 331ec0d0aec64f43b485db75682e7656 P a24b43228c58434dbf6f977f4b222227: Time spent starting tablet: real 0.007s	user 0.007s	sys 0.000s
I20260630 12:12:57.610606  7238 tablet_bootstrap.cc:492] T 56a06b64a4084894bfd21cc769b55458 P a24b43228c58434dbf6f977f4b222227: Bootstrap starting.
I20260630 12:12:57.611510  7239 tablet_bootstrap.cc:492] T 34a7940b48a44038b8a29e5e9c80f287 P c94d35359ba34e80ab2f9ae3033c817d: No bootstrap required, opened a new log
I20260630 12:12:57.611253  7237 raft_consensus.cc:359] T 298d7ad45c4242baa118342274ab1fdb P 27e603a6765a45d18885607ea7152174 [term 0 FOLLOWER]: Replica starting. Triggering 0 pending ops. Active config: opid_index: -1 OBSOLETE_local: false peers { permanent_uuid: "27e603a6765a45d18885607ea7152174" member_type: VOTER last_known_addr { host: "127.3.252.130" port: 46257 } } peers { permanent_uuid: "c94d35359ba34e80ab2f9ae3033c817d" member_type: VOTER last_known_addr { host: "127.3.252.129" port: 45065 } } peers { permanent_uuid: "a24b43228c58434dbf6f977f4b222227" member_type: VOTER last_known_addr { host: "127.3.252.131" port: 44415 } }
I20260630 12:12:57.612013  7237 raft_consensus.cc:385] T 298d7ad45c4242baa118342274ab1fdb P 27e603a6765a45d18885607ea7152174 [term 0 FOLLOWER]: Consensus starting up: Expiring failure detector timer to make a prompt election more likely
I20260630 12:12:57.612198  7239 ts_tablet_manager.cc:1403] T 34a7940b48a44038b8a29e5e9c80f287 P c94d35359ba34e80ab2f9ae3033c817d: Time spent bootstrapping tablet: real 0.041s	user 0.017s	sys 0.011s
I20260630 12:12:57.612403  7237 raft_consensus.cc:740] T 298d7ad45c4242baa118342274ab1fdb P 27e603a6765a45d18885607ea7152174 [term 0 FOLLOWER]: Becoming Follower/Learner. State: Replica: 27e603a6765a45d18885607ea7152174, State: Initialized, Role: FOLLOWER
I20260630 12:12:57.613430  7237 consensus_queue.cc:260] T 298d7ad45c4242baa118342274ab1fdb P 27e603a6765a45d18885607ea7152174 [NON_LEADER]: Queue going to NON_LEADER mode. State: All replicated index: 0, Majority replicated index: 0, Committed index: 0, Last appended: 0.0, Last appended by leader: 0, Current term: 0, Majority size: -1, State: 0, Mode: NON_LEADER, active raft config: opid_index: -1 OBSOLETE_local: false peers { permanent_uuid: "27e603a6765a45d18885607ea7152174" member_type: VOTER last_known_addr { host: "127.3.252.130" port: 46257 } } peers { permanent_uuid: "c94d35359ba34e80ab2f9ae3033c817d" member_type: VOTER last_known_addr { host: "127.3.252.129" port: 45065 } } peers { permanent_uuid: "a24b43228c58434dbf6f977f4b222227" member_type: VOTER last_known_addr { host: "127.3.252.131" port: 44415 } }
I20260630 12:12:57.615756  7239 raft_consensus.cc:359] T 34a7940b48a44038b8a29e5e9c80f287 P c94d35359ba34e80ab2f9ae3033c817d [term 0 FOLLOWER]: Replica starting. Triggering 0 pending ops. Active config: opid_index: -1 OBSOLETE_local: false peers { permanent_uuid: "27e603a6765a45d18885607ea7152174" member_type: VOTER last_known_addr { host: "127.3.252.130" port: 46257 } } peers { permanent_uuid: "c94d35359ba34e80ab2f9ae3033c817d" member_type: VOTER last_known_addr { host: "127.3.252.129" port: 45065 } } peers { permanent_uuid: "a24b43228c58434dbf6f977f4b222227" member_type: VOTER last_known_addr { host: "127.3.252.131" port: 44415 } }
I20260630 12:12:57.608121  7118 tablet_service.cc:1917] Received RequestConsensusVote() RPC: tablet_id: "f805c25e50614fc0a29375ab5aa37ef1" candidate_uuid: "a24b43228c58434dbf6f977f4b222227" candidate_term: 1 candidate_status { last_received { term: 0 index: 0 } } ignore_live_leader: false dest_uuid: "27e603a6765a45d18885607ea7152174" is_pre_election: true
I20260630 12:12:57.616922  7239 raft_consensus.cc:385] T 34a7940b48a44038b8a29e5e9c80f287 P c94d35359ba34e80ab2f9ae3033c817d [term 0 FOLLOWER]: Consensus starting up: Expiring failure detector timer to make a prompt election more likely
I20260630 12:12:57.617170  7238 tablet_bootstrap.cc:654] T 56a06b64a4084894bfd21cc769b55458 P a24b43228c58434dbf6f977f4b222227: Neither blocks nor log segments found. Creating new log.
I20260630 12:12:57.615778  7237 ts_tablet_manager.cc:1434] T 298d7ad45c4242baa118342274ab1fdb P 27e603a6765a45d18885607ea7152174: Time spent starting tablet: real 0.007s	user 0.003s	sys 0.003s
I20260630 12:12:57.617316  7239 raft_consensus.cc:740] T 34a7940b48a44038b8a29e5e9c80f287 P c94d35359ba34e80ab2f9ae3033c817d [term 0 FOLLOWER]: Becoming Follower/Learner. State: Replica: c94d35359ba34e80ab2f9ae3033c817d, State: Initialized, Role: FOLLOWER
I20260630 12:12:57.618552  7239 consensus_queue.cc:260] T 34a7940b48a44038b8a29e5e9c80f287 P c94d35359ba34e80ab2f9ae3033c817d [NON_LEADER]: Queue going to NON_LEADER mode. State: All replicated index: 0, Majority replicated index: 0, Committed index: 0, Last appended: 0.0, Last appended by leader: 0, Current term: 0, Majority size: -1, State: 0, Mode: NON_LEADER, active raft config: opid_index: -1 OBSOLETE_local: false peers { permanent_uuid: "27e603a6765a45d18885607ea7152174" member_type: VOTER last_known_addr { host: "127.3.252.130" port: 46257 } } peers { permanent_uuid: "c94d35359ba34e80ab2f9ae3033c817d" member_type: VOTER last_known_addr { host: "127.3.252.129" port: 45065 } } peers { permanent_uuid: "a24b43228c58434dbf6f977f4b222227" member_type: VOTER last_known_addr { host: "127.3.252.131" port: 44415 } }
W20260630 12:12:57.619650  7156 leader_election.cc:343] T f805c25e50614fc0a29375ab5aa37ef1 P a24b43228c58434dbf6f977f4b222227 [CANDIDATE]: Term 1 pre-election: Tablet error from VoteRequest() call to peer 27e603a6765a45d18885607ea7152174 (127.3.252.130:46257): Illegal state: must be running to vote when last-logged opid is not known
I20260630 12:12:57.618579  7237 tablet_bootstrap.cc:492] T 331ec0d0aec64f43b485db75682e7656 P 27e603a6765a45d18885607ea7152174: Bootstrap starting.
I20260630 12:12:57.623539  7239 ts_tablet_manager.cc:1434] T 34a7940b48a44038b8a29e5e9c80f287 P c94d35359ba34e80ab2f9ae3033c817d: Time spent starting tablet: real 0.011s	user 0.007s	sys 0.000s
I20260630 12:12:57.624661  7239 tablet_bootstrap.cc:492] T f805c25e50614fc0a29375ab5aa37ef1 P c94d35359ba34e80ab2f9ae3033c817d: Bootstrap starting.
I20260630 12:12:57.627897  7237 tablet_bootstrap.cc:654] T 331ec0d0aec64f43b485db75682e7656 P 27e603a6765a45d18885607ea7152174: Neither blocks nor log segments found. Creating new log.
I20260630 12:12:57.629057  7043 tablet_service.cc:1917] Received RequestConsensusVote() RPC: tablet_id: "f805c25e50614fc0a29375ab5aa37ef1" candidate_uuid: "a24b43228c58434dbf6f977f4b222227" candidate_term: 1 candidate_status { last_received { term: 0 index: 0 } } ignore_live_leader: false dest_uuid: "c94d35359ba34e80ab2f9ae3033c817d" is_pre_election: true
I20260630 12:12:57.630869  7239 tablet_bootstrap.cc:654] T f805c25e50614fc0a29375ab5aa37ef1 P c94d35359ba34e80ab2f9ae3033c817d: Neither blocks nor log segments found. Creating new log.
W20260630 12:12:57.631484  7155 leader_election.cc:343] T f805c25e50614fc0a29375ab5aa37ef1 P a24b43228c58434dbf6f977f4b222227 [CANDIDATE]: Term 1 pre-election: Tablet error from VoteRequest() call to peer c94d35359ba34e80ab2f9ae3033c817d (127.3.252.129:45065): Illegal state: must be running to vote when last-logged opid is not known
I20260630 12:12:57.632087  7155 leader_election.cc:304] T f805c25e50614fc0a29375ab5aa37ef1 P a24b43228c58434dbf6f977f4b222227 [CANDIDATE]: Term 1 pre-election: Election decided. Result: candidate lost. Election summary: received 3 responses out of 3 voters: 1 yes votes; 2 no votes. yes voters: a24b43228c58434dbf6f977f4b222227; no voters: 27e603a6765a45d18885607ea7152174, c94d35359ba34e80ab2f9ae3033c817d
I20260630 12:12:57.633126  7244 raft_consensus.cc:2749] T f805c25e50614fc0a29375ab5aa37ef1 P a24b43228c58434dbf6f977f4b222227 [term 0 FOLLOWER]: Leader pre-election lost for term 1. Reason: could not achieve majority
I20260630 12:12:57.644002  7237 tablet_bootstrap.cc:492] T 331ec0d0aec64f43b485db75682e7656 P 27e603a6765a45d18885607ea7152174: No bootstrap required, opened a new log
I20260630 12:12:57.644677  7239 tablet_bootstrap.cc:492] T f805c25e50614fc0a29375ab5aa37ef1 P c94d35359ba34e80ab2f9ae3033c817d: No bootstrap required, opened a new log
I20260630 12:12:57.644697  7237 ts_tablet_manager.cc:1403] T 331ec0d0aec64f43b485db75682e7656 P 27e603a6765a45d18885607ea7152174: Time spent bootstrapping tablet: real 0.026s	user 0.013s	sys 0.009s
I20260630 12:12:57.645138  7238 tablet_bootstrap.cc:492] T 56a06b64a4084894bfd21cc769b55458 P a24b43228c58434dbf6f977f4b222227: No bootstrap required, opened a new log
I20260630 12:12:57.645452  7239 ts_tablet_manager.cc:1403] T f805c25e50614fc0a29375ab5aa37ef1 P c94d35359ba34e80ab2f9ae3033c817d: Time spent bootstrapping tablet: real 0.021s	user 0.011s	sys 0.006s
I20260630 12:12:57.645740  7238 ts_tablet_manager.cc:1403] T 56a06b64a4084894bfd21cc769b55458 P a24b43228c58434dbf6f977f4b222227: Time spent bootstrapping tablet: real 0.035s	user 0.015s	sys 0.006s
I20260630 12:12:57.648168  7239 raft_consensus.cc:359] T f805c25e50614fc0a29375ab5aa37ef1 P c94d35359ba34e80ab2f9ae3033c817d [term 0 FOLLOWER]: Replica starting. Triggering 0 pending ops. Active config: opid_index: -1 OBSOLETE_local: false peers { permanent_uuid: "a24b43228c58434dbf6f977f4b222227" member_type: VOTER last_known_addr { host: "127.3.252.131" port: 44415 } } peers { permanent_uuid: "27e603a6765a45d18885607ea7152174" member_type: VOTER last_known_addr { host: "127.3.252.130" port: 46257 } } peers { permanent_uuid: "c94d35359ba34e80ab2f9ae3033c817d" member_type: VOTER last_known_addr { host: "127.3.252.129" port: 45065 } }
I20260630 12:12:57.648751  7239 raft_consensus.cc:385] T f805c25e50614fc0a29375ab5aa37ef1 P c94d35359ba34e80ab2f9ae3033c817d [term 0 FOLLOWER]: Consensus starting up: Expiring failure detector timer to make a prompt election more likely
I20260630 12:12:57.648658  7237 raft_consensus.cc:359] T 331ec0d0aec64f43b485db75682e7656 P 27e603a6765a45d18885607ea7152174 [term 0 FOLLOWER]: Replica starting. Triggering 0 pending ops. Active config: opid_index: -1 OBSOLETE_local: false peers { permanent_uuid: "27e603a6765a45d18885607ea7152174" member_type: VOTER last_known_addr { host: "127.3.252.130" port: 46257 } } peers { permanent_uuid: "c94d35359ba34e80ab2f9ae3033c817d" member_type: VOTER last_known_addr { host: "127.3.252.129" port: 45065 } } peers { permanent_uuid: "a24b43228c58434dbf6f977f4b222227" member_type: VOTER last_known_addr { host: "127.3.252.131" port: 44415 } }
I20260630 12:12:57.649243  7239 raft_consensus.cc:740] T f805c25e50614fc0a29375ab5aa37ef1 P c94d35359ba34e80ab2f9ae3033c817d [term 0 FOLLOWER]: Becoming Follower/Learner. State: Replica: c94d35359ba34e80ab2f9ae3033c817d, State: Initialized, Role: FOLLOWER
I20260630 12:12:57.649355  7244 raft_consensus.cc:493] T 331ec0d0aec64f43b485db75682e7656 P a24b43228c58434dbf6f977f4b222227 [term 0 FOLLOWER]: Starting pre-election (no leader contacted us within the election timeout)
I20260630 12:12:57.648906  7238 raft_consensus.cc:359] T 56a06b64a4084894bfd21cc769b55458 P a24b43228c58434dbf6f977f4b222227 [term 0 FOLLOWER]: Replica starting. Triggering 0 pending ops. Active config: opid_index: -1 OBSOLETE_local: false peers { permanent_uuid: "c94d35359ba34e80ab2f9ae3033c817d" member_type: VOTER last_known_addr { host: "127.3.252.129" port: 45065 } } peers { permanent_uuid: "27e603a6765a45d18885607ea7152174" member_type: VOTER last_known_addr { host: "127.3.252.130" port: 46257 } } peers { permanent_uuid: "a24b43228c58434dbf6f977f4b222227" member_type: VOTER last_known_addr { host: "127.3.252.131" port: 44415 } }
I20260630 12:12:57.649626  7237 raft_consensus.cc:385] T 331ec0d0aec64f43b485db75682e7656 P 27e603a6765a45d18885607ea7152174 [term 0 FOLLOWER]: Consensus starting up: Expiring failure detector timer to make a prompt election more likely
I20260630 12:12:57.650034  7238 raft_consensus.cc:385] T 56a06b64a4084894bfd21cc769b55458 P a24b43228c58434dbf6f977f4b222227 [term 0 FOLLOWER]: Consensus starting up: Expiring failure detector timer to make a prompt election more likely
I20260630 12:12:57.650064  7237 raft_consensus.cc:740] T 331ec0d0aec64f43b485db75682e7656 P 27e603a6765a45d18885607ea7152174 [term 0 FOLLOWER]: Becoming Follower/Learner. State: Replica: 27e603a6765a45d18885607ea7152174, State: Initialized, Role: FOLLOWER
I20260630 12:12:57.649961  7244 raft_consensus.cc:515] T 331ec0d0aec64f43b485db75682e7656 P a24b43228c58434dbf6f977f4b222227 [term 0 FOLLOWER]: Starting pre-election with config: opid_index: -1 OBSOLETE_local: false peers { permanent_uuid: "27e603a6765a45d18885607ea7152174" member_type: VOTER last_known_addr { host: "127.3.252.130" port: 46257 } } peers { permanent_uuid: "c94d35359ba34e80ab2f9ae3033c817d" member_type: VOTER last_known_addr { host: "127.3.252.129" port: 45065 } } peers { permanent_uuid: "a24b43228c58434dbf6f977f4b222227" member_type: VOTER last_known_addr { host: "127.3.252.131" port: 44415 } }
I20260630 12:12:57.650169  7239 consensus_queue.cc:260] T f805c25e50614fc0a29375ab5aa37ef1 P c94d35359ba34e80ab2f9ae3033c817d [NON_LEADER]: Queue going to NON_LEADER mode. State: All replicated index: 0, Majority replicated index: 0, Committed index: 0, Last appended: 0.0, Last appended by leader: 0, Current term: 0, Majority size: -1, State: 0, Mode: NON_LEADER, active raft config: opid_index: -1 OBSOLETE_local: false peers { permanent_uuid: "a24b43228c58434dbf6f977f4b222227" member_type: VOTER last_known_addr { host: "127.3.252.131" port: 44415 } } peers { permanent_uuid: "27e603a6765a45d18885607ea7152174" member_type: VOTER last_known_addr { host: "127.3.252.130" port: 46257 } } peers { permanent_uuid: "c94d35359ba34e80ab2f9ae3033c817d" member_type: VOTER last_known_addr { host: "127.3.252.129" port: 45065 } }
I20260630 12:12:57.650884  7238 raft_consensus.cc:740] T 56a06b64a4084894bfd21cc769b55458 P a24b43228c58434dbf6f977f4b222227 [term 0 FOLLOWER]: Becoming Follower/Learner. State: Replica: a24b43228c58434dbf6f977f4b222227, State: Initialized, Role: FOLLOWER
I20260630 12:12:57.653442  7118 tablet_service.cc:1917] Received RequestConsensusVote() RPC: tablet_id: "331ec0d0aec64f43b485db75682e7656" candidate_uuid: "a24b43228c58434dbf6f977f4b222227" candidate_term: 1 candidate_status { last_received { term: 0 index: 0 } } ignore_live_leader: false dest_uuid: "27e603a6765a45d18885607ea7152174" is_pre_election: true
I20260630 12:12:57.653652  7043 tablet_service.cc:1917] Received RequestConsensusVote() RPC: tablet_id: "331ec0d0aec64f43b485db75682e7656" candidate_uuid: "a24b43228c58434dbf6f977f4b222227" candidate_term: 1 candidate_status { last_received { term: 0 index: 0 } } ignore_live_leader: false dest_uuid: "c94d35359ba34e80ab2f9ae3033c817d" is_pre_election: true
I20260630 12:12:57.651415  7237 consensus_queue.cc:260] T 331ec0d0aec64f43b485db75682e7656 P 27e603a6765a45d18885607ea7152174 [NON_LEADER]: Queue going to NON_LEADER mode. State: All replicated index: 0, Majority replicated index: 0, Committed index: 0, Last appended: 0.0, Last appended by leader: 0, Current term: 0, Majority size: -1, State: 0, Mode: NON_LEADER, active raft config: opid_index: -1 OBSOLETE_local: false peers { permanent_uuid: "27e603a6765a45d18885607ea7152174" member_type: VOTER last_known_addr { host: "127.3.252.130" port: 46257 } } peers { permanent_uuid: "c94d35359ba34e80ab2f9ae3033c817d" member_type: VOTER last_known_addr { host: "127.3.252.129" port: 45065 } } peers { permanent_uuid: "a24b43228c58434dbf6f977f4b222227" member_type: VOTER last_known_addr { host: "127.3.252.131" port: 44415 } }
I20260630 12:12:57.654198  7043 raft_consensus.cc:2468] T 331ec0d0aec64f43b485db75682e7656 P c94d35359ba34e80ab2f9ae3033c817d [term 0 FOLLOWER]: Leader pre-election vote request: Granting yes vote for candidate a24b43228c58434dbf6f977f4b222227 in term 0.
I20260630 12:12:57.651921  7238 consensus_queue.cc:260] T 56a06b64a4084894bfd21cc769b55458 P a24b43228c58434dbf6f977f4b222227 [NON_LEADER]: Queue going to NON_LEADER mode. State: All replicated index: 0, Majority replicated index: 0, Committed index: 0, Last appended: 0.0, Last appended by leader: 0, Current term: 0, Majority size: -1, State: 0, Mode: NON_LEADER, active raft config: opid_index: -1 OBSOLETE_local: false peers { permanent_uuid: "c94d35359ba34e80ab2f9ae3033c817d" member_type: VOTER last_known_addr { host: "127.3.252.129" port: 45065 } } peers { permanent_uuid: "27e603a6765a45d18885607ea7152174" member_type: VOTER last_known_addr { host: "127.3.252.130" port: 46257 } } peers { permanent_uuid: "a24b43228c58434dbf6f977f4b222227" member_type: VOTER last_known_addr { host: "127.3.252.131" port: 44415 } }
I20260630 12:12:57.654750  7118 raft_consensus.cc:2468] T 331ec0d0aec64f43b485db75682e7656 P 27e603a6765a45d18885607ea7152174 [term 0 FOLLOWER]: Leader pre-election vote request: Granting yes vote for candidate a24b43228c58434dbf6f977f4b222227 in term 0.
I20260630 12:12:57.655681  7155 leader_election.cc:304] T 331ec0d0aec64f43b485db75682e7656 P a24b43228c58434dbf6f977f4b222227 [CANDIDATE]: Term 1 pre-election: Election decided. Result: candidate won. Election summary: received 2 responses out of 3 voters: 2 yes votes; 0 no votes. yes voters: a24b43228c58434dbf6f977f4b222227, c94d35359ba34e80ab2f9ae3033c817d; no voters: 
I20260630 12:12:57.659932  7237 ts_tablet_manager.cc:1434] T 331ec0d0aec64f43b485db75682e7656 P 27e603a6765a45d18885607ea7152174: Time spent starting tablet: real 0.014s	user 0.007s	sys 0.000s
I20260630 12:12:57.661087  7237 tablet_bootstrap.cc:492] T 56a06b64a4084894bfd21cc769b55458 P 27e603a6765a45d18885607ea7152174: Bootstrap starting.
I20260630 12:12:57.653066  7244 leader_election.cc:290] T 331ec0d0aec64f43b485db75682e7656 P a24b43228c58434dbf6f977f4b222227 [CANDIDATE]: Term 1 pre-election: Requested pre-vote from peers 27e603a6765a45d18885607ea7152174 (127.3.252.130:46257), c94d35359ba34e80ab2f9ae3033c817d (127.3.252.129:45065)
I20260630 12:12:57.665263  7244 raft_consensus.cc:2804] T 331ec0d0aec64f43b485db75682e7656 P a24b43228c58434dbf6f977f4b222227 [term 0 FOLLOWER]: Leader pre-election won for term 1
I20260630 12:12:57.665722  7244 raft_consensus.cc:493] T 331ec0d0aec64f43b485db75682e7656 P a24b43228c58434dbf6f977f4b222227 [term 0 FOLLOWER]: Starting leader election (no leader contacted us within the election timeout)
I20260630 12:12:57.666155  7244 raft_consensus.cc:3060] T 331ec0d0aec64f43b485db75682e7656 P a24b43228c58434dbf6f977f4b222227 [term 0 FOLLOWER]: Advancing to term 1
I20260630 12:12:57.667287  7237 tablet_bootstrap.cc:654] T 56a06b64a4084894bfd21cc769b55458 P 27e603a6765a45d18885607ea7152174: Neither blocks nor log segments found. Creating new log.
I20260630 12:12:57.674988  7238 ts_tablet_manager.cc:1434] T 56a06b64a4084894bfd21cc769b55458 P a24b43228c58434dbf6f977f4b222227: Time spent starting tablet: real 0.029s	user 0.017s	sys 0.008s
I20260630 12:12:57.675467  7243 raft_consensus.cc:493] T e378e797880943e7a02edd0bf906dde4 P 27e603a6765a45d18885607ea7152174 [term 0 FOLLOWER]: Starting pre-election (no leader contacted us within the election timeout)
I20260630 12:12:57.676187  7238 tablet_bootstrap.cc:492] T 9bdd10452a1f48ff837682bd58a77df4 P a24b43228c58434dbf6f977f4b222227: Bootstrap starting.
I20260630 12:12:57.676003  7243 raft_consensus.cc:515] T e378e797880943e7a02edd0bf906dde4 P 27e603a6765a45d18885607ea7152174 [term 0 FOLLOWER]: Starting pre-election with config: opid_index: -1 OBSOLETE_local: false peers { permanent_uuid: "27e603a6765a45d18885607ea7152174" member_type: VOTER last_known_addr { host: "127.3.252.130" port: 46257 } } peers { permanent_uuid: "c94d35359ba34e80ab2f9ae3033c817d" member_type: VOTER last_known_addr { host: "127.3.252.129" port: 45065 } } peers { permanent_uuid: "a24b43228c58434dbf6f977f4b222227" member_type: VOTER last_known_addr { host: "127.3.252.131" port: 44415 } }
I20260630 12:12:57.652750  7239 ts_tablet_manager.cc:1434] T f805c25e50614fc0a29375ab5aa37ef1 P c94d35359ba34e80ab2f9ae3033c817d: Time spent starting tablet: real 0.007s	user 0.005s	sys 0.000s
I20260630 12:12:57.689308  7239 tablet_bootstrap.cc:492] T 6a17cfaf9d074d4d8be08755f596608c P c94d35359ba34e80ab2f9ae3033c817d: Bootstrap starting.
I20260630 12:12:57.690061  7243 leader_election.cc:290] T e378e797880943e7a02edd0bf906dde4 P 27e603a6765a45d18885607ea7152174 [CANDIDATE]: Term 1 pre-election: Requested pre-vote from peers c94d35359ba34e80ab2f9ae3033c817d (127.3.252.129:45065), a24b43228c58434dbf6f977f4b222227 (127.3.252.131:44415)
I20260630 12:12:57.690730  7238 tablet_bootstrap.cc:654] T 9bdd10452a1f48ff837682bd58a77df4 P a24b43228c58434dbf6f977f4b222227: Neither blocks nor log segments found. Creating new log.
I20260630 12:12:57.678340  7244 raft_consensus.cc:515] T 331ec0d0aec64f43b485db75682e7656 P a24b43228c58434dbf6f977f4b222227 [term 1 FOLLOWER]: Starting leader election with config: opid_index: -1 OBSOLETE_local: false peers { permanent_uuid: "27e603a6765a45d18885607ea7152174" member_type: VOTER last_known_addr { host: "127.3.252.130" port: 46257 } } peers { permanent_uuid: "c94d35359ba34e80ab2f9ae3033c817d" member_type: VOTER last_known_addr { host: "127.3.252.129" port: 45065 } } peers { permanent_uuid: "a24b43228c58434dbf6f977f4b222227" member_type: VOTER last_known_addr { host: "127.3.252.131" port: 44415 } }
I20260630 12:12:57.697799  7043 tablet_service.cc:1917] Received RequestConsensusVote() RPC: tablet_id: "331ec0d0aec64f43b485db75682e7656" candidate_uuid: "a24b43228c58434dbf6f977f4b222227" candidate_term: 1 candidate_status { last_received { term: 0 index: 0 } } ignore_live_leader: false dest_uuid: "c94d35359ba34e80ab2f9ae3033c817d"
I20260630 12:12:57.698320  7043 raft_consensus.cc:3060] T 331ec0d0aec64f43b485db75682e7656 P c94d35359ba34e80ab2f9ae3033c817d [term 0 FOLLOWER]: Advancing to term 1
I20260630 12:12:57.699887  7237 tablet_bootstrap.cc:492] T 56a06b64a4084894bfd21cc769b55458 P 27e603a6765a45d18885607ea7152174: No bootstrap required, opened a new log
I20260630 12:12:57.700717  7237 ts_tablet_manager.cc:1403] T 56a06b64a4084894bfd21cc769b55458 P 27e603a6765a45d18885607ea7152174: Time spent bootstrapping tablet: real 0.040s	user 0.013s	sys 0.003s
I20260630 12:12:57.702893  7238 tablet_bootstrap.cc:492] T 9bdd10452a1f48ff837682bd58a77df4 P a24b43228c58434dbf6f977f4b222227: No bootstrap required, opened a new log
I20260630 12:12:57.703471  7238 ts_tablet_manager.cc:1403] T 9bdd10452a1f48ff837682bd58a77df4 P a24b43228c58434dbf6f977f4b222227: Time spent bootstrapping tablet: real 0.028s	user 0.014s	sys 0.008s
I20260630 12:12:57.706305  7238 raft_consensus.cc:359] T 9bdd10452a1f48ff837682bd58a77df4 P a24b43228c58434dbf6f977f4b222227 [term 0 FOLLOWER]: Replica starting. Triggering 0 pending ops. Active config: opid_index: -1 OBSOLETE_local: false peers { permanent_uuid: "c94d35359ba34e80ab2f9ae3033c817d" member_type: VOTER last_known_addr { host: "127.3.252.129" port: 45065 } } peers { permanent_uuid: "27e603a6765a45d18885607ea7152174" member_type: VOTER last_known_addr { host: "127.3.252.130" port: 46257 } } peers { permanent_uuid: "a24b43228c58434dbf6f977f4b222227" member_type: VOTER last_known_addr { host: "127.3.252.131" port: 44415 } }
I20260630 12:12:57.706001  7043 raft_consensus.cc:2468] T 331ec0d0aec64f43b485db75682e7656 P c94d35359ba34e80ab2f9ae3033c817d [term 1 FOLLOWER]: Leader election vote request: Granting yes vote for candidate a24b43228c58434dbf6f977f4b222227 in term 1.
I20260630 12:12:57.707146  7238 raft_consensus.cc:385] T 9bdd10452a1f48ff837682bd58a77df4 P a24b43228c58434dbf6f977f4b222227 [term 0 FOLLOWER]: Consensus starting up: Expiring failure detector timer to make a prompt election more likely
I20260630 12:12:57.707600  7238 raft_consensus.cc:740] T 9bdd10452a1f48ff837682bd58a77df4 P a24b43228c58434dbf6f977f4b222227 [term 0 FOLLOWER]: Becoming Follower/Learner. State: Replica: a24b43228c58434dbf6f977f4b222227, State: Initialized, Role: FOLLOWER
I20260630 12:12:57.708359  7155 leader_election.cc:304] T 331ec0d0aec64f43b485db75682e7656 P a24b43228c58434dbf6f977f4b222227 [CANDIDATE]: Term 1 election: Election decided. Result: candidate won. Election summary: received 2 responses out of 3 voters: 2 yes votes; 0 no votes. yes voters: a24b43228c58434dbf6f977f4b222227, c94d35359ba34e80ab2f9ae3033c817d; no voters: 
I20260630 12:12:57.708473  7238 consensus_queue.cc:260] T 9bdd10452a1f48ff837682bd58a77df4 P a24b43228c58434dbf6f977f4b222227 [NON_LEADER]: Queue going to NON_LEADER mode. State: All replicated index: 0, Majority replicated index: 0, Committed index: 0, Last appended: 0.0, Last appended by leader: 0, Current term: 0, Majority size: -1, State: 0, Mode: NON_LEADER, active raft config: opid_index: -1 OBSOLETE_local: false peers { permanent_uuid: "c94d35359ba34e80ab2f9ae3033c817d" member_type: VOTER last_known_addr { host: "127.3.252.129" port: 45065 } } peers { permanent_uuid: "27e603a6765a45d18885607ea7152174" member_type: VOTER last_known_addr { host: "127.3.252.130" port: 46257 } } peers { permanent_uuid: "a24b43228c58434dbf6f977f4b222227" member_type: VOTER last_known_addr { host: "127.3.252.131" port: 44415 } }
I20260630 12:12:57.709306  7254 raft_consensus.cc:2804] T 331ec0d0aec64f43b485db75682e7656 P a24b43228c58434dbf6f977f4b222227 [term 1 FOLLOWER]: Leader election won for term 1
I20260630 12:12:57.708446  7118 tablet_service.cc:1917] Received RequestConsensusVote() RPC: tablet_id: "331ec0d0aec64f43b485db75682e7656" candidate_uuid: "a24b43228c58434dbf6f977f4b222227" candidate_term: 1 candidate_status { last_received { term: 0 index: 0 } } ignore_live_leader: false dest_uuid: "27e603a6765a45d18885607ea7152174"
I20260630 12:12:57.710335  7118 raft_consensus.cc:3060] T 331ec0d0aec64f43b485db75682e7656 P 27e603a6765a45d18885607ea7152174 [term 0 FOLLOWER]: Advancing to term 1
I20260630 12:12:57.710430  7237 raft_consensus.cc:359] T 56a06b64a4084894bfd21cc769b55458 P 27e603a6765a45d18885607ea7152174 [term 0 FOLLOWER]: Replica starting. Triggering 0 pending ops. Active config: opid_index: -1 OBSOLETE_local: false peers { permanent_uuid: "c94d35359ba34e80ab2f9ae3033c817d" member_type: VOTER last_known_addr { host: "127.3.252.129" port: 45065 } } peers { permanent_uuid: "27e603a6765a45d18885607ea7152174" member_type: VOTER last_known_addr { host: "127.3.252.130" port: 46257 } } peers { permanent_uuid: "a24b43228c58434dbf6f977f4b222227" member_type: VOTER last_known_addr { host: "127.3.252.131" port: 44415 } }
I20260630 12:12:57.711330  7237 raft_consensus.cc:385] T 56a06b64a4084894bfd21cc769b55458 P 27e603a6765a45d18885607ea7152174 [term 0 FOLLOWER]: Consensus starting up: Expiring failure detector timer to make a prompt election more likely
I20260630 12:12:57.711513  7238 ts_tablet_manager.cc:1434] T 9bdd10452a1f48ff837682bd58a77df4 P a24b43228c58434dbf6f977f4b222227: Time spent starting tablet: real 0.008s	user 0.006s	sys 0.001s
I20260630 12:12:57.711722  7237 raft_consensus.cc:740] T 56a06b64a4084894bfd21cc769b55458 P 27e603a6765a45d18885607ea7152174 [term 0 FOLLOWER]: Becoming Follower/Learner. State: Replica: 27e603a6765a45d18885607ea7152174, State: Initialized, Role: FOLLOWER
I20260630 12:12:57.713303  7238 tablet_bootstrap.cc:492] T 298d7ad45c4242baa118342274ab1fdb P a24b43228c58434dbf6f977f4b222227: Bootstrap starting.
I20260630 12:12:57.713016  7237 consensus_queue.cc:260] T 56a06b64a4084894bfd21cc769b55458 P 27e603a6765a45d18885607ea7152174 [NON_LEADER]: Queue going to NON_LEADER mode. State: All replicated index: 0, Majority replicated index: 0, Committed index: 0, Last appended: 0.0, Last appended by leader: 0, Current term: 0, Majority size: -1, State: 0, Mode: NON_LEADER, active raft config: opid_index: -1 OBSOLETE_local: false peers { permanent_uuid: "c94d35359ba34e80ab2f9ae3033c817d" member_type: VOTER last_known_addr { host: "127.3.252.129" port: 45065 } } peers { permanent_uuid: "27e603a6765a45d18885607ea7152174" member_type: VOTER last_known_addr { host: "127.3.252.130" port: 46257 } } peers { permanent_uuid: "a24b43228c58434dbf6f977f4b222227" member_type: VOTER last_known_addr { host: "127.3.252.131" port: 44415 } }
I20260630 12:12:57.715657  7237 ts_tablet_manager.cc:1434] T 56a06b64a4084894bfd21cc769b55458 P 27e603a6765a45d18885607ea7152174: Time spent starting tablet: real 0.014s	user 0.004s	sys 0.005s
I20260630 12:12:57.716238  7244 leader_election.cc:290] T 331ec0d0aec64f43b485db75682e7656 P a24b43228c58434dbf6f977f4b222227 [CANDIDATE]: Term 1 election: Requested vote from peers 27e603a6765a45d18885607ea7152174 (127.3.252.130:46257), c94d35359ba34e80ab2f9ae3033c817d (127.3.252.129:45065)
I20260630 12:12:57.716764  7237 tablet_bootstrap.cc:492] T 9bdd10452a1f48ff837682bd58a77df4 P 27e603a6765a45d18885607ea7152174: Bootstrap starting.
I20260630 12:12:57.720033  7239 tablet_bootstrap.cc:654] T 6a17cfaf9d074d4d8be08755f596608c P c94d35359ba34e80ab2f9ae3033c817d: Neither blocks nor log segments found. Creating new log.
I20260630 12:12:57.721050  7238 tablet_bootstrap.cc:654] T 298d7ad45c4242baa118342274ab1fdb P a24b43228c58434dbf6f977f4b222227: Neither blocks nor log segments found. Creating new log.
I20260630 12:12:57.725173  7237 tablet_bootstrap.cc:654] T 9bdd10452a1f48ff837682bd58a77df4 P 27e603a6765a45d18885607ea7152174: Neither blocks nor log segments found. Creating new log.
I20260630 12:12:57.728652  7118 raft_consensus.cc:2468] T 331ec0d0aec64f43b485db75682e7656 P 27e603a6765a45d18885607ea7152174 [term 1 FOLLOWER]: Leader election vote request: Granting yes vote for candidate a24b43228c58434dbf6f977f4b222227 in term 1.
I20260630 12:12:57.729445  7254 raft_consensus.cc:697] T 331ec0d0aec64f43b485db75682e7656 P a24b43228c58434dbf6f977f4b222227 [term 1 LEADER]: Becoming Leader. State: Replica: a24b43228c58434dbf6f977f4b222227, State: Running, Role: LEADER
I20260630 12:12:57.732407  7254 consensus_queue.cc:237] T 331ec0d0aec64f43b485db75682e7656 P a24b43228c58434dbf6f977f4b222227 [LEADER]: Queue going to LEADER mode. State: All replicated index: 0, Majority replicated index: 0, Committed index: 0, Last appended: 0.0, Last appended by leader: 0, Current term: 1, Majority size: 2, State: 0, Mode: LEADER, active raft config: opid_index: -1 OBSOLETE_local: false peers { permanent_uuid: "27e603a6765a45d18885607ea7152174" member_type: VOTER last_known_addr { host: "127.3.252.130" port: 46257 } } peers { permanent_uuid: "c94d35359ba34e80ab2f9ae3033c817d" member_type: VOTER last_known_addr { host: "127.3.252.129" port: 45065 } } peers { permanent_uuid: "a24b43228c58434dbf6f977f4b222227" member_type: VOTER last_known_addr { host: "127.3.252.131" port: 44415 } }
I20260630 12:12:57.744938  7043 tablet_service.cc:1917] Received RequestConsensusVote() RPC: tablet_id: "e378e797880943e7a02edd0bf906dde4" candidate_uuid: "27e603a6765a45d18885607ea7152174" candidate_term: 1 candidate_status { last_received { term: 0 index: 0 } } ignore_live_leader: false dest_uuid: "c94d35359ba34e80ab2f9ae3033c817d" is_pre_election: true
W20260630 12:12:57.747205  7081 leader_election.cc:343] T e378e797880943e7a02edd0bf906dde4 P 27e603a6765a45d18885607ea7152174 [CANDIDATE]: Term 1 pre-election: Tablet error from VoteRequest() call to peer c94d35359ba34e80ab2f9ae3033c817d (127.3.252.129:45065): Illegal state: must be running to vote when last-logged opid is not known
I20260630 12:12:57.752835  7192 tablet_service.cc:1917] Received RequestConsensusVote() RPC: tablet_id: "e378e797880943e7a02edd0bf906dde4" candidate_uuid: "27e603a6765a45d18885607ea7152174" candidate_term: 1 candidate_status { last_received { term: 0 index: 0 } } ignore_live_leader: false dest_uuid: "a24b43228c58434dbf6f977f4b222227" is_pre_election: true
I20260630 12:12:57.753695  7237 tablet_bootstrap.cc:492] T 9bdd10452a1f48ff837682bd58a77df4 P 27e603a6765a45d18885607ea7152174: No bootstrap required, opened a new log
I20260630 12:12:57.750653  7243 raft_consensus.cc:493] T 298d7ad45c4242baa118342274ab1fdb P 27e603a6765a45d18885607ea7152174 [term 0 FOLLOWER]: Starting pre-election (no leader contacted us within the election timeout)
W20260630 12:12:57.755029  7082 leader_election.cc:343] T e378e797880943e7a02edd0bf906dde4 P 27e603a6765a45d18885607ea7152174 [CANDIDATE]: Term 1 pre-election: Tablet error from VoteRequest() call to peer a24b43228c58434dbf6f977f4b222227 (127.3.252.131:44415): Illegal state: must be running to vote when last-logged opid is not known
I20260630 12:12:57.754835  7243 raft_consensus.cc:515] T 298d7ad45c4242baa118342274ab1fdb P 27e603a6765a45d18885607ea7152174 [term 0 FOLLOWER]: Starting pre-election with config: opid_index: -1 OBSOLETE_local: false peers { permanent_uuid: "27e603a6765a45d18885607ea7152174" member_type: VOTER last_known_addr { host: "127.3.252.130" port: 46257 } } peers { permanent_uuid: "c94d35359ba34e80ab2f9ae3033c817d" member_type: VOTER last_known_addr { host: "127.3.252.129" port: 45065 } } peers { permanent_uuid: "a24b43228c58434dbf6f977f4b222227" member_type: VOTER last_known_addr { host: "127.3.252.131" port: 44415 } }
I20260630 12:12:57.755744  7082 leader_election.cc:304] T e378e797880943e7a02edd0bf906dde4 P 27e603a6765a45d18885607ea7152174 [CANDIDATE]: Term 1 pre-election: Election decided. Result: candidate lost. Election summary: received 3 responses out of 3 voters: 1 yes votes; 2 no votes. yes voters: 27e603a6765a45d18885607ea7152174; no voters: a24b43228c58434dbf6f977f4b222227, c94d35359ba34e80ab2f9ae3033c817d
I20260630 12:12:57.759601  7043 tablet_service.cc:1917] Received RequestConsensusVote() RPC: tablet_id: "298d7ad45c4242baa118342274ab1fdb" candidate_uuid: "27e603a6765a45d18885607ea7152174" candidate_term: 1 candidate_status { last_received { term: 0 index: 0 } } ignore_live_leader: false dest_uuid: "c94d35359ba34e80ab2f9ae3033c817d" is_pre_election: true
I20260630 12:12:57.760883  7237 ts_tablet_manager.cc:1403] T 9bdd10452a1f48ff837682bd58a77df4 P 27e603a6765a45d18885607ea7152174: Time spent bootstrapping tablet: real 0.044s	user 0.015s	sys 0.007s
I20260630 12:12:57.761576  7243 leader_election.cc:290] T 298d7ad45c4242baa118342274ab1fdb P 27e603a6765a45d18885607ea7152174 [CANDIDATE]: Term 1 pre-election: Requested pre-vote from peers c94d35359ba34e80ab2f9ae3033c817d (127.3.252.129:45065), a24b43228c58434dbf6f977f4b222227 (127.3.252.131:44415)
I20260630 12:12:57.764544  7243 raft_consensus.cc:2749] T e378e797880943e7a02edd0bf906dde4 P 27e603a6765a45d18885607ea7152174 [term 0 FOLLOWER]: Leader pre-election lost for term 1. Reason: could not achieve majority
I20260630 12:12:57.763957  7239 tablet_bootstrap.cc:492] T 6a17cfaf9d074d4d8be08755f596608c P c94d35359ba34e80ab2f9ae3033c817d: No bootstrap required, opened a new log
I20260630 12:12:57.765633  7239 ts_tablet_manager.cc:1403] T 6a17cfaf9d074d4d8be08755f596608c P c94d35359ba34e80ab2f9ae3033c817d: Time spent bootstrapping tablet: real 0.077s	user 0.007s	sys 0.012s
I20260630 12:12:57.766040  7237 raft_consensus.cc:359] T 9bdd10452a1f48ff837682bd58a77df4 P 27e603a6765a45d18885607ea7152174 [term 0 FOLLOWER]: Replica starting. Triggering 0 pending ops. Active config: opid_index: -1 OBSOLETE_local: false peers { permanent_uuid: "c94d35359ba34e80ab2f9ae3033c817d" member_type: VOTER last_known_addr { host: "127.3.252.129" port: 45065 } } peers { permanent_uuid: "27e603a6765a45d18885607ea7152174" member_type: VOTER last_known_addr { host: "127.3.252.130" port: 46257 } } peers { permanent_uuid: "a24b43228c58434dbf6f977f4b222227" member_type: VOTER last_known_addr { host: "127.3.252.131" port: 44415 } }
I20260630 12:12:57.766902  7237 raft_consensus.cc:385] T 9bdd10452a1f48ff837682bd58a77df4 P 27e603a6765a45d18885607ea7152174 [term 0 FOLLOWER]: Consensus starting up: Expiring failure detector timer to make a prompt election more likely
I20260630 12:12:57.767264  7237 raft_consensus.cc:740] T 9bdd10452a1f48ff837682bd58a77df4 P 27e603a6765a45d18885607ea7152174 [term 0 FOLLOWER]: Becoming Follower/Learner. State: Replica: 27e603a6765a45d18885607ea7152174, State: Initialized, Role: FOLLOWER
W20260630 12:12:57.767364  7081 leader_election.cc:343] T 298d7ad45c4242baa118342274ab1fdb P 27e603a6765a45d18885607ea7152174 [CANDIDATE]: Term 1 pre-election: Tablet error from VoteRequest() call to peer c94d35359ba34e80ab2f9ae3033c817d (127.3.252.129:45065): Illegal state: must be running to vote when last-logged opid is not known
I20260630 12:12:57.761767  7260 raft_consensus.cc:493] T 9bdd10452a1f48ff837682bd58a77df4 P a24b43228c58434dbf6f977f4b222227 [term 0 FOLLOWER]: Starting pre-election (no leader contacted us within the election timeout)
I20260630 12:12:57.769708  7239 raft_consensus.cc:359] T 6a17cfaf9d074d4d8be08755f596608c P c94d35359ba34e80ab2f9ae3033c817d [term 0 FOLLOWER]: Replica starting. Triggering 0 pending ops. Active config: opid_index: -1 OBSOLETE_local: false peers { permanent_uuid: "c94d35359ba34e80ab2f9ae3033c817d" member_type: VOTER last_known_addr { host: "127.3.252.129" port: 45065 } } peers { permanent_uuid: "27e603a6765a45d18885607ea7152174" member_type: VOTER last_known_addr { host: "127.3.252.130" port: 46257 } } peers { permanent_uuid: "a24b43228c58434dbf6f977f4b222227" member_type: VOTER last_known_addr { host: "127.3.252.131" port: 44415 } }
I20260630 12:12:57.772768  7239 raft_consensus.cc:385] T 6a17cfaf9d074d4d8be08755f596608c P c94d35359ba34e80ab2f9ae3033c817d [term 0 FOLLOWER]: Consensus starting up: Expiring failure detector timer to make a prompt election more likely
I20260630 12:12:57.772708  7260 raft_consensus.cc:515] T 9bdd10452a1f48ff837682bd58a77df4 P a24b43228c58434dbf6f977f4b222227 [term 0 FOLLOWER]: Starting pre-election with config: opid_index: -1 OBSOLETE_local: false peers { permanent_uuid: "c94d35359ba34e80ab2f9ae3033c817d" member_type: VOTER last_known_addr { host: "127.3.252.129" port: 45065 } } peers { permanent_uuid: "27e603a6765a45d18885607ea7152174" member_type: VOTER last_known_addr { host: "127.3.252.130" port: 46257 } } peers { permanent_uuid: "a24b43228c58434dbf6f977f4b222227" member_type: VOTER last_known_addr { host: "127.3.252.131" port: 44415 } }
I20260630 12:12:57.773325  7239 raft_consensus.cc:740] T 6a17cfaf9d074d4d8be08755f596608c P c94d35359ba34e80ab2f9ae3033c817d [term 0 FOLLOWER]: Becoming Follower/Learner. State: Replica: c94d35359ba34e80ab2f9ae3033c817d, State: Initialized, Role: FOLLOWER
I20260630 12:12:57.773558  7192 tablet_service.cc:1917] Received RequestConsensusVote() RPC: tablet_id: "298d7ad45c4242baa118342274ab1fdb" candidate_uuid: "27e603a6765a45d18885607ea7152174" candidate_term: 1 candidate_status { last_received { term: 0 index: 0 } } ignore_live_leader: false dest_uuid: "a24b43228c58434dbf6f977f4b222227" is_pre_election: true
I20260630 12:12:57.774720  7239 consensus_queue.cc:260] T 6a17cfaf9d074d4d8be08755f596608c P c94d35359ba34e80ab2f9ae3033c817d [NON_LEADER]: Queue going to NON_LEADER mode. State: All replicated index: 0, Majority replicated index: 0, Committed index: 0, Last appended: 0.0, Last appended by leader: 0, Current term: 0, Majority size: -1, State: 0, Mode: NON_LEADER, active raft config: opid_index: -1 OBSOLETE_local: false peers { permanent_uuid: "c94d35359ba34e80ab2f9ae3033c817d" member_type: VOTER last_known_addr { host: "127.3.252.129" port: 45065 } } peers { permanent_uuid: "27e603a6765a45d18885607ea7152174" member_type: VOTER last_known_addr { host: "127.3.252.130" port: 46257 } } peers { permanent_uuid: "a24b43228c58434dbf6f977f4b222227" member_type: VOTER last_known_addr { host: "127.3.252.131" port: 44415 } }
I20260630 12:12:57.775172  7260 leader_election.cc:290] T 9bdd10452a1f48ff837682bd58a77df4 P a24b43228c58434dbf6f977f4b222227 [CANDIDATE]: Term 1 pre-election: Requested pre-vote from peers c94d35359ba34e80ab2f9ae3033c817d (127.3.252.129:45065), 27e603a6765a45d18885607ea7152174 (127.3.252.130:46257)
I20260630 12:12:57.776527  7118 tablet_service.cc:1917] Received RequestConsensusVote() RPC: tablet_id: "9bdd10452a1f48ff837682bd58a77df4" candidate_uuid: "a24b43228c58434dbf6f977f4b222227" candidate_term: 1 candidate_status { last_received { term: 0 index: 0 } } ignore_live_leader: false dest_uuid: "27e603a6765a45d18885607ea7152174" is_pre_election: true
I20260630 12:12:57.777221  7237 consensus_queue.cc:260] T 9bdd10452a1f48ff837682bd58a77df4 P 27e603a6765a45d18885607ea7152174 [NON_LEADER]: Queue going to NON_LEADER mode. State: All replicated index: 0, Majority replicated index: 0, Committed index: 0, Last appended: 0.0, Last appended by leader: 0, Current term: 0, Majority size: -1, State: 0, Mode: NON_LEADER, active raft config: opid_index: -1 OBSOLETE_local: false peers { permanent_uuid: "c94d35359ba34e80ab2f9ae3033c817d" member_type: VOTER last_known_addr { host: "127.3.252.129" port: 45065 } } peers { permanent_uuid: "27e603a6765a45d18885607ea7152174" member_type: VOTER last_known_addr { host: "127.3.252.130" port: 46257 } } peers { permanent_uuid: "a24b43228c58434dbf6f977f4b222227" member_type: VOTER last_known_addr { host: "127.3.252.131" port: 44415 } }
