I20260630 12:11:52.219846  5325 sys_catalog.cc:422] member_type: VOTER last_known_addr { host: "127.4.0.190" port: 38677 } has no permanent_uuid. Determining permanent_uuid...
I20260630 12:11:52.220845  4098 server_base.cc:1061] running on GCE node
W20260630 12:11:52.221128  5330 instance_detector.cc:116] could not retrieve OpenStack instance metadata: Network error: curl error: HTTP response code said error: The requested URL returned error: 404
I20260630 12:11:52.222226  4098 hybrid_clock.cc:584] initializing the hybrid clock with 'system_unsync' time source
W20260630 12:11:52.222497  4098 system_unsync_time.cc:38] NTP support is disabled. Clock error bounds will not be accurate. This configuration is not suitable for distributed clusters.
I20260630 12:11:52.222685  4098 hybrid_clock.cc:648] HybridClock initialized: now 1782821512222669 us; error 0 us; skew 500 ppm
I20260630 12:11:52.223204  4098 server_base.cc:861] Flag tcmalloc_max_total_thread_cache_bytes is not working since tcmalloc is not enabled.
I20260630 12:11:52.226153  4098 webserver.cc:533] Webserver started at http://127.4.0.188:34465/ using document root <none> and password file <none>
I20260630 12:11:52.226643  4098 fs_manager.cc:362] Metadata directory not provided
I20260630 12:11:52.226850  4098 fs_manager.cc:368] Using write-ahead log directory (fs_wal_dir) as metadata directory
I20260630 12:11:52.227196  4098 server_base.cc:909] This appears to be a new deployment of Kudu; creating new FS layout
I20260630 12:11:52.228581  4098 fs_manager.cc:1068] Generated new instance metadata in path /tmp/dist-test-task3B8G8j/test-tmp/auto_rebalancer-test.0.AutoRebalancerTest.NextLeaderResumesAutoRebalancing.1782821488392572-4098-0/minicluster-data/master-2-root/instance:
uuid: "b6c6493b9de34d4495d60a9d42b74dbc"
format_stamp: "Formatted at 2026-06-30 12:11:52 on dist-test-slave-69xz"
I20260630 12:11:52.233711  5325 sys_catalog.cc:422] member_type: VOTER last_known_addr { host: "127.4.0.189" port: 46329 } has no permanent_uuid. Determining permanent_uuid...
I20260630 12:11:52.234283  4098 fs_manager.cc:696] Time spent creating directory manager: real 0.005s	user 0.003s	sys 0.004s
I20260630 12:11:52.239176  5337 log_block_manager.cc:4031] Time spent loading block containers with low live blocks: real 0.000s	user 0.000s	sys 0.000s
I20260630 12:11:52.240087  4098 fs_manager.cc:730] Time spent opening block manager: real 0.003s	user 0.004s	sys 0.000s
I20260630 12:11:52.240379  4098 fs_manager.cc:647] Opened local filesystem: /tmp/dist-test-task3B8G8j/test-tmp/auto_rebalancer-test.0.AutoRebalancerTest.NextLeaderResumesAutoRebalancing.1782821488392572-4098-0/minicluster-data/master-2-root
uuid: "b6c6493b9de34d4495d60a9d42b74dbc"
format_stamp: "Formatted at 2026-06-30 12:11:52 on dist-test-slave-69xz"
I20260630 12:11:52.240691  4098 fs_report.cc:389] FS layout report
--------------------
wal directory: /tmp/dist-test-task3B8G8j/test-tmp/auto_rebalancer-test.0.AutoRebalancerTest.NextLeaderResumesAutoRebalancing.1782821488392572-4098-0/minicluster-data/master-2-root
metadata directory: /tmp/dist-test-task3B8G8j/test-tmp/auto_rebalancer-test.0.AutoRebalancerTest.NextLeaderResumesAutoRebalancing.1782821488392572-4098-0/minicluster-data/master-2-root
1 data directories: /tmp/dist-test-task3B8G8j/test-tmp/auto_rebalancer-test.0.AutoRebalancerTest.NextLeaderResumesAutoRebalancing.1782821488392572-4098-0/minicluster-data/master-2-root/data
Total live blocks: 0
Total live bytes: 0
Total live bytes (after alignment): 0
Total number of LBM containers: 0 (0 full)
Did not check for missing blocks
Did not check for orphaned blocks
Total full LBM containers with extra space: 0 (0 repaired)
Total full LBM container extra space in bytes: 0 (0 repaired)
Total incomplete LBM containers: 0 (0 repaired)
Total LBM partial records: 0 (0 repaired)
Total corrupted LBM metadata records in RocksDB: 0 (0 repaired)
I20260630 12:11:52.246683  5325 sys_catalog.cc:422] member_type: VOTER last_known_addr { host: "127.4.0.188" port: 33465 } has no permanent_uuid. Determining permanent_uuid...
W20260630 12:11:52.252921  5325 consensus_peers.cc:760] Error getting permanent uuid from config peer 127.4.0.188:33465: Network error: Client connection negotiation failed: client connection to 127.4.0.188:33465: connect: Connection refused (error 111)
I20260630 12:11:52.262063  5260 consensus_peers.cc:770] Retrying to get permanent uuid for remote peer: member_type: VOTER last_known_addr { host: "127.4.0.189" port: 46329 } attempt: 2
I20260630 12:11:52.272719  5260 sys_catalog.cc:422] member_type: VOTER last_known_addr { host: "127.4.0.188" port: 33465 } has no permanent_uuid. Determining permanent_uuid...
I20260630 12:11:52.274138  4098 rpc_server.cc:225] running with OpenSSL 1.1.1  11 Sep 2018
I20260630 12:11:52.275624  4098 kserver.cc:163] Server-wide thread pool size limit: 3276
W20260630 12:11:52.277624  5260 consensus_peers.cc:760] Error getting permanent uuid from config peer 127.4.0.188:33465: Network error: Client connection negotiation failed: client connection to 127.4.0.188:33465: connect: Connection refused (error 111)
I20260630 12:11:52.280443  5325 consensus_peers.cc:770] Retrying to get permanent uuid for remote peer: member_type: VOTER last_known_addr { host: "127.4.0.188" port: 33465 } attempt: 1
W20260630 12:11:52.284932  5325 consensus_peers.cc:760] Error getting permanent uuid from config peer 127.4.0.188:33465: Network error: Client connection negotiation failed: client connection to 127.4.0.188:33465: connect: Connection refused (error 111)
I20260630 12:11:52.317211  4098 rpc_server.cc:307] RPC server started. Bound to: 127.4.0.188:33465
I20260630 12:11:52.317315  5389 acceptor_pool.cc:272] collecting diagnostics on the listening RPC socket 127.4.0.188:33465 every 8 connection(s)
I20260630 12:11:52.320677  4098 internal_mini_cluster.cc:184] Waiting to initialize catalog manager on master 0
I20260630 12:11:52.321504  5390 data_dirs.cc:400] Could only allocate 1 dirs of requested 3 for tablet 00000000000000000000000000000000. 1 dirs total, 0 dirs full, 0 dirs failed
I20260630 12:11:52.328044  5390 sys_catalog.cc:422] member_type: VOTER last_known_addr { host: "127.4.0.190" port: 38677 } has no permanent_uuid. Determining permanent_uuid...
I20260630 12:11:52.334486  5325 consensus_peers.cc:770] Retrying to get permanent uuid for remote peer: member_type: VOTER last_known_addr { host: "127.4.0.188" port: 33465 } attempt: 2
I20260630 12:11:52.341164  5260 consensus_peers.cc:770] Retrying to get permanent uuid for remote peer: member_type: VOTER last_known_addr { host: "127.4.0.188" port: 33465 } attempt: 1
I20260630 12:11:52.341408  5390 sys_catalog.cc:422] member_type: VOTER last_known_addr { host: "127.4.0.189" port: 46329 } has no permanent_uuid. Determining permanent_uuid...
I20260630 12:11:52.357611  5325 tablet_bootstrap.cc:492] T 00000000000000000000000000000000 P 0046e502a75f4d56aa4da5fa472341cf: Bootstrap starting.
I20260630 12:11:52.360142  5390 sys_catalog.cc:422] member_type: VOTER last_known_addr { host: "127.4.0.188" port: 33465 } has no permanent_uuid. Determining permanent_uuid...
I20260630 12:11:52.363145  5260 tablet_bootstrap.cc:492] T 00000000000000000000000000000000 P c8781d4d3f964746a7c02cf86e2a95a1: Bootstrap starting.
I20260630 12:11:52.364473  5325 tablet_bootstrap.cc:654] T 00000000000000000000000000000000 P 0046e502a75f4d56aa4da5fa472341cf: Neither blocks nor log segments found. Creating new log.
I20260630 12:11:52.370124  5260 tablet_bootstrap.cc:654] T 00000000000000000000000000000000 P c8781d4d3f964746a7c02cf86e2a95a1: Neither blocks nor log segments found. Creating new log.
I20260630 12:11:52.370397  5325 tablet_bootstrap.cc:492] T 00000000000000000000000000000000 P 0046e502a75f4d56aa4da5fa472341cf: No bootstrap required, opened a new log
I20260630 12:11:52.373653  5325 raft_consensus.cc:359] T 00000000000000000000000000000000 P 0046e502a75f4d56aa4da5fa472341cf [term 0 FOLLOWER]: Replica starting. Triggering 0 pending ops. Active config: opid_index: -1 OBSOLETE_local: false peers { permanent_uuid: "c8781d4d3f964746a7c02cf86e2a95a1" member_type: VOTER last_known_addr { host: "127.4.0.190" port: 38677 } } peers { permanent_uuid: "0046e502a75f4d56aa4da5fa472341cf" member_type: VOTER last_known_addr { host: "127.4.0.189" port: 46329 } } peers { permanent_uuid: "b6c6493b9de34d4495d60a9d42b74dbc" member_type: VOTER last_known_addr { host: "127.4.0.188" port: 33465 } }
I20260630 12:11:52.374253  5325 raft_consensus.cc:385] T 00000000000000000000000000000000 P 0046e502a75f4d56aa4da5fa472341cf [term 0 FOLLOWER]: Consensus starting up: Expiring failure detector timer to make a prompt election more likely
I20260630 12:11:52.374516  5325 raft_consensus.cc:740] T 00000000000000000000000000000000 P 0046e502a75f4d56aa4da5fa472341cf [term 0 FOLLOWER]: Becoming Follower/Learner. State: Replica: 0046e502a75f4d56aa4da5fa472341cf, State: Initialized, Role: FOLLOWER
I20260630 12:11:52.375276  5325 consensus_queue.cc:260] T 00000000000000000000000000000000 P 0046e502a75f4d56aa4da5fa472341cf [NON_LEADER]: Queue going to NON_LEADER mode. State: All replicated index: 0, Majority replicated index: 0, Committed index: 0, Last appended: 0.0, Last appended by leader: 0, Current term: 0, Majority size: -1, State: 0, Mode: NON_LEADER, active raft config: opid_index: -1 OBSOLETE_local: false peers { permanent_uuid: "c8781d4d3f964746a7c02cf86e2a95a1" member_type: VOTER last_known_addr { host: "127.4.0.190" port: 38677 } } peers { permanent_uuid: "0046e502a75f4d56aa4da5fa472341cf" member_type: VOTER last_known_addr { host: "127.4.0.189" port: 46329 } } peers { permanent_uuid: "b6c6493b9de34d4495d60a9d42b74dbc" member_type: VOTER last_known_addr { host: "127.4.0.188" port: 33465 } }
I20260630 12:11:52.377029  5260 tablet_bootstrap.cc:492] T 00000000000000000000000000000000 P c8781d4d3f964746a7c02cf86e2a95a1: No bootstrap required, opened a new log
I20260630 12:11:52.377723  5397 sys_catalog.cc:455] T 00000000000000000000000000000000 P 0046e502a75f4d56aa4da5fa472341cf [sys.catalog]: SysCatalogTable state changed. Reason: RaftConsensus started. Latest consensus state: current_term: 0 committed_config { opid_index: -1 OBSOLETE_local: false peers { permanent_uuid: "c8781d4d3f964746a7c02cf86e2a95a1" member_type: VOTER last_known_addr { host: "127.4.0.190" port: 38677 } } peers { permanent_uuid: "0046e502a75f4d56aa4da5fa472341cf" member_type: VOTER last_known_addr { host: "127.4.0.189" port: 46329 } } peers { permanent_uuid: "b6c6493b9de34d4495d60a9d42b74dbc" member_type: VOTER last_known_addr { host: "127.4.0.188" port: 33465 } } }
I20260630 12:11:52.378679  5397 sys_catalog.cc:458] T 00000000000000000000000000000000 P 0046e502a75f4d56aa4da5fa472341cf [sys.catalog]: This master's current role is: FOLLOWER
I20260630 12:11:52.379251  5325 sys_catalog.cc:565] T 00000000000000000000000000000000 P 0046e502a75f4d56aa4da5fa472341cf [sys.catalog]: configured and running, proceeding with master startup.
I20260630 12:11:52.380326  5260 raft_consensus.cc:359] T 00000000000000000000000000000000 P c8781d4d3f964746a7c02cf86e2a95a1 [term 0 FOLLOWER]: Replica starting. Triggering 0 pending ops. Active config: opid_index: -1 OBSOLETE_local: false peers { permanent_uuid: "c8781d4d3f964746a7c02cf86e2a95a1" member_type: VOTER last_known_addr { host: "127.4.0.190" port: 38677 } } peers { permanent_uuid: "0046e502a75f4d56aa4da5fa472341cf" member_type: VOTER last_known_addr { host: "127.4.0.189" port: 46329 } } peers { permanent_uuid: "b6c6493b9de34d4495d60a9d42b74dbc" member_type: VOTER last_known_addr { host: "127.4.0.188" port: 33465 } }
I20260630 12:11:52.380937  5260 raft_consensus.cc:385] T 00000000000000000000000000000000 P c8781d4d3f964746a7c02cf86e2a95a1 [term 0 FOLLOWER]: Consensus starting up: Expiring failure detector timer to make a prompt election more likely
I20260630 12:11:52.381207  5260 raft_consensus.cc:740] T 00000000000000000000000000000000 P c8781d4d3f964746a7c02cf86e2a95a1 [term 0 FOLLOWER]: Becoming Follower/Learner. State: Replica: c8781d4d3f964746a7c02cf86e2a95a1, State: Initialized, Role: FOLLOWER
I20260630 12:11:52.382004  5260 consensus_queue.cc:260] T 00000000000000000000000000000000 P c8781d4d3f964746a7c02cf86e2a95a1 [NON_LEADER]: Queue going to NON_LEADER mode. State: All replicated index: 0, Majority replicated index: 0, Committed index: 0, Last appended: 0.0, Last appended by leader: 0, Current term: 0, Majority size: -1, State: 0, Mode: NON_LEADER, active raft config: opid_index: -1 OBSOLETE_local: false peers { permanent_uuid: "c8781d4d3f964746a7c02cf86e2a95a1" member_type: VOTER last_known_addr { host: "127.4.0.190" port: 38677 } } peers { permanent_uuid: "0046e502a75f4d56aa4da5fa472341cf" member_type: VOTER last_known_addr { host: "127.4.0.189" port: 46329 } } peers { permanent_uuid: "b6c6493b9de34d4495d60a9d42b74dbc" member_type: VOTER last_known_addr { host: "127.4.0.188" port: 33465 } }
I20260630 12:11:52.383469  5390 tablet_bootstrap.cc:492] T 00000000000000000000000000000000 P b6c6493b9de34d4495d60a9d42b74dbc: Bootstrap starting.
I20260630 12:11:52.384361  5399 sys_catalog.cc:455] T 00000000000000000000000000000000 P c8781d4d3f964746a7c02cf86e2a95a1 [sys.catalog]: SysCatalogTable state changed. Reason: RaftConsensus started. Latest consensus state: current_term: 0 committed_config { opid_index: -1 OBSOLETE_local: false peers { permanent_uuid: "c8781d4d3f964746a7c02cf86e2a95a1" member_type: VOTER last_known_addr { host: "127.4.0.190" port: 38677 } } peers { permanent_uuid: "0046e502a75f4d56aa4da5fa472341cf" member_type: VOTER last_known_addr { host: "127.4.0.189" port: 46329 } } peers { permanent_uuid: "b6c6493b9de34d4495d60a9d42b74dbc" member_type: VOTER last_known_addr { host: "127.4.0.188" port: 33465 } } }
I20260630 12:11:52.385329  5399 sys_catalog.cc:458] T 00000000000000000000000000000000 P c8781d4d3f964746a7c02cf86e2a95a1 [sys.catalog]: This master's current role is: FOLLOWER
I20260630 12:11:52.386451  5260 sys_catalog.cc:565] T 00000000000000000000000000000000 P c8781d4d3f964746a7c02cf86e2a95a1 [sys.catalog]: configured and running, proceeding with master startup.
I20260630 12:11:52.392189  5390 tablet_bootstrap.cc:654] T 00000000000000000000000000000000 P b6c6493b9de34d4495d60a9d42b74dbc: Neither blocks nor log segments found. Creating new log.
I20260630 12:11:52.400239  5390 tablet_bootstrap.cc:492] T 00000000000000000000000000000000 P b6c6493b9de34d4495d60a9d42b74dbc: No bootstrap required, opened a new log
W20260630 12:11:52.404004  5414 catalog_manager.cc:1594] T 00000000000000000000000000000000 P 0046e502a75f4d56aa4da5fa472341cf: loading cluster ID for follower catalog manager: Not found: cluster ID entry not found
W20260630 12:11:52.404441  5414 catalog_manager.cc:883] Not found: cluster ID entry not found: failed to prepare follower catalog manager, will retry
I20260630 12:11:52.403944  5390 raft_consensus.cc:359] T 00000000000000000000000000000000 P b6c6493b9de34d4495d60a9d42b74dbc [term 0 FOLLOWER]: Replica starting. Triggering 0 pending ops. Active config: opid_index: -1 OBSOLETE_local: false peers { permanent_uuid: "c8781d4d3f964746a7c02cf86e2a95a1" member_type: VOTER last_known_addr { host: "127.4.0.190" port: 38677 } } peers { permanent_uuid: "0046e502a75f4d56aa4da5fa472341cf" member_type: VOTER last_known_addr { host: "127.4.0.189" port: 46329 } } peers { permanent_uuid: "b6c6493b9de34d4495d60a9d42b74dbc" member_type: VOTER last_known_addr { host: "127.4.0.188" port: 33465 } }
I20260630 12:11:52.404992  5390 raft_consensus.cc:385] T 00000000000000000000000000000000 P b6c6493b9de34d4495d60a9d42b74dbc [term 0 FOLLOWER]: Consensus starting up: Expiring failure detector timer to make a prompt election more likely
I20260630 12:11:52.405409  5390 raft_consensus.cc:740] T 00000000000000000000000000000000 P b6c6493b9de34d4495d60a9d42b74dbc [term 0 FOLLOWER]: Becoming Follower/Learner. State: Replica: b6c6493b9de34d4495d60a9d42b74dbc, State: Initialized, Role: FOLLOWER
I20260630 12:11:52.406502  5390 consensus_queue.cc:260] T 00000000000000000000000000000000 P b6c6493b9de34d4495d60a9d42b74dbc [NON_LEADER]: Queue going to NON_LEADER mode. State: All replicated index: 0, Majority replicated index: 0, Committed index: 0, Last appended: 0.0, Last appended by leader: 0, Current term: 0, Majority size: -1, State: 0, Mode: NON_LEADER, active raft config: opid_index: -1 OBSOLETE_local: false peers { permanent_uuid: "c8781d4d3f964746a7c02cf86e2a95a1" member_type: VOTER last_known_addr { host: "127.4.0.190" port: 38677 } } peers { permanent_uuid: "0046e502a75f4d56aa4da5fa472341cf" member_type: VOTER last_known_addr { host: "127.4.0.189" port: 46329 } } peers { permanent_uuid: "b6c6493b9de34d4495d60a9d42b74dbc" member_type: VOTER last_known_addr { host: "127.4.0.188" port: 33465 } }
I20260630 12:11:52.409264  5421 sys_catalog.cc:455] T 00000000000000000000000000000000 P b6c6493b9de34d4495d60a9d42b74dbc [sys.catalog]: SysCatalogTable state changed. Reason: RaftConsensus started. Latest consensus state: current_term: 0 committed_config { opid_index: -1 OBSOLETE_local: false peers { permanent_uuid: "c8781d4d3f964746a7c02cf86e2a95a1" member_type: VOTER last_known_addr { host: "127.4.0.190" port: 38677 } } peers { permanent_uuid: "0046e502a75f4d56aa4da5fa472341cf" member_type: VOTER last_known_addr { host: "127.4.0.189" port: 46329 } } peers { permanent_uuid: "b6c6493b9de34d4495d60a9d42b74dbc" member_type: VOTER last_known_addr { host: "127.4.0.188" port: 33465 } } }
I20260630 12:11:52.409989  4098 internal_mini_cluster.cc:184] Waiting to initialize catalog manager on master 1
I20260630 12:11:52.410066  5421 sys_catalog.cc:458] T 00000000000000000000000000000000 P b6c6493b9de34d4495d60a9d42b74dbc [sys.catalog]: This master's current role is: FOLLOWER
I20260630 12:11:52.410459  4098 internal_mini_cluster.cc:184] Waiting to initialize catalog manager on master 2
I20260630 12:11:52.411190  5390 sys_catalog.cc:565] T 00000000000000000000000000000000 P b6c6493b9de34d4495d60a9d42b74dbc [sys.catalog]: configured and running, proceeding with master startup.
W20260630 12:11:52.413246  5422 catalog_manager.cc:1594] T 00000000000000000000000000000000 P c8781d4d3f964746a7c02cf86e2a95a1: loading cluster ID for follower catalog manager: Not found: cluster ID entry not found
W20260630 12:11:52.413574  5422 catalog_manager.cc:883] Not found: cluster ID entry not found: failed to prepare follower catalog manager, will retry
I20260630 12:11:52.424381  4098 file_cache.cc:492] Constructed file cache file cache with capacity 419430
W20260630 12:11:52.426069  5433 catalog_manager.cc:1594] T 00000000000000000000000000000000 P b6c6493b9de34d4495d60a9d42b74dbc: loading cluster ID for follower catalog manager: Not found: cluster ID entry not found
W20260630 12:11:52.426371  5433 catalog_manager.cc:883] Not found: cluster ID entry not found: failed to prepare follower catalog manager, will retry
W20260630 12:11:52.433105  5434 instance_detector.cc:116] could not retrieve AWS instance metadata: Network error: curl error: HTTP response code said error: The requested URL returned error: 404
W20260630 12:11:52.433833  5435 instance_detector.cc:116] could not retrieve Azure instance metadata: Network error: curl error: HTTP response code said error: The requested URL returned error: 404
W20260630 12:11:52.435602  5437 instance_detector.cc:116] could not retrieve OpenStack instance metadata: Network error: curl error: HTTP response code said error: The requested URL returned error: 404
I20260630 12:11:52.436335  4098 server_base.cc:1061] running on GCE node
I20260630 12:11:52.437103  4098 hybrid_clock.cc:584] initializing the hybrid clock with 'system_unsync' time source
W20260630 12:11:52.437330  4098 system_unsync_time.cc:38] NTP support is disabled. Clock error bounds will not be accurate. This configuration is not suitable for distributed clusters.
I20260630 12:11:52.437529  4098 hybrid_clock.cc:648] HybridClock initialized: now 1782821512437508 us; error 0 us; skew 500 ppm
I20260630 12:11:52.438097  4098 server_base.cc:861] Flag tcmalloc_max_total_thread_cache_bytes is not working since tcmalloc is not enabled.
I20260630 12:11:52.440405  4098 webserver.cc:533] Webserver started at http://127.4.0.129:46763/ using document root <none> and password file <none>
I20260630 12:11:52.440883  4098 fs_manager.cc:362] Metadata directory not provided
I20260630 12:11:52.441089  4098 fs_manager.cc:368] Using write-ahead log directory (fs_wal_dir) as metadata directory
I20260630 12:11:52.441365  4098 server_base.cc:909] This appears to be a new deployment of Kudu; creating new FS layout
I20260630 12:11:52.442667  4098 fs_manager.cc:1068] Generated new instance metadata in path /tmp/dist-test-task3B8G8j/test-tmp/auto_rebalancer-test.0.AutoRebalancerTest.NextLeaderResumesAutoRebalancing.1782821488392572-4098-0/minicluster-data/ts-0-root/instance:
uuid: "cd3e58d4464845ca826d3c58ffb77e2c"
format_stamp: "Formatted at 2026-06-30 12:11:52 on dist-test-slave-69xz"
I20260630 12:11:52.447364  4098 fs_manager.cc:696] Time spent creating directory manager: real 0.004s	user 0.005s	sys 0.000s
I20260630 12:11:52.450712  5442 log_block_manager.cc:4031] Time spent loading block containers with low live blocks: real 0.000s	user 0.000s	sys 0.000s
I20260630 12:11:52.451481  4098 fs_manager.cc:730] Time spent opening block manager: real 0.002s	user 0.002s	sys 0.001s
I20260630 12:11:52.451786  4098 fs_manager.cc:647] Opened local filesystem: /tmp/dist-test-task3B8G8j/test-tmp/auto_rebalancer-test.0.AutoRebalancerTest.NextLeaderResumesAutoRebalancing.1782821488392572-4098-0/minicluster-data/ts-0-root
uuid: "cd3e58d4464845ca826d3c58ffb77e2c"
format_stamp: "Formatted at 2026-06-30 12:11:52 on dist-test-slave-69xz"
I20260630 12:11:52.452114  4098 fs_report.cc:389] FS layout report
--------------------
wal directory: /tmp/dist-test-task3B8G8j/test-tmp/auto_rebalancer-test.0.AutoRebalancerTest.NextLeaderResumesAutoRebalancing.1782821488392572-4098-0/minicluster-data/ts-0-root
metadata directory: /tmp/dist-test-task3B8G8j/test-tmp/auto_rebalancer-test.0.AutoRebalancerTest.NextLeaderResumesAutoRebalancing.1782821488392572-4098-0/minicluster-data/ts-0-root
1 data directories: /tmp/dist-test-task3B8G8j/test-tmp/auto_rebalancer-test.0.AutoRebalancerTest.NextLeaderResumesAutoRebalancing.1782821488392572-4098-0/minicluster-data/ts-0-root/data
Total live blocks: 0
Total live bytes: 0
Total live bytes (after alignment): 0
Total number of LBM containers: 0 (0 full)
Did not check for missing blocks
Did not check for orphaned blocks
Total full LBM containers with extra space: 0 (0 repaired)
Total full LBM container extra space in bytes: 0 (0 repaired)
Total incomplete LBM containers: 0 (0 repaired)
Total LBM partial records: 0 (0 repaired)
Total corrupted LBM metadata records in RocksDB: 0 (0 repaired)
I20260630 12:11:52.473218  4098 rpc_server.cc:225] running with OpenSSL 1.1.1  11 Sep 2018
I20260630 12:11:52.474562  4098 kserver.cc:163] Server-wide thread pool size limit: 3276
I20260630 12:11:52.476167  4098 txn_system_client.cc:432] TxnSystemClient initialization is disabled...
I20260630 12:11:52.478624  4098 ts_tablet_manager.cc:585] Loaded tablet metadata (0 total tablets, 0 live tablets)
I20260630 12:11:52.478801  4098 ts_tablet_manager.cc:531] Time spent load tablet metadata: real 0.000s	user 0.000s	sys 0.000s
I20260630 12:11:52.479099  4098 ts_tablet_manager.cc:616] Registered 0 tablets
I20260630 12:11:52.479254  4098 ts_tablet_manager.cc:595] Time spent register tablets: real 0.000s	user 0.000s	sys 0.000s
I20260630 12:11:52.524045  4098 rpc_server.cc:307] RPC server started. Bound to: 127.4.0.129:33239
I20260630 12:11:52.524148  5504 acceptor_pool.cc:272] collecting diagnostics on the listening RPC socket 127.4.0.129:33239 every 8 connection(s)
I20260630 12:11:52.539841  4098 file_cache.cc:492] Constructed file cache file cache with capacity 419430
I20260630 12:11:52.549484  5505 heartbeater.cc:344] Connected to a master server at 127.4.0.188:33465
I20260630 12:11:52.549942  5505 heartbeater.cc:461] Registering TS with master...
I20260630 12:11:52.550803  5505 heartbeater.cc:507] Master 127.4.0.188:33465 requested a full tablet report, sending...
W20260630 12:11:52.552953  5512 instance_detector.cc:116] could not retrieve AWS instance metadata: Network error: curl error: HTTP response code said error: The requested URL returned error: 404
I20260630 12:11:52.554289  5355 ts_manager.cc:194] Registered new tserver with Master: cd3e58d4464845ca826d3c58ffb77e2c (127.4.0.129:33239)
W20260630 12:11:52.554397  5513 instance_detector.cc:116] could not retrieve Azure instance metadata: Network error: curl error: HTTP response code said error: The requested URL returned error: 404
I20260630 12:11:52.558549  5506 heartbeater.cc:344] Connected to a master server at 127.4.0.189:46329
I20260630 12:11:52.559054  5506 heartbeater.cc:461] Registering TS with master...
I20260630 12:11:52.560032  5506 heartbeater.cc:507] Master 127.4.0.189:46329 requested a full tablet report, sending...
I20260630 12:11:52.561239  4098 server_base.cc:1061] running on GCE node
W20260630 12:11:52.562604  5515 instance_detector.cc:116] could not retrieve OpenStack instance metadata: Network error: curl error: HTTP response code said error: The requested URL returned error: 404
I20260630 12:11:52.563333  5507 heartbeater.cc:344] Connected to a master server at 127.4.0.190:38677
I20260630 12:11:52.563580  5290 ts_manager.cc:194] Registered new tserver with Master: cd3e58d4464845ca826d3c58ffb77e2c (127.4.0.129:33239)
I20260630 12:11:52.563725  5507 heartbeater.cc:461] Registering TS with master...
I20260630 12:11:52.563751  4098 hybrid_clock.cc:584] initializing the hybrid clock with 'system_unsync' time source
W20260630 12:11:52.564227  4098 system_unsync_time.cc:38] NTP support is disabled. Clock error bounds will not be accurate. This configuration is not suitable for distributed clusters.
I20260630 12:11:52.564500  4098 hybrid_clock.cc:648] HybridClock initialized: now 1782821512564476 us; error 0 us; skew 500 ppm
I20260630 12:11:52.564819  5507 heartbeater.cc:507] Master 127.4.0.190:38677 requested a full tablet report, sending...
I20260630 12:11:52.565337  4098 server_base.cc:861] Flag tcmalloc_max_total_thread_cache_bytes is not working since tcmalloc is not enabled.
I20260630 12:11:52.567569  5225 ts_manager.cc:194] Registered new tserver with Master: cd3e58d4464845ca826d3c58ffb77e2c (127.4.0.129:33239)
I20260630 12:11:52.568071  4098 webserver.cc:533] Webserver started at http://127.4.0.130:41433/ using document root <none> and password file <none>
I20260630 12:11:52.568632  4098 fs_manager.cc:362] Metadata directory not provided
I20260630 12:11:52.568895  4098 fs_manager.cc:368] Using write-ahead log directory (fs_wal_dir) as metadata directory
I20260630 12:11:52.569177  4098 server_base.cc:909] This appears to be a new deployment of Kudu; creating new FS layout
I20260630 12:11:52.570297  4098 fs_manager.cc:1068] Generated new instance metadata in path /tmp/dist-test-task3B8G8j/test-tmp/auto_rebalancer-test.0.AutoRebalancerTest.NextLeaderResumesAutoRebalancing.1782821488392572-4098-0/minicluster-data/ts-1-root/instance:
uuid: "a3091674668c4dfc8efe420c2ebb081b"
format_stamp: "Formatted at 2026-06-30 12:11:52 on dist-test-slave-69xz"
I20260630 12:11:52.575492  4098 fs_manager.cc:696] Time spent creating directory manager: real 0.005s	user 0.004s	sys 0.000s
I20260630 12:11:52.579459  5520 log_block_manager.cc:4031] Time spent loading block containers with low live blocks: real 0.000s	user 0.000s	sys 0.000s
I20260630 12:11:52.580168  4098 fs_manager.cc:730] Time spent opening block manager: real 0.002s	user 0.001s	sys 0.000s
I20260630 12:11:52.580482  4098 fs_manager.cc:647] Opened local filesystem: /tmp/dist-test-task3B8G8j/test-tmp/auto_rebalancer-test.0.AutoRebalancerTest.NextLeaderResumesAutoRebalancing.1782821488392572-4098-0/minicluster-data/ts-1-root
uuid: "a3091674668c4dfc8efe420c2ebb081b"
format_stamp: "Formatted at 2026-06-30 12:11:52 on dist-test-slave-69xz"
I20260630 12:11:52.580825  4098 fs_report.cc:389] FS layout report
--------------------
wal directory: /tmp/dist-test-task3B8G8j/test-tmp/auto_rebalancer-test.0.AutoRebalancerTest.NextLeaderResumesAutoRebalancing.1782821488392572-4098-0/minicluster-data/ts-1-root
metadata directory: /tmp/dist-test-task3B8G8j/test-tmp/auto_rebalancer-test.0.AutoRebalancerTest.NextLeaderResumesAutoRebalancing.1782821488392572-4098-0/minicluster-data/ts-1-root
1 data directories: /tmp/dist-test-task3B8G8j/test-tmp/auto_rebalancer-test.0.AutoRebalancerTest.NextLeaderResumesAutoRebalancing.1782821488392572-4098-0/minicluster-data/ts-1-root/data
Total live blocks: 0
Total live bytes: 0
Total live bytes (after alignment): 0
Total number of LBM containers: 0 (0 full)
Did not check for missing blocks
Did not check for orphaned blocks
Total full LBM containers with extra space: 0 (0 repaired)
Total full LBM container extra space in bytes: 0 (0 repaired)
Total incomplete LBM containers: 0 (0 repaired)
Total LBM partial records: 0 (0 repaired)
Total corrupted LBM metadata records in RocksDB: 0 (0 repaired)
I20260630 12:11:52.598383  4098 rpc_server.cc:225] running with OpenSSL 1.1.1  11 Sep 2018
I20260630 12:11:52.600039  4098 kserver.cc:163] Server-wide thread pool size limit: 3276
I20260630 12:11:52.601626  4098 txn_system_client.cc:432] TxnSystemClient initialization is disabled...
I20260630 12:11:52.603899  4098 ts_tablet_manager.cc:585] Loaded tablet metadata (0 total tablets, 0 live tablets)
I20260630 12:11:52.604125  4098 ts_tablet_manager.cc:531] Time spent load tablet metadata: real 0.000s	user 0.000s	sys 0.000s
I20260630 12:11:52.604382  4098 ts_tablet_manager.cc:616] Registered 0 tablets
I20260630 12:11:52.604578  4098 ts_tablet_manager.cc:595] Time spent register tablets: real 0.000s	user 0.000s	sys 0.000s
I20260630 12:11:52.648042  4098 rpc_server.cc:307] RPC server started. Bound to: 127.4.0.130:42707
I20260630 12:11:52.648161  5582 acceptor_pool.cc:272] collecting diagnostics on the listening RPC socket 127.4.0.130:42707 every 8 connection(s)
I20260630 12:11:52.658243  4098 file_cache.cc:492] Constructed file cache file cache with capacity 419430
I20260630 12:11:52.675323  5583 heartbeater.cc:344] Connected to a master server at 127.4.0.188:33465
I20260630 12:11:52.675822  5583 heartbeater.cc:461] Registering TS with master...
I20260630 12:11:52.677002  5583 heartbeater.cc:507] Master 127.4.0.188:33465 requested a full tablet report, sending...
I20260630 12:11:52.680289  5355 ts_manager.cc:194] Registered new tserver with Master: a3091674668c4dfc8efe420c2ebb081b (127.4.0.130:42707)
W20260630 12:11:52.682790  5590 instance_detector.cc:116] could not retrieve AWS instance metadata: Network error: curl error: HTTP response code said error: The requested URL returned error: 404
I20260630 12:11:52.684038  5584 heartbeater.cc:344] Connected to a master server at 127.4.0.189:46329
I20260630 12:11:52.684530  5584 heartbeater.cc:461] Registering TS with master...
I20260630 12:11:52.685700  5584 heartbeater.cc:507] Master 127.4.0.189:46329 requested a full tablet report, sending...
I20260630 12:11:52.689926  5290 ts_manager.cc:194] Registered new tserver with Master: a3091674668c4dfc8efe420c2ebb081b (127.4.0.130:42707)
I20260630 12:11:52.690646  5585 heartbeater.cc:344] Connected to a master server at 127.4.0.190:38677
I20260630 12:11:52.691191  5585 heartbeater.cc:461] Registering TS with master...
I20260630 12:11:52.692407  5585 heartbeater.cc:507] Master 127.4.0.190:38677 requested a full tablet report, sending...
W20260630 12:11:52.695281  5591 instance_detector.cc:116] could not retrieve Azure instance metadata: Network error: curl error: HTTP response code said error: The requested URL returned error: 404
I20260630 12:11:52.696287  5225 ts_manager.cc:194] Registered new tserver with Master: a3091674668c4dfc8efe420c2ebb081b (127.4.0.130:42707)
I20260630 12:11:52.700306  4098 server_base.cc:1061] running on GCE node
W20260630 12:11:52.700366  5593 instance_detector.cc:116] could not retrieve OpenStack instance metadata: Network error: curl error: HTTP response code said error: The requested URL returned error: 404
I20260630 12:11:52.701467  4098 hybrid_clock.cc:584] initializing the hybrid clock with 'system_unsync' time source
W20260630 12:11:52.701783  4098 system_unsync_time.cc:38] NTP support is disabled. Clock error bounds will not be accurate. This configuration is not suitable for distributed clusters.
I20260630 12:11:52.701987  4098 hybrid_clock.cc:648] HybridClock initialized: now 1782821512701966 us; error 0 us; skew 500 ppm
I20260630 12:11:52.702513  4098 server_base.cc:861] Flag tcmalloc_max_total_thread_cache_bytes is not working since tcmalloc is not enabled.
I20260630 12:11:52.705075  4098 webserver.cc:533] Webserver started at http://127.4.0.131:34979/ using document root <none> and password file <none>
I20260630 12:11:52.705658  4098 fs_manager.cc:362] Metadata directory not provided
I20260630 12:11:52.705893  4098 fs_manager.cc:368] Using write-ahead log directory (fs_wal_dir) as metadata directory
I20260630 12:11:52.706169  4098 server_base.cc:909] This appears to be a new deployment of Kudu; creating new FS layout
I20260630 12:11:52.707294  4098 fs_manager.cc:1068] Generated new instance metadata in path /tmp/dist-test-task3B8G8j/test-tmp/auto_rebalancer-test.0.AutoRebalancerTest.NextLeaderResumesAutoRebalancing.1782821488392572-4098-0/minicluster-data/ts-2-root/instance:
uuid: "a07293e5ae9f45898af63b0f09b4d466"
format_stamp: "Formatted at 2026-06-30 12:11:52 on dist-test-slave-69xz"
I20260630 12:11:52.712087  4098 fs_manager.cc:696] Time spent creating directory manager: real 0.004s	user 0.006s	sys 0.000s
I20260630 12:11:52.715600  5598 log_block_manager.cc:4031] Time spent loading block containers with low live blocks: real 0.000s	user 0.000s	sys 0.000s
I20260630 12:11:52.716427  4098 fs_manager.cc:730] Time spent opening block manager: real 0.002s	user 0.002s	sys 0.000s
I20260630 12:11:52.716777  4098 fs_manager.cc:647] Opened local filesystem: /tmp/dist-test-task3B8G8j/test-tmp/auto_rebalancer-test.0.AutoRebalancerTest.NextLeaderResumesAutoRebalancing.1782821488392572-4098-0/minicluster-data/ts-2-root
uuid: "a07293e5ae9f45898af63b0f09b4d466"
format_stamp: "Formatted at 2026-06-30 12:11:52 on dist-test-slave-69xz"
I20260630 12:11:52.717100  4098 fs_report.cc:389] FS layout report
--------------------
wal directory: /tmp/dist-test-task3B8G8j/test-tmp/auto_rebalancer-test.0.AutoRebalancerTest.NextLeaderResumesAutoRebalancing.1782821488392572-4098-0/minicluster-data/ts-2-root
metadata directory: /tmp/dist-test-task3B8G8j/test-tmp/auto_rebalancer-test.0.AutoRebalancerTest.NextLeaderResumesAutoRebalancing.1782821488392572-4098-0/minicluster-data/ts-2-root
1 data directories: /tmp/dist-test-task3B8G8j/test-tmp/auto_rebalancer-test.0.AutoRebalancerTest.NextLeaderResumesAutoRebalancing.1782821488392572-4098-0/minicluster-data/ts-2-root/data
Total live blocks: 0
Total live bytes: 0
Total live bytes (after alignment): 0
Total number of LBM containers: 0 (0 full)
Did not check for missing blocks
Did not check for orphaned blocks
Total full LBM containers with extra space: 0 (0 repaired)
Total full LBM container extra space in bytes: 0 (0 repaired)
Total incomplete LBM containers: 0 (0 repaired)
Total LBM partial records: 0 (0 repaired)
Total corrupted LBM metadata records in RocksDB: 0 (0 repaired)
I20260630 12:11:52.728086  4098 rpc_server.cc:225] running with OpenSSL 1.1.1  11 Sep 2018
I20260630 12:11:52.729766  4098 kserver.cc:163] Server-wide thread pool size limit: 3276
I20260630 12:11:52.731287  4098 txn_system_client.cc:432] TxnSystemClient initialization is disabled...
I20260630 12:11:52.733867  4098 ts_tablet_manager.cc:585] Loaded tablet metadata (0 total tablets, 0 live tablets)
I20260630 12:11:52.734115  4098 ts_tablet_manager.cc:531] Time spent load tablet metadata: real 0.000s	user 0.000s	sys 0.000s
I20260630 12:11:52.734359  4098 ts_tablet_manager.cc:616] Registered 0 tablets
I20260630 12:11:52.734537  4098 ts_tablet_manager.cc:595] Time spent register tablets: real 0.000s	user 0.000s	sys 0.000s
I20260630 12:11:52.777668  4098 rpc_server.cc:307] RPC server started. Bound to: 127.4.0.131:38797
I20260630 12:11:52.777791  5660 acceptor_pool.cc:272] collecting diagnostics on the listening RPC socket 127.4.0.131:38797 every 8 connection(s)
I20260630 12:11:52.785439  5421 raft_consensus.cc:493] T 00000000000000000000000000000000 P b6c6493b9de34d4495d60a9d42b74dbc [term 0 FOLLOWER]: Starting pre-election (no leader contacted us within the election timeout)
I20260630 12:11:52.786216  5421 raft_consensus.cc:515] T 00000000000000000000000000000000 P b6c6493b9de34d4495d60a9d42b74dbc [term 0 FOLLOWER]: Starting pre-election with config: opid_index: -1 OBSOLETE_local: false peers { permanent_uuid: "c8781d4d3f964746a7c02cf86e2a95a1" member_type: VOTER last_known_addr { host: "127.4.0.190" port: 38677 } } peers { permanent_uuid: "0046e502a75f4d56aa4da5fa472341cf" member_type: VOTER last_known_addr { host: "127.4.0.189" port: 46329 } } peers { permanent_uuid: "b6c6493b9de34d4495d60a9d42b74dbc" member_type: VOTER last_known_addr { host: "127.4.0.188" port: 33465 } }
I20260630 12:11:52.790493  5235 tablet_service.cc:1917] Received RequestConsensusVote() RPC: tablet_id: "00000000000000000000000000000000" candidate_uuid: "b6c6493b9de34d4495d60a9d42b74dbc" candidate_term: 1 candidate_status { last_received { term: 0 index: 0 } } ignore_live_leader: false dest_uuid: "c8781d4d3f964746a7c02cf86e2a95a1" is_pre_election: true
I20260630 12:11:52.791507  5235 raft_consensus.cc:2468] T 00000000000000000000000000000000 P c8781d4d3f964746a7c02cf86e2a95a1 [term 0 FOLLOWER]: Leader pre-election vote request: Granting yes vote for candidate b6c6493b9de34d4495d60a9d42b74dbc in term 0.
I20260630 12:11:52.793510  5340 leader_election.cc:304] T 00000000000000000000000000000000 P b6c6493b9de34d4495d60a9d42b74dbc [CANDIDATE]: Term 1 pre-election: Election decided. Result: candidate won. Election summary: received 2 responses out of 3 voters: 2 yes votes; 0 no votes. yes voters: b6c6493b9de34d4495d60a9d42b74dbc, c8781d4d3f964746a7c02cf86e2a95a1; no voters: 
I20260630 12:11:52.795418  5421 leader_election.cc:290] T 00000000000000000000000000000000 P b6c6493b9de34d4495d60a9d42b74dbc [CANDIDATE]: Term 1 pre-election: Requested pre-vote from peers c8781d4d3f964746a7c02cf86e2a95a1 (127.4.0.190:38677), 0046e502a75f4d56aa4da5fa472341cf (127.4.0.189:46329)
I20260630 12:11:52.796185  5421 raft_consensus.cc:2804] T 00000000000000000000000000000000 P b6c6493b9de34d4495d60a9d42b74dbc [term 0 FOLLOWER]: Leader pre-election won for term 1
I20260630 12:11:52.796694  5421 raft_consensus.cc:493] T 00000000000000000000000000000000 P b6c6493b9de34d4495d60a9d42b74dbc [term 0 FOLLOWER]: Starting leader election (no leader contacted us within the election timeout)
I20260630 12:11:52.797214  5421 raft_consensus.cc:3060] T 00000000000000000000000000000000 P b6c6493b9de34d4495d60a9d42b74dbc [term 0 FOLLOWER]: Advancing to term 1
I20260630 12:11:52.805495  5300 tablet_service.cc:1917] Received RequestConsensusVote() RPC: tablet_id: "00000000000000000000000000000000" candidate_uuid: "b6c6493b9de34d4495d60a9d42b74dbc" candidate_term: 1 candidate_status { last_received { term: 0 index: 0 } } ignore_live_leader: false dest_uuid: "0046e502a75f4d56aa4da5fa472341cf" is_pre_election: true
I20260630 12:11:52.806300  5300 raft_consensus.cc:2468] T 00000000000000000000000000000000 P 0046e502a75f4d56aa4da5fa472341cf [term 0 FOLLOWER]: Leader pre-election vote request: Granting yes vote for candidate b6c6493b9de34d4495d60a9d42b74dbc in term 0.
I20260630 12:11:52.808476  5421 raft_consensus.cc:515] T 00000000000000000000000000000000 P b6c6493b9de34d4495d60a9d42b74dbc [term 1 FOLLOWER]: Starting leader election with config: opid_index: -1 OBSOLETE_local: false peers { permanent_uuid: "c8781d4d3f964746a7c02cf86e2a95a1" member_type: VOTER last_known_addr { host: "127.4.0.190" port: 38677 } } peers { permanent_uuid: "0046e502a75f4d56aa4da5fa472341cf" member_type: VOTER last_known_addr { host: "127.4.0.189" port: 46329 } } peers { permanent_uuid: "b6c6493b9de34d4495d60a9d42b74dbc" member_type: VOTER last_known_addr { host: "127.4.0.188" port: 33465 } }
I20260630 12:11:52.811519  5235 tablet_service.cc:1917] Received RequestConsensusVote() RPC: tablet_id: "00000000000000000000000000000000" candidate_uuid: "b6c6493b9de34d4495d60a9d42b74dbc" candidate_term: 1 candidate_status { last_received { term: 0 index: 0 } } ignore_live_leader: false dest_uuid: "c8781d4d3f964746a7c02cf86e2a95a1"
I20260630 12:11:52.812103  5235 raft_consensus.cc:3060] T 00000000000000000000000000000000 P c8781d4d3f964746a7c02cf86e2a95a1 [term 0 FOLLOWER]: Advancing to term 1
I20260630 12:11:52.815877  5421 leader_election.cc:290] T 00000000000000000000000000000000 P b6c6493b9de34d4495d60a9d42b74dbc [CANDIDATE]: Term 1 election: Requested vote from peers c8781d4d3f964746a7c02cf86e2a95a1 (127.4.0.190:38677), 0046e502a75f4d56aa4da5fa472341cf (127.4.0.189:46329)
I20260630 12:11:52.817386  5300 tablet_service.cc:1917] Received RequestConsensusVote() RPC: tablet_id: "00000000000000000000000000000000" candidate_uuid: "b6c6493b9de34d4495d60a9d42b74dbc" candidate_term: 1 candidate_status { last_received { term: 0 index: 0 } } ignore_live_leader: false dest_uuid: "0046e502a75f4d56aa4da5fa472341cf"
I20260630 12:11:52.818104  5300 raft_consensus.cc:3060] T 00000000000000000000000000000000 P 0046e502a75f4d56aa4da5fa472341cf [term 0 FOLLOWER]: Advancing to term 1
I20260630 12:11:52.818982  5661 heartbeater.cc:344] Connected to a master server at 127.4.0.188:33465
I20260630 12:11:52.819445  5661 heartbeater.cc:461] Registering TS with master...
I20260630 12:11:52.820469  5661 heartbeater.cc:507] Master 127.4.0.188:33465 requested a full tablet report, sending...
I20260630 12:11:52.823223  5235 raft_consensus.cc:2468] T 00000000000000000000000000000000 P c8781d4d3f964746a7c02cf86e2a95a1 [term 1 FOLLOWER]: Leader election vote request: Granting yes vote for candidate b6c6493b9de34d4495d60a9d42b74dbc in term 1.
I20260630 12:11:52.823870  5355 ts_manager.cc:194] Registered new tserver with Master: a07293e5ae9f45898af63b0f09b4d466 (127.4.0.131:38797)
I20260630 12:11:52.824631  5340 leader_election.cc:304] T 00000000000000000000000000000000 P b6c6493b9de34d4495d60a9d42b74dbc [CANDIDATE]: Term 1 election: Election decided. Result: candidate won. Election summary: received 2 responses out of 3 voters: 2 yes votes; 0 no votes. yes voters: b6c6493b9de34d4495d60a9d42b74dbc, c8781d4d3f964746a7c02cf86e2a95a1; no voters: 
I20260630 12:11:52.825634  5421 raft_consensus.cc:2804] T 00000000000000000000000000000000 P b6c6493b9de34d4495d60a9d42b74dbc [term 1 FOLLOWER]: Leader election won for term 1
I20260630 12:11:52.826207  5421 raft_consensus.cc:697] T 00000000000000000000000000000000 P b6c6493b9de34d4495d60a9d42b74dbc [term 1 LEADER]: Becoming Leader. State: Replica: b6c6493b9de34d4495d60a9d42b74dbc, State: Running, Role: LEADER
I20260630 12:11:52.826169  5300 raft_consensus.cc:2468] T 00000000000000000000000000000000 P 0046e502a75f4d56aa4da5fa472341cf [term 1 FOLLOWER]: Leader election vote request: Granting yes vote for candidate b6c6493b9de34d4495d60a9d42b74dbc in term 1.
I20260630 12:11:52.827214  5421 consensus_queue.cc:237] T 00000000000000000000000000000000 P b6c6493b9de34d4495d60a9d42b74dbc [LEADER]: Queue going to LEADER mode. State: All replicated index: 0, Majority replicated index: 0, Committed index: 0, Last appended: 0.0, Last appended by leader: 0, Current term: 1, Majority size: 2, State: 0, Mode: LEADER, active raft config: opid_index: -1 OBSOLETE_local: false peers { permanent_uuid: "c8781d4d3f964746a7c02cf86e2a95a1" member_type: VOTER last_known_addr { host: "127.4.0.190" port: 38677 } } peers { permanent_uuid: "0046e502a75f4d56aa4da5fa472341cf" member_type: VOTER last_known_addr { host: "127.4.0.189" port: 46329 } } peers { permanent_uuid: "b6c6493b9de34d4495d60a9d42b74dbc" member_type: VOTER last_known_addr { host: "127.4.0.188" port: 33465 } }
I20260630 12:11:52.828485  5663 heartbeater.cc:344] Connected to a master server at 127.4.0.190:38677
I20260630 12:11:52.828681  5662 heartbeater.cc:344] Connected to a master server at 127.4.0.189:46329
I20260630 12:11:52.828919  5663 heartbeater.cc:461] Registering TS with master...
I20260630 12:11:52.829123  5662 heartbeater.cc:461] Registering TS with master...
I20260630 12:11:52.830031  5663 heartbeater.cc:507] Master 127.4.0.190:38677 requested a full tablet report, sending...
I20260630 12:11:52.830274  5662 heartbeater.cc:507] Master 127.4.0.189:46329 requested a full tablet report, sending...
I20260630 12:11:52.833401  5290 ts_manager.cc:194] Registered new tserver with Master: a07293e5ae9f45898af63b0f09b4d466 (127.4.0.131:38797)
I20260630 12:11:52.834194  5225 ts_manager.cc:194] Registered new tserver with Master: a07293e5ae9f45898af63b0f09b4d466 (127.4.0.131:38797)
I20260630 12:11:52.834118  5667 sys_catalog.cc:455] T 00000000000000000000000000000000 P b6c6493b9de34d4495d60a9d42b74dbc [sys.catalog]: SysCatalogTable state changed. Reason: New leader b6c6493b9de34d4495d60a9d42b74dbc. Latest consensus state: current_term: 1 leader_uuid: "b6c6493b9de34d4495d60a9d42b74dbc" committed_config { opid_index: -1 OBSOLETE_local: false peers { permanent_uuid: "c8781d4d3f964746a7c02cf86e2a95a1" member_type: VOTER last_known_addr { host: "127.4.0.190" port: 38677 } } peers { permanent_uuid: "0046e502a75f4d56aa4da5fa472341cf" member_type: VOTER last_known_addr { host: "127.4.0.189" port: 46329 } } peers { permanent_uuid: "b6c6493b9de34d4495d60a9d42b74dbc" member_type: VOTER last_known_addr { host: "127.4.0.188" port: 33465 } } }
I20260630 12:11:52.834901  4098 internal_mini_cluster.cc:371] 3 TS(s) registered with all masters after 0.030311972s
I20260630 12:11:52.834960  5667 sys_catalog.cc:458] T 00000000000000000000000000000000 P b6c6493b9de34d4495d60a9d42b74dbc [sys.catalog]: This master's current role is: LEADER
I20260630 12:11:52.836989  5670 catalog_manager.cc:1511] Loading table and tablet metadata into memory...
I20260630 12:11:52.842790  5670 catalog_manager.cc:1520] Initializing Kudu cluster ID...
I20260630 12:11:52.851370  5300 raft_consensus.cc:1275] T 00000000000000000000000000000000 P 0046e502a75f4d56aa4da5fa472341cf [term 1 FOLLOWER]: Refusing update from remote peer b6c6493b9de34d4495d60a9d42b74dbc: Log matching property violated. Preceding OpId in replica: term: 0 index: 0. Preceding OpId from leader: term: 1 index: 2. (index mismatch)
I20260630 12:11:52.851540  5235 raft_consensus.cc:1275] T 00000000000000000000000000000000 P c8781d4d3f964746a7c02cf86e2a95a1 [term 1 FOLLOWER]: Refusing update from remote peer b6c6493b9de34d4495d60a9d42b74dbc: Log matching property violated. Preceding OpId in replica: term: 0 index: 0. Preceding OpId from leader: term: 1 index: 2. (index mismatch)
I20260630 12:11:52.852885  5421 consensus_queue.cc:1048] T 00000000000000000000000000000000 P b6c6493b9de34d4495d60a9d42b74dbc [LEADER]: Connected to new peer: Peer: permanent_uuid: "0046e502a75f4d56aa4da5fa472341cf" member_type: VOTER last_known_addr { host: "127.4.0.189" port: 46329 }, Status: LMP_MISMATCH, Last received: 0.0, Next index: 1, Last known committed idx: 0, Time since last communication: 0.000s
I20260630 12:11:52.853461  5667 consensus_queue.cc:1048] T 00000000000000000000000000000000 P b6c6493b9de34d4495d60a9d42b74dbc [LEADER]: Connected to new peer: Peer: permanent_uuid: "c8781d4d3f964746a7c02cf86e2a95a1" member_type: VOTER last_known_addr { host: "127.4.0.190" port: 38677 }, Status: LMP_MISMATCH, Last received: 0.0, Next index: 1, Last known committed idx: 0, Time since last communication: 0.000s
I20260630 12:11:52.860606  5397 sys_catalog.cc:455] T 00000000000000000000000000000000 P 0046e502a75f4d56aa4da5fa472341cf [sys.catalog]: SysCatalogTable state changed. Reason: New leader b6c6493b9de34d4495d60a9d42b74dbc. Latest consensus state: current_term: 1 leader_uuid: "b6c6493b9de34d4495d60a9d42b74dbc" committed_config { opid_index: -1 OBSOLETE_local: false peers { permanent_uuid: "c8781d4d3f964746a7c02cf86e2a95a1" member_type: VOTER last_known_addr { host: "127.4.0.190" port: 38677 } } peers { permanent_uuid: "0046e502a75f4d56aa4da5fa472341cf" member_type: VOTER last_known_addr { host: "127.4.0.189" port: 46329 } } peers { permanent_uuid: "b6c6493b9de34d4495d60a9d42b74dbc" member_type: VOTER last_known_addr { host: "127.4.0.188" port: 33465 } } }
I20260630 12:11:52.861464  5397 sys_catalog.cc:458] T 00000000000000000000000000000000 P 0046e502a75f4d56aa4da5fa472341cf [sys.catalog]: This master's current role is: FOLLOWER
I20260630 12:11:52.862895  5399 sys_catalog.cc:455] T 00000000000000000000000000000000 P c8781d4d3f964746a7c02cf86e2a95a1 [sys.catalog]: SysCatalogTable state changed. Reason: New leader b6c6493b9de34d4495d60a9d42b74dbc. Latest consensus state: current_term: 1 leader_uuid: "b6c6493b9de34d4495d60a9d42b74dbc" committed_config { opid_index: -1 OBSOLETE_local: false peers { permanent_uuid: "c8781d4d3f964746a7c02cf86e2a95a1" member_type: VOTER last_known_addr { host: "127.4.0.190" port: 38677 } } peers { permanent_uuid: "0046e502a75f4d56aa4da5fa472341cf" member_type: VOTER last_known_addr { host: "127.4.0.189" port: 46329 } } peers { permanent_uuid: "b6c6493b9de34d4495d60a9d42b74dbc" member_type: VOTER last_known_addr { host: "127.4.0.188" port: 33465 } } }
I20260630 12:11:52.863649  5399 sys_catalog.cc:458] T 00000000000000000000000000000000 P c8781d4d3f964746a7c02cf86e2a95a1 [sys.catalog]: This master's current role is: FOLLOWER
