I20260630 12:12:43.126242  4107 webserver.cc:533] Webserver started at http://127.4.2.195:33627/ using document root <none> and password file <none>
I20260630 12:12:43.126461  6616 master_service.cc:502] Signed X509 certificate for tserver {username='slave'} at 127.0.0.1:55346
I20260630 12:12:43.126871  4107 fs_manager.cc:362] Metadata directory not provided
I20260630 12:12:43.127130  4107 fs_manager.cc:368] Using write-ahead log directory (fs_wal_dir) as metadata directory
I20260630 12:12:43.127514  4107 server_base.cc:909] This appears to be a new deployment of Kudu; creating new FS layout
I20260630 12:12:43.128888  4107 fs_manager.cc:1068] Generated new instance metadata in path /tmp/dist-test-taskQoGkab/test-tmp/auto_rebalancer-test.0.AutoRebalancerTest.RangeAwareBuildClusterInfoGroupsByRange.1782821483138368-4107-0/minicluster-data/ts-2-root/instance:
uuid: "5080ad6a66a04dcb90f1970893da44af"
format_stamp: "Formatted at 2026-06-30 12:12:43 on dist-test-slave-1s83"
I20260630 12:12:43.133545  4107 fs_manager.cc:696] Time spent creating directory manager: real 0.004s	user 0.005s	sys 0.000s
I20260630 12:12:43.137096  6829 log_block_manager.cc:4031] Time spent loading block containers with low live blocks: real 0.000s	user 0.000s	sys 0.000s
I20260630 12:12:43.137995  4107 fs_manager.cc:730] Time spent opening block manager: real 0.002s	user 0.003s	sys 0.000s
I20260630 12:12:43.138265  4107 fs_manager.cc:647] Opened local filesystem: /tmp/dist-test-taskQoGkab/test-tmp/auto_rebalancer-test.0.AutoRebalancerTest.RangeAwareBuildClusterInfoGroupsByRange.1782821483138368-4107-0/minicluster-data/ts-2-root
uuid: "5080ad6a66a04dcb90f1970893da44af"
format_stamp: "Formatted at 2026-06-30 12:12:43 on dist-test-slave-1s83"
I20260630 12:12:43.138494  4107 fs_report.cc:389] FS layout report
--------------------
wal directory: /tmp/dist-test-taskQoGkab/test-tmp/auto_rebalancer-test.0.AutoRebalancerTest.RangeAwareBuildClusterInfoGroupsByRange.1782821483138368-4107-0/minicluster-data/ts-2-root
metadata directory: /tmp/dist-test-taskQoGkab/test-tmp/auto_rebalancer-test.0.AutoRebalancerTest.RangeAwareBuildClusterInfoGroupsByRange.1782821483138368-4107-0/minicluster-data/ts-2-root
1 data directories: /tmp/dist-test-taskQoGkab/test-tmp/auto_rebalancer-test.0.AutoRebalancerTest.RangeAwareBuildClusterInfoGroupsByRange.1782821483138368-4107-0/minicluster-data/ts-2-root/data
Total live blocks: 0
Total live bytes: 0
Total live bytes (after alignment): 0
Total number of LBM containers: 0 (0 full)
Did not check for missing blocks
Did not check for orphaned blocks
Total full LBM containers with extra space: 0 (0 repaired)
Total full LBM container extra space in bytes: 0 (0 repaired)
Total incomplete LBM containers: 0 (0 repaired)
Total LBM partial records: 0 (0 repaired)
Total corrupted LBM metadata records in RocksDB: 0 (0 repaired)
I20260630 12:12:43.175092  4107 rpc_server.cc:225] running with OpenSSL 1.1.1  11 Sep 2018
I20260630 12:12:43.176313  4107 kserver.cc:163] Server-wide thread pool size limit: 3276
I20260630 12:12:43.177712  4107 txn_system_client.cc:432] TxnSystemClient initialization is disabled...
I20260630 12:12:43.180068  4107 ts_tablet_manager.cc:585] Loaded tablet metadata (0 total tablets, 0 live tablets)
I20260630 12:12:43.180260  4107 ts_tablet_manager.cc:531] Time spent load tablet metadata: real 0.000s	user 0.000s	sys 0.000s
I20260630 12:12:43.180547  4107 ts_tablet_manager.cc:616] Registered 0 tablets
I20260630 12:12:43.180709  4107 ts_tablet_manager.cc:595] Time spent register tablets: real 0.000s	user 0.000s	sys 0.000s
I20260630 12:12:43.221261  4107 rpc_server.cc:307] RPC server started. Bound to: 127.4.2.195:38317
I20260630 12:12:43.221413  6891 acceptor_pool.cc:272] collecting diagnostics on the listening RPC socket 127.4.2.195:38317 every 8 connection(s)
I20260630 12:12:43.235569  6892 heartbeater.cc:344] Connected to a master server at 127.4.2.254:46631
I20260630 12:12:43.236101  6892 heartbeater.cc:461] Registering TS with master...
I20260630 12:12:43.236852  6892 heartbeater.cc:507] Master 127.4.2.254:46631 requested a full tablet report, sending...
I20260630 12:12:43.238706  6616 ts_manager.cc:194] Registered new tserver with Master: 5080ad6a66a04dcb90f1970893da44af (127.4.2.195:38317)
I20260630 12:12:43.239190  4107 internal_mini_cluster.cc:371] 3 TS(s) registered with all masters after 0.01448185s
I20260630 12:12:43.240310  6616 master_service.cc:502] Signed X509 certificate for tserver {username='slave'} at 127.0.0.1:55356
I20260630 12:12:44.019634  6743 heartbeater.cc:499] Master 127.4.2.254:46631 was elected leader, sending a full tablet report...
I20260630 12:12:44.129367  6818 heartbeater.cc:499] Master 127.4.2.254:46631 was elected leader, sending a full tablet report...
I20260630 12:12:44.243335  6892 heartbeater.cc:499] Master 127.4.2.254:46631 was elected leader, sending a full tablet report...
I20260630 12:12:44.297798  6616 catalog_manager.cc:2283] Servicing CreateTable request from {username='slave'} at 127.0.0.1:55370:
name: "range_aware_auto_rebalancer_test"
schema {
  columns {
    name: "key"
    type: INT32
    is_key: true
    is_nullable: false
    encoding: AUTO_ENCODING
    compression: DEFAULT_COMPRESSION
    cfile_block_size: 0
    immutable: false
  }
}
num_replicas: 3
split_rows_range_bounds {
  rows: "\006\001\000\000\000\000\007\001\n\000\000\000\006\001\n\000\000\000\007\001\024\000\000\000""\006\001\000\000\000\000\007\001\n\000\000\000\006\001\n\000\000\000\007\001\024\000\000\000"
  indirect_data: """"
}
partition_schema {
  hash_schema {
    columns {
      name: "key"
    }
    num_buckets: 2
    seed: 0
  }
  range_schema {
    columns {
      name: "key"
    }
  }
}
W20260630 12:12:44.300617  6616 catalog_manager.cc:7077] The number of live tablet servers is not enough to re-replicate a tablet replica of the newly created table range_aware_auto_rebalancer_test in case of a server failure: 4 tablet servers would be needed, 3 are available. Consider bringing up more tablet servers.
I20260630 12:12:44.361821  6783 tablet_service.cc:1511] Processing CreateTablet for tablet d317d6edebe242f2b8a4423efa59fd6f (DEFAULT_TABLE table=range_aware_auto_rebalancer_test [id=d98d523b46e5422ab3bada5687e57f7d]), partition=HASH (key) PARTITION 0, RANGE (key) PARTITION 0 <= VALUES < 10
I20260630 12:12:44.365365  6782 tablet_service.cc:1511] Processing CreateTablet for tablet f0af4476d9ca4927b8ced27351958f01 (DEFAULT_TABLE table=range_aware_auto_rebalancer_test [id=d98d523b46e5422ab3bada5687e57f7d]), partition=HASH (key) PARTITION 0, RANGE (key) PARTITION 10 <= VALUES < 20
I20260630 12:12:44.367933  6783 data_dirs.cc:400] Could only allocate 1 dirs of requested 3 for tablet d317d6edebe242f2b8a4423efa59fd6f. 1 dirs total, 0 dirs full, 0 dirs failed
I20260630 12:12:44.368248  6781 tablet_service.cc:1511] Processing CreateTablet for tablet 81485015e28c4865a9bb72a9e5aa767e (DEFAULT_TABLE table=range_aware_auto_rebalancer_test [id=d98d523b46e5422ab3bada5687e57f7d]), partition=HASH (key) PARTITION 1, RANGE (key) PARTITION 0 <= VALUES < 10
I20260630 12:12:44.369897  6781 data_dirs.cc:400] Could only allocate 1 dirs of requested 3 for tablet 81485015e28c4865a9bb72a9e5aa767e. 1 dirs total, 0 dirs full, 0 dirs failed
I20260630 12:12:44.370623  6708 tablet_service.cc:1511] Processing CreateTablet for tablet d317d6edebe242f2b8a4423efa59fd6f (DEFAULT_TABLE table=range_aware_auto_rebalancer_test [id=d98d523b46e5422ab3bada5687e57f7d]), partition=HASH (key) PARTITION 0, RANGE (key) PARTITION 0 <= VALUES < 10
I20260630 12:12:44.372284  6708 data_dirs.cc:400] Could only allocate 1 dirs of requested 3 for tablet d317d6edebe242f2b8a4423efa59fd6f. 1 dirs total, 0 dirs full, 0 dirs failed
I20260630 12:12:44.373052  6780 tablet_service.cc:1511] Processing CreateTablet for tablet d7b6ae9006a44199ba8fed21cc72f2ff (DEFAULT_TABLE table=range_aware_auto_rebalancer_test [id=d98d523b46e5422ab3bada5687e57f7d]), partition=HASH (key) PARTITION 1, RANGE (key) PARTITION 10 <= VALUES < 20
I20260630 12:12:44.374526  6780 data_dirs.cc:400] Could only allocate 1 dirs of requested 3 for tablet d7b6ae9006a44199ba8fed21cc72f2ff. 1 dirs total, 0 dirs full, 0 dirs failed
I20260630 12:12:44.376555  6782 data_dirs.cc:400] Could only allocate 1 dirs of requested 3 for tablet f0af4476d9ca4927b8ced27351958f01. 1 dirs total, 0 dirs full, 0 dirs failed
I20260630 12:12:44.392338  6856 tablet_service.cc:1511] Processing CreateTablet for tablet f0af4476d9ca4927b8ced27351958f01 (DEFAULT_TABLE table=range_aware_auto_rebalancer_test [id=d98d523b46e5422ab3bada5687e57f7d]), partition=HASH (key) PARTITION 0, RANGE (key) PARTITION 10 <= VALUES < 20
I20260630 12:12:44.394191  6856 data_dirs.cc:400] Could only allocate 1 dirs of requested 3 for tablet f0af4476d9ca4927b8ced27351958f01. 1 dirs total, 0 dirs full, 0 dirs failed
I20260630 12:12:44.390615  6707 tablet_service.cc:1511] Processing CreateTablet for tablet f0af4476d9ca4927b8ced27351958f01 (DEFAULT_TABLE table=range_aware_auto_rebalancer_test [id=d98d523b46e5422ab3bada5687e57f7d]), partition=HASH (key) PARTITION 0, RANGE (key) PARTITION 10 <= VALUES < 20
I20260630 12:12:44.395885  6707 data_dirs.cc:400] Could only allocate 1 dirs of requested 3 for tablet f0af4476d9ca4927b8ced27351958f01. 1 dirs total, 0 dirs full, 0 dirs failed
I20260630 12:12:44.396971  6855 tablet_service.cc:1511] Processing CreateTablet for tablet 81485015e28c4865a9bb72a9e5aa767e (DEFAULT_TABLE table=range_aware_auto_rebalancer_test [id=d98d523b46e5422ab3bada5687e57f7d]), partition=HASH (key) PARTITION 1, RANGE (key) PARTITION 0 <= VALUES < 10
I20260630 12:12:44.398476  6855 data_dirs.cc:400] Could only allocate 1 dirs of requested 3 for tablet 81485015e28c4865a9bb72a9e5aa767e. 1 dirs total, 0 dirs full, 0 dirs failed
I20260630 12:12:44.392441  6705 tablet_service.cc:1511] Processing CreateTablet for tablet d7b6ae9006a44199ba8fed21cc72f2ff (DEFAULT_TABLE table=range_aware_auto_rebalancer_test [id=d98d523b46e5422ab3bada5687e57f7d]), partition=HASH (key) PARTITION 1, RANGE (key) PARTITION 10 <= VALUES < 20
I20260630 12:12:44.394337  6706 tablet_service.cc:1511] Processing CreateTablet for tablet 81485015e28c4865a9bb72a9e5aa767e (DEFAULT_TABLE table=range_aware_auto_rebalancer_test [id=d98d523b46e5422ab3bada5687e57f7d]), partition=HASH (key) PARTITION 1, RANGE (key) PARTITION 0 <= VALUES < 10
I20260630 12:12:44.399911  6705 data_dirs.cc:400] Could only allocate 1 dirs of requested 3 for tablet d7b6ae9006a44199ba8fed21cc72f2ff. 1 dirs total, 0 dirs full, 0 dirs failed
I20260630 12:12:44.390470  6857 tablet_service.cc:1511] Processing CreateTablet for tablet d317d6edebe242f2b8a4423efa59fd6f (DEFAULT_TABLE table=range_aware_auto_rebalancer_test [id=d98d523b46e5422ab3bada5687e57f7d]), partition=HASH (key) PARTITION 0, RANGE (key) PARTITION 0 <= VALUES < 10
I20260630 12:12:44.401556  6857 data_dirs.cc:400] Could only allocate 1 dirs of requested 3 for tablet d317d6edebe242f2b8a4423efa59fd6f. 1 dirs total, 0 dirs full, 0 dirs failed
I20260630 12:12:44.406132  6854 tablet_service.cc:1511] Processing CreateTablet for tablet d7b6ae9006a44199ba8fed21cc72f2ff (DEFAULT_TABLE table=range_aware_auto_rebalancer_test [id=d98d523b46e5422ab3bada5687e57f7d]), partition=HASH (key) PARTITION 1, RANGE (key) PARTITION 10 <= VALUES < 20
I20260630 12:12:44.407639  6854 data_dirs.cc:400] Could only allocate 1 dirs of requested 3 for tablet d7b6ae9006a44199ba8fed21cc72f2ff. 1 dirs total, 0 dirs full, 0 dirs failed
I20260630 12:12:44.404353  6706 data_dirs.cc:400] Could only allocate 1 dirs of requested 3 for tablet 81485015e28c4865a9bb72a9e5aa767e. 1 dirs total, 0 dirs full, 0 dirs failed
I20260630 12:12:44.420169  6913 tablet_bootstrap.cc:492] T d317d6edebe242f2b8a4423efa59fd6f P 5851a75d73ed43b189cf2813481775dc: Bootstrap starting.
I20260630 12:12:44.434975  6914 tablet_bootstrap.cc:492] T d317d6edebe242f2b8a4423efa59fd6f P bef2f96968084185ad96fcb245ccbfb4: Bootstrap starting.
I20260630 12:12:44.441381  6913 tablet_bootstrap.cc:654] T d317d6edebe242f2b8a4423efa59fd6f P 5851a75d73ed43b189cf2813481775dc: Neither blocks nor log segments found. Creating new log.
I20260630 12:12:44.445729  6914 tablet_bootstrap.cc:654] T d317d6edebe242f2b8a4423efa59fd6f P bef2f96968084185ad96fcb245ccbfb4: Neither blocks nor log segments found. Creating new log.
I20260630 12:12:44.455392  6915 tablet_bootstrap.cc:492] T f0af4476d9ca4927b8ced27351958f01 P 5080ad6a66a04dcb90f1970893da44af: Bootstrap starting.
I20260630 12:12:44.455668  6913 tablet_bootstrap.cc:492] T d317d6edebe242f2b8a4423efa59fd6f P 5851a75d73ed43b189cf2813481775dc: No bootstrap required, opened a new log
I20260630 12:12:44.456148  6913 ts_tablet_manager.cc:1403] T d317d6edebe242f2b8a4423efa59fd6f P 5851a75d73ed43b189cf2813481775dc: Time spent bootstrapping tablet: real 0.036s	user 0.014s	sys 0.000s
I20260630 12:12:44.459316  6914 tablet_bootstrap.cc:492] T d317d6edebe242f2b8a4423efa59fd6f P bef2f96968084185ad96fcb245ccbfb4: No bootstrap required, opened a new log
I20260630 12:12:44.459780  6914 ts_tablet_manager.cc:1403] T d317d6edebe242f2b8a4423efa59fd6f P bef2f96968084185ad96fcb245ccbfb4: Time spent bootstrapping tablet: real 0.025s	user 0.007s	sys 0.004s
I20260630 12:12:44.459468  6913 raft_consensus.cc:359] T d317d6edebe242f2b8a4423efa59fd6f P 5851a75d73ed43b189cf2813481775dc [term 0 FOLLOWER]: Replica starting. Triggering 0 pending ops. Active config: opid_index: -1 OBSOLETE_local: false peers { permanent_uuid: "5851a75d73ed43b189cf2813481775dc" member_type: VOTER last_known_addr { host: "127.4.2.194" port: 41677 } } peers { permanent_uuid: "bef2f96968084185ad96fcb245ccbfb4" member_type: VOTER last_known_addr { host: "127.4.2.193" port: 45235 } } peers { permanent_uuid: "5080ad6a66a04dcb90f1970893da44af" member_type: VOTER last_known_addr { host: "127.4.2.195" port: 38317 } }
I20260630 12:12:44.460664  6913 raft_consensus.cc:385] T d317d6edebe242f2b8a4423efa59fd6f P 5851a75d73ed43b189cf2813481775dc [term 0 FOLLOWER]: Consensus starting up: Expiring failure detector timer to make a prompt election more likely
I20260630 12:12:44.461023  6913 raft_consensus.cc:740] T d317d6edebe242f2b8a4423efa59fd6f P 5851a75d73ed43b189cf2813481775dc [term 0 FOLLOWER]: Becoming Follower/Learner. State: Replica: 5851a75d73ed43b189cf2813481775dc, State: Initialized, Role: FOLLOWER
I20260630 12:12:44.461829  6913 consensus_queue.cc:260] T d317d6edebe242f2b8a4423efa59fd6f P 5851a75d73ed43b189cf2813481775dc [NON_LEADER]: Queue going to NON_LEADER mode. State: All replicated index: 0, Majority replicated index: 0, Committed index: 0, Last appended: 0.0, Last appended by leader: 0, Current term: 0, Majority size: -1, State: 0, Mode: NON_LEADER, active raft config: opid_index: -1 OBSOLETE_local: false peers { permanent_uuid: "5851a75d73ed43b189cf2813481775dc" member_type: VOTER last_known_addr { host: "127.4.2.194" port: 41677 } } peers { permanent_uuid: "bef2f96968084185ad96fcb245ccbfb4" member_type: VOTER last_known_addr { host: "127.4.2.193" port: 45235 } } peers { permanent_uuid: "5080ad6a66a04dcb90f1970893da44af" member_type: VOTER last_known_addr { host: "127.4.2.195" port: 38317 } }
I20260630 12:12:44.462388  6914 raft_consensus.cc:359] T d317d6edebe242f2b8a4423efa59fd6f P bef2f96968084185ad96fcb245ccbfb4 [term 0 FOLLOWER]: Replica starting. Triggering 0 pending ops. Active config: opid_index: -1 OBSOLETE_local: false peers { permanent_uuid: "5851a75d73ed43b189cf2813481775dc" member_type: VOTER last_known_addr { host: "127.4.2.194" port: 41677 } } peers { permanent_uuid: "bef2f96968084185ad96fcb245ccbfb4" member_type: VOTER last_known_addr { host: "127.4.2.193" port: 45235 } } peers { permanent_uuid: "5080ad6a66a04dcb90f1970893da44af" member_type: VOTER last_known_addr { host: "127.4.2.195" port: 38317 } }
I20260630 12:12:44.463006  6914 raft_consensus.cc:385] T d317d6edebe242f2b8a4423efa59fd6f P bef2f96968084185ad96fcb245ccbfb4 [term 0 FOLLOWER]: Consensus starting up: Expiring failure detector timer to make a prompt election more likely
I20260630 12:12:44.463315  6915 tablet_bootstrap.cc:654] T f0af4476d9ca4927b8ced27351958f01 P 5080ad6a66a04dcb90f1970893da44af: Neither blocks nor log segments found. Creating new log.
I20260630 12:12:44.463281  6914 raft_consensus.cc:740] T d317d6edebe242f2b8a4423efa59fd6f P bef2f96968084185ad96fcb245ccbfb4 [term 0 FOLLOWER]: Becoming Follower/Learner. State: Replica: bef2f96968084185ad96fcb245ccbfb4, State: Initialized, Role: FOLLOWER
I20260630 12:12:44.464668  6914 consensus_queue.cc:260] T d317d6edebe242f2b8a4423efa59fd6f P bef2f96968084185ad96fcb245ccbfb4 [NON_LEADER]: Queue going to NON_LEADER mode. State: All replicated index: 0, Majority replicated index: 0, Committed index: 0, Last appended: 0.0, Last appended by leader: 0, Current term: 0, Majority size: -1, State: 0, Mode: NON_LEADER, active raft config: opid_index: -1 OBSOLETE_local: false peers { permanent_uuid: "5851a75d73ed43b189cf2813481775dc" member_type: VOTER last_known_addr { host: "127.4.2.194" port: 41677 } } peers { permanent_uuid: "bef2f96968084185ad96fcb245ccbfb4" member_type: VOTER last_known_addr { host: "127.4.2.193" port: 45235 } } peers { permanent_uuid: "5080ad6a66a04dcb90f1970893da44af" member_type: VOTER last_known_addr { host: "127.4.2.195" port: 38317 } }
I20260630 12:12:44.465158  6913 ts_tablet_manager.cc:1434] T d317d6edebe242f2b8a4423efa59fd6f P 5851a75d73ed43b189cf2813481775dc: Time spent starting tablet: real 0.009s	user 0.003s	sys 0.005s
I20260630 12:12:44.466554  6913 tablet_bootstrap.cc:492] T d7b6ae9006a44199ba8fed21cc72f2ff P 5851a75d73ed43b189cf2813481775dc: Bootstrap starting.
I20260630 12:12:44.474726  6913 tablet_bootstrap.cc:654] T d7b6ae9006a44199ba8fed21cc72f2ff P 5851a75d73ed43b189cf2813481775dc: Neither blocks nor log segments found. Creating new log.
I20260630 12:12:44.475678  6915 tablet_bootstrap.cc:492] T f0af4476d9ca4927b8ced27351958f01 P 5080ad6a66a04dcb90f1970893da44af: No bootstrap required, opened a new log
I20260630 12:12:44.476306  6915 ts_tablet_manager.cc:1403] T f0af4476d9ca4927b8ced27351958f01 P 5080ad6a66a04dcb90f1970893da44af: Time spent bootstrapping tablet: real 0.021s	user 0.010s	sys 0.009s
I20260630 12:12:44.509462  6915 raft_consensus.cc:359] T f0af4476d9ca4927b8ced27351958f01 P 5080ad6a66a04dcb90f1970893da44af [term 0 FOLLOWER]: Replica starting. Triggering 0 pending ops. Active config: opid_index: -1 OBSOLETE_local: false peers { permanent_uuid: "bef2f96968084185ad96fcb245ccbfb4" member_type: VOTER last_known_addr { host: "127.4.2.193" port: 45235 } } peers { permanent_uuid: "5851a75d73ed43b189cf2813481775dc" member_type: VOTER last_known_addr { host: "127.4.2.194" port: 41677 } } peers { permanent_uuid: "5080ad6a66a04dcb90f1970893da44af" member_type: VOTER last_known_addr { host: "127.4.2.195" port: 38317 } }
I20260630 12:12:44.512071  6914 ts_tablet_manager.cc:1434] T d317d6edebe242f2b8a4423efa59fd6f P bef2f96968084185ad96fcb245ccbfb4: Time spent starting tablet: real 0.052s	user 0.027s	sys 0.024s
I20260630 12:12:44.513648  6914 tablet_bootstrap.cc:492] T f0af4476d9ca4927b8ced27351958f01 P bef2f96968084185ad96fcb245ccbfb4: Bootstrap starting.
I20260630 12:12:44.515802  6915 raft_consensus.cc:385] T f0af4476d9ca4927b8ced27351958f01 P 5080ad6a66a04dcb90f1970893da44af [term 0 FOLLOWER]: Consensus starting up: Expiring failure detector timer to make a prompt election more likely
I20260630 12:12:44.516417  6915 raft_consensus.cc:740] T f0af4476d9ca4927b8ced27351958f01 P 5080ad6a66a04dcb90f1970893da44af [term 0 FOLLOWER]: Becoming Follower/Learner. State: Replica: 5080ad6a66a04dcb90f1970893da44af, State: Initialized, Role: FOLLOWER
I20260630 12:12:44.517428  6918 raft_consensus.cc:493] T d317d6edebe242f2b8a4423efa59fd6f P 5851a75d73ed43b189cf2813481775dc [term 0 FOLLOWER]: Starting pre-election (no leader contacted us within the election timeout)
I20260630 12:12:44.518039  6918 raft_consensus.cc:515] T d317d6edebe242f2b8a4423efa59fd6f P 5851a75d73ed43b189cf2813481775dc [term 0 FOLLOWER]: Starting pre-election with config: opid_index: -1 OBSOLETE_local: false peers { permanent_uuid: "5851a75d73ed43b189cf2813481775dc" member_type: VOTER last_known_addr { host: "127.4.2.194" port: 41677 } } peers { permanent_uuid: "bef2f96968084185ad96fcb245ccbfb4" member_type: VOTER last_known_addr { host: "127.4.2.193" port: 45235 } } peers { permanent_uuid: "5080ad6a66a04dcb90f1970893da44af" member_type: VOTER last_known_addr { host: "127.4.2.195" port: 38317 } }
I20260630 12:12:44.517738  6915 consensus_queue.cc:260] T f0af4476d9ca4927b8ced27351958f01 P 5080ad6a66a04dcb90f1970893da44af [NON_LEADER]: Queue going to NON_LEADER mode. State: All replicated index: 0, Majority replicated index: 0, Committed index: 0, Last appended: 0.0, Last appended by leader: 0, Current term: 0, Majority size: -1, State: 0, Mode: NON_LEADER, active raft config: opid_index: -1 OBSOLETE_local: false peers { permanent_uuid: "bef2f96968084185ad96fcb245ccbfb4" member_type: VOTER last_known_addr { host: "127.4.2.193" port: 45235 } } peers { permanent_uuid: "5851a75d73ed43b189cf2813481775dc" member_type: VOTER last_known_addr { host: "127.4.2.194" port: 41677 } } peers { permanent_uuid: "5080ad6a66a04dcb90f1970893da44af" member_type: VOTER last_known_addr { host: "127.4.2.195" port: 38317 } }
I20260630 12:12:44.520325  6914 tablet_bootstrap.cc:654] T f0af4476d9ca4927b8ced27351958f01 P bef2f96968084185ad96fcb245ccbfb4: Neither blocks nor log segments found. Creating new log.
I20260630 12:12:44.522773  6913 tablet_bootstrap.cc:492] T d7b6ae9006a44199ba8fed21cc72f2ff P 5851a75d73ed43b189cf2813481775dc: No bootstrap required, opened a new log
I20260630 12:12:44.522707  6915 ts_tablet_manager.cc:1434] T f0af4476d9ca4927b8ced27351958f01 P 5080ad6a66a04dcb90f1970893da44af: Time spent starting tablet: real 0.046s	user 0.003s	sys 0.006s
I20260630 12:12:44.523425  6913 ts_tablet_manager.cc:1403] T d7b6ae9006a44199ba8fed21cc72f2ff P 5851a75d73ed43b189cf2813481775dc: Time spent bootstrapping tablet: real 0.057s	user 0.028s	sys 0.027s
I20260630 12:12:44.526496  6913 raft_consensus.cc:359] T d7b6ae9006a44199ba8fed21cc72f2ff P 5851a75d73ed43b189cf2813481775dc [term 0 FOLLOWER]: Replica starting. Triggering 0 pending ops. Active config: opid_index: -1 OBSOLETE_local: false peers { permanent_uuid: "bef2f96968084185ad96fcb245ccbfb4" member_type: VOTER last_known_addr { host: "127.4.2.193" port: 45235 } } peers { permanent_uuid: "5851a75d73ed43b189cf2813481775dc" member_type: VOTER last_known_addr { host: "127.4.2.194" port: 41677 } } peers { permanent_uuid: "5080ad6a66a04dcb90f1970893da44af" member_type: VOTER last_known_addr { host: "127.4.2.195" port: 38317 } }
I20260630 12:12:44.527383  6913 raft_consensus.cc:385] T d7b6ae9006a44199ba8fed21cc72f2ff P 5851a75d73ed43b189cf2813481775dc [term 0 FOLLOWER]: Consensus starting up: Expiring failure detector timer to make a prompt election more likely
I20260630 12:12:44.527711  6913 raft_consensus.cc:740] T d7b6ae9006a44199ba8fed21cc72f2ff P 5851a75d73ed43b189cf2813481775dc [term 0 FOLLOWER]: Becoming Follower/Learner. State: Replica: 5851a75d73ed43b189cf2813481775dc, State: Initialized, Role: FOLLOWER
I20260630 12:12:44.528537  6913 consensus_queue.cc:260] T d7b6ae9006a44199ba8fed21cc72f2ff P 5851a75d73ed43b189cf2813481775dc [NON_LEADER]: Queue going to NON_LEADER mode. State: All replicated index: 0, Majority replicated index: 0, Committed index: 0, Last appended: 0.0, Last appended by leader: 0, Current term: 0, Majority size: -1, State: 0, Mode: NON_LEADER, active raft config: opid_index: -1 OBSOLETE_local: false peers { permanent_uuid: "bef2f96968084185ad96fcb245ccbfb4" member_type: VOTER last_known_addr { host: "127.4.2.193" port: 45235 } } peers { permanent_uuid: "5851a75d73ed43b189cf2813481775dc" member_type: VOTER last_known_addr { host: "127.4.2.194" port: 41677 } } peers { permanent_uuid: "5080ad6a66a04dcb90f1970893da44af" member_type: VOTER last_known_addr { host: "127.4.2.195" port: 38317 } }
I20260630 12:12:44.532580  6918 leader_election.cc:290] T d317d6edebe242f2b8a4423efa59fd6f P 5851a75d73ed43b189cf2813481775dc [CANDIDATE]: Term 1 pre-election: Requested pre-vote from peers bef2f96968084185ad96fcb245ccbfb4 (127.4.2.193:45235), 5080ad6a66a04dcb90f1970893da44af (127.4.2.195:38317)
I20260630 12:12:44.537066  6915 tablet_bootstrap.cc:492] T 81485015e28c4865a9bb72a9e5aa767e P 5080ad6a66a04dcb90f1970893da44af: Bootstrap starting.
I20260630 12:12:44.552970  6915 tablet_bootstrap.cc:654] T 81485015e28c4865a9bb72a9e5aa767e P 5080ad6a66a04dcb90f1970893da44af: Neither blocks nor log segments found. Creating new log.
I20260630 12:12:44.561733  6914 tablet_bootstrap.cc:492] T f0af4476d9ca4927b8ced27351958f01 P bef2f96968084185ad96fcb245ccbfb4: No bootstrap required, opened a new log
I20260630 12:12:44.562136  6913 ts_tablet_manager.cc:1434] T d7b6ae9006a44199ba8fed21cc72f2ff P 5851a75d73ed43b189cf2813481775dc: Time spent starting tablet: real 0.038s	user 0.011s	sys 0.023s
I20260630 12:12:44.562391  6914 ts_tablet_manager.cc:1403] T f0af4476d9ca4927b8ced27351958f01 P bef2f96968084185ad96fcb245ccbfb4: Time spent bootstrapping tablet: real 0.049s	user 0.010s	sys 0.035s
I20260630 12:12:44.566722  6914 raft_consensus.cc:359] T f0af4476d9ca4927b8ced27351958f01 P bef2f96968084185ad96fcb245ccbfb4 [term 0 FOLLOWER]: Replica starting. Triggering 0 pending ops. Active config: opid_index: -1 OBSOLETE_local: false peers { permanent_uuid: "bef2f96968084185ad96fcb245ccbfb4" member_type: VOTER last_known_addr { host: "127.4.2.193" port: 45235 } } peers { permanent_uuid: "5851a75d73ed43b189cf2813481775dc" member_type: VOTER last_known_addr { host: "127.4.2.194" port: 41677 } } peers { permanent_uuid: "5080ad6a66a04dcb90f1970893da44af" member_type: VOTER last_known_addr { host: "127.4.2.195" port: 38317 } }
I20260630 12:12:44.567651  6914 raft_consensus.cc:385] T f0af4476d9ca4927b8ced27351958f01 P bef2f96968084185ad96fcb245ccbfb4 [term 0 FOLLOWER]: Consensus starting up: Expiring failure detector timer to make a prompt election more likely
I20260630 12:12:44.568048  6914 raft_consensus.cc:740] T f0af4476d9ca4927b8ced27351958f01 P bef2f96968084185ad96fcb245ccbfb4 [term 0 FOLLOWER]: Becoming Follower/Learner. State: Replica: bef2f96968084185ad96fcb245ccbfb4, State: Initialized, Role: FOLLOWER
I20260630 12:12:44.568415  6718 tablet_service.cc:1917] Received RequestConsensusVote() RPC: tablet_id: "d317d6edebe242f2b8a4423efa59fd6f" candidate_uuid: "5851a75d73ed43b189cf2813481775dc" candidate_term: 1 candidate_status { last_received { term: 0 index: 0 } } ignore_live_leader: false dest_uuid: "bef2f96968084185ad96fcb245ccbfb4" is_pre_election: true
I20260630 12:12:44.568979  6914 consensus_queue.cc:260] T f0af4476d9ca4927b8ced27351958f01 P bef2f96968084185ad96fcb245ccbfb4 [NON_LEADER]: Queue going to NON_LEADER mode. State: All replicated index: 0, Majority replicated index: 0, Committed index: 0, Last appended: 0.0, Last appended by leader: 0, Current term: 0, Majority size: -1, State: 0, Mode: NON_LEADER, active raft config: opid_index: -1 OBSOLETE_local: false peers { permanent_uuid: "bef2f96968084185ad96fcb245ccbfb4" member_type: VOTER last_known_addr { host: "127.4.2.193" port: 45235 } } peers { permanent_uuid: "5851a75d73ed43b189cf2813481775dc" member_type: VOTER last_known_addr { host: "127.4.2.194" port: 41677 } } peers { permanent_uuid: "5080ad6a66a04dcb90f1970893da44af" member_type: VOTER last_known_addr { host: "127.4.2.195" port: 38317 } }
I20260630 12:12:44.569445  6718 raft_consensus.cc:2468] T d317d6edebe242f2b8a4423efa59fd6f P bef2f96968084185ad96fcb245ccbfb4 [term 0 FOLLOWER]: Leader pre-election vote request: Granting yes vote for candidate 5851a75d73ed43b189cf2813481775dc in term 0.
I20260630 12:12:44.571084  6758 leader_election.cc:304] T d317d6edebe242f2b8a4423efa59fd6f P 5851a75d73ed43b189cf2813481775dc [CANDIDATE]: Term 1 pre-election: Election decided. Result: candidate won. Election summary: received 2 responses out of 3 voters: 2 yes votes; 0 no votes. yes voters: 5851a75d73ed43b189cf2813481775dc, bef2f96968084185ad96fcb245ccbfb4; no voters: 
I20260630 12:12:44.571077  6913 tablet_bootstrap.cc:492] T f0af4476d9ca4927b8ced27351958f01 P 5851a75d73ed43b189cf2813481775dc: Bootstrap starting.
I20260630 12:12:44.572252  6924 raft_consensus.cc:2804] T d317d6edebe242f2b8a4423efa59fd6f P 5851a75d73ed43b189cf2813481775dc [term 0 FOLLOWER]: Leader pre-election won for term 1
I20260630 12:12:44.572734  6924 raft_consensus.cc:493] T d317d6edebe242f2b8a4423efa59fd6f P 5851a75d73ed43b189cf2813481775dc [term 0 FOLLOWER]: Starting leader election (no leader contacted us within the election timeout)
I20260630 12:12:44.573145  6924 raft_consensus.cc:3060] T d317d6edebe242f2b8a4423efa59fd6f P 5851a75d73ed43b189cf2813481775dc [term 0 FOLLOWER]: Advancing to term 1
I20260630 12:12:44.575357  6867 tablet_service.cc:1917] Received RequestConsensusVote() RPC: tablet_id: "d317d6edebe242f2b8a4423efa59fd6f" candidate_uuid: "5851a75d73ed43b189cf2813481775dc" candidate_term: 1 candidate_status { last_received { term: 0 index: 0 } } ignore_live_leader: false dest_uuid: "5080ad6a66a04dcb90f1970893da44af" is_pre_election: true
I20260630 12:12:44.575922  6915 tablet_bootstrap.cc:492] T 81485015e28c4865a9bb72a9e5aa767e P 5080ad6a66a04dcb90f1970893da44af: No bootstrap required, opened a new log
I20260630 12:12:44.576414  6915 ts_tablet_manager.cc:1403] T 81485015e28c4865a9bb72a9e5aa767e P 5080ad6a66a04dcb90f1970893da44af: Time spent bootstrapping tablet: real 0.040s	user 0.016s	sys 0.000s
I20260630 12:12:44.577092  6914 ts_tablet_manager.cc:1434] T f0af4476d9ca4927b8ced27351958f01 P bef2f96968084185ad96fcb245ccbfb4: Time spent starting tablet: real 0.014s	user 0.010s	sys 0.000s
I20260630 12:12:44.578208  6914 tablet_bootstrap.cc:492] T d7b6ae9006a44199ba8fed21cc72f2ff P bef2f96968084185ad96fcb245ccbfb4: Bootstrap starting.
I20260630 12:12:44.582058  6924 raft_consensus.cc:515] T d317d6edebe242f2b8a4423efa59fd6f P 5851a75d73ed43b189cf2813481775dc [term 1 FOLLOWER]: Starting leader election with config: opid_index: -1 OBSOLETE_local: false peers { permanent_uuid: "5851a75d73ed43b189cf2813481775dc" member_type: VOTER last_known_addr { host: "127.4.2.194" port: 41677 } } peers { permanent_uuid: "bef2f96968084185ad96fcb245ccbfb4" member_type: VOTER last_known_addr { host: "127.4.2.193" port: 45235 } } peers { permanent_uuid: "5080ad6a66a04dcb90f1970893da44af" member_type: VOTER last_known_addr { host: "127.4.2.195" port: 38317 } }
I20260630 12:12:44.584774  6924 leader_election.cc:290] T d317d6edebe242f2b8a4423efa59fd6f P 5851a75d73ed43b189cf2813481775dc [CANDIDATE]: Term 1 election: Requested vote from peers bef2f96968084185ad96fcb245ccbfb4 (127.4.2.193:45235), 5080ad6a66a04dcb90f1970893da44af (127.4.2.195:38317)
I20260630 12:12:44.579537  6915 raft_consensus.cc:359] T 81485015e28c4865a9bb72a9e5aa767e P 5080ad6a66a04dcb90f1970893da44af [term 0 FOLLOWER]: Replica starting. Triggering 0 pending ops. Active config: opid_index: -1 OBSOLETE_local: false peers { permanent_uuid: "bef2f96968084185ad96fcb245ccbfb4" member_type: VOTER last_known_addr { host: "127.4.2.193" port: 45235 } } peers { permanent_uuid: "5851a75d73ed43b189cf2813481775dc" member_type: VOTER last_known_addr { host: "127.4.2.194" port: 41677 } } peers { permanent_uuid: "5080ad6a66a04dcb90f1970893da44af" member_type: VOTER last_known_addr { host: "127.4.2.195" port: 38317 } }
I20260630 12:12:44.585620  6913 tablet_bootstrap.cc:654] T f0af4476d9ca4927b8ced27351958f01 P 5851a75d73ed43b189cf2813481775dc: Neither blocks nor log segments found. Creating new log.
I20260630 12:12:44.585865  6915 raft_consensus.cc:385] T 81485015e28c4865a9bb72a9e5aa767e P 5080ad6a66a04dcb90f1970893da44af [term 0 FOLLOWER]: Consensus starting up: Expiring failure detector timer to make a prompt election more likely
I20260630 12:12:44.586278  6915 raft_consensus.cc:740] T 81485015e28c4865a9bb72a9e5aa767e P 5080ad6a66a04dcb90f1970893da44af [term 0 FOLLOWER]: Becoming Follower/Learner. State: Replica: 5080ad6a66a04dcb90f1970893da44af, State: Initialized, Role: FOLLOWER
I20260630 12:12:44.586479  6914 tablet_bootstrap.cc:654] T d7b6ae9006a44199ba8fed21cc72f2ff P bef2f96968084185ad96fcb245ccbfb4: Neither blocks nor log segments found. Creating new log.
I20260630 12:12:44.587946  6718 tablet_service.cc:1917] Received RequestConsensusVote() RPC: tablet_id: "d317d6edebe242f2b8a4423efa59fd6f" candidate_uuid: "5851a75d73ed43b189cf2813481775dc" candidate_term: 1 candidate_status { last_received { term: 0 index: 0 } } ignore_live_leader: false dest_uuid: "bef2f96968084185ad96fcb245ccbfb4"
I20260630 12:12:44.588677  6718 raft_consensus.cc:3060] T d317d6edebe242f2b8a4423efa59fd6f P bef2f96968084185ad96fcb245ccbfb4 [term 0 FOLLOWER]: Advancing to term 1
I20260630 12:12:44.589484  6915 consensus_queue.cc:260] T 81485015e28c4865a9bb72a9e5aa767e P 5080ad6a66a04dcb90f1970893da44af [NON_LEADER]: Queue going to NON_LEADER mode. State: All replicated index: 0, Majority replicated index: 0, Committed index: 0, Last appended: 0.0, Last appended by leader: 0, Current term: 0, Majority size: -1, State: 0, Mode: NON_LEADER, active raft config: opid_index: -1 OBSOLETE_local: false peers { permanent_uuid: "bef2f96968084185ad96fcb245ccbfb4" member_type: VOTER last_known_addr { host: "127.4.2.193" port: 45235 } } peers { permanent_uuid: "5851a75d73ed43b189cf2813481775dc" member_type: VOTER last_known_addr { host: "127.4.2.194" port: 41677 } } peers { permanent_uuid: "5080ad6a66a04dcb90f1970893da44af" member_type: VOTER last_known_addr { host: "127.4.2.195" port: 38317 } }
I20260630 12:12:44.591452  6913 tablet_bootstrap.cc:492] T f0af4476d9ca4927b8ced27351958f01 P 5851a75d73ed43b189cf2813481775dc: No bootstrap required, opened a new log
I20260630 12:12:44.592020  6913 ts_tablet_manager.cc:1403] T f0af4476d9ca4927b8ced27351958f01 P 5851a75d73ed43b189cf2813481775dc: Time spent bootstrapping tablet: real 0.021s	user 0.013s	sys 0.000s
I20260630 12:12:44.593739  6867 tablet_service.cc:1917] Received RequestConsensusVote() RPC: tablet_id: "d317d6edebe242f2b8a4423efa59fd6f" candidate_uuid: "5851a75d73ed43b189cf2813481775dc" candidate_term: 1 candidate_status { last_received { term: 0 index: 0 } } ignore_live_leader: false dest_uuid: "5080ad6a66a04dcb90f1970893da44af"
I20260630 12:12:44.594939  6924 raft_consensus.cc:493] T d7b6ae9006a44199ba8fed21cc72f2ff P 5851a75d73ed43b189cf2813481775dc [term 0 FOLLOWER]: Starting pre-election (no leader contacted us within the election timeout)
I20260630 12:12:44.595504  6924 raft_consensus.cc:515] T d7b6ae9006a44199ba8fed21cc72f2ff P 5851a75d73ed43b189cf2813481775dc [term 0 FOLLOWER]: Starting pre-election with config: opid_index: -1 OBSOLETE_local: false peers { permanent_uuid: "bef2f96968084185ad96fcb245ccbfb4" member_type: VOTER last_known_addr { host: "127.4.2.193" port: 45235 } } peers { permanent_uuid: "5851a75d73ed43b189cf2813481775dc" member_type: VOTER last_known_addr { host: "127.4.2.194" port: 41677 } } peers { permanent_uuid: "5080ad6a66a04dcb90f1970893da44af" member_type: VOTER last_known_addr { host: "127.4.2.195" port: 38317 } }
W20260630 12:12:44.595871  6758 leader_election.cc:343] T d317d6edebe242f2b8a4423efa59fd6f P 5851a75d73ed43b189cf2813481775dc [CANDIDATE]: Term 1 pre-election: Tablet error from VoteRequest() call to peer 5080ad6a66a04dcb90f1970893da44af (127.4.2.195:38317): Illegal state: must be running to vote when last-logged opid is not known
I20260630 12:12:44.597908  6924 leader_election.cc:290] T d7b6ae9006a44199ba8fed21cc72f2ff P 5851a75d73ed43b189cf2813481775dc [CANDIDATE]: Term 1 pre-election: Requested pre-vote from peers bef2f96968084185ad96fcb245ccbfb4 (127.4.2.193:45235), 5080ad6a66a04dcb90f1970893da44af (127.4.2.195:38317)
I20260630 12:12:44.597786  6913 raft_consensus.cc:359] T f0af4476d9ca4927b8ced27351958f01 P 5851a75d73ed43b189cf2813481775dc [term 0 FOLLOWER]: Replica starting. Triggering 0 pending ops. Active config: opid_index: -1 OBSOLETE_local: false peers { permanent_uuid: "bef2f96968084185ad96fcb245ccbfb4" member_type: VOTER last_known_addr { host: "127.4.2.193" port: 45235 } } peers { permanent_uuid: "5851a75d73ed43b189cf2813481775dc" member_type: VOTER last_known_addr { host: "127.4.2.194" port: 41677 } } peers { permanent_uuid: "5080ad6a66a04dcb90f1970893da44af" member_type: VOTER last_known_addr { host: "127.4.2.195" port: 38317 } }
I20260630 12:12:44.598676  6913 raft_consensus.cc:385] T f0af4476d9ca4927b8ced27351958f01 P 5851a75d73ed43b189cf2813481775dc [term 0 FOLLOWER]: Consensus starting up: Expiring failure detector timer to make a prompt election more likely
I20260630 12:12:44.599099  6915 ts_tablet_manager.cc:1434] T 81485015e28c4865a9bb72a9e5aa767e P 5080ad6a66a04dcb90f1970893da44af: Time spent starting tablet: real 0.022s	user 0.007s	sys 0.000s
I20260630 12:12:44.599040  6913 raft_consensus.cc:740] T f0af4476d9ca4927b8ced27351958f01 P 5851a75d73ed43b189cf2813481775dc [term 0 FOLLOWER]: Becoming Follower/Learner. State: Replica: 5851a75d73ed43b189cf2813481775dc, State: Initialized, Role: FOLLOWER
I20260630 12:12:44.600004  6913 consensus_queue.cc:260] T f0af4476d9ca4927b8ced27351958f01 P 5851a75d73ed43b189cf2813481775dc [NON_LEADER]: Queue going to NON_LEADER mode. State: All replicated index: 0, Majority replicated index: 0, Committed index: 0, Last appended: 0.0, Last appended by leader: 0, Current term: 0, Majority size: -1, State: 0, Mode: NON_LEADER, active raft config: opid_index: -1 OBSOLETE_local: false peers { permanent_uuid: "bef2f96968084185ad96fcb245ccbfb4" member_type: VOTER last_known_addr { host: "127.4.2.193" port: 45235 } } peers { permanent_uuid: "5851a75d73ed43b189cf2813481775dc" member_type: VOTER last_known_addr { host: "127.4.2.194" port: 41677 } } peers { permanent_uuid: "5080ad6a66a04dcb90f1970893da44af" member_type: VOTER last_known_addr { host: "127.4.2.195" port: 38317 } }
I20260630 12:12:44.602270  6913 ts_tablet_manager.cc:1434] T f0af4476d9ca4927b8ced27351958f01 P 5851a75d73ed43b189cf2813481775dc: Time spent starting tablet: real 0.010s	user 0.005s	sys 0.003s
I20260630 12:12:44.603327  6913 tablet_bootstrap.cc:492] T 81485015e28c4865a9bb72a9e5aa767e P 5851a75d73ed43b189cf2813481775dc: Bootstrap starting.
I20260630 12:12:44.605484  6915 tablet_bootstrap.cc:492] T d7b6ae9006a44199ba8fed21cc72f2ff P 5080ad6a66a04dcb90f1970893da44af: Bootstrap starting.
W20260630 12:12:44.607043  6819 tablet.cc:2406] T d317d6edebe242f2b8a4423efa59fd6f P 5851a75d73ed43b189cf2813481775dc: Can't schedule compaction. Clean time has not been advanced past its initial value.
I20260630 12:12:44.610311  6913 tablet_bootstrap.cc:654] T 81485015e28c4865a9bb72a9e5aa767e P 5851a75d73ed43b189cf2813481775dc: Neither blocks nor log segments found. Creating new log.
I20260630 12:12:44.612824  6915 tablet_bootstrap.cc:654] T d7b6ae9006a44199ba8fed21cc72f2ff P 5080ad6a66a04dcb90f1970893da44af: Neither blocks nor log segments found. Creating new log.
I20260630 12:12:44.623677  6913 tablet_bootstrap.cc:492] T 81485015e28c4865a9bb72a9e5aa767e P 5851a75d73ed43b189cf2813481775dc: No bootstrap required, opened a new log
I20260630 12:12:44.624258  6913 ts_tablet_manager.cc:1403] T 81485015e28c4865a9bb72a9e5aa767e P 5851a75d73ed43b189cf2813481775dc: Time spent bootstrapping tablet: real 0.021s	user 0.007s	sys 0.012s
W20260630 12:12:44.627061  6758 leader_election.cc:343] T d317d6edebe242f2b8a4423efa59fd6f P 5851a75d73ed43b189cf2813481775dc [CANDIDATE]: Term 1 election: Tablet error from VoteRequest() call to peer 5080ad6a66a04dcb90f1970893da44af (127.4.2.195:38317): Illegal state: must be running to vote when last-logged opid is not known
I20260630 12:12:44.627034  6913 raft_consensus.cc:359] T 81485015e28c4865a9bb72a9e5aa767e P 5851a75d73ed43b189cf2813481775dc [term 0 FOLLOWER]: Replica starting. Triggering 0 pending ops. Active config: opid_index: -1 OBSOLETE_local: false peers { permanent_uuid: "bef2f96968084185ad96fcb245ccbfb4" member_type: VOTER last_known_addr { host: "127.4.2.193" port: 45235 } } peers { permanent_uuid: "5851a75d73ed43b189cf2813481775dc" member_type: VOTER last_known_addr { host: "127.4.2.194" port: 41677 } } peers { permanent_uuid: "5080ad6a66a04dcb90f1970893da44af" member_type: VOTER last_known_addr { host: "127.4.2.195" port: 38317 } }
I20260630 12:12:44.627861  6913 raft_consensus.cc:385] T 81485015e28c4865a9bb72a9e5aa767e P 5851a75d73ed43b189cf2813481775dc [term 0 FOLLOWER]: Consensus starting up: Expiring failure detector timer to make a prompt election more likely
I20260630 12:12:44.628214  6913 raft_consensus.cc:740] T 81485015e28c4865a9bb72a9e5aa767e P 5851a75d73ed43b189cf2813481775dc [term 0 FOLLOWER]: Becoming Follower/Learner. State: Replica: 5851a75d73ed43b189cf2813481775dc, State: Initialized, Role: FOLLOWER
I20260630 12:12:44.628947  6913 consensus_queue.cc:260] T 81485015e28c4865a9bb72a9e5aa767e P 5851a75d73ed43b189cf2813481775dc [NON_LEADER]: Queue going to NON_LEADER mode. State: All replicated index: 0, Majority replicated index: 0, Committed index: 0, Last appended: 0.0, Last appended by leader: 0, Current term: 0, Majority size: -1, State: 0, Mode: NON_LEADER, active raft config: opid_index: -1 OBSOLETE_local: false peers { permanent_uuid: "bef2f96968084185ad96fcb245ccbfb4" member_type: VOTER last_known_addr { host: "127.4.2.193" port: 45235 } } peers { permanent_uuid: "5851a75d73ed43b189cf2813481775dc" member_type: VOTER last_known_addr { host: "127.4.2.194" port: 41677 } } peers { permanent_uuid: "5080ad6a66a04dcb90f1970893da44af" member_type: VOTER last_known_addr { host: "127.4.2.195" port: 38317 } }
I20260630 12:12:44.629475  6717 tablet_service.cc:1917] Received RequestConsensusVote() RPC: tablet_id: "d7b6ae9006a44199ba8fed21cc72f2ff" candidate_uuid: "5851a75d73ed43b189cf2813481775dc" candidate_term: 1 candidate_status { last_received { term: 0 index: 0 } } ignore_live_leader: false dest_uuid: "bef2f96968084185ad96fcb245ccbfb4" is_pre_election: true
I20260630 12:12:44.631294  6913 ts_tablet_manager.cc:1434] T 81485015e28c4865a9bb72a9e5aa767e P 5851a75d73ed43b189cf2813481775dc: Time spent starting tablet: real 0.007s	user 0.002s	sys 0.002s
I20260630 12:12:44.631134  6867 tablet_service.cc:1917] Received RequestConsensusVote() RPC: tablet_id: "d7b6ae9006a44199ba8fed21cc72f2ff" candidate_uuid: "5851a75d73ed43b189cf2813481775dc" candidate_term: 1 candidate_status { last_received { term: 0 index: 0 } } ignore_live_leader: false dest_uuid: "5080ad6a66a04dcb90f1970893da44af" is_pre_election: true
I20260630 12:12:44.631584  6924 raft_consensus.cc:493] T f0af4476d9ca4927b8ced27351958f01 P 5851a75d73ed43b189cf2813481775dc [term 0 FOLLOWER]: Starting pre-election (no leader contacted us within the election timeout)
I20260630 12:12:44.632097  6924 raft_consensus.cc:515] T f0af4476d9ca4927b8ced27351958f01 P 5851a75d73ed43b189cf2813481775dc [term 0 FOLLOWER]: Starting pre-election with config: opid_index: -1 OBSOLETE_local: false peers { permanent_uuid: "bef2f96968084185ad96fcb245ccbfb4" member_type: VOTER last_known_addr { host: "127.4.2.193" port: 45235 } } peers { permanent_uuid: "5851a75d73ed43b189cf2813481775dc" member_type: VOTER last_known_addr { host: "127.4.2.194" port: 41677 } } peers { permanent_uuid: "5080ad6a66a04dcb90f1970893da44af" member_type: VOTER last_known_addr { host: "127.4.2.195" port: 38317 } }
I20260630 12:12:44.633472  6915 tablet_bootstrap.cc:492] T d7b6ae9006a44199ba8fed21cc72f2ff P 5080ad6a66a04dcb90f1970893da44af: No bootstrap required, opened a new log
I20260630 12:12:44.633948  6915 ts_tablet_manager.cc:1403] T d7b6ae9006a44199ba8fed21cc72f2ff P 5080ad6a66a04dcb90f1970893da44af: Time spent bootstrapping tablet: real 0.029s	user 0.012s	sys 0.002s
I20260630 12:12:44.634076  6924 leader_election.cc:290] T f0af4476d9ca4927b8ced27351958f01 P 5851a75d73ed43b189cf2813481775dc [CANDIDATE]: Term 1 pre-election: Requested pre-vote from peers bef2f96968084185ad96fcb245ccbfb4 (127.4.2.193:45235), 5080ad6a66a04dcb90f1970893da44af (127.4.2.195:38317)
I20260630 12:12:44.636850  6915 raft_consensus.cc:359] T d7b6ae9006a44199ba8fed21cc72f2ff P 5080ad6a66a04dcb90f1970893da44af [term 0 FOLLOWER]: Replica starting. Triggering 0 pending ops. Active config: opid_index: -1 OBSOLETE_local: false peers { permanent_uuid: "bef2f96968084185ad96fcb245ccbfb4" member_type: VOTER last_known_addr { host: "127.4.2.193" port: 45235 } } peers { permanent_uuid: "5851a75d73ed43b189cf2813481775dc" member_type: VOTER last_known_addr { host: "127.4.2.194" port: 41677 } } peers { permanent_uuid: "5080ad6a66a04dcb90f1970893da44af" member_type: VOTER last_known_addr { host: "127.4.2.195" port: 38317 } }
I20260630 12:12:44.637574  6915 raft_consensus.cc:385] T d7b6ae9006a44199ba8fed21cc72f2ff P 5080ad6a66a04dcb90f1970893da44af [term 0 FOLLOWER]: Consensus starting up: Expiring failure detector timer to make a prompt election more likely
I20260630 12:12:44.637835  6915 raft_consensus.cc:740] T d7b6ae9006a44199ba8fed21cc72f2ff P 5080ad6a66a04dcb90f1970893da44af [term 0 FOLLOWER]: Becoming Follower/Learner. State: Replica: 5080ad6a66a04dcb90f1970893da44af, State: Initialized, Role: FOLLOWER
I20260630 12:12:44.638660  6717 tablet_service.cc:1917] Received RequestConsensusVote() RPC: tablet_id: "f0af4476d9ca4927b8ced27351958f01" candidate_uuid: "5851a75d73ed43b189cf2813481775dc" candidate_term: 1 candidate_status { last_received { term: 0 index: 0 } } ignore_live_leader: false dest_uuid: "bef2f96968084185ad96fcb245ccbfb4" is_pre_election: true
I20260630 12:12:44.638710  6915 consensus_queue.cc:260] T d7b6ae9006a44199ba8fed21cc72f2ff P 5080ad6a66a04dcb90f1970893da44af [NON_LEADER]: Queue going to NON_LEADER mode. State: All replicated index: 0, Majority replicated index: 0, Committed index: 0, Last appended: 0.0, Last appended by leader: 0, Current term: 0, Majority size: -1, State: 0, Mode: NON_LEADER, active raft config: opid_index: -1 OBSOLETE_local: false peers { permanent_uuid: "bef2f96968084185ad96fcb245ccbfb4" member_type: VOTER last_known_addr { host: "127.4.2.193" port: 45235 } } peers { permanent_uuid: "5851a75d73ed43b189cf2813481775dc" member_type: VOTER last_known_addr { host: "127.4.2.194" port: 41677 } } peers { permanent_uuid: "5080ad6a66a04dcb90f1970893da44af" member_type: VOTER last_known_addr { host: "127.4.2.195" port: 38317 } }
I20260630 12:12:44.641297  6915 ts_tablet_manager.cc:1434] T d7b6ae9006a44199ba8fed21cc72f2ff P 5080ad6a66a04dcb90f1970893da44af: Time spent starting tablet: real 0.007s	user 0.007s	sys 0.001s
I20260630 12:12:44.642110  6915 tablet_bootstrap.cc:492] T d317d6edebe242f2b8a4423efa59fd6f P 5080ad6a66a04dcb90f1970893da44af: Bootstrap starting.
I20260630 12:12:44.640017  6717 raft_consensus.cc:2468] T f0af4476d9ca4927b8ced27351958f01 P bef2f96968084185ad96fcb245ccbfb4 [term 0 FOLLOWER]: Leader pre-election vote request: Granting yes vote for candidate 5851a75d73ed43b189cf2813481775dc in term 0.
I20260630 12:12:44.645707  6867 tablet_service.cc:1917] Received RequestConsensusVote() RPC: tablet_id: "f0af4476d9ca4927b8ced27351958f01" candidate_uuid: "5851a75d73ed43b189cf2813481775dc" candidate_term: 1 candidate_status { last_received { term: 0 index: 0 } } ignore_live_leader: false dest_uuid: "5080ad6a66a04dcb90f1970893da44af" is_pre_election: true
I20260630 12:12:44.646560  6867 raft_consensus.cc:2468] T f0af4476d9ca4927b8ced27351958f01 P 5080ad6a66a04dcb90f1970893da44af [term 0 FOLLOWER]: Leader pre-election vote request: Granting yes vote for candidate 5851a75d73ed43b189cf2813481775dc in term 0.
W20260630 12:12:44.648267  6758 leader_election.cc:343] T d7b6ae9006a44199ba8fed21cc72f2ff P 5851a75d73ed43b189cf2813481775dc [CANDIDATE]: Term 1 pre-election: Tablet error from VoteRequest() call to peer bef2f96968084185ad96fcb245ccbfb4 (127.4.2.193:45235): Illegal state: must be running to vote when last-logged opid is not known
I20260630 12:12:44.649107  6915 tablet_bootstrap.cc:654] T d317d6edebe242f2b8a4423efa59fd6f P 5080ad6a66a04dcb90f1970893da44af: Neither blocks nor log segments found. Creating new log.
I20260630 12:12:44.649214  6758 leader_election.cc:304] T f0af4476d9ca4927b8ced27351958f01 P 5851a75d73ed43b189cf2813481775dc [CANDIDATE]: Term 1 pre-election: Election decided. Result: candidate won. Election summary: received 2 responses out of 3 voters: 2 yes votes; 0 no votes. yes voters: 5851a75d73ed43b189cf2813481775dc, bef2f96968084185ad96fcb245ccbfb4; no voters: 
I20260630 12:12:44.653820  6718 raft_consensus.cc:2468] T d317d6edebe242f2b8a4423efa59fd6f P bef2f96968084185ad96fcb245ccbfb4 [term 1 FOLLOWER]: Leader election vote request: Granting yes vote for candidate 5851a75d73ed43b189cf2813481775dc in term 1.
I20260630 12:12:44.655288  6924 raft_consensus.cc:2804] T f0af4476d9ca4927b8ced27351958f01 P 5851a75d73ed43b189cf2813481775dc [term 0 FOLLOWER]: Leader pre-election won for term 1
I20260630 12:12:44.655799  6924 raft_consensus.cc:493] T f0af4476d9ca4927b8ced27351958f01 P 5851a75d73ed43b189cf2813481775dc [term 0 FOLLOWER]: Starting leader election (no leader contacted us within the election timeout)
I20260630 12:12:44.656278  6924 raft_consensus.cc:3060] T f0af4476d9ca4927b8ced27351958f01 P 5851a75d73ed43b189cf2813481775dc [term 0 FOLLOWER]: Advancing to term 1
W20260630 12:12:44.656826  6758 leader_election.cc:343] T d7b6ae9006a44199ba8fed21cc72f2ff P 5851a75d73ed43b189cf2813481775dc [CANDIDATE]: Term 1 pre-election: Tablet error from VoteRequest() call to peer 5080ad6a66a04dcb90f1970893da44af (127.4.2.195:38317): Illegal state: must be running to vote when last-logged opid is not known
