I20260630 12:13:25.755102 16773 raft_consensus.cc:359] T fb27a57b41c846d089b1f8695c26f355 P b90927f9e4544b72be58e4760bd77d46 [term 0 FOLLOWER]: Replica starting. Triggering 0 pending ops. Active config: opid_index: -1 OBSOLETE_local: false peers { permanent_uuid: "1416c7b362a045ca87773aa7f401a1e8" member_type: VOTER last_known_addr { host: "127.11.187.1" port: 40633 } } peers { permanent_uuid: "b90927f9e4544b72be58e4760bd77d46" member_type: VOTER last_known_addr { host: "127.11.187.2" port: 40285 } } peers { permanent_uuid: "796b5f3626464da681fa4e3da31511a8" member_type: VOTER last_known_addr { host: "127.11.187.3" port: 35611 } }
I20260630 12:13:25.760396 16773 raft_consensus.cc:385] T fb27a57b41c846d089b1f8695c26f355 P b90927f9e4544b72be58e4760bd77d46 [term 0 FOLLOWER]: Consensus starting up: Expiring failure detector timer to make a prompt election more likely
I20260630 12:13:25.760761 16773 raft_consensus.cc:740] T fb27a57b41c846d089b1f8695c26f355 P b90927f9e4544b72be58e4760bd77d46 [term 0 FOLLOWER]: Becoming Follower/Learner. State: Replica: b90927f9e4544b72be58e4760bd77d46, State: Initialized, Role: FOLLOWER
I20260630 12:13:25.761742 16773 consensus_queue.cc:260] T fb27a57b41c846d089b1f8695c26f355 P b90927f9e4544b72be58e4760bd77d46 [NON_LEADER]: Queue going to NON_LEADER mode. State: All replicated index: 0, Majority replicated index: 0, Committed index: 0, Last appended: 0.0, Last appended by leader: 0, Current term: 0, Majority size: -1, State: 0, Mode: NON_LEADER, active raft config: opid_index: -1 OBSOLETE_local: false peers { permanent_uuid: "1416c7b362a045ca87773aa7f401a1e8" member_type: VOTER last_known_addr { host: "127.11.187.1" port: 40633 } } peers { permanent_uuid: "b90927f9e4544b72be58e4760bd77d46" member_type: VOTER last_known_addr { host: "127.11.187.2" port: 40285 } } peers { permanent_uuid: "796b5f3626464da681fa4e3da31511a8" member_type: VOTER last_known_addr { host: "127.11.187.3" port: 35611 } }
W20260630 12:13:25.762904 16690 leader_election.cc:343] T 2f159fd5613b4b65b21c0acafeefae85 P 796b5f3626464da681fa4e3da31511a8 [CANDIDATE]: Term 1 election: Tablet error from VoteRequest() call to peer 1416c7b362a045ca87773aa7f401a1e8 (127.11.187.1:40633): Illegal state: must be running to vote when last-logged opid is not known
I20260630 12:13:25.764276 16772 consensus_queue.cc:260] T 1c72918f5e1b4d49b1b2986959034b96 P 796b5f3626464da681fa4e3da31511a8 [NON_LEADER]: Queue going to NON_LEADER mode. State: All replicated index: 0, Majority replicated index: 0, Committed index: 0, Last appended: 0.0, Last appended by leader: 0, Current term: 0, Majority size: -1, State: 0, Mode: NON_LEADER, active raft config: opid_index: -1 OBSOLETE_local: false peers { permanent_uuid: "1416c7b362a045ca87773aa7f401a1e8" member_type: VOTER last_known_addr { host: "127.11.187.1" port: 40633 } } peers { permanent_uuid: "b90927f9e4544b72be58e4760bd77d46" member_type: VOTER last_known_addr { host: "127.11.187.2" port: 40285 } } peers { permanent_uuid: "796b5f3626464da681fa4e3da31511a8" member_type: VOTER last_known_addr { host: "127.11.187.3" port: 35611 } }
I20260630 12:13:25.722980 16804 raft_consensus.cc:515] T 2ddfc600cede4f7a97eb748bae4c08fc P 796b5f3626464da681fa4e3da31511a8 [term 1 FOLLOWER]: Starting leader election with config: opid_index: -1 OBSOLETE_local: false peers { permanent_uuid: "1416c7b362a045ca87773aa7f401a1e8" member_type: VOTER last_known_addr { host: "127.11.187.1" port: 40633 } } peers { permanent_uuid: "b90927f9e4544b72be58e4760bd77d46" member_type: VOTER last_known_addr { host: "127.11.187.2" port: 40285 } } peers { permanent_uuid: "796b5f3626464da681fa4e3da31511a8" member_type: VOTER last_known_addr { host: "127.11.187.3" port: 35611 } }
I20260630 12:13:25.734324 16782 raft_consensus.cc:3060] T 1394c3c550304a41a18592cd9272e33f P 1416c7b362a045ca87773aa7f401a1e8 [term 0 FOLLOWER]: Advancing to term 1
I20260630 12:13:25.767058 16772 ts_tablet_manager.cc:1434] T 1c72918f5e1b4d49b1b2986959034b96 P 796b5f3626464da681fa4e3da31511a8: Time spent starting tablet: real 0.041s	user 0.007s	sys 0.000s
I20260630 12:13:25.767634 16804 leader_election.cc:290] T 2ddfc600cede4f7a97eb748bae4c08fc P 796b5f3626464da681fa4e3da31511a8 [CANDIDATE]: Term 1 election: Requested vote from peers 1416c7b362a045ca87773aa7f401a1e8 (127.11.187.1:40633), b90927f9e4544b72be58e4760bd77d46 (127.11.187.2:40285)
I20260630 12:13:25.748121 16577 tablet_service.cc:1917] Received RequestConsensusVote() RPC: tablet_id: "f4d3fefad1774d198bc7ff97b7329fc3" candidate_uuid: "796b5f3626464da681fa4e3da31511a8" candidate_term: 1 candidate_status { last_received { term: 0 index: 0 } } ignore_live_leader: false dest_uuid: "1416c7b362a045ca87773aa7f401a1e8"
I20260630 12:13:25.742514 16805 leader_election.cc:290] T 0a80cf0f72504ae1b35d7f3635ee401f P 796b5f3626464da681fa4e3da31511a8 [CANDIDATE]: Term 1 election: Requested vote from peers 1416c7b362a045ca87773aa7f401a1e8 (127.11.187.1:40633), b90927f9e4544b72be58e4760bd77d46 (127.11.187.2:40285)
I20260630 12:13:25.768240 16772 tablet_bootstrap.cc:492] T c29401650f0740638772034a11f8455d P 796b5f3626464da681fa4e3da31511a8: Bootstrap starting.
I20260630 12:13:25.771296 16773 ts_tablet_manager.cc:1434] T fb27a57b41c846d089b1f8695c26f355 P b90927f9e4544b72be58e4760bd77d46: Time spent starting tablet: real 0.034s	user 0.007s	sys 0.001s
I20260630 12:13:25.772439 16724 raft_consensus.cc:2393] T 2ddfc600cede4f7a97eb748bae4c08fc P 796b5f3626464da681fa4e3da31511a8 [term 1 FOLLOWER]: Leader pre-election vote request: Denying vote to candidate 1416c7b362a045ca87773aa7f401a1e8 in current term 1: Already voted for candidate 796b5f3626464da681fa4e3da31511a8 in this term.
I20260630 12:13:25.773504 16576 raft_consensus.cc:2468] T 0a80cf0f72504ae1b35d7f3635ee401f P 1416c7b362a045ca87773aa7f401a1e8 [term 1 FOLLOWER]: Leader election vote request: Granting yes vote for candidate b90927f9e4544b72be58e4760bd77d46 in term 1.
I20260630 12:13:25.774204 16653 tablet_service.cc:1917] Received RequestConsensusVote() RPC: tablet_id: "1394c3c550304a41a18592cd9272e33f" candidate_uuid: "1416c7b362a045ca87773aa7f401a1e8" candidate_term: 1 candidate_status { last_received { term: 0 index: 0 } } ignore_live_leader: false dest_uuid: "b90927f9e4544b72be58e4760bd77d46" is_pre_election: true
I20260630 12:13:25.775098 16652 tablet_service.cc:1917] Received RequestConsensusVote() RPC: tablet_id: "2ddfc600cede4f7a97eb748bae4c08fc" candidate_uuid: "1416c7b362a045ca87773aa7f401a1e8" candidate_term: 1 candidate_status { last_received { term: 0 index: 0 } } ignore_live_leader: false dest_uuid: "b90927f9e4544b72be58e4760bd77d46" is_pre_election: true
I20260630 12:13:25.742987 16823 raft_consensus.cc:2804] T 36c4f859faa041b3a118f0d8b2084ce4 P 796b5f3626464da681fa4e3da31511a8 [term 1 FOLLOWER]: Leader election won for term 1
I20260630 12:13:25.780467 16652 raft_consensus.cc:2468] T 2ddfc600cede4f7a97eb748bae4c08fc P b90927f9e4544b72be58e4760bd77d46 [term 0 FOLLOWER]: Leader pre-election vote request: Granting yes vote for candidate 1416c7b362a045ca87773aa7f401a1e8 in term 0.
I20260630 12:13:25.779577 16653 raft_consensus.cc:2468] T 1394c3c550304a41a18592cd9272e33f P b90927f9e4544b72be58e4760bd77d46 [term 0 FOLLOWER]: Leader pre-election vote request: Granting yes vote for candidate 1416c7b362a045ca87773aa7f401a1e8 in term 0.
I20260630 12:13:25.782158 16577 tablet_service.cc:1917] Received RequestConsensusVote() RPC: tablet_id: "2ddfc600cede4f7a97eb748bae4c08fc" candidate_uuid: "796b5f3626464da681fa4e3da31511a8" candidate_term: 1 candidate_status { last_received { term: 0 index: 0 } } ignore_live_leader: false dest_uuid: "1416c7b362a045ca87773aa7f401a1e8"
I20260630 12:13:25.782804 16577 raft_consensus.cc:3060] T 2ddfc600cede4f7a97eb748bae4c08fc P 1416c7b362a045ca87773aa7f401a1e8 [term 0 FOLLOWER]: Advancing to term 1
I20260630 12:13:25.779356 16823 raft_consensus.cc:697] T 36c4f859faa041b3a118f0d8b2084ce4 P 796b5f3626464da681fa4e3da31511a8 [term 1 LEADER]: Becoming Leader. State: Replica: 796b5f3626464da681fa4e3da31511a8, State: Running, Role: LEADER
I20260630 12:13:25.784394 16823 consensus_queue.cc:237] T 36c4f859faa041b3a118f0d8b2084ce4 P 796b5f3626464da681fa4e3da31511a8 [LEADER]: Queue going to LEADER mode. State: All replicated index: 0, Majority replicated index: 0, Committed index: 0, Last appended: 0.0, Last appended by leader: 0, Current term: 1, Majority size: 2, State: 0, Mode: LEADER, active raft config: opid_index: -1 OBSOLETE_local: false peers { permanent_uuid: "796b5f3626464da681fa4e3da31511a8" member_type: VOTER last_known_addr { host: "127.11.187.3" port: 35611 } } peers { permanent_uuid: "b90927f9e4544b72be58e4760bd77d46" member_type: VOTER last_known_addr { host: "127.11.187.2" port: 40285 } } peers { permanent_uuid: "1416c7b362a045ca87773aa7f401a1e8" member_type: VOTER last_known_addr { host: "127.11.187.1" port: 40633 } }
I20260630 12:13:25.789129 16616 leader_election.cc:304] T 0a80cf0f72504ae1b35d7f3635ee401f P b90927f9e4544b72be58e4760bd77d46 [CANDIDATE]: Term 1 election: Election decided. Result: candidate won. Election summary: received 3 responses out of 3 voters: 2 yes votes; 1 no votes. yes voters: 1416c7b362a045ca87773aa7f401a1e8, b90927f9e4544b72be58e4760bd77d46; no voters: 796b5f3626464da681fa4e3da31511a8
I20260630 12:13:25.791193 16808 raft_consensus.cc:2804] T 0a80cf0f72504ae1b35d7f3635ee401f P b90927f9e4544b72be58e4760bd77d46 [term 1 FOLLOWER]: Leader election won for term 1
I20260630 12:13:25.791445 16774 ts_tablet_manager.cc:1434] T 0a80cf0f72504ae1b35d7f3635ee401f P 1416c7b362a045ca87773aa7f401a1e8: Time spent starting tablet: real 0.057s	user 0.011s	sys 0.012s
I20260630 12:13:25.791719 16808 raft_consensus.cc:697] T 0a80cf0f72504ae1b35d7f3635ee401f P b90927f9e4544b72be58e4760bd77d46 [term 1 LEADER]: Becoming Leader. State: Replica: b90927f9e4544b72be58e4760bd77d46, State: Running, Role: LEADER
I20260630 12:13:25.792464 16774 tablet_bootstrap.cc:492] T 36c4f859faa041b3a118f0d8b2084ce4 P 1416c7b362a045ca87773aa7f401a1e8: Bootstrap starting.
I20260630 12:13:25.792536 16808 consensus_queue.cc:237] T 0a80cf0f72504ae1b35d7f3635ee401f P b90927f9e4544b72be58e4760bd77d46 [LEADER]: Queue going to LEADER mode. State: All replicated index: 0, Majority replicated index: 0, Committed index: 0, Last appended: 0.0, Last appended by leader: 0, Current term: 1, Majority size: 2, State: 0, Mode: LEADER, active raft config: opid_index: -1 OBSOLETE_local: false peers { permanent_uuid: "1416c7b362a045ca87773aa7f401a1e8" member_type: VOTER last_known_addr { host: "127.11.187.1" port: 40633 } } peers { permanent_uuid: "b90927f9e4544b72be58e4760bd77d46" member_type: VOTER last_known_addr { host: "127.11.187.2" port: 40285 } } peers { permanent_uuid: "796b5f3626464da681fa4e3da31511a8" member_type: VOTER last_known_addr { host: "127.11.187.3" port: 35611 } }
I20260630 12:13:25.793902 16543 leader_election.cc:304] T 2ddfc600cede4f7a97eb748bae4c08fc P 1416c7b362a045ca87773aa7f401a1e8 [CANDIDATE]: Term 1 pre-election: Election decided. Result: candidate won. Election summary: received 3 responses out of 3 voters: 2 yes votes; 1 no votes. yes voters: 1416c7b362a045ca87773aa7f401a1e8, b90927f9e4544b72be58e4760bd77d46; no voters: 796b5f3626464da681fa4e3da31511a8
I20260630 12:13:25.794206 16772 tablet_bootstrap.cc:654] T c29401650f0740638772034a11f8455d P 796b5f3626464da681fa4e3da31511a8: Neither blocks nor log segments found. Creating new log.
I20260630 12:13:25.789328 16578 raft_consensus.cc:2468] T 1c72918f5e1b4d49b1b2986959034b96 P 1416c7b362a045ca87773aa7f401a1e8 [term 1 FOLLOWER]: Leader election vote request: Granting yes vote for candidate b90927f9e4544b72be58e4760bd77d46 in term 1.
I20260630 12:13:25.796293 16616 leader_election.cc:304] T 1c72918f5e1b4d49b1b2986959034b96 P b90927f9e4544b72be58e4760bd77d46 [CANDIDATE]: Term 1 election: Election decided. Result: candidate won. Election summary: received 3 responses out of 3 voters: 2 yes votes; 1 no votes. yes voters: 1416c7b362a045ca87773aa7f401a1e8, b90927f9e4544b72be58e4760bd77d46; no voters: 796b5f3626464da681fa4e3da31511a8
W20260630 12:13:25.797186 16690 leader_election.cc:343] T f4d3fefad1774d198bc7ff97b7329fc3 P 796b5f3626464da681fa4e3da31511a8 [CANDIDATE]: Term 1 election: Tablet error from VoteRequest() call to peer 1416c7b362a045ca87773aa7f401a1e8 (127.11.187.1:40633): Illegal state: must be running to vote when last-logged opid is not known
I20260630 12:13:25.797745 16815 raft_consensus.cc:2804] T 1c72918f5e1b4d49b1b2986959034b96 P b90927f9e4544b72be58e4760bd77d46 [term 1 FOLLOWER]: Leader election won for term 1
I20260630 12:13:25.798313 16815 raft_consensus.cc:697] T 1c72918f5e1b4d49b1b2986959034b96 P b90927f9e4544b72be58e4760bd77d46 [term 1 LEADER]: Becoming Leader. State: Replica: b90927f9e4544b72be58e4760bd77d46, State: Running, Role: LEADER
I20260630 12:13:25.799228 16815 consensus_queue.cc:237] T 1c72918f5e1b4d49b1b2986959034b96 P b90927f9e4544b72be58e4760bd77d46 [LEADER]: Queue going to LEADER mode. State: All replicated index: 0, Majority replicated index: 0, Committed index: 0, Last appended: 0.0, Last appended by leader: 0, Current term: 1, Majority size: 2, State: 0, Mode: LEADER, active raft config: opid_index: -1 OBSOLETE_local: false peers { permanent_uuid: "1416c7b362a045ca87773aa7f401a1e8" member_type: VOTER last_known_addr { host: "127.11.187.1" port: 40633 } } peers { permanent_uuid: "b90927f9e4544b72be58e4760bd77d46" member_type: VOTER last_known_addr { host: "127.11.187.2" port: 40285 } } peers { permanent_uuid: "796b5f3626464da681fa4e3da31511a8" member_type: VOTER last_known_addr { host: "127.11.187.3" port: 35611 } }
I20260630 12:13:25.802313 16577 raft_consensus.cc:2468] T 2ddfc600cede4f7a97eb748bae4c08fc P 1416c7b362a045ca87773aa7f401a1e8 [term 1 FOLLOWER]: Leader election vote request: Granting yes vote for candidate 796b5f3626464da681fa4e3da31511a8 in term 1.
I20260630 12:13:25.811852 16690 leader_election.cc:304] T 2ddfc600cede4f7a97eb748bae4c08fc P 796b5f3626464da681fa4e3da31511a8 [CANDIDATE]: Term 1 election: Election decided. Result: candidate won. Election summary: received 2 responses out of 3 voters: 2 yes votes; 0 no votes. yes voters: 1416c7b362a045ca87773aa7f401a1e8, 796b5f3626464da681fa4e3da31511a8; no voters: 
I20260630 12:13:25.813220 16825 raft_consensus.cc:2804] T 2ddfc600cede4f7a97eb748bae4c08fc P 796b5f3626464da681fa4e3da31511a8 [term 1 FOLLOWER]: Leader election won for term 1
I20260630 12:13:25.813920 16825 raft_consensus.cc:697] T 2ddfc600cede4f7a97eb748bae4c08fc P 796b5f3626464da681fa4e3da31511a8 [term 1 LEADER]: Becoming Leader. State: Replica: 796b5f3626464da681fa4e3da31511a8, State: Running, Role: LEADER
I20260630 12:13:25.814901 16825 consensus_queue.cc:237] T 2ddfc600cede4f7a97eb748bae4c08fc P 796b5f3626464da681fa4e3da31511a8 [LEADER]: Queue going to LEADER mode. State: All replicated index: 0, Majority replicated index: 0, Committed index: 0, Last appended: 0.0, Last appended by leader: 0, Current term: 1, Majority size: 2, State: 0, Mode: LEADER, active raft config: opid_index: -1 OBSOLETE_local: false peers { permanent_uuid: "1416c7b362a045ca87773aa7f401a1e8" member_type: VOTER last_known_addr { host: "127.11.187.1" port: 40633 } } peers { permanent_uuid: "b90927f9e4544b72be58e4760bd77d46" member_type: VOTER last_known_addr { host: "127.11.187.2" port: 40285 } } peers { permanent_uuid: "796b5f3626464da681fa4e3da31511a8" member_type: VOTER last_known_addr { host: "127.11.187.3" port: 35611 } }
I20260630 12:13:25.817209 16826 raft_consensus.cc:2764] T 2ddfc600cede4f7a97eb748bae4c08fc P 1416c7b362a045ca87773aa7f401a1e8 [term 1 FOLLOWER]: Leader pre-election decision vote started in defunct term 0: won
I20260630 12:13:25.818177 16772 tablet_bootstrap.cc:492] T c29401650f0740638772034a11f8455d P 796b5f3626464da681fa4e3da31511a8: No bootstrap required, opened a new log
I20260630 12:13:25.818738 16772 ts_tablet_manager.cc:1403] T c29401650f0740638772034a11f8455d P 796b5f3626464da681fa4e3da31511a8: Time spent bootstrapping tablet: real 0.051s	user 0.013s	sys 0.000s
I20260630 12:13:25.805954 16782 raft_consensus.cc:515] T 1394c3c550304a41a18592cd9272e33f P 1416c7b362a045ca87773aa7f401a1e8 [term 1 FOLLOWER]: Starting leader election with config: opid_index: -1 OBSOLETE_local: false peers { permanent_uuid: "1416c7b362a045ca87773aa7f401a1e8" member_type: VOTER last_known_addr { host: "127.11.187.1" port: 40633 } } peers { permanent_uuid: "b90927f9e4544b72be58e4760bd77d46" member_type: VOTER last_known_addr { host: "127.11.187.2" port: 40285 } } peers { permanent_uuid: "796b5f3626464da681fa4e3da31511a8" member_type: VOTER last_known_addr { host: "127.11.187.3" port: 35611 } }
I20260630 12:13:25.807483 16774 tablet_bootstrap.cc:654] T 36c4f859faa041b3a118f0d8b2084ce4 P 1416c7b362a045ca87773aa7f401a1e8: Neither blocks nor log segments found. Creating new log.
W20260630 12:13:25.809587 16692 outbound_call.cc:321] RPC callback for RPC call kudu.consensus.ConsensusService.RequestConsensusVote -> {remote=127.11.187.2:40285, user_credentials={real_user=slave}} blocked reactor thread for 70882us
I20260630 12:13:25.821875 16772 raft_consensus.cc:359] T c29401650f0740638772034a11f8455d P 796b5f3626464da681fa4e3da31511a8 [term 0 FOLLOWER]: Replica starting. Triggering 0 pending ops. Active config: opid_index: -1 OBSOLETE_local: false peers { permanent_uuid: "1416c7b362a045ca87773aa7f401a1e8" member_type: VOTER last_known_addr { host: "127.11.187.1" port: 40633 } } peers { permanent_uuid: "b90927f9e4544b72be58e4760bd77d46" member_type: VOTER last_known_addr { host: "127.11.187.2" port: 40285 } } peers { permanent_uuid: "796b5f3626464da681fa4e3da31511a8" member_type: VOTER last_known_addr { host: "127.11.187.3" port: 35611 } }
I20260630 12:13:25.822685 16772 raft_consensus.cc:385] T c29401650f0740638772034a11f8455d P 796b5f3626464da681fa4e3da31511a8 [term 0 FOLLOWER]: Consensus starting up: Expiring failure detector timer to make a prompt election more likely
I20260630 12:13:25.823002 16772 raft_consensus.cc:740] T c29401650f0740638772034a11f8455d P 796b5f3626464da681fa4e3da31511a8 [term 0 FOLLOWER]: Becoming Follower/Learner. State: Replica: 796b5f3626464da681fa4e3da31511a8, State: Initialized, Role: FOLLOWER
I20260630 12:13:25.823745 16772 consensus_queue.cc:260] T c29401650f0740638772034a11f8455d P 796b5f3626464da681fa4e3da31511a8 [NON_LEADER]: Queue going to NON_LEADER mode. State: All replicated index: 0, Majority replicated index: 0, Committed index: 0, Last appended: 0.0, Last appended by leader: 0, Current term: 0, Majority size: -1, State: 0, Mode: NON_LEADER, active raft config: opid_index: -1 OBSOLETE_local: false peers { permanent_uuid: "1416c7b362a045ca87773aa7f401a1e8" member_type: VOTER last_known_addr { host: "127.11.187.1" port: 40633 } } peers { permanent_uuid: "b90927f9e4544b72be58e4760bd77d46" member_type: VOTER last_known_addr { host: "127.11.187.2" port: 40285 } } peers { permanent_uuid: "796b5f3626464da681fa4e3da31511a8" member_type: VOTER last_known_addr { host: "127.11.187.3" port: 35611 } }
I20260630 12:13:25.826161 16772 ts_tablet_manager.cc:1434] T c29401650f0740638772034a11f8455d P 796b5f3626464da681fa4e3da31511a8: Time spent starting tablet: real 0.007s	user 0.008s	sys 0.000s
I20260630 12:13:25.826252 16650 tablet_service.cc:1917] Received RequestConsensusVote() RPC: tablet_id: "f4d3fefad1774d198bc7ff97b7329fc3" candidate_uuid: "796b5f3626464da681fa4e3da31511a8" candidate_term: 1 candidate_status { last_received { term: 0 index: 0 } } ignore_live_leader: false dest_uuid: "b90927f9e4544b72be58e4760bd77d46"
I20260630 12:13:25.826934 16650 raft_consensus.cc:3060] T f4d3fefad1774d198bc7ff97b7329fc3 P b90927f9e4544b72be58e4760bd77d46 [term 0 FOLLOWER]: Advancing to term 1
I20260630 12:13:25.827061 16724 tablet_service.cc:1917] Received RequestConsensusVote() RPC: tablet_id: "1394c3c550304a41a18592cd9272e33f" candidate_uuid: "1416c7b362a045ca87773aa7f401a1e8" candidate_term: 1 candidate_status { last_received { term: 0 index: 0 } } ignore_live_leader: false dest_uuid: "796b5f3626464da681fa4e3da31511a8"
I20260630 12:13:25.827394 16772 tablet_bootstrap.cc:492] T fb27a57b41c846d089b1f8695c26f355 P 796b5f3626464da681fa4e3da31511a8: Bootstrap starting.
I20260630 12:13:25.827723 16724 raft_consensus.cc:3060] T 1394c3c550304a41a18592cd9272e33f P 796b5f3626464da681fa4e3da31511a8 [term 0 FOLLOWER]: Advancing to term 1
I20260630 12:13:25.828423 16782 leader_election.cc:290] T 1394c3c550304a41a18592cd9272e33f P 1416c7b362a045ca87773aa7f401a1e8 [CANDIDATE]: Term 1 election: Requested vote from peers b90927f9e4544b72be58e4760bd77d46 (127.11.187.2:40285), 796b5f3626464da681fa4e3da31511a8 (127.11.187.3:35611)
I20260630 12:13:25.830222 16651 tablet_service.cc:1917] Received RequestConsensusVote() RPC: tablet_id: "2f159fd5613b4b65b21c0acafeefae85" candidate_uuid: "796b5f3626464da681fa4e3da31511a8" candidate_term: 1 candidate_status { last_received { term: 0 index: 0 } } ignore_live_leader: false dest_uuid: "b90927f9e4544b72be58e4760bd77d46"
I20260630 12:13:25.830482 16648 tablet_service.cc:1917] Received RequestConsensusVote() RPC: tablet_id: "1394c3c550304a41a18592cd9272e33f" candidate_uuid: "1416c7b362a045ca87773aa7f401a1e8" candidate_term: 1 candidate_status { last_received { term: 0 index: 0 } } ignore_live_leader: false dest_uuid: "b90927f9e4544b72be58e4760bd77d46"
I20260630 12:13:25.830889 16651 raft_consensus.cc:3060] T 2f159fd5613b4b65b21c0acafeefae85 P b90927f9e4544b72be58e4760bd77d46 [term 0 FOLLOWER]: Advancing to term 1
I20260630 12:13:25.831111 16648 raft_consensus.cc:3060] T 1394c3c550304a41a18592cd9272e33f P b90927f9e4544b72be58e4760bd77d46 [term 0 FOLLOWER]: Advancing to term 1
I20260630 12:13:25.834405 16649 tablet_service.cc:1917] Received RequestConsensusVote() RPC: tablet_id: "2ddfc600cede4f7a97eb748bae4c08fc" candidate_uuid: "796b5f3626464da681fa4e3da31511a8" candidate_term: 1 candidate_status { last_received { term: 0 index: 0 } } ignore_live_leader: false dest_uuid: "b90927f9e4544b72be58e4760bd77d46"
I20260630 12:13:25.835125 16649 raft_consensus.cc:3060] T 2ddfc600cede4f7a97eb748bae4c08fc P b90927f9e4544b72be58e4760bd77d46 [term 0 FOLLOWER]: Advancing to term 1
I20260630 12:13:25.835625 16772 tablet_bootstrap.cc:654] T fb27a57b41c846d089b1f8695c26f355 P 796b5f3626464da681fa4e3da31511a8: Neither blocks nor log segments found. Creating new log.
I20260630 12:13:25.838210 16652 tablet_service.cc:1917] Received RequestConsensusVote() RPC: tablet_id: "07598c0efdaf4ac294b80b5e7f4ad279" candidate_uuid: "796b5f3626464da681fa4e3da31511a8" candidate_term: 1 candidate_status { last_received { term: 0 index: 0 } } ignore_live_leader: false dest_uuid: "b90927f9e4544b72be58e4760bd77d46"
I20260630 12:13:25.838814 16652 raft_consensus.cc:3060] T 07598c0efdaf4ac294b80b5e7f4ad279 P b90927f9e4544b72be58e4760bd77d46 [term 0 FOLLOWER]: Advancing to term 1
I20260630 12:13:25.841369 16648 raft_consensus.cc:2468] T 1394c3c550304a41a18592cd9272e33f P b90927f9e4544b72be58e4760bd77d46 [term 1 FOLLOWER]: Leader election vote request: Granting yes vote for candidate 1416c7b362a045ca87773aa7f401a1e8 in term 1.
I20260630 12:13:25.825443 16653 tablet_service.cc:1917] Received RequestConsensusVote() RPC: tablet_id: "0a80cf0f72504ae1b35d7f3635ee401f" candidate_uuid: "796b5f3626464da681fa4e3da31511a8" candidate_term: 1 candidate_status { last_received { term: 0 index: 0 } } ignore_live_leader: false dest_uuid: "b90927f9e4544b72be58e4760bd77d46"
I20260630 12:13:25.847486 16692 leader_election.cc:304] T 0a80cf0f72504ae1b35d7f3635ee401f P 796b5f3626464da681fa4e3da31511a8 [CANDIDATE]: Term 1 election: Election decided. Result: candidate lost. Election summary: received 3 responses out of 3 voters: 1 yes votes; 2 no votes. yes voters: 796b5f3626464da681fa4e3da31511a8; no voters: 1416c7b362a045ca87773aa7f401a1e8, b90927f9e4544b72be58e4760bd77d46
I20260630 12:13:25.849084 16724 raft_consensus.cc:2468] T 1394c3c550304a41a18592cd9272e33f P 796b5f3626464da681fa4e3da31511a8 [term 1 FOLLOWER]: Leader election vote request: Granting yes vote for candidate 1416c7b362a045ca87773aa7f401a1e8 in term 1.
I20260630 12:13:25.850159 16544 leader_election.cc:304] T 1394c3c550304a41a18592cd9272e33f P 1416c7b362a045ca87773aa7f401a1e8 [CANDIDATE]: Term 1 election: Election decided. Result: candidate won. Election summary: received 2 responses out of 3 voters: 2 yes votes; 0 no votes. yes voters: 1416c7b362a045ca87773aa7f401a1e8, 796b5f3626464da681fa4e3da31511a8; no voters: 
I20260630 12:13:25.851004 16782 raft_consensus.cc:2804] T 1394c3c550304a41a18592cd9272e33f P 1416c7b362a045ca87773aa7f401a1e8 [term 1 FOLLOWER]: Leader election won for term 1
I20260630 12:13:25.851486 16782 raft_consensus.cc:697] T 1394c3c550304a41a18592cd9272e33f P 1416c7b362a045ca87773aa7f401a1e8 [term 1 LEADER]: Becoming Leader. State: Replica: 1416c7b362a045ca87773aa7f401a1e8, State: Running, Role: LEADER
I20260630 12:13:25.852320 16782 consensus_queue.cc:237] T 1394c3c550304a41a18592cd9272e33f P 1416c7b362a045ca87773aa7f401a1e8 [LEADER]: Queue going to LEADER mode. State: All replicated index: 0, Majority replicated index: 0, Committed index: 0, Last appended: 0.0, Last appended by leader: 0, Current term: 1, Majority size: 2, State: 0, Mode: LEADER, active raft config: opid_index: -1 OBSOLETE_local: false peers { permanent_uuid: "1416c7b362a045ca87773aa7f401a1e8" member_type: VOTER last_known_addr { host: "127.11.187.1" port: 40633 } } peers { permanent_uuid: "b90927f9e4544b72be58e4760bd77d46" member_type: VOTER last_known_addr { host: "127.11.187.2" port: 40285 } } peers { permanent_uuid: "796b5f3626464da681fa4e3da31511a8" member_type: VOTER last_known_addr { host: "127.11.187.3" port: 35611 } }
I20260630 12:13:25.864380 16651 raft_consensus.cc:2468] T 2f159fd5613b4b65b21c0acafeefae85 P b90927f9e4544b72be58e4760bd77d46 [term 1 FOLLOWER]: Leader election vote request: Granting yes vote for candidate 796b5f3626464da681fa4e3da31511a8 in term 1.
I20260630 12:13:25.878283 16692 leader_election.cc:304] T 2f159fd5613b4b65b21c0acafeefae85 P 796b5f3626464da681fa4e3da31511a8 [CANDIDATE]: Term 1 election: Election decided. Result: candidate won. Election summary: received 3 responses out of 3 voters: 2 yes votes; 1 no votes. yes voters: 796b5f3626464da681fa4e3da31511a8, b90927f9e4544b72be58e4760bd77d46; no voters: 1416c7b362a045ca87773aa7f401a1e8
I20260630 12:13:25.879218 16825 raft_consensus.cc:2749] T 0a80cf0f72504ae1b35d7f3635ee401f P 796b5f3626464da681fa4e3da31511a8 [term 1 FOLLOWER]: Leader election lost for term 1. Reason: could not achieve majority
I20260630 12:13:25.879601 16823 raft_consensus.cc:2804] T 2f159fd5613b4b65b21c0acafeefae85 P 796b5f3626464da681fa4e3da31511a8 [term 1 FOLLOWER]: Leader election won for term 1
I20260630 12:13:25.880136 16823 raft_consensus.cc:697] T 2f159fd5613b4b65b21c0acafeefae85 P 796b5f3626464da681fa4e3da31511a8 [term 1 LEADER]: Becoming Leader. State: Replica: 796b5f3626464da681fa4e3da31511a8, State: Running, Role: LEADER
I20260630 12:13:25.880928 16823 consensus_queue.cc:237] T 2f159fd5613b4b65b21c0acafeefae85 P 796b5f3626464da681fa4e3da31511a8 [LEADER]: Queue going to LEADER mode. State: All replicated index: 0, Majority replicated index: 0, Committed index: 0, Last appended: 0.0, Last appended by leader: 0, Current term: 1, Majority size: 2, State: 0, Mode: LEADER, active raft config: opid_index: -1 OBSOLETE_local: false peers { permanent_uuid: "1416c7b362a045ca87773aa7f401a1e8" member_type: VOTER last_known_addr { host: "127.11.187.1" port: 40633 } } peers { permanent_uuid: "b90927f9e4544b72be58e4760bd77d46" member_type: VOTER last_known_addr { host: "127.11.187.2" port: 40285 } } peers { permanent_uuid: "796b5f3626464da681fa4e3da31511a8" member_type: VOTER last_known_addr { host: "127.11.187.3" port: 35611 } }
I20260630 12:13:25.886932 16649 raft_consensus.cc:2468] T 2ddfc600cede4f7a97eb748bae4c08fc P b90927f9e4544b72be58e4760bd77d46 [term 1 FOLLOWER]: Leader election vote request: Granting yes vote for candidate 796b5f3626464da681fa4e3da31511a8 in term 1.
I20260630 12:13:25.869697 16652 raft_consensus.cc:2468] T 07598c0efdaf4ac294b80b5e7f4ad279 P b90927f9e4544b72be58e4760bd77d46 [term 1 FOLLOWER]: Leader election vote request: Granting yes vote for candidate 796b5f3626464da681fa4e3da31511a8 in term 1.
I20260630 12:13:25.877671 16474 catalog_manager.cc:5697] T 2ddfc600cede4f7a97eb748bae4c08fc P 796b5f3626464da681fa4e3da31511a8 reported cstate change: term changed from 0 to 1, leader changed from <none> to 796b5f3626464da681fa4e3da31511a8 (127.11.187.3). New cstate: current_term: 1 leader_uuid: "796b5f3626464da681fa4e3da31511a8" committed_config { opid_index: -1 OBSOLETE_local: false peers { permanent_uuid: "1416c7b362a045ca87773aa7f401a1e8" member_type: VOTER last_known_addr { host: "127.11.187.1" port: 40633 } health_report { overall_health: UNKNOWN } } peers { permanent_uuid: "b90927f9e4544b72be58e4760bd77d46" member_type: VOTER last_known_addr { host: "127.11.187.2" port: 40285 } health_report { overall_health: UNKNOWN } } peers { permanent_uuid: "796b5f3626464da681fa4e3da31511a8" member_type: VOTER last_known_addr { host: "127.11.187.3" port: 35611 } health_report { overall_health: HEALTHY } } }
I20260630 12:13:25.891381 16474 catalog_manager.cc:5697] T 36c4f859faa041b3a118f0d8b2084ce4 P 796b5f3626464da681fa4e3da31511a8 reported cstate change: term changed from 0 to 1, leader changed from <none> to 796b5f3626464da681fa4e3da31511a8 (127.11.187.3). New cstate: current_term: 1 leader_uuid: "796b5f3626464da681fa4e3da31511a8" committed_config { opid_index: -1 OBSOLETE_local: false peers { permanent_uuid: "796b5f3626464da681fa4e3da31511a8" member_type: VOTER last_known_addr { host: "127.11.187.3" port: 35611 } health_report { overall_health: HEALTHY } } peers { permanent_uuid: "b90927f9e4544b72be58e4760bd77d46" member_type: VOTER last_known_addr { host: "127.11.187.2" port: 40285 } health_report { overall_health: UNKNOWN } } peers { permanent_uuid: "1416c7b362a045ca87773aa7f401a1e8" member_type: VOTER last_known_addr { host: "127.11.187.1" port: 40633 } health_report { overall_health: UNKNOWN } } }
I20260630 12:13:25.889613 16782 raft_consensus.cc:493] T fb27a57b41c846d089b1f8695c26f355 P 1416c7b362a045ca87773aa7f401a1e8 [term 0 FOLLOWER]: Starting pre-election (no leader contacted us within the election timeout)
I20260630 12:13:25.893195 16782 raft_consensus.cc:515] T fb27a57b41c846d089b1f8695c26f355 P 1416c7b362a045ca87773aa7f401a1e8 [term 0 FOLLOWER]: Starting pre-election with config: opid_index: -1 OBSOLETE_local: false peers { permanent_uuid: "1416c7b362a045ca87773aa7f401a1e8" member_type: VOTER last_known_addr { host: "127.11.187.1" port: 40633 } } peers { permanent_uuid: "b90927f9e4544b72be58e4760bd77d46" member_type: VOTER last_known_addr { host: "127.11.187.2" port: 40285 } } peers { permanent_uuid: "796b5f3626464da681fa4e3da31511a8" member_type: VOTER last_known_addr { host: "127.11.187.3" port: 35611 } }
I20260630 12:13:25.895612 16782 leader_election.cc:290] T fb27a57b41c846d089b1f8695c26f355 P 1416c7b362a045ca87773aa7f401a1e8 [CANDIDATE]: Term 1 pre-election: Requested pre-vote from peers b90927f9e4544b72be58e4760bd77d46 (127.11.187.2:40285), 796b5f3626464da681fa4e3da31511a8 (127.11.187.3:35611)
I20260630 12:13:25.889714 16692 leader_election.cc:304] T 07598c0efdaf4ac294b80b5e7f4ad279 P 796b5f3626464da681fa4e3da31511a8 [CANDIDATE]: Term 1 election: Election decided. Result: candidate won. Election summary: received 3 responses out of 3 voters: 2 yes votes; 1 no votes. yes voters: 796b5f3626464da681fa4e3da31511a8, b90927f9e4544b72be58e4760bd77d46; no voters: 1416c7b362a045ca87773aa7f401a1e8
I20260630 12:13:25.897239 16808 raft_consensus.cc:493] T fb27a57b41c846d089b1f8695c26f355 P b90927f9e4544b72be58e4760bd77d46 [term 0 FOLLOWER]: Starting pre-election (no leader contacted us within the election timeout)
I20260630 12:13:25.897413 16825 raft_consensus.cc:2804] T 07598c0efdaf4ac294b80b5e7f4ad279 P 796b5f3626464da681fa4e3da31511a8 [term 1 FOLLOWER]: Leader election won for term 1
I20260630 12:13:25.889042 16650 raft_consensus.cc:2468] T f4d3fefad1774d198bc7ff97b7329fc3 P b90927f9e4544b72be58e4760bd77d46 [term 1 FOLLOWER]: Leader election vote request: Granting yes vote for candidate 796b5f3626464da681fa4e3da31511a8 in term 1.
I20260630 12:13:25.897745 16808 raft_consensus.cc:515] T fb27a57b41c846d089b1f8695c26f355 P b90927f9e4544b72be58e4760bd77d46 [term 0 FOLLOWER]: Starting pre-election with config: opid_index: -1 OBSOLETE_local: false peers { permanent_uuid: "1416c7b362a045ca87773aa7f401a1e8" member_type: VOTER last_known_addr { host: "127.11.187.1" port: 40633 } } peers { permanent_uuid: "b90927f9e4544b72be58e4760bd77d46" member_type: VOTER last_known_addr { host: "127.11.187.2" port: 40285 } } peers { permanent_uuid: "796b5f3626464da681fa4e3da31511a8" member_type: VOTER last_known_addr { host: "127.11.187.3" port: 35611 } }
I20260630 12:13:25.898294 16825 raft_consensus.cc:697] T 07598c0efdaf4ac294b80b5e7f4ad279 P 796b5f3626464da681fa4e3da31511a8 [term 1 LEADER]: Becoming Leader. State: Replica: 796b5f3626464da681fa4e3da31511a8, State: Running, Role: LEADER
I20260630 12:13:25.887647 16476 catalog_manager.cc:5697] T 1394c3c550304a41a18592cd9272e33f P 1416c7b362a045ca87773aa7f401a1e8 reported cstate change: term changed from 0 to 1, leader changed from <none> to 1416c7b362a045ca87773aa7f401a1e8 (127.11.187.1). New cstate: current_term: 1 leader_uuid: "1416c7b362a045ca87773aa7f401a1e8" committed_config { opid_index: -1 OBSOLETE_local: false peers { permanent_uuid: "1416c7b362a045ca87773aa7f401a1e8" member_type: VOTER last_known_addr { host: "127.11.187.1" port: 40633 } health_report { overall_health: HEALTHY } } peers { permanent_uuid: "b90927f9e4544b72be58e4760bd77d46" member_type: VOTER last_known_addr { host: "127.11.187.2" port: 40285 } health_report { overall_health: UNKNOWN } } peers { permanent_uuid: "796b5f3626464da681fa4e3da31511a8" member_type: VOTER last_known_addr { host: "127.11.187.3" port: 35611 } health_report { overall_health: UNKNOWN } } }
I20260630 12:13:25.899930 16808 leader_election.cc:290] T fb27a57b41c846d089b1f8695c26f355 P b90927f9e4544b72be58e4760bd77d46 [CANDIDATE]: Term 1 pre-election: Requested pre-vote from peers 1416c7b362a045ca87773aa7f401a1e8 (127.11.187.1:40633), 796b5f3626464da681fa4e3da31511a8 (127.11.187.3:35611)
I20260630 12:13:25.899398 16825 consensus_queue.cc:237] T 07598c0efdaf4ac294b80b5e7f4ad279 P 796b5f3626464da681fa4e3da31511a8 [LEADER]: Queue going to LEADER mode. State: All replicated index: 0, Majority replicated index: 0, Committed index: 0, Last appended: 0.0, Last appended by leader: 0, Current term: 1, Majority size: 2, State: 0, Mode: LEADER, active raft config: opid_index: -1 OBSOLETE_local: false peers { permanent_uuid: "1416c7b362a045ca87773aa7f401a1e8" member_type: VOTER last_known_addr { host: "127.11.187.1" port: 40633 } } peers { permanent_uuid: "b90927f9e4544b72be58e4760bd77d46" member_type: VOTER last_known_addr { host: "127.11.187.2" port: 40285 } } peers { permanent_uuid: "796b5f3626464da681fa4e3da31511a8" member_type: VOTER last_known_addr { host: "127.11.187.3" port: 35611 } }
I20260630 12:13:25.901350 16692 leader_election.cc:304] T f4d3fefad1774d198bc7ff97b7329fc3 P 796b5f3626464da681fa4e3da31511a8 [CANDIDATE]: Term 1 election: Election decided. Result: candidate won. Election summary: received 3 responses out of 3 voters: 2 yes votes; 1 no votes. yes voters: 796b5f3626464da681fa4e3da31511a8, b90927f9e4544b72be58e4760bd77d46; no voters: 1416c7b362a045ca87773aa7f401a1e8
I20260630 12:13:25.901727 16724 tablet_service.cc:1917] Received RequestConsensusVote() RPC: tablet_id: "fb27a57b41c846d089b1f8695c26f355" candidate_uuid: "1416c7b362a045ca87773aa7f401a1e8" candidate_term: 1 candidate_status { last_received { term: 0 index: 0 } } ignore_live_leader: false dest_uuid: "796b5f3626464da681fa4e3da31511a8" is_pre_election: true
I20260630 12:13:25.901729 16577 tablet_service.cc:1917] Received RequestConsensusVote() RPC: tablet_id: "fb27a57b41c846d089b1f8695c26f355" candidate_uuid: "b90927f9e4544b72be58e4760bd77d46" candidate_term: 1 candidate_status { last_received { term: 0 index: 0 } } ignore_live_leader: false dest_uuid: "1416c7b362a045ca87773aa7f401a1e8" is_pre_election: true
I20260630 12:13:25.902640 16577 raft_consensus.cc:2468] T fb27a57b41c846d089b1f8695c26f355 P 1416c7b362a045ca87773aa7f401a1e8 [term 0 FOLLOWER]: Leader pre-election vote request: Granting yes vote for candidate b90927f9e4544b72be58e4760bd77d46 in term 0.
W20260630 12:13:25.903468 16544 leader_election.cc:343] T fb27a57b41c846d089b1f8695c26f355 P 1416c7b362a045ca87773aa7f401a1e8 [CANDIDATE]: Term 1 pre-election: Tablet error from VoteRequest() call to peer 796b5f3626464da681fa4e3da31511a8 (127.11.187.3:35611): Illegal state: must be running to vote when last-logged opid is not known
I20260630 12:13:25.904646 16616 leader_election.cc:304] T fb27a57b41c846d089b1f8695c26f355 P b90927f9e4544b72be58e4760bd77d46 [CANDIDATE]: Term 1 pre-election: Election decided. Result: candidate won. Election summary: received 2 responses out of 3 voters: 2 yes votes; 0 no votes. yes voters: 1416c7b362a045ca87773aa7f401a1e8, b90927f9e4544b72be58e4760bd77d46; no voters: 
I20260630 12:13:25.906555 16724 tablet_service.cc:1917] Received RequestConsensusVote() RPC: tablet_id: "fb27a57b41c846d089b1f8695c26f355" candidate_uuid: "b90927f9e4544b72be58e4760bd77d46" candidate_term: 1 candidate_status { last_received { term: 0 index: 0 } } ignore_live_leader: false dest_uuid: "796b5f3626464da681fa4e3da31511a8" is_pre_election: true
I20260630 12:13:25.907860 16808 raft_consensus.cc:2804] T fb27a57b41c846d089b1f8695c26f355 P b90927f9e4544b72be58e4760bd77d46 [term 0 FOLLOWER]: Leader pre-election won for term 1
I20260630 12:13:25.908239 16808 raft_consensus.cc:493] T fb27a57b41c846d089b1f8695c26f355 P b90927f9e4544b72be58e4760bd77d46 [term 0 FOLLOWER]: Starting leader election (no leader contacted us within the election timeout)
I20260630 12:13:25.908581 16808 raft_consensus.cc:3060] T fb27a57b41c846d089b1f8695c26f355 P b90927f9e4544b72be58e4760bd77d46 [term 0 FOLLOWER]: Advancing to term 1
I20260630 12:13:25.909520 16805 raft_consensus.cc:2804] T f4d3fefad1774d198bc7ff97b7329fc3 P 796b5f3626464da681fa4e3da31511a8 [term 1 FOLLOWER]: Leader election won for term 1
I20260630 12:13:25.910022 16805 raft_consensus.cc:697] T f4d3fefad1774d198bc7ff97b7329fc3 P 796b5f3626464da681fa4e3da31511a8 [term 1 LEADER]: Becoming Leader. State: Replica: 796b5f3626464da681fa4e3da31511a8, State: Running, Role: LEADER
I20260630 12:13:25.910805 16805 consensus_queue.cc:237] T f4d3fefad1774d198bc7ff97b7329fc3 P 796b5f3626464da681fa4e3da31511a8 [LEADER]: Queue going to LEADER mode. State: All replicated index: 0, Majority replicated index: 0, Committed index: 0, Last appended: 0.0, Last appended by leader: 0, Current term: 1, Majority size: 2, State: 0, Mode: LEADER, active raft config: opid_index: -1 OBSOLETE_local: false peers { permanent_uuid: "1416c7b362a045ca87773aa7f401a1e8" member_type: VOTER last_known_addr { host: "127.11.187.1" port: 40633 } } peers { permanent_uuid: "b90927f9e4544b72be58e4760bd77d46" member_type: VOTER last_known_addr { host: "127.11.187.2" port: 40285 } } peers { permanent_uuid: "796b5f3626464da681fa4e3da31511a8" member_type: VOTER last_known_addr { host: "127.11.187.3" port: 35611 } }
W20260630 12:13:25.914722 16619 leader_election.cc:343] T fb27a57b41c846d089b1f8695c26f355 P b90927f9e4544b72be58e4760bd77d46 [CANDIDATE]: Term 1 pre-election: Tablet error from VoteRequest() call to peer 796b5f3626464da681fa4e3da31511a8 (127.11.187.3:35611): Illegal state: must be running to vote when last-logged opid is not known
I20260630 12:13:25.922366 16651 tablet_service.cc:1917] Received RequestConsensusVote() RPC: tablet_id: "fb27a57b41c846d089b1f8695c26f355" candidate_uuid: "1416c7b362a045ca87773aa7f401a1e8" candidate_term: 1 candidate_status { last_received { term: 0 index: 0 } } ignore_live_leader: false dest_uuid: "b90927f9e4544b72be58e4760bd77d46" is_pre_election: true
I20260630 12:13:25.925364 16808 raft_consensus.cc:515] T fb27a57b41c846d089b1f8695c26f355 P b90927f9e4544b72be58e4760bd77d46 [term 1 FOLLOWER]: Starting leader election with config: opid_index: -1 OBSOLETE_local: false peers { permanent_uuid: "1416c7b362a045ca87773aa7f401a1e8" member_type: VOTER last_known_addr { host: "127.11.187.1" port: 40633 } } peers { permanent_uuid: "b90927f9e4544b72be58e4760bd77d46" member_type: VOTER last_known_addr { host: "127.11.187.2" port: 40285 } } peers { permanent_uuid: "796b5f3626464da681fa4e3da31511a8" member_type: VOTER last_known_addr { host: "127.11.187.3" port: 35611 } }
I20260630 12:13:25.930610 16774 tablet_bootstrap.cc:492] T 36c4f859faa041b3a118f0d8b2084ce4 P 1416c7b362a045ca87773aa7f401a1e8: No bootstrap required, opened a new log
I20260630 12:13:25.931692 16774 ts_tablet_manager.cc:1403] T 36c4f859faa041b3a118f0d8b2084ce4 P 1416c7b362a045ca87773aa7f401a1e8: Time spent bootstrapping tablet: real 0.139s	user 0.032s	sys 0.031s
I20260630 12:13:25.930279 16651 raft_consensus.cc:2393] T fb27a57b41c846d089b1f8695c26f355 P b90927f9e4544b72be58e4760bd77d46 [term 1 FOLLOWER]: Leader pre-election vote request: Denying vote to candidate 1416c7b362a045ca87773aa7f401a1e8 in current term 1: Already voted for candidate b90927f9e4544b72be58e4760bd77d46 in this term.
I20260630 12:13:25.939980 16577 tablet_service.cc:1917] Received RequestConsensusVote() RPC: tablet_id: "fb27a57b41c846d089b1f8695c26f355" candidate_uuid: "b90927f9e4544b72be58e4760bd77d46" candidate_term: 1 candidate_status { last_received { term: 0 index: 0 } } ignore_live_leader: false dest_uuid: "1416c7b362a045ca87773aa7f401a1e8"
I20260630 12:13:25.940909 16577 raft_consensus.cc:3060] T fb27a57b41c846d089b1f8695c26f355 P 1416c7b362a045ca87773aa7f401a1e8 [term 0 FOLLOWER]: Advancing to term 1
I20260630 12:13:25.941612 16724 tablet_service.cc:1917] Received RequestConsensusVote() RPC: tablet_id: "fb27a57b41c846d089b1f8695c26f355" candidate_uuid: "b90927f9e4544b72be58e4760bd77d46" candidate_term: 1 candidate_status { last_received { term: 0 index: 0 } } ignore_live_leader: false dest_uuid: "796b5f3626464da681fa4e3da31511a8"
I20260630 12:13:25.945505 16774 raft_consensus.cc:359] T 36c4f859faa041b3a118f0d8b2084ce4 P 1416c7b362a045ca87773aa7f401a1e8 [term 0 FOLLOWER]: Replica starting. Triggering 0 pending ops. Active config: opid_index: -1 OBSOLETE_local: false peers { permanent_uuid: "796b5f3626464da681fa4e3da31511a8" member_type: VOTER last_known_addr { host: "127.11.187.3" port: 35611 } } peers { permanent_uuid: "b90927f9e4544b72be58e4760bd77d46" member_type: VOTER last_known_addr { host: "127.11.187.2" port: 40285 } } peers { permanent_uuid: "1416c7b362a045ca87773aa7f401a1e8" member_type: VOTER last_known_addr { host: "127.11.187.1" port: 40633 } }
I20260630 12:13:25.946799 16774 raft_consensus.cc:385] T 36c4f859faa041b3a118f0d8b2084ce4 P 1416c7b362a045ca87773aa7f401a1e8 [term 0 FOLLOWER]: Consensus starting up: Expiring failure detector timer to make a prompt election more likely
I20260630 12:13:25.947129 16774 raft_consensus.cc:740] T 36c4f859faa041b3a118f0d8b2084ce4 P 1416c7b362a045ca87773aa7f401a1e8 [term 0 FOLLOWER]: Becoming Follower/Learner. State: Replica: 1416c7b362a045ca87773aa7f401a1e8, State: Initialized, Role: FOLLOWER
W20260630 12:13:25.945154 16619 leader_election.cc:343] T fb27a57b41c846d089b1f8695c26f355 P b90927f9e4544b72be58e4760bd77d46 [CANDIDATE]: Term 1 election: Tablet error from VoteRequest() call to peer 796b5f3626464da681fa4e3da31511a8 (127.11.187.3:35611): Illegal state: must be running to vote when last-logged opid is not known
I20260630 12:13:25.950174 16543 leader_election.cc:304] T fb27a57b41c846d089b1f8695c26f355 P 1416c7b362a045ca87773aa7f401a1e8 [CANDIDATE]: Term 1 pre-election: Election decided. Result: candidate lost. Election summary: received 3 responses out of 3 voters: 1 yes votes; 2 no votes. yes voters: 1416c7b362a045ca87773aa7f401a1e8; no voters: 796b5f3626464da681fa4e3da31511a8, b90927f9e4544b72be58e4760bd77d46
I20260630 12:13:25.954681 16774 consensus_queue.cc:260] T 36c4f859faa041b3a118f0d8b2084ce4 P 1416c7b362a045ca87773aa7f401a1e8 [NON_LEADER]: Queue going to NON_LEADER mode. State: All replicated index: 0, Majority replicated index: 0, Committed index: 0, Last appended: 0.0, Last appended by leader: 0, Current term: 0, Majority size: -1, State: 0, Mode: NON_LEADER, active raft config: opid_index: -1 OBSOLETE_local: false peers { permanent_uuid: "796b5f3626464da681fa4e3da31511a8" member_type: VOTER last_known_addr { host: "127.11.187.3" port: 35611 } } peers { permanent_uuid: "b90927f9e4544b72be58e4760bd77d46" member_type: VOTER last_known_addr { host: "127.11.187.2" port: 40285 } } peers { permanent_uuid: "1416c7b362a045ca87773aa7f401a1e8" member_type: VOTER last_known_addr { host: "127.11.187.1" port: 40633 } }
I20260630 12:13:25.955866 16772 tablet_bootstrap.cc:492] T fb27a57b41c846d089b1f8695c26f355 P 796b5f3626464da681fa4e3da31511a8: No bootstrap required, opened a new log
I20260630 12:13:25.955971 16805 raft_consensus.cc:493] T c29401650f0740638772034a11f8455d P 796b5f3626464da681fa4e3da31511a8 [term 0 FOLLOWER]: Starting pre-election (no leader contacted us within the election timeout)
I20260630 12:13:25.956444 16772 ts_tablet_manager.cc:1403] T fb27a57b41c846d089b1f8695c26f355 P 796b5f3626464da681fa4e3da31511a8: Time spent bootstrapping tablet: real 0.129s	user 0.040s	sys 0.062s
I20260630 12:13:25.958146 16805 raft_consensus.cc:515] T c29401650f0740638772034a11f8455d P 796b5f3626464da681fa4e3da31511a8 [term 0 FOLLOWER]: Starting pre-election with config: opid_index: -1 OBSOLETE_local: false peers { permanent_uuid: "1416c7b362a045ca87773aa7f401a1e8" member_type: VOTER last_known_addr { host: "127.11.187.1" port: 40633 } } peers { permanent_uuid: "b90927f9e4544b72be58e4760bd77d46" member_type: VOTER last_known_addr { host: "127.11.187.2" port: 40285 } } peers { permanent_uuid: "796b5f3626464da681fa4e3da31511a8" member_type: VOTER last_known_addr { host: "127.11.187.3" port: 35611 } }
I20260630 12:13:25.960567 16577 raft_consensus.cc:2468] T fb27a57b41c846d089b1f8695c26f355 P 1416c7b362a045ca87773aa7f401a1e8 [term 1 FOLLOWER]: Leader election vote request: Granting yes vote for candidate b90927f9e4544b72be58e4760bd77d46 in term 1.
I20260630 12:13:25.960441 16772 raft_consensus.cc:359] T fb27a57b41c846d089b1f8695c26f355 P 796b5f3626464da681fa4e3da31511a8 [term 0 FOLLOWER]: Replica starting. Triggering 0 pending ops. Active config: opid_index: -1 OBSOLETE_local: false peers { permanent_uuid: "1416c7b362a045ca87773aa7f401a1e8" member_type: VOTER last_known_addr { host: "127.11.187.1" port: 40633 } } peers { permanent_uuid: "b90927f9e4544b72be58e4760bd77d46" member_type: VOTER last_known_addr { host: "127.11.187.2" port: 40285 } } peers { permanent_uuid: "796b5f3626464da681fa4e3da31511a8" member_type: VOTER last_known_addr { host: "127.11.187.3" port: 35611 } }
I20260630 12:13:25.955451 16475 catalog_manager.cc:5697] T 1c72918f5e1b4d49b1b2986959034b96 P b90927f9e4544b72be58e4760bd77d46 reported cstate change: term changed from 0 to 1, leader changed from <none> to b90927f9e4544b72be58e4760bd77d46 (127.11.187.2). New cstate: current_term: 1 leader_uuid: "b90927f9e4544b72be58e4760bd77d46" committed_config { opid_index: -1 OBSOLETE_local: false peers { permanent_uuid: "1416c7b362a045ca87773aa7f401a1e8" member_type: VOTER last_known_addr { host: "127.11.187.1" port: 40633 } health_report { overall_health: UNKNOWN } } peers { permanent_uuid: "b90927f9e4544b72be58e4760bd77d46" member_type: VOTER last_known_addr { host: "127.11.187.2" port: 40285 } health_report { overall_health: HEALTHY } } peers { permanent_uuid: "796b5f3626464da681fa4e3da31511a8" member_type: VOTER last_known_addr { host: "127.11.187.3" port: 35611 } health_report { overall_health: UNKNOWN } } }
I20260630 12:13:25.956749 16774 ts_tablet_manager.cc:1434] T 36c4f859faa041b3a118f0d8b2084ce4 P 1416c7b362a045ca87773aa7f401a1e8: Time spent starting tablet: real 0.025s	user 0.006s	sys 0.000s
I20260630 12:13:25.961185 16772 raft_consensus.cc:385] T fb27a57b41c846d089b1f8695c26f355 P 796b5f3626464da681fa4e3da31511a8 [term 0 FOLLOWER]: Consensus starting up: Expiring failure detector timer to make a prompt election more likely
I20260630 12:13:25.961170 16782 raft_consensus.cc:2749] T fb27a57b41c846d089b1f8695c26f355 P 1416c7b362a045ca87773aa7f401a1e8 [term 1 FOLLOWER]: Leader pre-election lost for term 1. Reason: could not achieve majority
I20260630 12:13:25.961975 16578 tablet_service.cc:1917] Received RequestConsensusVote() RPC: tablet_id: "c29401650f0740638772034a11f8455d" candidate_uuid: "796b5f3626464da681fa4e3da31511a8" candidate_term: 1 candidate_status { last_received { term: 0 index: 0 } } ignore_live_leader: false dest_uuid: "1416c7b362a045ca87773aa7f401a1e8" is_pre_election: true
I20260630 12:13:25.962899 16578 raft_consensus.cc:2393] T c29401650f0740638772034a11f8455d P 1416c7b362a045ca87773aa7f401a1e8 [term 1 FOLLOWER]: Leader pre-election vote request: Denying vote to candidate 796b5f3626464da681fa4e3da31511a8 in current term 1: Already voted for candidate b90927f9e4544b72be58e4760bd77d46 in this term.
I20260630 12:13:25.963027 16774 tablet_bootstrap.cc:492] T 2f159fd5613b4b65b21c0acafeefae85 P 1416c7b362a045ca87773aa7f401a1e8: Bootstrap starting.
I20260630 12:13:25.964197 16616 leader_election.cc:304] T fb27a57b41c846d089b1f8695c26f355 P b90927f9e4544b72be58e4760bd77d46 [CANDIDATE]: Term 1 election: Election decided. Result: candidate won. Election summary: received 3 responses out of 3 voters: 2 yes votes; 1 no votes. yes voters: 1416c7b362a045ca87773aa7f401a1e8, b90927f9e4544b72be58e4760bd77d46; no voters: 796b5f3626464da681fa4e3da31511a8
