I20260630 12:12:38.552573 15183 tablet_bootstrap.cc:654] T 06c44df5955741888f824a2918c34302 P cb738111943d45848e845732573b2d0c: Neither blocks nor log segments found. Creating new log.
I20260630 12:12:38.552984 15213 leader_election.cc:290] T 028f430efdc64a7595960310ed2338e7 P 890a5930631c4273a8d1bd829e2d82f7 [CANDIDATE]: Term 1 election: Requested vote from peers cb738111943d45848e845732573b2d0c (127.11.187.1:39045), cce3b27dd9b446e99a729c67cc6054ba (127.11.187.3:35637)
I20260630 12:12:38.545971 15180 raft_consensus.cc:359] T 48cfc4bc8fa74bc4b6615676fbdc235b P 890a5930631c4273a8d1bd829e2d82f7 [term 0 FOLLOWER]: Replica starting. Triggering 0 pending ops. Active config: opid_index: -1 OBSOLETE_local: false peers { permanent_uuid: "cb738111943d45848e845732573b2d0c" member_type: VOTER last_known_addr { host: "127.11.187.1" port: 39045 } } peers { permanent_uuid: "890a5930631c4273a8d1bd829e2d82f7" member_type: VOTER last_known_addr { host: "127.11.187.2" port: 40931 } } peers { permanent_uuid: "cce3b27dd9b446e99a729c67cc6054ba" member_type: VOTER last_known_addr { host: "127.11.187.3" port: 35637 } }
I20260630 12:12:38.553826 14986 tablet_service.cc:1917] Received RequestConsensusVote() RPC: tablet_id: "028f430efdc64a7595960310ed2338e7" candidate_uuid: "890a5930631c4273a8d1bd829e2d82f7" candidate_term: 1 candidate_status { last_received { term: 0 index: 0 } } ignore_live_leader: false dest_uuid: "cb738111943d45848e845732573b2d0c"
I20260630 12:12:38.554332 15180 raft_consensus.cc:385] T 48cfc4bc8fa74bc4b6615676fbdc235b P 890a5930631c4273a8d1bd829e2d82f7 [term 0 FOLLOWER]: Consensus starting up: Expiring failure detector timer to make a prompt election more likely
I20260630 12:12:38.554541 14986 raft_consensus.cc:3060] T 028f430efdc64a7595960310ed2338e7 P cb738111943d45848e845732573b2d0c [term 0 FOLLOWER]: Advancing to term 1
I20260630 12:12:38.554669 15180 raft_consensus.cc:740] T 48cfc4bc8fa74bc4b6615676fbdc235b P 890a5930631c4273a8d1bd829e2d82f7 [term 0 FOLLOWER]: Becoming Follower/Learner. State: Replica: 890a5930631c4273a8d1bd829e2d82f7, State: Initialized, Role: FOLLOWER
I20260630 12:12:38.555603 15180 consensus_queue.cc:260] T 48cfc4bc8fa74bc4b6615676fbdc235b P 890a5930631c4273a8d1bd829e2d82f7 [NON_LEADER]: Queue going to NON_LEADER mode. State: All replicated index: 0, Majority replicated index: 0, Committed index: 0, Last appended: 0.0, Last appended by leader: 0, Current term: 0, Majority size: -1, State: 0, Mode: NON_LEADER, active raft config: opid_index: -1 OBSOLETE_local: false peers { permanent_uuid: "cb738111943d45848e845732573b2d0c" member_type: VOTER last_known_addr { host: "127.11.187.1" port: 39045 } } peers { permanent_uuid: "890a5930631c4273a8d1bd829e2d82f7" member_type: VOTER last_known_addr { host: "127.11.187.2" port: 40931 } } peers { permanent_uuid: "cce3b27dd9b446e99a729c67cc6054ba" member_type: VOTER last_known_addr { host: "127.11.187.3" port: 35637 } }
I20260630 12:12:38.558288 15135 tablet_service.cc:1917] Received RequestConsensusVote() RPC: tablet_id: "028f430efdc64a7595960310ed2338e7" candidate_uuid: "890a5930631c4273a8d1bd829e2d82f7" candidate_term: 1 candidate_status { last_received { term: 0 index: 0 } } ignore_live_leader: false dest_uuid: "cce3b27dd9b446e99a729c67cc6054ba"
I20260630 12:12:38.560658 14881 catalog_manager.cc:5697] T 7ddd9eb349c54438bc5c1170093e09d6 P cb738111943d45848e845732573b2d0c reported cstate change: term changed from 0 to 1, leader changed from <none> to cb738111943d45848e845732573b2d0c (127.11.187.1). New cstate: current_term: 1 leader_uuid: "cb738111943d45848e845732573b2d0c" committed_config { opid_index: -1 OBSOLETE_local: false peers { permanent_uuid: "cb738111943d45848e845732573b2d0c" member_type: VOTER last_known_addr { host: "127.11.187.1" port: 39045 } health_report { overall_health: HEALTHY } } peers { permanent_uuid: "890a5930631c4273a8d1bd829e2d82f7" member_type: VOTER last_known_addr { host: "127.11.187.2" port: 40931 } health_report { overall_health: UNKNOWN } } peers { permanent_uuid: "cce3b27dd9b446e99a729c67cc6054ba" member_type: VOTER last_known_addr { host: "127.11.187.3" port: 35637 } health_report { overall_health: UNKNOWN } } }
I20260630 12:12:38.563035 14986 raft_consensus.cc:2468] T 028f430efdc64a7595960310ed2338e7 P cb738111943d45848e845732573b2d0c [term 1 FOLLOWER]: Leader election vote request: Granting yes vote for candidate 890a5930631c4273a8d1bd829e2d82f7 in term 1.
I20260630 12:12:38.558413 15180 ts_tablet_manager.cc:1434] T 48cfc4bc8fa74bc4b6615676fbdc235b P 890a5930631c4273a8d1bd829e2d82f7: Time spent starting tablet: real 0.025s	user 0.009s	sys 0.000s
I20260630 12:12:38.565079 15182 raft_consensus.cc:359] T 028f430efdc64a7595960310ed2338e7 P cce3b27dd9b446e99a729c67cc6054ba [term 0 FOLLOWER]: Replica starting. Triggering 0 pending ops. Active config: opid_index: -1 OBSOLETE_local: false peers { permanent_uuid: "cb738111943d45848e845732573b2d0c" member_type: VOTER last_known_addr { host: "127.11.187.1" port: 39045 } } peers { permanent_uuid: "890a5930631c4273a8d1bd829e2d82f7" member_type: VOTER last_known_addr { host: "127.11.187.2" port: 40931 } } peers { permanent_uuid: "cce3b27dd9b446e99a729c67cc6054ba" member_type: VOTER last_known_addr { host: "127.11.187.3" port: 35637 } }
I20260630 12:12:38.566143 15026 leader_election.cc:304] T 028f430efdc64a7595960310ed2338e7 P 890a5930631c4273a8d1bd829e2d82f7 [CANDIDATE]: Term 1 election: Election decided. Result: candidate won. Election summary: received 2 responses out of 3 voters: 2 yes votes; 0 no votes. yes voters: 890a5930631c4273a8d1bd829e2d82f7, cb738111943d45848e845732573b2d0c; no voters: 
I20260630 12:12:38.566404 15182 raft_consensus.cc:385] T 028f430efdc64a7595960310ed2338e7 P cce3b27dd9b446e99a729c67cc6054ba [term 0 FOLLOWER]: Consensus starting up: Expiring failure detector timer to make a prompt election more likely
I20260630 12:12:38.566872 15182 raft_consensus.cc:740] T 028f430efdc64a7595960310ed2338e7 P cce3b27dd9b446e99a729c67cc6054ba [term 0 FOLLOWER]: Becoming Follower/Learner. State: Replica: cce3b27dd9b446e99a729c67cc6054ba, State: Initialized, Role: FOLLOWER
W20260630 12:12:38.567103 15026 leader_election.cc:343] T 028f430efdc64a7595960310ed2338e7 P 890a5930631c4273a8d1bd829e2d82f7 [CANDIDATE]: Term 1 election: Tablet error from VoteRequest() call to peer cce3b27dd9b446e99a729c67cc6054ba (127.11.187.3:35637): Illegal state: must be running to vote when last-logged opid is not known
I20260630 12:12:38.569599 15213 raft_consensus.cc:2804] T 028f430efdc64a7595960310ed2338e7 P 890a5930631c4273a8d1bd829e2d82f7 [term 1 FOLLOWER]: Leader election won for term 1
I20260630 12:12:38.570472 15213 raft_consensus.cc:697] T 028f430efdc64a7595960310ed2338e7 P 890a5930631c4273a8d1bd829e2d82f7 [term 1 LEADER]: Becoming Leader. State: Replica: 890a5930631c4273a8d1bd829e2d82f7, State: Running, Role: LEADER
I20260630 12:12:38.571305 15213 consensus_queue.cc:237] T 028f430efdc64a7595960310ed2338e7 P 890a5930631c4273a8d1bd829e2d82f7 [LEADER]: Queue going to LEADER mode. State: All replicated index: 0, Majority replicated index: 0, Committed index: 0, Last appended: 0.0, Last appended by leader: 0, Current term: 1, Majority size: 2, State: 0, Mode: LEADER, active raft config: opid_index: -1 OBSOLETE_local: false peers { permanent_uuid: "cb738111943d45848e845732573b2d0c" member_type: VOTER last_known_addr { host: "127.11.187.1" port: 39045 } } peers { permanent_uuid: "890a5930631c4273a8d1bd829e2d82f7" member_type: VOTER last_known_addr { host: "127.11.187.2" port: 40931 } } peers { permanent_uuid: "cce3b27dd9b446e99a729c67cc6054ba" member_type: VOTER last_known_addr { host: "127.11.187.3" port: 35637 } }
I20260630 12:12:38.572979 15186 raft_consensus.cc:515] T 3a6052f318344881ab8c5c54b737689b P 890a5930631c4273a8d1bd829e2d82f7 [term 1 FOLLOWER]: Starting leader election with config: opid_index: -1 OBSOLETE_local: false peers { permanent_uuid: "cb738111943d45848e845732573b2d0c" member_type: VOTER last_known_addr { host: "127.11.187.1" port: 39045 } } peers { permanent_uuid: "890a5930631c4273a8d1bd829e2d82f7" member_type: VOTER last_known_addr { host: "127.11.187.2" port: 40931 } } peers { permanent_uuid: "cce3b27dd9b446e99a729c67cc6054ba" member_type: VOTER last_known_addr { host: "127.11.187.3" port: 35637 } }
I20260630 12:12:38.575860 15183 tablet_bootstrap.cc:492] T 06c44df5955741888f824a2918c34302 P cb738111943d45848e845732573b2d0c: No bootstrap required, opened a new log
I20260630 12:12:38.576336 15183 ts_tablet_manager.cc:1403] T 06c44df5955741888f824a2918c34302 P cb738111943d45848e845732573b2d0c: Time spent bootstrapping tablet: real 0.031s	user 0.011s	sys 0.016s
I20260630 12:12:38.577244 15212 raft_consensus.cc:493] T 48cfc4bc8fa74bc4b6615676fbdc235b P 890a5930631c4273a8d1bd829e2d82f7 [term 0 FOLLOWER]: Starting pre-election (no leader contacted us within the election timeout)
I20260630 12:12:38.577733 15212 raft_consensus.cc:515] T 48cfc4bc8fa74bc4b6615676fbdc235b P 890a5930631c4273a8d1bd829e2d82f7 [term 0 FOLLOWER]: Starting pre-election with config: opid_index: -1 OBSOLETE_local: false peers { permanent_uuid: "cb738111943d45848e845732573b2d0c" member_type: VOTER last_known_addr { host: "127.11.187.1" port: 39045 } } peers { permanent_uuid: "890a5930631c4273a8d1bd829e2d82f7" member_type: VOTER last_known_addr { host: "127.11.187.2" port: 40931 } } peers { permanent_uuid: "cce3b27dd9b446e99a729c67cc6054ba" member_type: VOTER last_known_addr { host: "127.11.187.3" port: 35637 } }
I20260630 12:12:38.578322 14986 tablet_service.cc:1917] Received RequestConsensusVote() RPC: tablet_id: "3a6052f318344881ab8c5c54b737689b" candidate_uuid: "890a5930631c4273a8d1bd829e2d82f7" candidate_term: 1 candidate_status { last_received { term: 0 index: 0 } } ignore_live_leader: false dest_uuid: "cb738111943d45848e845732573b2d0c"
I20260630 12:12:38.579136 14986 raft_consensus.cc:3060] T 3a6052f318344881ab8c5c54b737689b P cb738111943d45848e845732573b2d0c [term 0 FOLLOWER]: Advancing to term 1
I20260630 12:12:38.579005 15183 raft_consensus.cc:359] T 06c44df5955741888f824a2918c34302 P cb738111943d45848e845732573b2d0c [term 0 FOLLOWER]: Replica starting. Triggering 0 pending ops. Active config: opid_index: -1 OBSOLETE_local: false peers { permanent_uuid: "890a5930631c4273a8d1bd829e2d82f7" member_type: VOTER last_known_addr { host: "127.11.187.2" port: 40931 } } peers { permanent_uuid: "cb738111943d45848e845732573b2d0c" member_type: VOTER last_known_addr { host: "127.11.187.1" port: 39045 } } peers { permanent_uuid: "cce3b27dd9b446e99a729c67cc6054ba" member_type: VOTER last_known_addr { host: "127.11.187.3" port: 35637 } }
I20260630 12:12:38.579730 15183 raft_consensus.cc:385] T 06c44df5955741888f824a2918c34302 P cb738111943d45848e845732573b2d0c [term 0 FOLLOWER]: Consensus starting up: Expiring failure detector timer to make a prompt election more likely
I20260630 12:12:38.579715 15212 leader_election.cc:290] T 48cfc4bc8fa74bc4b6615676fbdc235b P 890a5930631c4273a8d1bd829e2d82f7 [CANDIDATE]: Term 1 pre-election: Requested pre-vote from peers cb738111943d45848e845732573b2d0c (127.11.187.1:39045), cce3b27dd9b446e99a729c67cc6054ba (127.11.187.3:35637)
I20260630 12:12:38.580343 15183 raft_consensus.cc:740] T 06c44df5955741888f824a2918c34302 P cb738111943d45848e845732573b2d0c [term 0 FOLLOWER]: Becoming Follower/Learner. State: Replica: cb738111943d45848e845732573b2d0c, State: Initialized, Role: FOLLOWER
I20260630 12:12:38.581084 15183 consensus_queue.cc:260] T 06c44df5955741888f824a2918c34302 P cb738111943d45848e845732573b2d0c [NON_LEADER]: Queue going to NON_LEADER mode. State: All replicated index: 0, Majority replicated index: 0, Committed index: 0, Last appended: 0.0, Last appended by leader: 0, Current term: 0, Majority size: -1, State: 0, Mode: NON_LEADER, active raft config: opid_index: -1 OBSOLETE_local: false peers { permanent_uuid: "890a5930631c4273a8d1bd829e2d82f7" member_type: VOTER last_known_addr { host: "127.11.187.2" port: 40931 } } peers { permanent_uuid: "cb738111943d45848e845732573b2d0c" member_type: VOTER last_known_addr { host: "127.11.187.1" port: 39045 } } peers { permanent_uuid: "cce3b27dd9b446e99a729c67cc6054ba" member_type: VOTER last_known_addr { host: "127.11.187.3" port: 35637 } }
I20260630 12:12:38.581584 15135 tablet_service.cc:1917] Received RequestConsensusVote() RPC: tablet_id: "48cfc4bc8fa74bc4b6615676fbdc235b" candidate_uuid: "890a5930631c4273a8d1bd829e2d82f7" candidate_term: 1 candidate_status { last_received { term: 0 index: 0 } } ignore_live_leader: false dest_uuid: "cce3b27dd9b446e99a729c67cc6054ba" is_pre_election: true
I20260630 12:12:38.583137 15183 ts_tablet_manager.cc:1434] T 06c44df5955741888f824a2918c34302 P cb738111943d45848e845732573b2d0c: Time spent starting tablet: real 0.007s	user 0.007s	sys 0.000s
W20260630 12:12:38.583434 15026 leader_election.cc:343] T 48cfc4bc8fa74bc4b6615676fbdc235b P 890a5930631c4273a8d1bd829e2d82f7 [CANDIDATE]: Term 1 pre-election: Tablet error from VoteRequest() call to peer cce3b27dd9b446e99a729c67cc6054ba (127.11.187.3:35637): Illegal state: must be running to vote when last-logged opid is not known
I20260630 12:12:38.568043 15182 consensus_queue.cc:260] T 028f430efdc64a7595960310ed2338e7 P cce3b27dd9b446e99a729c67cc6054ba [NON_LEADER]: Queue going to NON_LEADER mode. State: All replicated index: 0, Majority replicated index: 0, Committed index: 0, Last appended: 0.0, Last appended by leader: 0, Current term: 0, Majority size: -1, State: 0, Mode: NON_LEADER, active raft config: opid_index: -1 OBSOLETE_local: false peers { permanent_uuid: "cb738111943d45848e845732573b2d0c" member_type: VOTER last_known_addr { host: "127.11.187.1" port: 39045 } } peers { permanent_uuid: "890a5930631c4273a8d1bd829e2d82f7" member_type: VOTER last_known_addr { host: "127.11.187.2" port: 40931 } } peers { permanent_uuid: "cce3b27dd9b446e99a729c67cc6054ba" member_type: VOTER last_known_addr { host: "127.11.187.3" port: 35637 } }
I20260630 12:12:38.586500 15182 ts_tablet_manager.cc:1434] T 028f430efdc64a7595960310ed2338e7 P cce3b27dd9b446e99a729c67cc6054ba: Time spent starting tablet: real 0.038s	user 0.009s	sys 0.002s
I20260630 12:12:38.586228 14985 tablet_service.cc:1917] Received RequestConsensusVote() RPC: tablet_id: "48cfc4bc8fa74bc4b6615676fbdc235b" candidate_uuid: "890a5930631c4273a8d1bd829e2d82f7" candidate_term: 1 candidate_status { last_received { term: 0 index: 0 } } ignore_live_leader: false dest_uuid: "cb738111943d45848e845732573b2d0c" is_pre_election: true
I20260630 12:12:38.588408 15182 tablet_bootstrap.cc:492] T 787a0fa6914843fd9f1dceb85a7b40b4 P cce3b27dd9b446e99a729c67cc6054ba: Bootstrap starting.
I20260630 12:12:38.587107 14985 raft_consensus.cc:2468] T 48cfc4bc8fa74bc4b6615676fbdc235b P cb738111943d45848e845732573b2d0c [term 0 FOLLOWER]: Leader pre-election vote request: Granting yes vote for candidate 890a5930631c4273a8d1bd829e2d82f7 in term 0.
I20260630 12:12:38.595836 15182 tablet_bootstrap.cc:654] T 787a0fa6914843fd9f1dceb85a7b40b4 P cce3b27dd9b446e99a729c67cc6054ba: Neither blocks nor log segments found. Creating new log.
I20260630 12:12:38.595413 15026 leader_election.cc:304] T 48cfc4bc8fa74bc4b6615676fbdc235b P 890a5930631c4273a8d1bd829e2d82f7 [CANDIDATE]: Term 1 pre-election: Election decided. Result: candidate won. Election summary: received 3 responses out of 3 voters: 2 yes votes; 1 no votes. yes voters: 890a5930631c4273a8d1bd829e2d82f7, cb738111943d45848e845732573b2d0c; no voters: cce3b27dd9b446e99a729c67cc6054ba
I20260630 12:12:38.596845 15212 raft_consensus.cc:2804] T 48cfc4bc8fa74bc4b6615676fbdc235b P 890a5930631c4273a8d1bd829e2d82f7 [term 0 FOLLOWER]: Leader pre-election won for term 1
I20260630 12:12:38.597249 15212 raft_consensus.cc:493] T 48cfc4bc8fa74bc4b6615676fbdc235b P 890a5930631c4273a8d1bd829e2d82f7 [term 0 FOLLOWER]: Starting leader election (no leader contacted us within the election timeout)
I20260630 12:12:38.597635 15212 raft_consensus.cc:3060] T 48cfc4bc8fa74bc4b6615676fbdc235b P 890a5930631c4273a8d1bd829e2d82f7 [term 0 FOLLOWER]: Advancing to term 1
I20260630 12:12:38.605482 15212 raft_consensus.cc:515] T 48cfc4bc8fa74bc4b6615676fbdc235b P 890a5930631c4273a8d1bd829e2d82f7 [term 1 FOLLOWER]: Starting leader election with config: opid_index: -1 OBSOLETE_local: false peers { permanent_uuid: "cb738111943d45848e845732573b2d0c" member_type: VOTER last_known_addr { host: "127.11.187.1" port: 39045 } } peers { permanent_uuid: "890a5930631c4273a8d1bd829e2d82f7" member_type: VOTER last_known_addr { host: "127.11.187.2" port: 40931 } } peers { permanent_uuid: "cce3b27dd9b446e99a729c67cc6054ba" member_type: VOTER last_known_addr { host: "127.11.187.3" port: 35637 } }
I20260630 12:12:38.608515 14985 tablet_service.cc:1917] Received RequestConsensusVote() RPC: tablet_id: "48cfc4bc8fa74bc4b6615676fbdc235b" candidate_uuid: "890a5930631c4273a8d1bd829e2d82f7" candidate_term: 1 candidate_status { last_received { term: 0 index: 0 } } ignore_live_leader: false dest_uuid: "cb738111943d45848e845732573b2d0c"
I20260630 12:12:38.609138 14985 raft_consensus.cc:3060] T 48cfc4bc8fa74bc4b6615676fbdc235b P cb738111943d45848e845732573b2d0c [term 0 FOLLOWER]: Advancing to term 1
I20260630 12:12:38.609397 15135 tablet_service.cc:1917] Received RequestConsensusVote() RPC: tablet_id: "48cfc4bc8fa74bc4b6615676fbdc235b" candidate_uuid: "890a5930631c4273a8d1bd829e2d82f7" candidate_term: 1 candidate_status { last_received { term: 0 index: 0 } } ignore_live_leader: false dest_uuid: "cce3b27dd9b446e99a729c67cc6054ba"
W20260630 12:12:38.610891 15026 leader_election.cc:343] T 48cfc4bc8fa74bc4b6615676fbdc235b P 890a5930631c4273a8d1bd829e2d82f7 [CANDIDATE]: Term 1 election: Tablet error from VoteRequest() call to peer cce3b27dd9b446e99a729c67cc6054ba (127.11.187.3:35637): Illegal state: must be running to vote when last-logged opid is not known
I20260630 12:12:38.611532 15212 leader_election.cc:290] T 48cfc4bc8fa74bc4b6615676fbdc235b P 890a5930631c4273a8d1bd829e2d82f7 [CANDIDATE]: Term 1 election: Requested vote from peers cb738111943d45848e845732573b2d0c (127.11.187.1:39045), cce3b27dd9b446e99a729c67cc6054ba (127.11.187.3:35637)
I20260630 12:12:38.616500 14985 raft_consensus.cc:2468] T 48cfc4bc8fa74bc4b6615676fbdc235b P cb738111943d45848e845732573b2d0c [term 1 FOLLOWER]: Leader election vote request: Granting yes vote for candidate 890a5930631c4273a8d1bd829e2d82f7 in term 1.
I20260630 12:12:38.616621 14881 catalog_manager.cc:5697] T 028f430efdc64a7595960310ed2338e7 P 890a5930631c4273a8d1bd829e2d82f7 reported cstate change: term changed from 0 to 1, leader changed from <none> to 890a5930631c4273a8d1bd829e2d82f7 (127.11.187.2). New cstate: current_term: 1 leader_uuid: "890a5930631c4273a8d1bd829e2d82f7" committed_config { opid_index: -1 OBSOLETE_local: false peers { permanent_uuid: "cb738111943d45848e845732573b2d0c" member_type: VOTER last_known_addr { host: "127.11.187.1" port: 39045 } health_report { overall_health: UNKNOWN } } peers { permanent_uuid: "890a5930631c4273a8d1bd829e2d82f7" member_type: VOTER last_known_addr { host: "127.11.187.2" port: 40931 } health_report { overall_health: HEALTHY } } peers { permanent_uuid: "cce3b27dd9b446e99a729c67cc6054ba" member_type: VOTER last_known_addr { host: "127.11.187.3" port: 35637 } health_report { overall_health: UNKNOWN } } }
I20260630 12:12:38.617779 15026 leader_election.cc:304] T 48cfc4bc8fa74bc4b6615676fbdc235b P 890a5930631c4273a8d1bd829e2d82f7 [CANDIDATE]: Term 1 election: Election decided. Result: candidate won. Election summary: received 3 responses out of 3 voters: 2 yes votes; 1 no votes. yes voters: 890a5930631c4273a8d1bd829e2d82f7, cb738111943d45848e845732573b2d0c; no voters: cce3b27dd9b446e99a729c67cc6054ba
I20260630 12:12:38.619334 15212 raft_consensus.cc:2804] T 48cfc4bc8fa74bc4b6615676fbdc235b P 890a5930631c4273a8d1bd829e2d82f7 [term 1 FOLLOWER]: Leader election won for term 1
I20260630 12:12:38.620349 15186 leader_election.cc:290] T 3a6052f318344881ab8c5c54b737689b P 890a5930631c4273a8d1bd829e2d82f7 [CANDIDATE]: Term 1 election: Requested vote from peers cb738111943d45848e845732573b2d0c (127.11.187.1:39045), cce3b27dd9b446e99a729c67cc6054ba (127.11.187.3:35637)
I20260630 12:12:38.621773 14986 raft_consensus.cc:2468] T 3a6052f318344881ab8c5c54b737689b P cb738111943d45848e845732573b2d0c [term 1 FOLLOWER]: Leader election vote request: Granting yes vote for candidate 890a5930631c4273a8d1bd829e2d82f7 in term 1.
I20260630 12:12:38.621999 15135 tablet_service.cc:1917] Received RequestConsensusVote() RPC: tablet_id: "3a6052f318344881ab8c5c54b737689b" candidate_uuid: "890a5930631c4273a8d1bd829e2d82f7" candidate_term: 1 candidate_status { last_received { term: 0 index: 0 } } ignore_live_leader: false dest_uuid: "cce3b27dd9b446e99a729c67cc6054ba"
I20260630 12:12:38.622869 15135 raft_consensus.cc:3060] T 3a6052f318344881ab8c5c54b737689b P cce3b27dd9b446e99a729c67cc6054ba [term 0 FOLLOWER]: Advancing to term 1
I20260630 12:12:38.623255 15026 leader_election.cc:304] T 3a6052f318344881ab8c5c54b737689b P 890a5930631c4273a8d1bd829e2d82f7 [CANDIDATE]: Term 1 election: Election decided. Result: candidate won. Election summary: received 2 responses out of 3 voters: 2 yes votes; 0 no votes. yes voters: 890a5930631c4273a8d1bd829e2d82f7, cb738111943d45848e845732573b2d0c; no voters: 
I20260630 12:12:38.626616 15186 raft_consensus.cc:2804] T 3a6052f318344881ab8c5c54b737689b P 890a5930631c4273a8d1bd829e2d82f7 [term 1 FOLLOWER]: Leader election won for term 1
I20260630 12:12:38.627823 15186 raft_consensus.cc:697] T 3a6052f318344881ab8c5c54b737689b P 890a5930631c4273a8d1bd829e2d82f7 [term 1 LEADER]: Becoming Leader. State: Replica: 890a5930631c4273a8d1bd829e2d82f7, State: Running, Role: LEADER
I20260630 12:12:38.629227 15186 consensus_queue.cc:237] T 3a6052f318344881ab8c5c54b737689b P 890a5930631c4273a8d1bd829e2d82f7 [LEADER]: Queue going to LEADER mode. State: All replicated index: 0, Majority replicated index: 0, Committed index: 0, Last appended: 0.0, Last appended by leader: 0, Current term: 1, Majority size: 2, State: 0, Mode: LEADER, active raft config: opid_index: -1 OBSOLETE_local: false peers { permanent_uuid: "cb738111943d45848e845732573b2d0c" member_type: VOTER last_known_addr { host: "127.11.187.1" port: 39045 } } peers { permanent_uuid: "890a5930631c4273a8d1bd829e2d82f7" member_type: VOTER last_known_addr { host: "127.11.187.2" port: 40931 } } peers { permanent_uuid: "cce3b27dd9b446e99a729c67cc6054ba" member_type: VOTER last_known_addr { host: "127.11.187.3" port: 35637 } }
I20260630 12:12:38.619956 15212 raft_consensus.cc:697] T 48cfc4bc8fa74bc4b6615676fbdc235b P 890a5930631c4273a8d1bd829e2d82f7 [term 1 LEADER]: Becoming Leader. State: Replica: 890a5930631c4273a8d1bd829e2d82f7, State: Running, Role: LEADER
I20260630 12:12:38.634040 15135 raft_consensus.cc:2468] T 3a6052f318344881ab8c5c54b737689b P cce3b27dd9b446e99a729c67cc6054ba [term 1 FOLLOWER]: Leader election vote request: Granting yes vote for candidate 890a5930631c4273a8d1bd829e2d82f7 in term 1.
I20260630 12:12:38.637559 15212 consensus_queue.cc:237] T 48cfc4bc8fa74bc4b6615676fbdc235b P 890a5930631c4273a8d1bd829e2d82f7 [LEADER]: Queue going to LEADER mode. State: All replicated index: 0, Majority replicated index: 0, Committed index: 0, Last appended: 0.0, Last appended by leader: 0, Current term: 1, Majority size: 2, State: 0, Mode: LEADER, active raft config: opid_index: -1 OBSOLETE_local: false peers { permanent_uuid: "cb738111943d45848e845732573b2d0c" member_type: VOTER last_known_addr { host: "127.11.187.1" port: 39045 } } peers { permanent_uuid: "890a5930631c4273a8d1bd829e2d82f7" member_type: VOTER last_known_addr { host: "127.11.187.2" port: 40931 } } peers { permanent_uuid: "cce3b27dd9b446e99a729c67cc6054ba" member_type: VOTER last_known_addr { host: "127.11.187.3" port: 35637 } }
I20260630 12:12:38.641230 15182 tablet_bootstrap.cc:492] T 787a0fa6914843fd9f1dceb85a7b40b4 P cce3b27dd9b446e99a729c67cc6054ba: No bootstrap required, opened a new log
I20260630 12:12:38.641707 15182 ts_tablet_manager.cc:1403] T 787a0fa6914843fd9f1dceb85a7b40b4 P cce3b27dd9b446e99a729c67cc6054ba: Time spent bootstrapping tablet: real 0.054s	user 0.017s	sys 0.020s
I20260630 12:12:38.644897 15182 raft_consensus.cc:359] T 787a0fa6914843fd9f1dceb85a7b40b4 P cce3b27dd9b446e99a729c67cc6054ba [term 0 FOLLOWER]: Replica starting. Triggering 0 pending ops. Active config: opid_index: -1 OBSOLETE_local: false peers { permanent_uuid: "cb738111943d45848e845732573b2d0c" member_type: VOTER last_known_addr { host: "127.11.187.1" port: 39045 } } peers { permanent_uuid: "890a5930631c4273a8d1bd829e2d82f7" member_type: VOTER last_known_addr { host: "127.11.187.2" port: 40931 } } peers { permanent_uuid: "cce3b27dd9b446e99a729c67cc6054ba" member_type: VOTER last_known_addr { host: "127.11.187.3" port: 35637 } }
I20260630 12:12:38.645581 15182 raft_consensus.cc:385] T 787a0fa6914843fd9f1dceb85a7b40b4 P cce3b27dd9b446e99a729c67cc6054ba [term 0 FOLLOWER]: Consensus starting up: Expiring failure detector timer to make a prompt election more likely
I20260630 12:12:38.645903 15182 raft_consensus.cc:740] T 787a0fa6914843fd9f1dceb85a7b40b4 P cce3b27dd9b446e99a729c67cc6054ba [term 0 FOLLOWER]: Becoming Follower/Learner. State: Replica: cce3b27dd9b446e99a729c67cc6054ba, State: Initialized, Role: FOLLOWER
I20260630 12:12:38.646605 15182 consensus_queue.cc:260] T 787a0fa6914843fd9f1dceb85a7b40b4 P cce3b27dd9b446e99a729c67cc6054ba [NON_LEADER]: Queue going to NON_LEADER mode. State: All replicated index: 0, Majority replicated index: 0, Committed index: 0, Last appended: 0.0, Last appended by leader: 0, Current term: 0, Majority size: -1, State: 0, Mode: NON_LEADER, active raft config: opid_index: -1 OBSOLETE_local: false peers { permanent_uuid: "cb738111943d45848e845732573b2d0c" member_type: VOTER last_known_addr { host: "127.11.187.1" port: 39045 } } peers { permanent_uuid: "890a5930631c4273a8d1bd829e2d82f7" member_type: VOTER last_known_addr { host: "127.11.187.2" port: 40931 } } peers { permanent_uuid: "cce3b27dd9b446e99a729c67cc6054ba" member_type: VOTER last_known_addr { host: "127.11.187.3" port: 35637 } }
I20260630 12:12:38.647810 14881 catalog_manager.cc:5697] T 48cfc4bc8fa74bc4b6615676fbdc235b P 890a5930631c4273a8d1bd829e2d82f7 reported cstate change: term changed from 0 to 1, leader changed from <none> to 890a5930631c4273a8d1bd829e2d82f7 (127.11.187.2). New cstate: current_term: 1 leader_uuid: "890a5930631c4273a8d1bd829e2d82f7" committed_config { opid_index: -1 OBSOLETE_local: false peers { permanent_uuid: "cb738111943d45848e845732573b2d0c" member_type: VOTER last_known_addr { host: "127.11.187.1" port: 39045 } health_report { overall_health: UNKNOWN } } peers { permanent_uuid: "890a5930631c4273a8d1bd829e2d82f7" member_type: VOTER last_known_addr { host: "127.11.187.2" port: 40931 } health_report { overall_health: HEALTHY } } peers { permanent_uuid: "cce3b27dd9b446e99a729c67cc6054ba" member_type: VOTER last_known_addr { host: "127.11.187.3" port: 35637 } health_report { overall_health: UNKNOWN } } }
I20260630 12:12:38.648546 15182 ts_tablet_manager.cc:1434] T 787a0fa6914843fd9f1dceb85a7b40b4 P cce3b27dd9b446e99a729c67cc6054ba: Time spent starting tablet: real 0.007s	user 0.004s	sys 0.000s
I20260630 12:12:38.650020 15182 tablet_bootstrap.cc:492] T 48cfc4bc8fa74bc4b6615676fbdc235b P cce3b27dd9b446e99a729c67cc6054ba: Bootstrap starting.
I20260630 12:12:38.649274 14881 catalog_manager.cc:5697] T 3a6052f318344881ab8c5c54b737689b P 890a5930631c4273a8d1bd829e2d82f7 reported cstate change: term changed from 0 to 1, leader changed from <none> to 890a5930631c4273a8d1bd829e2d82f7 (127.11.187.2). New cstate: current_term: 1 leader_uuid: "890a5930631c4273a8d1bd829e2d82f7" committed_config { opid_index: -1 OBSOLETE_local: false peers { permanent_uuid: "cb738111943d45848e845732573b2d0c" member_type: VOTER last_known_addr { host: "127.11.187.1" port: 39045 } health_report { overall_health: UNKNOWN } } peers { permanent_uuid: "890a5930631c4273a8d1bd829e2d82f7" member_type: VOTER last_known_addr { host: "127.11.187.2" port: 40931 } health_report { overall_health: HEALTHY } } peers { permanent_uuid: "cce3b27dd9b446e99a729c67cc6054ba" member_type: VOTER last_known_addr { host: "127.11.187.3" port: 35637 } health_report { overall_health: UNKNOWN } } }
I20260630 12:12:38.655841 15182 tablet_bootstrap.cc:654] T 48cfc4bc8fa74bc4b6615676fbdc235b P cce3b27dd9b446e99a729c67cc6054ba: Neither blocks nor log segments found. Creating new log.
I20260630 12:12:38.663326 15182 tablet_bootstrap.cc:492] T 48cfc4bc8fa74bc4b6615676fbdc235b P cce3b27dd9b446e99a729c67cc6054ba: No bootstrap required, opened a new log
I20260630 12:12:38.663769 15182 ts_tablet_manager.cc:1403] T 48cfc4bc8fa74bc4b6615676fbdc235b P cce3b27dd9b446e99a729c67cc6054ba: Time spent bootstrapping tablet: real 0.014s	user 0.012s	sys 0.000s
I20260630 12:12:38.665526 15182 raft_consensus.cc:359] T 48cfc4bc8fa74bc4b6615676fbdc235b P cce3b27dd9b446e99a729c67cc6054ba [term 0 FOLLOWER]: Replica starting. Triggering 0 pending ops. Active config: opid_index: -1 OBSOLETE_local: false peers { permanent_uuid: "cb738111943d45848e845732573b2d0c" member_type: VOTER last_known_addr { host: "127.11.187.1" port: 39045 } } peers { permanent_uuid: "890a5930631c4273a8d1bd829e2d82f7" member_type: VOTER last_known_addr { host: "127.11.187.2" port: 40931 } } peers { permanent_uuid: "cce3b27dd9b446e99a729c67cc6054ba" member_type: VOTER last_known_addr { host: "127.11.187.3" port: 35637 } }
I20260630 12:12:38.666105 15182 raft_consensus.cc:385] T 48cfc4bc8fa74bc4b6615676fbdc235b P cce3b27dd9b446e99a729c67cc6054ba [term 0 FOLLOWER]: Consensus starting up: Expiring failure detector timer to make a prompt election more likely
I20260630 12:12:38.666322 15182 raft_consensus.cc:740] T 48cfc4bc8fa74bc4b6615676fbdc235b P cce3b27dd9b446e99a729c67cc6054ba [term 0 FOLLOWER]: Becoming Follower/Learner. State: Replica: cce3b27dd9b446e99a729c67cc6054ba, State: Initialized, Role: FOLLOWER
I20260630 12:12:38.666848 15182 consensus_queue.cc:260] T 48cfc4bc8fa74bc4b6615676fbdc235b P cce3b27dd9b446e99a729c67cc6054ba [NON_LEADER]: Queue going to NON_LEADER mode. State: All replicated index: 0, Majority replicated index: 0, Committed index: 0, Last appended: 0.0, Last appended by leader: 0, Current term: 0, Majority size: -1, State: 0, Mode: NON_LEADER, active raft config: opid_index: -1 OBSOLETE_local: false peers { permanent_uuid: "cb738111943d45848e845732573b2d0c" member_type: VOTER last_known_addr { host: "127.11.187.1" port: 39045 } } peers { permanent_uuid: "890a5930631c4273a8d1bd829e2d82f7" member_type: VOTER last_known_addr { host: "127.11.187.2" port: 40931 } } peers { permanent_uuid: "cce3b27dd9b446e99a729c67cc6054ba" member_type: VOTER last_known_addr { host: "127.11.187.3" port: 35637 } }
I20260630 12:12:38.668569 15182 ts_tablet_manager.cc:1434] T 48cfc4bc8fa74bc4b6615676fbdc235b P cce3b27dd9b446e99a729c67cc6054ba: Time spent starting tablet: real 0.005s	user 0.004s	sys 0.000s
I20260630 12:12:38.688253 15188 raft_consensus.cc:493] T 5de62c66f2ab48718874c42ba90b1cc7 P cb738111943d45848e845732573b2d0c [term 0 FOLLOWER]: Starting pre-election (no leader contacted us within the election timeout)
I20260630 12:12:38.688719 15188 raft_consensus.cc:515] T 5de62c66f2ab48718874c42ba90b1cc7 P cb738111943d45848e845732573b2d0c [term 0 FOLLOWER]: Starting pre-election with config: opid_index: -1 OBSOLETE_local: false peers { permanent_uuid: "890a5930631c4273a8d1bd829e2d82f7" member_type: VOTER last_known_addr { host: "127.11.187.2" port: 40931 } } peers { permanent_uuid: "cb738111943d45848e845732573b2d0c" member_type: VOTER last_known_addr { host: "127.11.187.1" port: 39045 } } peers { permanent_uuid: "cce3b27dd9b446e99a729c67cc6054ba" member_type: VOTER last_known_addr { host: "127.11.187.3" port: 35637 } }
I20260630 12:12:38.690433 15188 leader_election.cc:290] T 5de62c66f2ab48718874c42ba90b1cc7 P cb738111943d45848e845732573b2d0c [CANDIDATE]: Term 1 pre-election: Requested pre-vote from peers 890a5930631c4273a8d1bd829e2d82f7 (127.11.187.2:40931), cce3b27dd9b446e99a729c67cc6054ba (127.11.187.3:35637)
I20260630 12:12:38.691358 15061 tablet_service.cc:1917] Received RequestConsensusVote() RPC: tablet_id: "5de62c66f2ab48718874c42ba90b1cc7" candidate_uuid: "cb738111943d45848e845732573b2d0c" candidate_term: 1 candidate_status { last_received { term: 0 index: 0 } } ignore_live_leader: false dest_uuid: "890a5930631c4273a8d1bd829e2d82f7" is_pre_election: true
I20260630 12:12:38.691465 15135 tablet_service.cc:1917] Received RequestConsensusVote() RPC: tablet_id: "5de62c66f2ab48718874c42ba90b1cc7" candidate_uuid: "cb738111943d45848e845732573b2d0c" candidate_term: 1 candidate_status { last_received { term: 0 index: 0 } } ignore_live_leader: false dest_uuid: "cce3b27dd9b446e99a729c67cc6054ba" is_pre_election: true
I20260630 12:12:38.692034 15061 raft_consensus.cc:2393] T 5de62c66f2ab48718874c42ba90b1cc7 P 890a5930631c4273a8d1bd829e2d82f7 [term 1 FOLLOWER]: Leader pre-election vote request: Denying vote to candidate cb738111943d45848e845732573b2d0c in current term 1: Already voted for candidate cce3b27dd9b446e99a729c67cc6054ba in this term.
I20260630 12:12:38.692945 14952 leader_election.cc:304] T 5de62c66f2ab48718874c42ba90b1cc7 P cb738111943d45848e845732573b2d0c [CANDIDATE]: Term 1 pre-election: Election decided. Result: candidate lost. Election summary: received 3 responses out of 3 voters: 1 yes votes; 2 no votes. yes voters: cb738111943d45848e845732573b2d0c; no voters: 890a5930631c4273a8d1bd829e2d82f7, cce3b27dd9b446e99a729c67cc6054ba
I20260630 12:12:38.693578 15188 raft_consensus.cc:3060] T 5de62c66f2ab48718874c42ba90b1cc7 P cb738111943d45848e845732573b2d0c [term 0 FOLLOWER]: Advancing to term 1
I20260630 12:12:38.698124 15188 raft_consensus.cc:2749] T 5de62c66f2ab48718874c42ba90b1cc7 P cb738111943d45848e845732573b2d0c [term 1 FOLLOWER]: Leader pre-election lost for term 1. Reason: could not achieve majority
I20260630 12:12:38.768567 15211 consensus_queue.cc:1048] T 5de62c66f2ab48718874c42ba90b1cc7 P cce3b27dd9b446e99a729c67cc6054ba [LEADER]: Connected to new peer: Peer: permanent_uuid: "890a5930631c4273a8d1bd829e2d82f7" member_type: VOTER last_known_addr { host: "127.11.187.2" port: 40931 }, Status: LMP_MISMATCH, Last received: 0.0, Next index: 1, Last known committed idx: 0, Time since last communication: 0.001s
I20260630 12:12:38.780833 15209 consensus_queue.cc:1048] T 5de62c66f2ab48718874c42ba90b1cc7 P cce3b27dd9b446e99a729c67cc6054ba [LEADER]: Connected to new peer: Peer: permanent_uuid: "cb738111943d45848e845732573b2d0c" member_type: VOTER last_known_addr { host: "127.11.187.1" port: 39045 }, Status: LMP_MISMATCH, Last received: 0.0, Next index: 1, Last known committed idx: 0, Time since last communication: 0.001s
I20260630 12:12:38.790823 15188 raft_consensus.cc:493] T 787a0fa6914843fd9f1dceb85a7b40b4 P cb738111943d45848e845732573b2d0c [term 0 FOLLOWER]: Starting pre-election (no leader contacted us within the election timeout)
I20260630 12:12:38.791261 15188 raft_consensus.cc:515] T 787a0fa6914843fd9f1dceb85a7b40b4 P cb738111943d45848e845732573b2d0c [term 0 FOLLOWER]: Starting pre-election with config: opid_index: -1 OBSOLETE_local: false peers { permanent_uuid: "cb738111943d45848e845732573b2d0c" member_type: VOTER last_known_addr { host: "127.11.187.1" port: 39045 } } peers { permanent_uuid: "890a5930631c4273a8d1bd829e2d82f7" member_type: VOTER last_known_addr { host: "127.11.187.2" port: 40931 } } peers { permanent_uuid: "cce3b27dd9b446e99a729c67cc6054ba" member_type: VOTER last_known_addr { host: "127.11.187.3" port: 35637 } }
I20260630 12:12:38.793040 15188 leader_election.cc:290] T 787a0fa6914843fd9f1dceb85a7b40b4 P cb738111943d45848e845732573b2d0c [CANDIDATE]: Term 1 pre-election: Requested pre-vote from peers 890a5930631c4273a8d1bd829e2d82f7 (127.11.187.2:40931), cce3b27dd9b446e99a729c67cc6054ba (127.11.187.3:35637)
I20260630 12:12:38.793617 15061 tablet_service.cc:1917] Received RequestConsensusVote() RPC: tablet_id: "787a0fa6914843fd9f1dceb85a7b40b4" candidate_uuid: "cb738111943d45848e845732573b2d0c" candidate_term: 1 candidate_status { last_received { term: 0 index: 0 } } ignore_live_leader: false dest_uuid: "890a5930631c4273a8d1bd829e2d82f7" is_pre_election: true
I20260630 12:12:38.794100 15135 tablet_service.cc:1917] Received RequestConsensusVote() RPC: tablet_id: "787a0fa6914843fd9f1dceb85a7b40b4" candidate_uuid: "cb738111943d45848e845732573b2d0c" candidate_term: 1 candidate_status { last_received { term: 0 index: 0 } } ignore_live_leader: false dest_uuid: "cce3b27dd9b446e99a729c67cc6054ba" is_pre_election: true
I20260630 12:12:38.794320 15061 raft_consensus.cc:2468] T 787a0fa6914843fd9f1dceb85a7b40b4 P 890a5930631c4273a8d1bd829e2d82f7 [term 0 FOLLOWER]: Leader pre-election vote request: Granting yes vote for candidate cb738111943d45848e845732573b2d0c in term 0.
I20260630 12:12:38.794728 15135 raft_consensus.cc:2468] T 787a0fa6914843fd9f1dceb85a7b40b4 P cce3b27dd9b446e99a729c67cc6054ba [term 0 FOLLOWER]: Leader pre-election vote request: Granting yes vote for candidate cb738111943d45848e845732573b2d0c in term 0.
I20260630 12:12:38.795704 14952 leader_election.cc:304] T 787a0fa6914843fd9f1dceb85a7b40b4 P cb738111943d45848e845732573b2d0c [CANDIDATE]: Term 1 pre-election: Election decided. Result: candidate won. Election summary: received 2 responses out of 3 voters: 2 yes votes; 0 no votes. yes voters: 890a5930631c4273a8d1bd829e2d82f7, cb738111943d45848e845732573b2d0c; no voters: 
I20260630 12:12:38.796463 15188 raft_consensus.cc:2804] T 787a0fa6914843fd9f1dceb85a7b40b4 P cb738111943d45848e845732573b2d0c [term 0 FOLLOWER]: Leader pre-election won for term 1
I20260630 12:12:38.796768 15188 raft_consensus.cc:493] T 787a0fa6914843fd9f1dceb85a7b40b4 P cb738111943d45848e845732573b2d0c [term 0 FOLLOWER]: Starting leader election (no leader contacted us within the election timeout)
I20260630 12:12:38.797101 15188 raft_consensus.cc:3060] T 787a0fa6914843fd9f1dceb85a7b40b4 P cb738111943d45848e845732573b2d0c [term 0 FOLLOWER]: Advancing to term 1
I20260630 12:12:38.802186 15188 raft_consensus.cc:515] T 787a0fa6914843fd9f1dceb85a7b40b4 P cb738111943d45848e845732573b2d0c [term 1 FOLLOWER]: Starting leader election with config: opid_index: -1 OBSOLETE_local: false peers { permanent_uuid: "cb738111943d45848e845732573b2d0c" member_type: VOTER last_known_addr { host: "127.11.187.1" port: 39045 } } peers { permanent_uuid: "890a5930631c4273a8d1bd829e2d82f7" member_type: VOTER last_known_addr { host: "127.11.187.2" port: 40931 } } peers { permanent_uuid: "cce3b27dd9b446e99a729c67cc6054ba" member_type: VOTER last_known_addr { host: "127.11.187.3" port: 35637 } }
I20260630 12:12:38.803797 15188 leader_election.cc:290] T 787a0fa6914843fd9f1dceb85a7b40b4 P cb738111943d45848e845732573b2d0c [CANDIDATE]: Term 1 election: Requested vote from peers 890a5930631c4273a8d1bd829e2d82f7 (127.11.187.2:40931), cce3b27dd9b446e99a729c67cc6054ba (127.11.187.3:35637)
I20260630 12:12:38.804571 15061 tablet_service.cc:1917] Received RequestConsensusVote() RPC: tablet_id: "787a0fa6914843fd9f1dceb85a7b40b4" candidate_uuid: "cb738111943d45848e845732573b2d0c" candidate_term: 1 candidate_status { last_received { term: 0 index: 0 } } ignore_live_leader: false dest_uuid: "890a5930631c4273a8d1bd829e2d82f7"
I20260630 12:12:38.804760 15135 tablet_service.cc:1917] Received RequestConsensusVote() RPC: tablet_id: "787a0fa6914843fd9f1dceb85a7b40b4" candidate_uuid: "cb738111943d45848e845732573b2d0c" candidate_term: 1 candidate_status { last_received { term: 0 index: 0 } } ignore_live_leader: false dest_uuid: "cce3b27dd9b446e99a729c67cc6054ba"
I20260630 12:12:38.805076 15061 raft_consensus.cc:3060] T 787a0fa6914843fd9f1dceb85a7b40b4 P 890a5930631c4273a8d1bd829e2d82f7 [term 0 FOLLOWER]: Advancing to term 1
I20260630 12:12:38.805300 15135 raft_consensus.cc:3060] T 787a0fa6914843fd9f1dceb85a7b40b4 P cce3b27dd9b446e99a729c67cc6054ba [term 0 FOLLOWER]: Advancing to term 1
I20260630 12:12:38.810006 15061 raft_consensus.cc:2468] T 787a0fa6914843fd9f1dceb85a7b40b4 P 890a5930631c4273a8d1bd829e2d82f7 [term 1 FOLLOWER]: Leader election vote request: Granting yes vote for candidate cb738111943d45848e845732573b2d0c in term 1.
I20260630 12:12:38.810985 15135 raft_consensus.cc:2468] T 787a0fa6914843fd9f1dceb85a7b40b4 P cce3b27dd9b446e99a729c67cc6054ba [term 1 FOLLOWER]: Leader election vote request: Granting yes vote for candidate cb738111943d45848e845732573b2d0c in term 1.
I20260630 12:12:38.811151 14952 leader_election.cc:304] T 787a0fa6914843fd9f1dceb85a7b40b4 P cb738111943d45848e845732573b2d0c [CANDIDATE]: Term 1 election: Election decided. Result: candidate won. Election summary: received 2 responses out of 3 voters: 2 yes votes; 0 no votes. yes voters: 890a5930631c4273a8d1bd829e2d82f7, cb738111943d45848e845732573b2d0c; no voters: 
I20260630 12:12:38.811951 15188 raft_consensus.cc:2804] T 787a0fa6914843fd9f1dceb85a7b40b4 P cb738111943d45848e845732573b2d0c [term 1 FOLLOWER]: Leader election won for term 1
I20260630 12:12:38.812443 15188 raft_consensus.cc:697] T 787a0fa6914843fd9f1dceb85a7b40b4 P cb738111943d45848e845732573b2d0c [term 1 LEADER]: Becoming Leader. State: Replica: cb738111943d45848e845732573b2d0c, State: Running, Role: LEADER
I20260630 12:12:38.813128 15188 consensus_queue.cc:237] T 787a0fa6914843fd9f1dceb85a7b40b4 P cb738111943d45848e845732573b2d0c [LEADER]: Queue going to LEADER mode. State: All replicated index: 0, Majority replicated index: 0, Committed index: 0, Last appended: 0.0, Last appended by leader: 0, Current term: 1, Majority size: 2, State: 0, Mode: LEADER, active raft config: opid_index: -1 OBSOLETE_local: false peers { permanent_uuid: "cb738111943d45848e845732573b2d0c" member_type: VOTER last_known_addr { host: "127.11.187.1" port: 39045 } } peers { permanent_uuid: "890a5930631c4273a8d1bd829e2d82f7" member_type: VOTER last_known_addr { host: "127.11.187.2" port: 40931 } } peers { permanent_uuid: "cce3b27dd9b446e99a729c67cc6054ba" member_type: VOTER last_known_addr { host: "127.11.187.3" port: 35637 } }
I20260630 12:12:38.820247 14881 catalog_manager.cc:5697] T 787a0fa6914843fd9f1dceb85a7b40b4 P cb738111943d45848e845732573b2d0c reported cstate change: term changed from 0 to 1, leader changed from <none> to cb738111943d45848e845732573b2d0c (127.11.187.1). New cstate: current_term: 1 leader_uuid: "cb738111943d45848e845732573b2d0c" committed_config { opid_index: -1 OBSOLETE_local: false peers { permanent_uuid: "cb738111943d45848e845732573b2d0c" member_type: VOTER last_known_addr { host: "127.11.187.1" port: 39045 } health_report { overall_health: HEALTHY } } peers { permanent_uuid: "890a5930631c4273a8d1bd829e2d82f7" member_type: VOTER last_known_addr { host: "127.11.187.2" port: 40931 } health_report { overall_health: UNKNOWN } } peers { permanent_uuid: "cce3b27dd9b446e99a729c67cc6054ba" member_type: VOTER last_known_addr { host: "127.11.187.3" port: 35637 } health_report { overall_health: UNKNOWN } } }
I20260630 12:12:38.857486 15204 consensus_queue.cc:1048] T 84119c9ff8a24c8589ec9509cb39c9a3 P cce3b27dd9b446e99a729c67cc6054ba [LEADER]: Connected to new peer: Peer: permanent_uuid: "cb738111943d45848e845732573b2d0c" member_type: VOTER last_known_addr { host: "127.11.187.1" port: 39045 }, Status: LMP_MISMATCH, Last received: 0.0, Next index: 1, Last known committed idx: 0, Time since last communication: 0.000s
I20260630 12:12:38.868793 15209 consensus_queue.cc:1048] T 84119c9ff8a24c8589ec9509cb39c9a3 P cce3b27dd9b446e99a729c67cc6054ba [LEADER]: Connected to new peer: Peer: permanent_uuid: "890a5930631c4273a8d1bd829e2d82f7" member_type: VOTER last_known_addr { host: "127.11.187.2" port: 40931 }, Status: LMP_MISMATCH, Last received: 0.0, Next index: 1, Last known committed idx: 0, Time since last communication: 0.000s
I20260630 12:12:38.889410 15209 raft_consensus.cc:493] T 48cfc4bc8fa74bc4b6615676fbdc235b P cce3b27dd9b446e99a729c67cc6054ba [term 0 FOLLOWER]: Starting pre-election (no leader contacted us within the election timeout)
I20260630 12:12:38.889957 15209 raft_consensus.cc:515] T 48cfc4bc8fa74bc4b6615676fbdc235b P cce3b27dd9b446e99a729c67cc6054ba [term 0 FOLLOWER]: Starting pre-election with config: opid_index: -1 OBSOLETE_local: false peers { permanent_uuid: "cb738111943d45848e845732573b2d0c" member_type: VOTER last_known_addr { host: "127.11.187.1" port: 39045 } } peers { permanent_uuid: "890a5930631c4273a8d1bd829e2d82f7" member_type: VOTER last_known_addr { host: "127.11.187.2" port: 40931 } } peers { permanent_uuid: "cce3b27dd9b446e99a729c67cc6054ba" member_type: VOTER last_known_addr { host: "127.11.187.3" port: 35637 } }
I20260630 12:12:38.891836 15209 leader_election.cc:290] T 48cfc4bc8fa74bc4b6615676fbdc235b P cce3b27dd9b446e99a729c67cc6054ba [CANDIDATE]: Term 1 pre-election: Requested pre-vote from peers cb738111943d45848e845732573b2d0c (127.11.187.1:39045), 890a5930631c4273a8d1bd829e2d82f7 (127.11.187.2:40931)
I20260630 12:12:38.892565 14986 tablet_service.cc:1917] Received RequestConsensusVote() RPC: tablet_id: "48cfc4bc8fa74bc4b6615676fbdc235b" candidate_uuid: "cce3b27dd9b446e99a729c67cc6054ba" candidate_term: 1 candidate_status { last_received { term: 0 index: 0 } } ignore_live_leader: false dest_uuid: "cb738111943d45848e845732573b2d0c" is_pre_election: true
I20260630 12:12:38.892838 15061 tablet_service.cc:1917] Received RequestConsensusVote() RPC: tablet_id: "48cfc4bc8fa74bc4b6615676fbdc235b" candidate_uuid: "cce3b27dd9b446e99a729c67cc6054ba" candidate_term: 1 candidate_status { last_received { term: 0 index: 0 } } ignore_live_leader: false dest_uuid: "890a5930631c4273a8d1bd829e2d82f7" is_pre_election: true
I20260630 12:12:38.893281 14986 raft_consensus.cc:2393] T 48cfc4bc8fa74bc4b6615676fbdc235b P cb738111943d45848e845732573b2d0c [term 1 FOLLOWER]: Leader pre-election vote request: Denying vote to candidate cce3b27dd9b446e99a729c67cc6054ba in current term 1: Already voted for candidate 890a5930631c4273a8d1bd829e2d82f7 in this term.
I20260630 12:12:38.894244 15101 leader_election.cc:304] T 48cfc4bc8fa74bc4b6615676fbdc235b P cce3b27dd9b446e99a729c67cc6054ba [CANDIDATE]: Term 1 pre-election: Election decided. Result: candidate lost. Election summary: received 3 responses out of 3 voters: 1 yes votes; 2 no votes. yes voters: cce3b27dd9b446e99a729c67cc6054ba; no voters: 890a5930631c4273a8d1bd829e2d82f7, cb738111943d45848e845732573b2d0c
I20260630 12:12:38.894876 15209 raft_consensus.cc:3060] T 48cfc4bc8fa74bc4b6615676fbdc235b P cce3b27dd9b446e99a729c67cc6054ba [term 0 FOLLOWER]: Advancing to term 1
I20260630 12:12:38.899556 15209 raft_consensus.cc:2749] T 48cfc4bc8fa74bc4b6615676fbdc235b P cce3b27dd9b446e99a729c67cc6054ba [term 1 FOLLOWER]: Leader pre-election lost for term 1. Reason: could not achieve majority
I20260630 12:12:38.905728 15209 raft_consensus.cc:493] T 06c44df5955741888f824a2918c34302 P cce3b27dd9b446e99a729c67cc6054ba [term 0 FOLLOWER]: Starting pre-election (no leader contacted us within the election timeout)
I20260630 12:12:38.906181 15209 raft_consensus.cc:515] T 06c44df5955741888f824a2918c34302 P cce3b27dd9b446e99a729c67cc6054ba [term 0 FOLLOWER]: Starting pre-election with config: opid_index: -1 OBSOLETE_local: false peers { permanent_uuid: "890a5930631c4273a8d1bd829e2d82f7" member_type: VOTER last_known_addr { host: "127.11.187.2" port: 40931 } } peers { permanent_uuid: "cb738111943d45848e845732573b2d0c" member_type: VOTER last_known_addr { host: "127.11.187.1" port: 39045 } } peers { permanent_uuid: "cce3b27dd9b446e99a729c67cc6054ba" member_type: VOTER last_known_addr { host: "127.11.187.3" port: 35637 } }
I20260630 12:12:38.907764 15209 leader_election.cc:290] T 06c44df5955741888f824a2918c34302 P cce3b27dd9b446e99a729c67cc6054ba [CANDIDATE]: Term 1 pre-election: Requested pre-vote from peers 890a5930631c4273a8d1bd829e2d82f7 (127.11.187.2:40931), cb738111943d45848e845732573b2d0c (127.11.187.1:39045)
I20260630 12:12:38.908601 15061 tablet_service.cc:1917] Received RequestConsensusVote() RPC: tablet_id: "06c44df5955741888f824a2918c34302" candidate_uuid: "cce3b27dd9b446e99a729c67cc6054ba" candidate_term: 1 candidate_status { last_received { term: 0 index: 0 } } ignore_live_leader: false dest_uuid: "890a5930631c4273a8d1bd829e2d82f7" is_pre_election: true
I20260630 12:12:38.908852 14986 tablet_service.cc:1917] Received RequestConsensusVote() RPC: tablet_id: "06c44df5955741888f824a2918c34302" candidate_uuid: "cce3b27dd9b446e99a729c67cc6054ba" candidate_term: 1 candidate_status { last_received { term: 0 index: 0 } } ignore_live_leader: false dest_uuid: "cb738111943d45848e845732573b2d0c" is_pre_election: true
I20260630 12:12:38.909174 15061 raft_consensus.cc:2468] T 06c44df5955741888f824a2918c34302 P 890a5930631c4273a8d1bd829e2d82f7 [term 0 FOLLOWER]: Leader pre-election vote request: Granting yes vote for candidate cce3b27dd9b446e99a729c67cc6054ba in term 0.
I20260630 12:12:38.909420 14986 raft_consensus.cc:2468] T 06c44df5955741888f824a2918c34302 P cb738111943d45848e845732573b2d0c [term 0 FOLLOWER]: Leader pre-election vote request: Granting yes vote for candidate cce3b27dd9b446e99a729c67cc6054ba in term 0.
I20260630 12:12:38.910204 15101 leader_election.cc:304] T 06c44df5955741888f824a2918c34302 P cce3b27dd9b446e99a729c67cc6054ba [CANDIDATE]: Term 1 pre-election: Election decided. Result: candidate won. Election summary: received 2 responses out of 3 voters: 2 yes votes; 0 no votes. yes voters: 890a5930631c4273a8d1bd829e2d82f7, cce3b27dd9b446e99a729c67cc6054ba; no voters: 
I20260630 12:12:38.910929 15209 raft_consensus.cc:2804] T 06c44df5955741888f824a2918c34302 P cce3b27dd9b446e99a729c67cc6054ba [term 0 FOLLOWER]: Leader pre-election won for term 1
I20260630 12:12:38.911321 15209 raft_consensus.cc:493] T 06c44df5955741888f824a2918c34302 P cce3b27dd9b446e99a729c67cc6054ba [term 0 FOLLOWER]: Starting leader election (no leader contacted us within the election timeout)
