I20260630 12:11:31.152635   751 mvcc.cc:204] Tried to move back new op lower bound from 7302436827489882112 to 7302436827132264448. Current Snapshot: MvccSnapshot[applied={T|T < 7302436827489882112}]
I20260630 12:11:31.158942   733 sys_catalog.cc:455] T 00000000000000000000000000000000 P cb79832ea46045258ac07372f7126070 [sys.catalog]: SysCatalogTable state changed. Reason: Peer health change. Latest consensus state: current_term: 1 leader_uuid: "cb79832ea46045258ac07372f7126070" committed_config { opid_index: -1 OBSOLETE_local: false peers { permanent_uuid: "cb79832ea46045258ac07372f7126070" member_type: VOTER last_known_addr { host: "127.0.107.254" port: 44975 } } peers { permanent_uuid: "089c4d5d077345edb296e6ce40020ef5" member_type: VOTER last_known_addr { host: "127.0.107.253" port: 45287 } } peers { permanent_uuid: "a4bad2c7a3334cd5af1c91e33af260af" member_type: VOTER last_known_addr { host: "127.0.107.252" port: 33145 } } }
I20260630 12:11:31.159754   733 sys_catalog.cc:458] T 00000000000000000000000000000000 P cb79832ea46045258ac07372f7126070 [sys.catalog]: This master's current role is: LEADER
I20260630 12:11:31.164775   742 catalog_manager.cc:1383] Generated new cluster ID: c959683efdf6498ab90ee7f1df597dcd
I20260630 12:11:31.165099   742 catalog_manager.cc:1531] Initializing Kudu internal certificate authority...
I20260630 12:11:31.165925   733 sys_catalog.cc:455] T 00000000000000000000000000000000 P cb79832ea46045258ac07372f7126070 [sys.catalog]: SysCatalogTable state changed. Reason: Peer health change. Latest consensus state: current_term: 1 leader_uuid: "cb79832ea46045258ac07372f7126070" committed_config { opid_index: -1 OBSOLETE_local: false peers { permanent_uuid: "cb79832ea46045258ac07372f7126070" member_type: VOTER last_known_addr { host: "127.0.107.254" port: 44975 } } peers { permanent_uuid: "089c4d5d077345edb296e6ce40020ef5" member_type: VOTER last_known_addr { host: "127.0.107.253" port: 45287 } } peers { permanent_uuid: "a4bad2c7a3334cd5af1c91e33af260af" member_type: VOTER last_known_addr { host: "127.0.107.252" port: 33145 } } }
I20260630 12:11:31.167120   733 sys_catalog.cc:458] T 00000000000000000000000000000000 P cb79832ea46045258ac07372f7126070 [sys.catalog]: This master's current role is: LEADER
I20260630 12:11:31.176458   431 file_cache.cc:492] Constructed file cache file cache with capacity 419430
I20260630 12:11:31.176358   639 sys_catalog.cc:455] T 00000000000000000000000000000000 P a4bad2c7a3334cd5af1c91e33af260af [sys.catalog]: SysCatalogTable state changed. Reason: Replicated consensus-only round. Latest consensus state: current_term: 1 leader_uuid: "cb79832ea46045258ac07372f7126070" committed_config { opid_index: -1 OBSOLETE_local: false peers { permanent_uuid: "cb79832ea46045258ac07372f7126070" member_type: VOTER last_known_addr { host: "127.0.107.254" port: 44975 } } peers { permanent_uuid: "089c4d5d077345edb296e6ce40020ef5" member_type: VOTER last_known_addr { host: "127.0.107.253" port: 45287 } } peers { permanent_uuid: "a4bad2c7a3334cd5af1c91e33af260af" member_type: VOTER last_known_addr { host: "127.0.107.252" port: 33145 } } }
I20260630 12:11:31.177196   639 sys_catalog.cc:458] T 00000000000000000000000000000000 P a4bad2c7a3334cd5af1c91e33af260af [sys.catalog]: This master's current role is: FOLLOWER
I20260630 12:11:31.179111   638 sys_catalog.cc:455] T 00000000000000000000000000000000 P 089c4d5d077345edb296e6ce40020ef5 [sys.catalog]: SysCatalogTable state changed. Reason: Replicated consensus-only round. Latest consensus state: current_term: 1 leader_uuid: "cb79832ea46045258ac07372f7126070" committed_config { opid_index: -1 OBSOLETE_local: false peers { permanent_uuid: "cb79832ea46045258ac07372f7126070" member_type: VOTER last_known_addr { host: "127.0.107.254" port: 44975 } } peers { permanent_uuid: "089c4d5d077345edb296e6ce40020ef5" member_type: VOTER last_known_addr { host: "127.0.107.253" port: 45287 } } peers { permanent_uuid: "a4bad2c7a3334cd5af1c91e33af260af" member_type: VOTER last_known_addr { host: "127.0.107.252" port: 33145 } } }
I20260630 12:11:31.179872   638 sys_catalog.cc:458] T 00000000000000000000000000000000 P 089c4d5d077345edb296e6ce40020ef5 [sys.catalog]: This master's current role is: FOLLOWER
W20260630 12:11:31.187546   763 instance_detector.cc:116] could not retrieve AWS instance metadata: Network error: curl error: HTTP response code said error: The requested URL returned error: 404
W20260630 12:11:31.193851   764 instance_detector.cc:116] could not retrieve Azure instance metadata: Network error: curl error: HTTP response code said error: The requested URL returned error: 404
W20260630 12:11:31.210206   766 instance_detector.cc:116] could not retrieve OpenStack instance metadata: Network error: curl error: HTTP response code said error: The requested URL returned error: 404
I20260630 12:11:31.211807   431 server_base.cc:1061] running on GCE node
I20260630 12:11:31.212981   431 hybrid_clock.cc:584] initializing the hybrid clock with 'system_unsync' time source
W20260630 12:11:31.213251   431 system_unsync_time.cc:38] NTP support is disabled. Clock error bounds will not be accurate. This configuration is not suitable for distributed clusters.
I20260630 12:11:31.213454   431 hybrid_clock.cc:648] HybridClock initialized: now 1782821491213438 us; error 0 us; skew 500 ppm
I20260630 12:11:31.214178   431 server_base.cc:861] Flag tcmalloc_max_total_thread_cache_bytes is not working since tcmalloc is not enabled.
I20260630 12:11:31.229271   742 catalog_manager.cc:1406] Generated new certificate authority record
I20260630 12:11:31.231496   742 catalog_manager.cc:1540] Loading token signing keys...
I20260630 12:11:31.239153   431 webserver.cc:533] Webserver started at http://127.0.107.194:39961/ using document root <none> and password file <none>
I20260630 12:11:31.239887   431 fs_manager.cc:362] Metadata directory not provided
I20260630 12:11:31.240121   431 fs_manager.cc:368] Using write-ahead log directory (fs_wal_dir) as metadata directory
I20260630 12:11:31.240525   431 server_base.cc:909] This appears to be a new deployment of Kudu; creating new FS layout
I20260630 12:11:31.241950   431 fs_manager.cc:1068] Generated new instance metadata in path /tmp/dist-test-taskfVzZ49/test-tmp/auto_rebalancer-test.0.AutoRebalancerTest.OnlyLeaderDoesAutoRebalancing.1782821488690785-431-0/minicluster-data/ts-1-root/instance:
uuid: "51d558c3ffed407d822a44bb7a484260"
format_stamp: "Formatted at 2026-06-30 12:11:31 on dist-test-slave-2539"
I20260630 12:11:31.248238   431 fs_manager.cc:696] Time spent creating directory manager: real 0.006s	user 0.004s	sys 0.004s
I20260630 12:11:31.252556   771 log_block_manager.cc:4031] Time spent loading block containers with low live blocks: real 0.000s	user 0.000s	sys 0.000s
I20260630 12:11:31.253507   431 fs_manager.cc:730] Time spent opening block manager: real 0.003s	user 0.004s	sys 0.000s
I20260630 12:11:31.253939   431 fs_manager.cc:647] Opened local filesystem: /tmp/dist-test-taskfVzZ49/test-tmp/auto_rebalancer-test.0.AutoRebalancerTest.OnlyLeaderDoesAutoRebalancing.1782821488690785-431-0/minicluster-data/ts-1-root
uuid: "51d558c3ffed407d822a44bb7a484260"
format_stamp: "Formatted at 2026-06-30 12:11:31 on dist-test-slave-2539"
I20260630 12:11:31.254436   431 fs_report.cc:389] FS layout report
--------------------
wal directory: /tmp/dist-test-taskfVzZ49/test-tmp/auto_rebalancer-test.0.AutoRebalancerTest.OnlyLeaderDoesAutoRebalancing.1782821488690785-431-0/minicluster-data/ts-1-root
metadata directory: /tmp/dist-test-taskfVzZ49/test-tmp/auto_rebalancer-test.0.AutoRebalancerTest.OnlyLeaderDoesAutoRebalancing.1782821488690785-431-0/minicluster-data/ts-1-root
1 data directories: /tmp/dist-test-taskfVzZ49/test-tmp/auto_rebalancer-test.0.AutoRebalancerTest.OnlyLeaderDoesAutoRebalancing.1782821488690785-431-0/minicluster-data/ts-1-root/data
Total live blocks: 0
Total live bytes: 0
Total live bytes (after alignment): 0
Total number of LBM containers: 0 (0 full)
Did not check for missing blocks
Did not check for orphaned blocks
Total full LBM containers with extra space: 0 (0 repaired)
Total full LBM container extra space in bytes: 0 (0 repaired)
Total incomplete LBM containers: 0 (0 repaired)
Total LBM partial records: 0 (0 repaired)
Total corrupted LBM metadata records in RocksDB: 0 (0 repaired)
I20260630 12:11:31.265689   742 catalog_manager.cc:6070] T 00000000000000000000000000000000 P cb79832ea46045258ac07372f7126070: Generated new TSK 0
I20260630 12:11:31.267601   742 catalog_manager.cc:1550] Initializing in-progress tserver states...
I20260630 12:11:31.698037   431 rpc_server.cc:225] running with OpenSSL 1.1.1  11 Sep 2018
I20260630 12:11:31.700139   431 kserver.cc:163] Server-wide thread pool size limit: 3276
I20260630 12:11:31.716343   431 txn_system_client.cc:432] TxnSystemClient initialization is disabled...
I20260630 12:11:31.720093   431 ts_tablet_manager.cc:585] Loaded tablet metadata (0 total tablets, 0 live tablets)
I20260630 12:11:31.720392   431 ts_tablet_manager.cc:531] Time spent load tablet metadata: real 0.000s	user 0.000s	sys 0.000s
I20260630 12:11:31.720670   431 ts_tablet_manager.cc:616] Registered 0 tablets
I20260630 12:11:31.720954   431 ts_tablet_manager.cc:595] Time spent register tablets: real 0.000s	user 0.000s	sys 0.000s
I20260630 12:11:31.841303   664 catalog_manager.cc:1295] Loaded cluster ID: c959683efdf6498ab90ee7f1df597dcd
I20260630 12:11:31.841710   664 catalog_manager.cc:1588] T 00000000000000000000000000000000 P 089c4d5d077345edb296e6ce40020ef5: loading cluster ID for follower catalog manager: success
I20260630 12:11:31.849865   673 catalog_manager.cc:1295] Loaded cluster ID: c959683efdf6498ab90ee7f1df597dcd
I20260630 12:11:31.850208   673 catalog_manager.cc:1588] T 00000000000000000000000000000000 P a4bad2c7a3334cd5af1c91e33af260af: loading cluster ID for follower catalog manager: success
I20260630 12:11:31.851275   664 catalog_manager.cc:1610] T 00000000000000000000000000000000 P 089c4d5d077345edb296e6ce40020ef5: acquiring CA information for follower catalog manager: success
I20260630 12:11:31.858003   664 catalog_manager.cc:1638] T 00000000000000000000000000000000 P 089c4d5d077345edb296e6ce40020ef5: importing token verification keys for follower catalog manager: success; most recent TSK sequence number 0
I20260630 12:11:31.860379   673 catalog_manager.cc:1610] T 00000000000000000000000000000000 P a4bad2c7a3334cd5af1c91e33af260af: acquiring CA information for follower catalog manager: success
I20260630 12:11:31.868055   673 catalog_manager.cc:1638] T 00000000000000000000000000000000 P a4bad2c7a3334cd5af1c91e33af260af: importing token verification keys for follower catalog manager: success; most recent TSK sequence number 0
I20260630 12:11:31.919066   431 rpc_server.cc:307] RPC server started. Bound to: 127.0.107.194:40827
I20260630 12:11:31.919471   833 acceptor_pool.cc:272] collecting diagnostics on the listening RPC socket 127.0.107.194:40827 every 8 connection(s)
I20260630 12:11:31.986697   834 heartbeater.cc:344] Connected to a master server at 127.0.107.252:33145
I20260630 12:11:31.987196   834 heartbeater.cc:461] Registering TS with master...
I20260630 12:11:31.989077   834 heartbeater.cc:507] Master 127.0.107.252:33145 requested a full tablet report, sending...
I20260630 12:11:31.989449   835 heartbeater.cc:344] Connected to a master server at 127.0.107.253:45287
I20260630 12:11:31.989933   835 heartbeater.cc:461] Registering TS with master...
I20260630 12:11:31.992167   835 heartbeater.cc:507] Master 127.0.107.253:45287 requested a full tablet report, sending...
I20260630 12:11:31.993830   594 ts_manager.cc:194] Registered new tserver with Master: 51d558c3ffed407d822a44bb7a484260 (127.0.107.194:40827)
I20260630 12:11:31.994316   431 file_cache.cc:492] Constructed file cache file cache with capacity 419430
I20260630 12:11:31.997704   528 ts_manager.cc:194] Registered new tserver with Master: 51d558c3ffed407d822a44bb7a484260 (127.0.107.194:40827)
W20260630 12:11:32.007128   844 instance_detector.cc:116] could not retrieve AWS instance metadata: Network error: curl error: HTTP response code said error: The requested URL returned error: 404
W20260630 12:11:32.013520   845 instance_detector.cc:116] could not retrieve Azure instance metadata: Network error: curl error: HTTP response code said error: The requested URL returned error: 404
W20260630 12:11:32.025887   847 instance_detector.cc:116] could not retrieve OpenStack instance metadata: Network error: curl error: HTTP response code said error: The requested URL returned error: 404
I20260630 12:11:32.026664   431 server_base.cc:1061] running on GCE node
I20260630 12:11:32.028481   431 hybrid_clock.cc:584] initializing the hybrid clock with 'system_unsync' time source
W20260630 12:11:32.028839   431 system_unsync_time.cc:38] NTP support is disabled. Clock error bounds will not be accurate. This configuration is not suitable for distributed clusters.
I20260630 12:11:32.029121   431 hybrid_clock.cc:648] HybridClock initialized: now 1782821492029102 us; error 0 us; skew 500 ppm
I20260630 12:11:32.030018   431 server_base.cc:861] Flag tcmalloc_max_total_thread_cache_bytes is not working since tcmalloc is not enabled.
I20260630 12:11:32.032838   838 heartbeater.cc:344] Connected to a master server at 127.0.107.254:44975
I20260630 12:11:32.033402   838 heartbeater.cc:461] Registering TS with master...
I20260630 12:11:32.034582   838 heartbeater.cc:507] Master 127.0.107.254:44975 requested a full tablet report, sending...
I20260630 12:11:32.037415   463 ts_manager.cc:194] Registered new tserver with Master: 51d558c3ffed407d822a44bb7a484260 (127.0.107.194:40827)
I20260630 12:11:32.040493   463 master_service.cc:502] Signed X509 certificate for tserver {username='slave'} at 127.0.0.1:38766
I20260630 12:11:32.051972   431 webserver.cc:533] Webserver started at http://127.0.107.195:42015/ using document root <none> and password file <none>
I20260630 12:11:32.052737   431 fs_manager.cc:362] Metadata directory not provided
I20260630 12:11:32.053002   431 fs_manager.cc:368] Using write-ahead log directory (fs_wal_dir) as metadata directory
I20260630 12:11:32.053352   431 server_base.cc:909] This appears to be a new deployment of Kudu; creating new FS layout
I20260630 12:11:32.054896   431 fs_manager.cc:1068] Generated new instance metadata in path /tmp/dist-test-taskfVzZ49/test-tmp/auto_rebalancer-test.0.AutoRebalancerTest.OnlyLeaderDoesAutoRebalancing.1782821488690785-431-0/minicluster-data/ts-2-root/instance:
uuid: "bad3c0b366694c02bdcda461da2cf538"
format_stamp: "Formatted at 2026-06-30 12:11:32 on dist-test-slave-2539"
I20260630 12:11:32.064842   431 fs_manager.cc:696] Time spent creating directory manager: real 0.009s	user 0.004s	sys 0.004s
I20260630 12:11:32.070502   852 log_block_manager.cc:4031] Time spent loading block containers with low live blocks: real 0.000s	user 0.000s	sys 0.000s
I20260630 12:11:32.071542   431 fs_manager.cc:730] Time spent opening block manager: real 0.004s	user 0.002s	sys 0.000s
I20260630 12:11:32.071979   431 fs_manager.cc:647] Opened local filesystem: /tmp/dist-test-taskfVzZ49/test-tmp/auto_rebalancer-test.0.AutoRebalancerTest.OnlyLeaderDoesAutoRebalancing.1782821488690785-431-0/minicluster-data/ts-2-root
uuid: "bad3c0b366694c02bdcda461da2cf538"
format_stamp: "Formatted at 2026-06-30 12:11:32 on dist-test-slave-2539"
I20260630 12:11:32.072438   431 fs_report.cc:389] FS layout report
--------------------
wal directory: /tmp/dist-test-taskfVzZ49/test-tmp/auto_rebalancer-test.0.AutoRebalancerTest.OnlyLeaderDoesAutoRebalancing.1782821488690785-431-0/minicluster-data/ts-2-root
metadata directory: /tmp/dist-test-taskfVzZ49/test-tmp/auto_rebalancer-test.0.AutoRebalancerTest.OnlyLeaderDoesAutoRebalancing.1782821488690785-431-0/minicluster-data/ts-2-root
1 data directories: /tmp/dist-test-taskfVzZ49/test-tmp/auto_rebalancer-test.0.AutoRebalancerTest.OnlyLeaderDoesAutoRebalancing.1782821488690785-431-0/minicluster-data/ts-2-root/data
Total live blocks: 0
Total live bytes: 0
Total live bytes (after alignment): 0
Total number of LBM containers: 0 (0 full)
Did not check for missing blocks
Did not check for orphaned blocks
Total full LBM containers with extra space: 0 (0 repaired)
Total full LBM container extra space in bytes: 0 (0 repaired)
Total incomplete LBM containers: 0 (0 repaired)
Total LBM partial records: 0 (0 repaired)
Total corrupted LBM metadata records in RocksDB: 0 (0 repaired)
I20260630 12:11:32.097853   431 rpc_server.cc:225] running with OpenSSL 1.1.1  11 Sep 2018
I20260630 12:11:32.100268   431 kserver.cc:163] Server-wide thread pool size limit: 3276
I20260630 12:11:32.104008   431 txn_system_client.cc:432] TxnSystemClient initialization is disabled...
I20260630 12:11:32.110211   431 ts_tablet_manager.cc:585] Loaded tablet metadata (0 total tablets, 0 live tablets)
I20260630 12:11:32.110615   431 ts_tablet_manager.cc:531] Time spent load tablet metadata: real 0.000s	user 0.000s	sys 0.000s
I20260630 12:11:32.110908   431 ts_tablet_manager.cc:616] Registered 0 tablets
I20260630 12:11:32.111145   431 ts_tablet_manager.cc:595] Time spent register tablets: real 0.000s	user 0.000s	sys 0.000s
I20260630 12:11:32.148818   463 master_service.cc:502] Signed X509 certificate for tserver {username='slave'} at 127.0.0.1:38750
I20260630 12:11:32.259771   431 rpc_server.cc:307] RPC server started. Bound to: 127.0.107.195:45883
I20260630 12:11:32.259930   914 acceptor_pool.cc:272] collecting diagnostics on the listening RPC socket 127.0.107.195:45883 every 8 connection(s)
I20260630 12:11:32.298446   915 heartbeater.cc:344] Connected to a master server at 127.0.107.252:33145
I20260630 12:11:32.299033   915 heartbeater.cc:461] Registering TS with master...
I20260630 12:11:32.300498   915 heartbeater.cc:507] Master 127.0.107.252:33145 requested a full tablet report, sending...
I20260630 12:11:32.303584   594 ts_manager.cc:194] Registered new tserver with Master: bad3c0b366694c02bdcda461da2cf538 (127.0.107.195:45883)
I20260630 12:11:32.304327   916 heartbeater.cc:344] Connected to a master server at 127.0.107.253:45287
I20260630 12:11:32.304749   916 heartbeater.cc:461] Registering TS with master...
I20260630 12:11:32.305737   916 heartbeater.cc:507] Master 127.0.107.253:45287 requested a full tablet report, sending...
I20260630 12:11:32.309075   528 ts_manager.cc:194] Registered new tserver with Master: bad3c0b366694c02bdcda461da2cf538 (127.0.107.195:45883)
I20260630 12:11:32.310736   918 heartbeater.cc:344] Connected to a master server at 127.0.107.254:44975
I20260630 12:11:32.311136   918 heartbeater.cc:461] Registering TS with master...
I20260630 12:11:32.312127   918 heartbeater.cc:507] Master 127.0.107.254:44975 requested a full tablet report, sending...
I20260630 12:11:32.314443   463 ts_manager.cc:194] Registered new tserver with Master: bad3c0b366694c02bdcda461da2cf538 (127.0.107.195:45883)
I20260630 12:11:32.315553   431 internal_mini_cluster.cc:371] 3 TS(s) registered with all masters after 0.029398721s
I20260630 12:11:32.316256   463 master_service.cc:502] Signed X509 certificate for tserver {username='slave'} at 127.0.0.1:38778
W20260630 12:11:32.724951   744 debug-util.cc:398] Leaking SignalData structure 0x7b080017c060 after lost signal to thread 434
W20260630 12:11:32.727214   744 debug-util.cc:398] Leaking SignalData structure 0x7b0800101d40 after lost signal to thread 747
I20260630 12:11:32.806319   665 auto_leader_rebalancer.cc:515] All tables' leader rebalancing finished this round
I20260630 12:11:32.932096   463 catalog_manager.cc:2283] Servicing CreateTable request from {username='slave'} at 127.0.0.1:38786:
name: "test-workload"
schema {
  columns {
    name: "key"
    type: INT32
    is_key: true
    is_nullable: false
    encoding: AUTO_ENCODING
    compression: DEFAULT_COMPRESSION
    cfile_block_size: 0
    immutable: false
  }
  columns {
    name: "int_val"
    type: INT32
    is_key: false
    is_nullable: false
    encoding: AUTO_ENCODING
    compression: DEFAULT_COMPRESSION
    cfile_block_size: 0
    immutable: false
  }
  columns {
    name: "string_val"
    type: STRING
    is_key: false
    is_nullable: true
    encoding: AUTO_ENCODING
    compression: DEFAULT_COMPRESSION
    cfile_block_size: 0
    immutable: false
  }
}
num_replicas: 1
split_rows_range_bounds {
  rows: "\004\001\000\377\377\377\037\004\001\000\376\377\377?\004\001\000\375\377\377_""\004\001\000\377\377\377\037\004\001\000\376\377\377?\004\001\000\375\377\377_"
  indirect_data: """"
}
partition_schema {
  range_schema {
    columns {
      name: "key"
    }
  }
}
I20260630 12:11:33.045001   838 heartbeater.cc:499] Master 127.0.107.254:44975 was elected leader, sending a full tablet report...
I20260630 12:11:33.144438   710 tablet_service.cc:1511] Processing CreateTablet for tablet 49ab76d2649044ae99d2870b14a1ebba (DEFAULT_TABLE table=test-workload [id=54460a6329a84fe393ecf9270edd098b]), partition=RANGE (key) PARTITION 536870911 <= VALUES < 1073741822
I20260630 12:11:33.146320   710 data_dirs.cc:400] Could only allocate 1 dirs of requested 3 for tablet 49ab76d2649044ae99d2870b14a1ebba. 1 dirs total, 0 dirs full, 0 dirs failed
I20260630 12:11:33.152338   880 tablet_service.cc:1511] Processing CreateTablet for tablet b9731f523777440e995e9be32b14b719 (DEFAULT_TABLE table=test-workload [id=54460a6329a84fe393ecf9270edd098b]), partition=RANGE (key) PARTITION VALUES < 536870911
I20260630 12:11:33.153950   880 data_dirs.cc:400] Could only allocate 1 dirs of requested 3 for tablet b9731f523777440e995e9be32b14b719. 1 dirs total, 0 dirs full, 0 dirs failed
I20260630 12:11:33.155943   752 heartbeater.cc:499] Master 127.0.107.254:44975 was elected leader, sending a full tablet report...
I20260630 12:11:33.162701   709 tablet_service.cc:1511] Processing CreateTablet for tablet 326609bfde2647918ba7aea93d7849f9 (DEFAULT_TABLE table=test-workload [id=54460a6329a84fe393ecf9270edd098b]), partition=RANGE (key) PARTITION 1610612733 <= VALUES
I20260630 12:11:33.164788   709 data_dirs.cc:400] Could only allocate 1 dirs of requested 3 for tablet 326609bfde2647918ba7aea93d7849f9. 1 dirs total, 0 dirs full, 0 dirs failed
I20260630 12:11:33.174988   799 tablet_service.cc:1511] Processing CreateTablet for tablet adafcf28b95d457d8e9be047bf594e2e (DEFAULT_TABLE table=test-workload [id=54460a6329a84fe393ecf9270edd098b]), partition=RANGE (key) PARTITION 1073741822 <= VALUES < 1610612733
I20260630 12:11:33.176764   799 data_dirs.cc:400] Could only allocate 1 dirs of requested 3 for tablet adafcf28b95d457d8e9be047bf594e2e. 1 dirs total, 0 dirs full, 0 dirs failed
I20260630 12:11:33.204701   951 tablet_bootstrap.cc:492] T b9731f523777440e995e9be32b14b719 P bad3c0b366694c02bdcda461da2cf538: Bootstrap starting.
I20260630 12:11:33.208214   950 tablet_bootstrap.cc:492] T 49ab76d2649044ae99d2870b14a1ebba P 4679837a16cc427592e5bb76f85328b2: Bootstrap starting.
I20260630 12:11:33.225164   950 tablet_bootstrap.cc:654] T 49ab76d2649044ae99d2870b14a1ebba P 4679837a16cc427592e5bb76f85328b2: Neither blocks nor log segments found. Creating new log.
I20260630 12:11:33.223779   951 tablet_bootstrap.cc:654] T b9731f523777440e995e9be32b14b719 P bad3c0b366694c02bdcda461da2cf538: Neither blocks nor log segments found. Creating new log.
I20260630 12:11:33.225306   952 tablet_bootstrap.cc:492] T adafcf28b95d457d8e9be047bf594e2e P 51d558c3ffed407d822a44bb7a484260: Bootstrap starting.
I20260630 12:11:33.234299   950 tablet_bootstrap.cc:492] T 49ab76d2649044ae99d2870b14a1ebba P 4679837a16cc427592e5bb76f85328b2: No bootstrap required, opened a new log
I20260630 12:11:33.235354   950 ts_tablet_manager.cc:1403] T 49ab76d2649044ae99d2870b14a1ebba P 4679837a16cc427592e5bb76f85328b2: Time spent bootstrapping tablet: real 0.028s	user 0.008s	sys 0.010s
I20260630 12:11:33.239742   950 raft_consensus.cc:359] T 49ab76d2649044ae99d2870b14a1ebba P 4679837a16cc427592e5bb76f85328b2 [term 0 FOLLOWER]: Replica starting. Triggering 0 pending ops. Active config: opid_index: -1 OBSOLETE_local: true peers { permanent_uuid: "4679837a16cc427592e5bb76f85328b2" member_type: VOTER last_known_addr { host: "127.0.107.193" port: 45469 } }
I20260630 12:11:33.241475   950 raft_consensus.cc:385] T 49ab76d2649044ae99d2870b14a1ebba P 4679837a16cc427592e5bb76f85328b2 [term 0 FOLLOWER]: Consensus starting up: Expiring failure detector timer to make a prompt election more likely
I20260630 12:11:33.242063   950 raft_consensus.cc:740] T 49ab76d2649044ae99d2870b14a1ebba P 4679837a16cc427592e5bb76f85328b2 [term 0 FOLLOWER]: Becoming Follower/Learner. State: Replica: 4679837a16cc427592e5bb76f85328b2, State: Initialized, Role: FOLLOWER
I20260630 12:11:33.244064   950 consensus_queue.cc:260] T 49ab76d2649044ae99d2870b14a1ebba P 4679837a16cc427592e5bb76f85328b2 [NON_LEADER]: Queue going to NON_LEADER mode. State: All replicated index: 0, Majority replicated index: 0, Committed index: 0, Last appended: 0.0, Last appended by leader: 0, Current term: 0, Majority size: -1, State: 0, Mode: NON_LEADER, active raft config: opid_index: -1 OBSOLETE_local: true peers { permanent_uuid: "4679837a16cc427592e5bb76f85328b2" member_type: VOTER last_known_addr { host: "127.0.107.193" port: 45469 } }
I20260630 12:11:33.253120   950 raft_consensus.cc:399] T 49ab76d2649044ae99d2870b14a1ebba P 4679837a16cc427592e5bb76f85328b2 [term 0 FOLLOWER]: Only one voter in the Raft config. Triggering election immediately
I20260630 12:11:33.253535   950 raft_consensus.cc:493] T 49ab76d2649044ae99d2870b14a1ebba P 4679837a16cc427592e5bb76f85328b2 [term 0 FOLLOWER]: Starting leader election (initial election of a single-replica configuration)
I20260630 12:11:33.254730   950 raft_consensus.cc:3060] T 49ab76d2649044ae99d2870b14a1ebba P 4679837a16cc427592e5bb76f85328b2 [term 0 FOLLOWER]: Advancing to term 1
I20260630 12:11:33.255430   951 tablet_bootstrap.cc:492] T b9731f523777440e995e9be32b14b719 P bad3c0b366694c02bdcda461da2cf538: No bootstrap required, opened a new log
I20260630 12:11:33.255527   952 tablet_bootstrap.cc:654] T adafcf28b95d457d8e9be047bf594e2e P 51d558c3ffed407d822a44bb7a484260: Neither blocks nor log segments found. Creating new log.
I20260630 12:11:33.256037   951 ts_tablet_manager.cc:1403] T b9731f523777440e995e9be32b14b719 P bad3c0b366694c02bdcda461da2cf538: Time spent bootstrapping tablet: real 0.057s	user 0.008s	sys 0.012s
I20260630 12:11:33.259281   951 raft_consensus.cc:359] T b9731f523777440e995e9be32b14b719 P bad3c0b366694c02bdcda461da2cf538 [term 0 FOLLOWER]: Replica starting. Triggering 0 pending ops. Active config: opid_index: -1 OBSOLETE_local: true peers { permanent_uuid: "bad3c0b366694c02bdcda461da2cf538" member_type: VOTER last_known_addr { host: "127.0.107.195" port: 45883 } }
I20260630 12:11:33.259894   951 raft_consensus.cc:385] T b9731f523777440e995e9be32b14b719 P bad3c0b366694c02bdcda461da2cf538 [term 0 FOLLOWER]: Consensus starting up: Expiring failure detector timer to make a prompt election more likely
I20260630 12:11:33.260193   951 raft_consensus.cc:740] T b9731f523777440e995e9be32b14b719 P bad3c0b366694c02bdcda461da2cf538 [term 0 FOLLOWER]: Becoming Follower/Learner. State: Replica: bad3c0b366694c02bdcda461da2cf538, State: Initialized, Role: FOLLOWER
I20260630 12:11:33.261011   951 consensus_queue.cc:260] T b9731f523777440e995e9be32b14b719 P bad3c0b366694c02bdcda461da2cf538 [NON_LEADER]: Queue going to NON_LEADER mode. State: All replicated index: 0, Majority replicated index: 0, Committed index: 0, Last appended: 0.0, Last appended by leader: 0, Current term: 0, Majority size: -1, State: 0, Mode: NON_LEADER, active raft config: opid_index: -1 OBSOLETE_local: true peers { permanent_uuid: "bad3c0b366694c02bdcda461da2cf538" member_type: VOTER last_known_addr { host: "127.0.107.195" port: 45883 } }
I20260630 12:11:33.261674   951 raft_consensus.cc:399] T b9731f523777440e995e9be32b14b719 P bad3c0b366694c02bdcda461da2cf538 [term 0 FOLLOWER]: Only one voter in the Raft config. Triggering election immediately
I20260630 12:11:33.261986   951 raft_consensus.cc:493] T b9731f523777440e995e9be32b14b719 P bad3c0b366694c02bdcda461da2cf538 [term 0 FOLLOWER]: Starting leader election (initial election of a single-replica configuration)
I20260630 12:11:33.262367   951 raft_consensus.cc:3060] T b9731f523777440e995e9be32b14b719 P bad3c0b366694c02bdcda461da2cf538 [term 0 FOLLOWER]: Advancing to term 1
I20260630 12:11:33.264106   950 raft_consensus.cc:515] T 49ab76d2649044ae99d2870b14a1ebba P 4679837a16cc427592e5bb76f85328b2 [term 1 FOLLOWER]: Starting leader election with config: opid_index: -1 OBSOLETE_local: true peers { permanent_uuid: "4679837a16cc427592e5bb76f85328b2" member_type: VOTER last_known_addr { host: "127.0.107.193" port: 45469 } }
I20260630 12:11:33.265027   950 leader_election.cc:304] T 49ab76d2649044ae99d2870b14a1ebba P 4679837a16cc427592e5bb76f85328b2 [CANDIDATE]: Term 1 election: Election decided. Result: candidate won. Election summary: received 1 responses out of 1 voters: 1 yes votes; 0 no votes. yes voters: 4679837a16cc427592e5bb76f85328b2; no voters: 
I20260630 12:11:33.270689   952 tablet_bootstrap.cc:492] T adafcf28b95d457d8e9be047bf594e2e P 51d558c3ffed407d822a44bb7a484260: No bootstrap required, opened a new log
I20260630 12:11:33.271245   952 ts_tablet_manager.cc:1403] T adafcf28b95d457d8e9be047bf594e2e P 51d558c3ffed407d822a44bb7a484260: Time spent bootstrapping tablet: real 0.046s	user 0.004s	sys 0.014s
I20260630 12:11:33.273041   951 raft_consensus.cc:515] T b9731f523777440e995e9be32b14b719 P bad3c0b366694c02bdcda461da2cf538 [term 1 FOLLOWER]: Starting leader election with config: opid_index: -1 OBSOLETE_local: true peers { permanent_uuid: "bad3c0b366694c02bdcda461da2cf538" member_type: VOTER last_known_addr { host: "127.0.107.195" port: 45883 } }
I20260630 12:11:33.273838   951 leader_election.cc:304] T b9731f523777440e995e9be32b14b719 P bad3c0b366694c02bdcda461da2cf538 [CANDIDATE]: Term 1 election: Election decided. Result: candidate won. Election summary: received 1 responses out of 1 voters: 1 yes votes; 0 no votes. yes voters: bad3c0b366694c02bdcda461da2cf538; no voters: 
I20260630 12:11:33.276690   950 leader_election.cc:290] T 49ab76d2649044ae99d2870b14a1ebba P 4679837a16cc427592e5bb76f85328b2 [CANDIDATE]: Term 1 election: Requested vote from peers 
I20260630 12:11:33.277603   956 raft_consensus.cc:2804] T 49ab76d2649044ae99d2870b14a1ebba P 4679837a16cc427592e5bb76f85328b2 [term 1 FOLLOWER]: Leader election won for term 1
I20260630 12:11:33.278705   952 raft_consensus.cc:359] T adafcf28b95d457d8e9be047bf594e2e P 51d558c3ffed407d822a44bb7a484260 [term 0 FOLLOWER]: Replica starting. Triggering 0 pending ops. Active config: opid_index: -1 OBSOLETE_local: true peers { permanent_uuid: "51d558c3ffed407d822a44bb7a484260" member_type: VOTER last_known_addr { host: "127.0.107.194" port: 40827 } }
I20260630 12:11:33.279394   952 raft_consensus.cc:385] T adafcf28b95d457d8e9be047bf594e2e P 51d558c3ffed407d822a44bb7a484260 [term 0 FOLLOWER]: Consensus starting up: Expiring failure detector timer to make a prompt election more likely
I20260630 12:11:33.279745   952 raft_consensus.cc:740] T adafcf28b95d457d8e9be047bf594e2e P 51d558c3ffed407d822a44bb7a484260 [term 0 FOLLOWER]: Becoming Follower/Learner. State: Replica: 51d558c3ffed407d822a44bb7a484260, State: Initialized, Role: FOLLOWER
I20260630 12:11:33.280666   952 consensus_queue.cc:260] T adafcf28b95d457d8e9be047bf594e2e P 51d558c3ffed407d822a44bb7a484260 [NON_LEADER]: Queue going to NON_LEADER mode. State: All replicated index: 0, Majority replicated index: 0, Committed index: 0, Last appended: 0.0, Last appended by leader: 0, Current term: 0, Majority size: -1, State: 0, Mode: NON_LEADER, active raft config: opid_index: -1 OBSOLETE_local: true peers { permanent_uuid: "51d558c3ffed407d822a44bb7a484260" member_type: VOTER last_known_addr { host: "127.0.107.194" port: 40827 } }
I20260630 12:11:33.281438   952 raft_consensus.cc:399] T adafcf28b95d457d8e9be047bf594e2e P 51d558c3ffed407d822a44bb7a484260 [term 0 FOLLOWER]: Only one voter in the Raft config. Triggering election immediately
I20260630 12:11:33.281924   952 raft_consensus.cc:493] T adafcf28b95d457d8e9be047bf594e2e P 51d558c3ffed407d822a44bb7a484260 [term 0 FOLLOWER]: Starting leader election (initial election of a single-replica configuration)
I20260630 12:11:33.280957   957 raft_consensus.cc:2804] T b9731f523777440e995e9be32b14b719 P bad3c0b366694c02bdcda461da2cf538 [term 1 FOLLOWER]: Leader election won for term 1
I20260630 12:11:33.282346   952 raft_consensus.cc:3060] T adafcf28b95d457d8e9be047bf594e2e P 51d558c3ffed407d822a44bb7a484260 [term 0 FOLLOWER]: Advancing to term 1
I20260630 12:11:33.283578   951 leader_election.cc:290] T b9731f523777440e995e9be32b14b719 P bad3c0b366694c02bdcda461da2cf538 [CANDIDATE]: Term 1 election: Requested vote from peers 
I20260630 12:11:33.291816   950 ts_tablet_manager.cc:1434] T 49ab76d2649044ae99d2870b14a1ebba P 4679837a16cc427592e5bb76f85328b2: Time spent starting tablet: real 0.056s	user 0.017s	sys 0.017s
I20260630 12:11:33.293278   950 tablet_bootstrap.cc:492] T 326609bfde2647918ba7aea93d7849f9 P 4679837a16cc427592e5bb76f85328b2: Bootstrap starting.
I20260630 12:11:33.295048   952 raft_consensus.cc:515] T adafcf28b95d457d8e9be047bf594e2e P 51d558c3ffed407d822a44bb7a484260 [term 1 FOLLOWER]: Starting leader election with config: opid_index: -1 OBSOLETE_local: true peers { permanent_uuid: "51d558c3ffed407d822a44bb7a484260" member_type: VOTER last_known_addr { host: "127.0.107.194" port: 40827 } }
I20260630 12:11:33.295498   956 raft_consensus.cc:697] T 49ab76d2649044ae99d2870b14a1ebba P 4679837a16cc427592e5bb76f85328b2 [term 1 LEADER]: Becoming Leader. State: Replica: 4679837a16cc427592e5bb76f85328b2, State: Running, Role: LEADER
I20260630 12:11:33.297179   952 leader_election.cc:304] T adafcf28b95d457d8e9be047bf594e2e P 51d558c3ffed407d822a44bb7a484260 [CANDIDATE]: Term 1 election: Election decided. Result: candidate won. Election summary: received 1 responses out of 1 voters: 1 yes votes; 0 no votes. yes voters: 51d558c3ffed407d822a44bb7a484260; no voters: 
I20260630 12:11:33.298372   918 heartbeater.cc:499] Master 127.0.107.254:44975 was elected leader, sending a full tablet report...
I20260630 12:11:33.298027   956 consensus_queue.cc:237] T 49ab76d2649044ae99d2870b14a1ebba P 4679837a16cc427592e5bb76f85328b2 [LEADER]: Queue going to LEADER mode. State: All replicated index: 0, Majority replicated index: 0, Committed index: 0, Last appended: 0.0, Last appended by leader: 0, Current term: 1, Majority size: 1, State: 0, Mode: LEADER, active raft config: opid_index: -1 OBSOLETE_local: true peers { permanent_uuid: "4679837a16cc427592e5bb76f85328b2" member_type: VOTER last_known_addr { host: "127.0.107.193" port: 45469 } }
I20260630 12:11:33.297272   957 raft_consensus.cc:697] T b9731f523777440e995e9be32b14b719 P bad3c0b366694c02bdcda461da2cf538 [term 1 LEADER]: Becoming Leader. State: Replica: bad3c0b366694c02bdcda461da2cf538, State: Running, Role: LEADER
I20260630 12:11:33.307838   957 consensus_queue.cc:237] T b9731f523777440e995e9be32b14b719 P bad3c0b366694c02bdcda461da2cf538 [LEADER]: Queue going to LEADER mode. State: All replicated index: 0, Majority replicated index: 0, Committed index: 0, Last appended: 0.0, Last appended by leader: 0, Current term: 1, Majority size: 1, State: 0, Mode: LEADER, active raft config: opid_index: -1 OBSOLETE_local: true peers { permanent_uuid: "bad3c0b366694c02bdcda461da2cf538" member_type: VOTER last_known_addr { host: "127.0.107.195" port: 45883 } }
I20260630 12:11:33.313274   951 ts_tablet_manager.cc:1434] T b9731f523777440e995e9be32b14b719 P bad3c0b366694c02bdcda461da2cf538: Time spent starting tablet: real 0.057s	user 0.014s	sys 0.012s
I20260630 12:11:33.324033   950 tablet_bootstrap.cc:654] T 326609bfde2647918ba7aea93d7849f9 P 4679837a16cc427592e5bb76f85328b2: Neither blocks nor log segments found. Creating new log.
I20260630 12:11:33.337636   950 tablet_bootstrap.cc:492] T 326609bfde2647918ba7aea93d7849f9 P 4679837a16cc427592e5bb76f85328b2: No bootstrap required, opened a new log
I20260630 12:11:33.340075   950 ts_tablet_manager.cc:1403] T 326609bfde2647918ba7aea93d7849f9 P 4679837a16cc427592e5bb76f85328b2: Time spent bootstrapping tablet: real 0.047s	user 0.010s	sys 0.006s
I20260630 12:11:33.341269   462 catalog_manager.cc:5697] T 49ab76d2649044ae99d2870b14a1ebba P 4679837a16cc427592e5bb76f85328b2 reported cstate change: term changed from 0 to 1, leader changed from <none> to 4679837a16cc427592e5bb76f85328b2 (127.0.107.193). New cstate: current_term: 1 leader_uuid: "4679837a16cc427592e5bb76f85328b2" committed_config { opid_index: -1 OBSOLETE_local: true peers { permanent_uuid: "4679837a16cc427592e5bb76f85328b2" member_type: VOTER last_known_addr { host: "127.0.107.193" port: 45469 } health_report { overall_health: HEALTHY } } }
I20260630 12:11:33.356176   950 raft_consensus.cc:359] T 326609bfde2647918ba7aea93d7849f9 P 4679837a16cc427592e5bb76f85328b2 [term 0 FOLLOWER]: Replica starting. Triggering 0 pending ops. Active config: opid_index: -1 OBSOLETE_local: true peers { permanent_uuid: "4679837a16cc427592e5bb76f85328b2" member_type: VOTER last_known_addr { host: "127.0.107.193" port: 45469 } }
I20260630 12:11:33.362037   950 raft_consensus.cc:385] T 326609bfde2647918ba7aea93d7849f9 P 4679837a16cc427592e5bb76f85328b2 [term 0 FOLLOWER]: Consensus starting up: Expiring failure detector timer to make a prompt election more likely
I20260630 12:11:33.363165   963 raft_consensus.cc:2804] T adafcf28b95d457d8e9be047bf594e2e P 51d558c3ffed407d822a44bb7a484260 [term 1 FOLLOWER]: Leader election won for term 1
I20260630 12:11:33.362557   950 raft_consensus.cc:740] T 326609bfde2647918ba7aea93d7849f9 P 4679837a16cc427592e5bb76f85328b2 [term 0 FOLLOWER]: Becoming Follower/Learner. State: Replica: 4679837a16cc427592e5bb76f85328b2, State: Initialized, Role: FOLLOWER
I20260630 12:11:33.362568   952 leader_election.cc:290] T adafcf28b95d457d8e9be047bf594e2e P 51d558c3ffed407d822a44bb7a484260 [CANDIDATE]: Term 1 election: Requested vote from peers 
I20260630 12:11:33.387655   463 catalog_manager.cc:5697] T b9731f523777440e995e9be32b14b719 P bad3c0b366694c02bdcda461da2cf538 reported cstate change: term changed from 0 to 1, leader changed from <none> to bad3c0b366694c02bdcda461da2cf538 (127.0.107.195). New cstate: current_term: 1 leader_uuid: "bad3c0b366694c02bdcda461da2cf538" committed_config { opid_index: -1 OBSOLETE_local: true peers { permanent_uuid: "bad3c0b366694c02bdcda461da2cf538" member_type: VOTER last_known_addr { host: "127.0.107.195" port: 45883 } health_report { overall_health: HEALTHY } } }
I20260630 12:11:33.390471   950 consensus_queue.cc:260] T 326609bfde2647918ba7aea93d7849f9 P 4679837a16cc427592e5bb76f85328b2 [NON_LEADER]: Queue going to NON_LEADER mode. State: All replicated index: 0, Majority replicated index: 0, Committed index: 0, Last appended: 0.0, Last appended by leader: 0, Current term: 0, Majority size: -1, State: 0, Mode: NON_LEADER, active raft config: opid_index: -1 OBSOLETE_local: true peers { permanent_uuid: "4679837a16cc427592e5bb76f85328b2" member_type: VOTER last_known_addr { host: "127.0.107.193" port: 45469 } }
I20260630 12:11:33.392990   950 raft_consensus.cc:399] T 326609bfde2647918ba7aea93d7849f9 P 4679837a16cc427592e5bb76f85328b2 [term 0 FOLLOWER]: Only one voter in the Raft config. Triggering election immediately
I20260630 12:11:33.394987   950 raft_consensus.cc:493] T 326609bfde2647918ba7aea93d7849f9 P 4679837a16cc427592e5bb76f85328b2 [term 0 FOLLOWER]: Starting leader election (initial election of a single-replica configuration)
I20260630 12:11:33.396090   950 raft_consensus.cc:3060] T 326609bfde2647918ba7aea93d7849f9 P 4679837a16cc427592e5bb76f85328b2 [term 0 FOLLOWER]: Advancing to term 1
I20260630 12:11:33.413035   950 raft_consensus.cc:515] T 326609bfde2647918ba7aea93d7849f9 P 4679837a16cc427592e5bb76f85328b2 [term 1 FOLLOWER]: Starting leader election with config: opid_index: -1 OBSOLETE_local: true peers { permanent_uuid: "4679837a16cc427592e5bb76f85328b2" member_type: VOTER last_known_addr { host: "127.0.107.193" port: 45469 } }
I20260630 12:11:33.414132   950 leader_election.cc:304] T 326609bfde2647918ba7aea93d7849f9 P 4679837a16cc427592e5bb76f85328b2 [CANDIDATE]: Term 1 election: Election decided. Result: candidate won. Election summary: received 1 responses out of 1 voters: 1 yes votes; 0 no votes. yes voters: 4679837a16cc427592e5bb76f85328b2; no voters: 
I20260630 12:11:33.415235   950 leader_election.cc:290] T 326609bfde2647918ba7aea93d7849f9 P 4679837a16cc427592e5bb76f85328b2 [CANDIDATE]: Term 1 election: Requested vote from peers 
I20260630 12:11:33.409128   963 raft_consensus.cc:697] T adafcf28b95d457d8e9be047bf594e2e P 51d558c3ffed407d822a44bb7a484260 [term 1 LEADER]: Becoming Leader. State: Replica: 51d558c3ffed407d822a44bb7a484260, State: Running, Role: LEADER
I20260630 12:11:33.424449   959 raft_consensus.cc:2804] T 326609bfde2647918ba7aea93d7849f9 P 4679837a16cc427592e5bb76f85328b2 [term 1 FOLLOWER]: Leader election won for term 1
I20260630 12:11:33.428587   950 ts_tablet_manager.cc:1434] T 326609bfde2647918ba7aea93d7849f9 P 4679837a16cc427592e5bb76f85328b2: Time spent starting tablet: real 0.087s	user 0.015s	sys 0.004s
I20260630 12:11:33.433303   959 raft_consensus.cc:697] T 326609bfde2647918ba7aea93d7849f9 P 4679837a16cc427592e5bb76f85328b2 [term 1 LEADER]: Becoming Leader. State: Replica: 4679837a16cc427592e5bb76f85328b2, State: Running, Role: LEADER
I20260630 12:11:33.434031   959 consensus_queue.cc:237] T 326609bfde2647918ba7aea93d7849f9 P 4679837a16cc427592e5bb76f85328b2 [LEADER]: Queue going to LEADER mode. State: All replicated index: 0, Majority replicated index: 0, Committed index: 0, Last appended: 0.0, Last appended by leader: 0, Current term: 1, Majority size: 1, State: 0, Mode: LEADER, active raft config: opid_index: -1 OBSOLETE_local: true peers { permanent_uuid: "4679837a16cc427592e5bb76f85328b2" member_type: VOTER last_known_addr { host: "127.0.107.193" port: 45469 } }
I20260630 12:11:33.437836   963 consensus_queue.cc:237] T adafcf28b95d457d8e9be047bf594e2e P 51d558c3ffed407d822a44bb7a484260 [LEADER]: Queue going to LEADER mode. State: All replicated index: 0, Majority replicated index: 0, Committed index: 0, Last appended: 0.0, Last appended by leader: 0, Current term: 1, Majority size: 1, State: 0, Mode: LEADER, active raft config: opid_index: -1 OBSOLETE_local: true peers { permanent_uuid: "51d558c3ffed407d822a44bb7a484260" member_type: VOTER last_known_addr { host: "127.0.107.194" port: 40827 } }
I20260630 12:11:33.444257   952 ts_tablet_manager.cc:1434] T adafcf28b95d457d8e9be047bf594e2e P 51d558c3ffed407d822a44bb7a484260: Time spent starting tablet: real 0.173s	user 0.030s	sys 0.018s
I20260630 12:11:33.488425   462 catalog_manager.cc:5697] T 326609bfde2647918ba7aea93d7849f9 P 4679837a16cc427592e5bb76f85328b2 reported cstate change: term changed from 0 to 1, leader changed from <none> to 4679837a16cc427592e5bb76f85328b2 (127.0.107.193). New cstate: current_term: 1 leader_uuid: "4679837a16cc427592e5bb76f85328b2" committed_config { opid_index: -1 OBSOLETE_local: true peers { permanent_uuid: "4679837a16cc427592e5bb76f85328b2" member_type: VOTER last_known_addr { host: "127.0.107.193" port: 45469 } health_report { overall_health: HEALTHY } } }
I20260630 12:11:33.519717   463 catalog_manager.cc:5697] T adafcf28b95d457d8e9be047bf594e2e P 51d558c3ffed407d822a44bb7a484260 reported cstate change: term changed from 0 to 1, leader changed from <none> to 51d558c3ffed407d822a44bb7a484260 (127.0.107.194). New cstate: current_term: 1 leader_uuid: "51d558c3ffed407d822a44bb7a484260" committed_config { opid_index: -1 OBSOLETE_local: true peers { permanent_uuid: "51d558c3ffed407d822a44bb7a484260" member_type: VOTER last_known_addr { host: "127.0.107.194" port: 40827 } health_report { overall_health: HEALTHY } } }
I20260630 12:11:34.807928   665 auto_leader_rebalancer.cc:141] leader rebalance for table test-workload
I20260630 12:11:34.811498   665 auto_leader_rebalancer.cc:515] All tables' leader rebalancing finished this round
I20260630 12:11:35.652352   431 tablet_server.cc:179] TabletServer@127.0.107.193:0 shutting down...
I20260630 12:11:35.681493   431 ts_tablet_manager.cc:1507] Shutting down tablet manager...
I20260630 12:11:35.682458   431 tablet_replica.cc:333] T 326609bfde2647918ba7aea93d7849f9 P 4679837a16cc427592e5bb76f85328b2: stopping tablet replica
I20260630 12:11:35.683132   431 raft_consensus.cc:2243] T 326609bfde2647918ba7aea93d7849f9 P 4679837a16cc427592e5bb76f85328b2 [term 1 LEADER]: Raft consensus shutting down.
I20260630 12:11:35.683625   431 raft_consensus.cc:2272] T 326609bfde2647918ba7aea93d7849f9 P 4679837a16cc427592e5bb76f85328b2 [term 1 FOLLOWER]: Raft consensus is shut down!
I20260630 12:11:35.685724   431 tablet_replica.cc:333] T 49ab76d2649044ae99d2870b14a1ebba P 4679837a16cc427592e5bb76f85328b2: stopping tablet replica
I20260630 12:11:35.686152   431 raft_consensus.cc:2243] T 49ab76d2649044ae99d2870b14a1ebba P 4679837a16cc427592e5bb76f85328b2 [term 1 LEADER]: Raft consensus shutting down.
I20260630 12:11:35.686542   431 raft_consensus.cc:2272] T 49ab76d2649044ae99d2870b14a1ebba P 4679837a16cc427592e5bb76f85328b2 [term 1 FOLLOWER]: Raft consensus is shut down!
W20260630 12:11:36.797328   431 thread.cc:527] Waited for 1000ms trying to join with diag-logger (tid 744)
I20260630 12:11:36.812731   665 auto_leader_rebalancer.cc:141] leader rebalance for table test-workload
I20260630 12:11:36.814908   665 auto_leader_rebalancer.cc:515] All tables' leader rebalancing finished this round
I20260630 12:11:36.931058   431 tablet_server.cc:196] TabletServer@127.0.107.193:0 shutdown complete.
I20260630 12:11:36.942597   431 tablet_server.cc:179] TabletServer@127.0.107.194:0 shutting down...
I20260630 12:11:36.962458   431 ts_tablet_manager.cc:1507] Shutting down tablet manager...
I20260630 12:11:36.963174   431 tablet_replica.cc:333] T adafcf28b95d457d8e9be047bf594e2e P 51d558c3ffed407d822a44bb7a484260: stopping tablet replica
I20260630 12:11:36.963723   431 raft_consensus.cc:2243] T adafcf28b95d457d8e9be047bf594e2e P 51d558c3ffed407d822a44bb7a484260 [term 1 LEADER]: Raft consensus shutting down.
I20260630 12:11:36.964159   431 raft_consensus.cc:2272] T adafcf28b95d457d8e9be047bf594e2e P 51d558c3ffed407d822a44bb7a484260 [term 1 FOLLOWER]: Raft consensus is shut down!
I20260630 12:11:36.982281   431 tablet_server.cc:196] TabletServer@127.0.107.194:0 shutdown complete.
I20260630 12:11:36.989816   431 tablet_server.cc:179] TabletServer@127.0.107.195:0 shutting down...
I20260630 12:11:37.005604   431 ts_tablet_manager.cc:1507] Shutting down tablet manager...
I20260630 12:11:37.006208   431 tablet_replica.cc:333] T b9731f523777440e995e9be32b14b719 P bad3c0b366694c02bdcda461da2cf538: stopping tablet replica
I20260630 12:11:37.006650   431 raft_consensus.cc:2243] T b9731f523777440e995e9be32b14b719 P bad3c0b366694c02bdcda461da2cf538 [term 1 LEADER]: Raft consensus shutting down.
I20260630 12:11:37.007007   431 raft_consensus.cc:2272] T b9731f523777440e995e9be32b14b719 P bad3c0b366694c02bdcda461da2cf538 [term 1 FOLLOWER]: Raft consensus is shut down!
I20260630 12:11:37.025339   431 tablet_server.cc:196] TabletServer@127.0.107.195:0 shutdown complete.
I20260630 12:11:37.033665   431 master.cc:562] Master@127.0.107.254:44975 shutting down...
I20260630 12:11:37.108322   669 catalog_manager.cc:805] Waiting for catalog manager background task thread to start: Service unavailable: Catalog manager is not initialized. State: Closing
I20260630 12:11:37.158929   431 raft_consensus.cc:2243] T 00000000000000000000000000000000 P cb79832ea46045258ac07372f7126070 [term 1 LEADER]: Raft consensus shutting down.
I20260630 12:11:37.159873   431 raft_consensus.cc:2272] T 00000000000000000000000000000000 P cb79832ea46045258ac07372f7126070 [term 1 FOLLOWER]: Raft consensus is shut down!
I20260630 12:11:37.160225   431 tablet_replica.cc:333] T 00000000000000000000000000000000 P cb79832ea46045258ac07372f7126070: stopping tablet replica
I20260630 12:11:37.189210   431 master.cc:584] Master@127.0.107.254:44975 shutdown complete.
I20260630 12:11:37.200624   431 master.cc:562] Master@127.0.107.253:45287 shutting down...
I20260630 12:11:37.215735   431 raft_consensus.cc:2243] T 00000000000000000000000000000000 P 089c4d5d077345edb296e6ce40020ef5 [term 1 FOLLOWER]: Raft consensus shutting down.
I20260630 12:11:37.216315   431 raft_consensus.cc:2272] T 00000000000000000000000000000000 P 089c4d5d077345edb296e6ce40020ef5 [term 1 FOLLOWER]: Raft consensus is shut down!
I20260630 12:11:37.216574   431 tablet_replica.cc:333] T 00000000000000000000000000000000 P 089c4d5d077345edb296e6ce40020ef5: stopping tablet replica
I20260630 12:11:37.252230   431 master.cc:584] Master@127.0.107.253:45287 shutdown complete.
I20260630 12:11:37.262200   431 master.cc:562] Master@127.0.107.252:33145 shutting down...
I20260630 12:11:37.276024   431 raft_consensus.cc:2243] T 00000000000000000000000000000000 P a4bad2c7a3334cd5af1c91e33af260af [term 1 FOLLOWER]: Raft consensus shutting down.
I20260630 12:11:37.276566   431 raft_consensus.cc:2272] T 00000000000000000000000000000000 P a4bad2c7a3334cd5af1c91e33af260af [term 1 FOLLOWER]: Raft consensus is shut down!
I20260630 12:11:37.276897   431 tablet_replica.cc:333] T 00000000000000000000000000000000 P a4bad2c7a3334cd5af1c91e33af260af: stopping tablet replica
I20260630 12:11:37.293916   431 master.cc:584] Master@127.0.107.252:33145 shutdown complete.
[       OK ] AutoRebalancerTest.OnlyLeaderDoesAutoRebalancing (8455 ms)
[ RUN      ] AutoRebalancerTest.AutoRebalancingTurnOffAndOn
I20260630 12:11:37.319142   431 internal_mini_cluster.cc:156] Creating distributed mini masters. Addrs: 127.0.107.254:41873
