I20260630 12:12:49.370126  4176 raft_consensus.cc:2243] T 1938fd239baa4e89b21436020995901a P 5ecbff253bb44dd2bf15d0822bd260cb [term 1 FOLLOWER]: Raft consensus shutting down.
I20260630 12:12:49.370532  4176 raft_consensus.cc:2272] T 1938fd239baa4e89b21436020995901a P 5ecbff253bb44dd2bf15d0822bd260cb [term 1 FOLLOWER]: Raft consensus is shut down!
I20260630 12:12:49.371999  4176 tablet_replica.cc:333] T 41dabd03b6104098b6bfd57b2493dfb9 P 5ecbff253bb44dd2bf15d0822bd260cb: stopping tablet replica
I20260630 12:12:49.372460  4176 raft_consensus.cc:2243] T 41dabd03b6104098b6bfd57b2493dfb9 P 5ecbff253bb44dd2bf15d0822bd260cb [term 2 FOLLOWER]: Raft consensus shutting down.
I20260630 12:12:49.372777  4176 raft_consensus.cc:2272] T 41dabd03b6104098b6bfd57b2493dfb9 P 5ecbff253bb44dd2bf15d0822bd260cb [term 2 FOLLOWER]: Raft consensus is shut down!
I20260630 12:12:49.374231  4176 tablet_replica.cc:333] T 402d98ed9a094f6ebc9b51650f0d2824 P 5ecbff253bb44dd2bf15d0822bd260cb: stopping tablet replica
I20260630 12:12:49.374702  4176 raft_consensus.cc:2243] T 402d98ed9a094f6ebc9b51650f0d2824 P 5ecbff253bb44dd2bf15d0822bd260cb [term 1 FOLLOWER]: Raft consensus shutting down.
I20260630 12:12:49.375118  4176 raft_consensus.cc:2272] T 402d98ed9a094f6ebc9b51650f0d2824 P 5ecbff253bb44dd2bf15d0822bd260cb [term 1 FOLLOWER]: Raft consensus is shut down!
I20260630 12:12:49.376650  4176 tablet_replica.cc:333] T f9df44c5b9414364a0046931517a554a P 5ecbff253bb44dd2bf15d0822bd260cb: stopping tablet replica
I20260630 12:12:49.377111  4176 raft_consensus.cc:2243] T f9df44c5b9414364a0046931517a554a P 5ecbff253bb44dd2bf15d0822bd260cb [term 1 FOLLOWER]: Raft consensus shutting down.
I20260630 12:12:49.377468  4176 raft_consensus.cc:2272] T f9df44c5b9414364a0046931517a554a P 5ecbff253bb44dd2bf15d0822bd260cb [term 1 FOLLOWER]: Raft consensus is shut down!
I20260630 12:12:49.407872  4176 tablet_server.cc:196] TabletServer@127.4.20.4:0 shutdown complete.
I20260630 12:12:49.431314  4176 master.cc:562] Master@127.4.20.62:37501 shutting down...
I20260630 12:12:49.451609  4176 raft_consensus.cc:2243] T 00000000000000000000000000000000 P 4f1cb9f5988f463c9b67a5d7d0a2dd0c [term 1 LEADER]: Raft consensus shutting down.
I20260630 12:12:49.452158  4176 raft_consensus.cc:2272] T 00000000000000000000000000000000 P 4f1cb9f5988f463c9b67a5d7d0a2dd0c [term 1 FOLLOWER]: Raft consensus is shut down!
I20260630 12:12:49.452522  4176 tablet_replica.cc:333] T 00000000000000000000000000000000 P 4f1cb9f5988f463c9b67a5d7d0a2dd0c: stopping tablet replica
I20260630 12:12:49.472962  4176 master.cc:584] Master@127.4.20.62:37501 shutdown complete.
[       OK ] AutoRebalancerTest.RangeAwareRebalancesNewRangeReplicas (10129 ms)
[ RUN      ] AutoRebalancerTest.NoReplicaMovesIfLocationLoadSkewedByOne
I20260630 12:12:49.523186  4176 internal_mini_cluster.cc:156] Creating distributed mini masters. Addrs: 127.4.20.62:45489
I20260630 12:12:49.524291  4176 file_cache.cc:492] Constructed file cache file cache with capacity 419430
W20260630 12:12:49.529328  7717 instance_detector.cc:116] could not retrieve AWS instance metadata: Network error: curl error: HTTP response code said error: The requested URL returned error: 404
W20260630 12:12:49.529362  7718 instance_detector.cc:116] could not retrieve Azure instance metadata: Network error: curl error: HTTP response code said error: The requested URL returned error: 404
W20260630 12:12:49.533987  7720 instance_detector.cc:116] could not retrieve OpenStack instance metadata: Network error: curl error: HTTP response code said error: The requested URL returned error: 404
I20260630 12:12:49.534631  4176 server_base.cc:1061] running on GCE node
I20260630 12:12:49.536887  4176 hybrid_clock.cc:584] initializing the hybrid clock with 'system_unsync' time source
W20260630 12:12:49.537062  4176 system_unsync_time.cc:38] NTP support is disabled. Clock error bounds will not be accurate. This configuration is not suitable for distributed clusters.
I20260630 12:12:49.537242  4176 hybrid_clock.cc:648] HybridClock initialized: now 1782821569537229 us; error 0 us; skew 500 ppm
I20260630 12:12:49.537786  4176 server_base.cc:861] Flag tcmalloc_max_total_thread_cache_bytes is not working since tcmalloc is not enabled.
I20260630 12:12:49.540192  4176 webserver.cc:533] Webserver started at http://127.4.20.62:36665/ using document root <none> and password file <none>
I20260630 12:12:49.540733  4176 fs_manager.cc:362] Metadata directory not provided
I20260630 12:12:49.540891  4176 fs_manager.cc:368] Using write-ahead log directory (fs_wal_dir) as metadata directory
I20260630 12:12:49.541224  4176 server_base.cc:909] This appears to be a new deployment of Kudu; creating new FS layout
I20260630 12:12:49.542285  4176 fs_manager.cc:1068] Generated new instance metadata in path /tmp/dist-test-taskb0Exr8/test-tmp/auto_rebalancer-test.0.AutoRebalancerTest.NoReplicaMovesIfLocationLoadSkewedByOne.1782821475559104-4176-0/minicluster-data/master-0-root/instance:
uuid: "162ec2f579d94487a35c7e6e2ea9d373"
format_stamp: "Formatted at 2026-06-30 12:12:49 on dist-test-slave-w32t"
I20260630 12:12:49.546941  4176 fs_manager.cc:696] Time spent creating directory manager: real 0.004s	user 0.000s	sys 0.006s
I20260630 12:12:49.550200  7725 log_block_manager.cc:4031] Time spent loading block containers with low live blocks: real 0.000s	user 0.000s	sys 0.000s
I20260630 12:12:49.550922  4176 fs_manager.cc:730] Time spent opening block manager: real 0.002s	user 0.001s	sys 0.000s
I20260630 12:12:49.551189  4176 fs_manager.cc:647] Opened local filesystem: /tmp/dist-test-taskb0Exr8/test-tmp/auto_rebalancer-test.0.AutoRebalancerTest.NoReplicaMovesIfLocationLoadSkewedByOne.1782821475559104-4176-0/minicluster-data/master-0-root
uuid: "162ec2f579d94487a35c7e6e2ea9d373"
format_stamp: "Formatted at 2026-06-30 12:12:49 on dist-test-slave-w32t"
I20260630 12:12:49.551466  4176 fs_report.cc:389] FS layout report
--------------------
wal directory: /tmp/dist-test-taskb0Exr8/test-tmp/auto_rebalancer-test.0.AutoRebalancerTest.NoReplicaMovesIfLocationLoadSkewedByOne.1782821475559104-4176-0/minicluster-data/master-0-root
metadata directory: /tmp/dist-test-taskb0Exr8/test-tmp/auto_rebalancer-test.0.AutoRebalancerTest.NoReplicaMovesIfLocationLoadSkewedByOne.1782821475559104-4176-0/minicluster-data/master-0-root
1 data directories: /tmp/dist-test-taskb0Exr8/test-tmp/auto_rebalancer-test.0.AutoRebalancerTest.NoReplicaMovesIfLocationLoadSkewedByOne.1782821475559104-4176-0/minicluster-data/master-0-root/data
Total live blocks: 0
Total live bytes: 0
Total live bytes (after alignment): 0
Total number of LBM containers: 0 (0 full)
Did not check for missing blocks
Did not check for orphaned blocks
Total full LBM containers with extra space: 0 (0 repaired)
Total full LBM container extra space in bytes: 0 (0 repaired)
Total incomplete LBM containers: 0 (0 repaired)
Total LBM partial records: 0 (0 repaired)
Total corrupted LBM metadata records in RocksDB: 0 (0 repaired)
I20260630 12:12:49.586028  4176 rpc_server.cc:225] running with OpenSSL 1.1.1  11 Sep 2018
I20260630 12:12:49.587314  4176 kserver.cc:163] Server-wide thread pool size limit: 3276
I20260630 12:12:49.627079  4176 rpc_server.cc:307] RPC server started. Bound to: 127.4.20.62:45489
I20260630 12:12:49.627188  7776 acceptor_pool.cc:272] collecting diagnostics on the listening RPC socket 127.4.20.62:45489 every 8 connection(s)
I20260630 12:12:49.631170  7777 data_dirs.cc:400] Could only allocate 1 dirs of requested 3 for tablet 00000000000000000000000000000000. 1 dirs total, 0 dirs full, 0 dirs failed
I20260630 12:12:49.641845  7777 tablet_bootstrap.cc:492] T 00000000000000000000000000000000 P 162ec2f579d94487a35c7e6e2ea9d373: Bootstrap starting.
I20260630 12:12:49.646936  7777 tablet_bootstrap.cc:654] T 00000000000000000000000000000000 P 162ec2f579d94487a35c7e6e2ea9d373: Neither blocks nor log segments found. Creating new log.
I20260630 12:12:49.651628  7777 tablet_bootstrap.cc:492] T 00000000000000000000000000000000 P 162ec2f579d94487a35c7e6e2ea9d373: No bootstrap required, opened a new log
I20260630 12:12:49.653869  7777 raft_consensus.cc:359] T 00000000000000000000000000000000 P 162ec2f579d94487a35c7e6e2ea9d373 [term 0 FOLLOWER]: Replica starting. Triggering 0 pending ops. Active config: opid_index: -1 OBSOLETE_local: true peers { permanent_uuid: "162ec2f579d94487a35c7e6e2ea9d373" member_type: VOTER }
I20260630 12:12:49.654223  7777 raft_consensus.cc:385] T 00000000000000000000000000000000 P 162ec2f579d94487a35c7e6e2ea9d373 [term 0 FOLLOWER]: Consensus starting up: Expiring failure detector timer to make a prompt election more likely
I20260630 12:12:49.654470  7777 raft_consensus.cc:740] T 00000000000000000000000000000000 P 162ec2f579d94487a35c7e6e2ea9d373 [term 0 FOLLOWER]: Becoming Follower/Learner. State: Replica: 162ec2f579d94487a35c7e6e2ea9d373, State: Initialized, Role: FOLLOWER
I20260630 12:12:49.655056  7777 consensus_queue.cc:260] T 00000000000000000000000000000000 P 162ec2f579d94487a35c7e6e2ea9d373 [NON_LEADER]: Queue going to NON_LEADER mode. State: All replicated index: 0, Majority replicated index: 0, Committed index: 0, Last appended: 0.0, Last appended by leader: 0, Current term: 0, Majority size: -1, State: 0, Mode: NON_LEADER, active raft config: opid_index: -1 OBSOLETE_local: true peers { permanent_uuid: "162ec2f579d94487a35c7e6e2ea9d373" member_type: VOTER }
I20260630 12:12:49.655491  7777 raft_consensus.cc:399] T 00000000000000000000000000000000 P 162ec2f579d94487a35c7e6e2ea9d373 [term 0 FOLLOWER]: Only one voter in the Raft config. Triggering election immediately
I20260630 12:12:49.655705  7777 raft_consensus.cc:493] T 00000000000000000000000000000000 P 162ec2f579d94487a35c7e6e2ea9d373 [term 0 FOLLOWER]: Starting leader election (initial election of a single-replica configuration)
I20260630 12:12:49.655997  7777 raft_consensus.cc:3060] T 00000000000000000000000000000000 P 162ec2f579d94487a35c7e6e2ea9d373 [term 0 FOLLOWER]: Advancing to term 1
I20260630 12:12:49.660197  7777 raft_consensus.cc:515] T 00000000000000000000000000000000 P 162ec2f579d94487a35c7e6e2ea9d373 [term 1 FOLLOWER]: Starting leader election with config: opid_index: -1 OBSOLETE_local: true peers { permanent_uuid: "162ec2f579d94487a35c7e6e2ea9d373" member_type: VOTER }
I20260630 12:12:49.660725  7777 leader_election.cc:304] T 00000000000000000000000000000000 P 162ec2f579d94487a35c7e6e2ea9d373 [CANDIDATE]: Term 1 election: Election decided. Result: candidate won. Election summary: received 1 responses out of 1 voters: 1 yes votes; 0 no votes. yes voters: 162ec2f579d94487a35c7e6e2ea9d373; no voters: 
I20260630 12:12:49.661778  7777 leader_election.cc:290] T 00000000000000000000000000000000 P 162ec2f579d94487a35c7e6e2ea9d373 [CANDIDATE]: Term 1 election: Requested vote from peers 
I20260630 12:12:49.662060  7780 raft_consensus.cc:2804] T 00000000000000000000000000000000 P 162ec2f579d94487a35c7e6e2ea9d373 [term 1 FOLLOWER]: Leader election won for term 1
I20260630 12:12:49.663333  7780 raft_consensus.cc:697] T 00000000000000000000000000000000 P 162ec2f579d94487a35c7e6e2ea9d373 [term 1 LEADER]: Becoming Leader. State: Replica: 162ec2f579d94487a35c7e6e2ea9d373, State: Running, Role: LEADER
I20260630 12:12:49.663942  7780 consensus_queue.cc:237] T 00000000000000000000000000000000 P 162ec2f579d94487a35c7e6e2ea9d373 [LEADER]: Queue going to LEADER mode. State: All replicated index: 0, Majority replicated index: 0, Committed index: 0, Last appended: 0.0, Last appended by leader: 0, Current term: 1, Majority size: 1, State: 0, Mode: LEADER, active raft config: opid_index: -1 OBSOLETE_local: true peers { permanent_uuid: "162ec2f579d94487a35c7e6e2ea9d373" member_type: VOTER }
I20260630 12:12:49.664574  7777 sys_catalog.cc:565] T 00000000000000000000000000000000 P 162ec2f579d94487a35c7e6e2ea9d373 [sys.catalog]: configured and running, proceeding with master startup.
I20260630 12:12:49.668447  7781 sys_catalog.cc:455] T 00000000000000000000000000000000 P 162ec2f579d94487a35c7e6e2ea9d373 [sys.catalog]: SysCatalogTable state changed. Reason: RaftConsensus started. Latest consensus state: current_term: 1 leader_uuid: "162ec2f579d94487a35c7e6e2ea9d373" committed_config { opid_index: -1 OBSOLETE_local: true peers { permanent_uuid: "162ec2f579d94487a35c7e6e2ea9d373" member_type: VOTER } }
I20260630 12:12:49.669085  7781 sys_catalog.cc:458] T 00000000000000000000000000000000 P 162ec2f579d94487a35c7e6e2ea9d373 [sys.catalog]: This master's current role is: LEADER
I20260630 12:12:49.668612  7782 sys_catalog.cc:455] T 00000000000000000000000000000000 P 162ec2f579d94487a35c7e6e2ea9d373 [sys.catalog]: SysCatalogTable state changed. Reason: New leader 162ec2f579d94487a35c7e6e2ea9d373. Latest consensus state: current_term: 1 leader_uuid: "162ec2f579d94487a35c7e6e2ea9d373" committed_config { opid_index: -1 OBSOLETE_local: true peers { permanent_uuid: "162ec2f579d94487a35c7e6e2ea9d373" member_type: VOTER } }
I20260630 12:12:49.669914  7782 sys_catalog.cc:458] T 00000000000000000000000000000000 P 162ec2f579d94487a35c7e6e2ea9d373 [sys.catalog]: This master's current role is: LEADER
I20260630 12:12:49.671554  7787 catalog_manager.cc:1511] Loading table and tablet metadata into memory...
I20260630 12:12:49.679466  7787 catalog_manager.cc:1520] Initializing Kudu cluster ID...
I20260630 12:12:49.680438  4176 internal_mini_cluster.cc:184] Waiting to initialize catalog manager on master 0
I20260630 12:12:49.688845  7787 catalog_manager.cc:1383] Generated new cluster ID: 0aba1d0d0b154526882515ea2c5acc65
I20260630 12:12:49.689113  7787 catalog_manager.cc:1531] Initializing Kudu internal certificate authority...
I20260630 12:12:49.715948  7787 catalog_manager.cc:1406] Generated new certificate authority record
I20260630 12:12:49.717222  7787 catalog_manager.cc:1540] Loading token signing keys...
I20260630 12:12:49.732570  7787 catalog_manager.cc:6070] T 00000000000000000000000000000000 P 162ec2f579d94487a35c7e6e2ea9d373: Generated new TSK 0
I20260630 12:12:49.733156  7787 catalog_manager.cc:1550] Initializing in-progress tserver states...
I20260630 12:12:49.747169  4176 file_cache.cc:492] Constructed file cache file cache with capacity 419430
W20260630 12:12:49.753777  7798 instance_detector.cc:116] could not retrieve AWS instance metadata: Network error: curl error: HTTP response code said error: The requested URL returned error: 404
W20260630 12:12:49.754140  7799 instance_detector.cc:116] could not retrieve Azure instance metadata: Network error: curl error: HTTP response code said error: The requested URL returned error: 404
W20260630 12:12:49.755331  7801 instance_detector.cc:116] could not retrieve OpenStack instance metadata: Network error: curl error: HTTP response code said error: The requested URL returned error: 404
I20260630 12:12:49.756590  4176 server_base.cc:1061] running on GCE node
I20260630 12:12:49.757464  4176 hybrid_clock.cc:584] initializing the hybrid clock with 'system_unsync' time source
W20260630 12:12:49.757687  4176 system_unsync_time.cc:38] NTP support is disabled. Clock error bounds will not be accurate. This configuration is not suitable for distributed clusters.
I20260630 12:12:49.757865  4176 hybrid_clock.cc:648] HybridClock initialized: now 1782821569757841 us; error 0 us; skew 500 ppm
I20260630 12:12:49.758352  4176 server_base.cc:861] Flag tcmalloc_max_total_thread_cache_bytes is not working since tcmalloc is not enabled.
I20260630 12:12:49.760877  4176 webserver.cc:533] Webserver started at http://127.4.20.1:35553/ using document root <none> and password file <none>
I20260630 12:12:49.761344  4176 fs_manager.cc:362] Metadata directory not provided
I20260630 12:12:49.761549  4176 fs_manager.cc:368] Using write-ahead log directory (fs_wal_dir) as metadata directory
I20260630 12:12:49.761822  4176 server_base.cc:909] This appears to be a new deployment of Kudu; creating new FS layout
I20260630 12:12:49.762854  4176 fs_manager.cc:1068] Generated new instance metadata in path /tmp/dist-test-taskb0Exr8/test-tmp/auto_rebalancer-test.0.AutoRebalancerTest.NoReplicaMovesIfLocationLoadSkewedByOne.1782821475559104-4176-0/minicluster-data/ts-0-root/instance:
uuid: "3b76351f1b4941ad88daa6af34dbb990"
format_stamp: "Formatted at 2026-06-30 12:12:49 on dist-test-slave-w32t"
I20260630 12:12:49.767472  4176 fs_manager.cc:696] Time spent creating directory manager: real 0.004s	user 0.004s	sys 0.002s
I20260630 12:12:49.771553  7806 log_block_manager.cc:4031] Time spent loading block containers with low live blocks: real 0.000s	user 0.000s	sys 0.000s
I20260630 12:12:49.772500  4176 fs_manager.cc:730] Time spent opening block manager: real 0.003s	user 0.003s	sys 0.000s
I20260630 12:12:49.772754  4176 fs_manager.cc:647] Opened local filesystem: /tmp/dist-test-taskb0Exr8/test-tmp/auto_rebalancer-test.0.AutoRebalancerTest.NoReplicaMovesIfLocationLoadSkewedByOne.1782821475559104-4176-0/minicluster-data/ts-0-root
uuid: "3b76351f1b4941ad88daa6af34dbb990"
format_stamp: "Formatted at 2026-06-30 12:12:49 on dist-test-slave-w32t"
I20260630 12:12:49.773204  4176 fs_report.cc:389] FS layout report
--------------------
wal directory: /tmp/dist-test-taskb0Exr8/test-tmp/auto_rebalancer-test.0.AutoRebalancerTest.NoReplicaMovesIfLocationLoadSkewedByOne.1782821475559104-4176-0/minicluster-data/ts-0-root
metadata directory: /tmp/dist-test-taskb0Exr8/test-tmp/auto_rebalancer-test.0.AutoRebalancerTest.NoReplicaMovesIfLocationLoadSkewedByOne.1782821475559104-4176-0/minicluster-data/ts-0-root
1 data directories: /tmp/dist-test-taskb0Exr8/test-tmp/auto_rebalancer-test.0.AutoRebalancerTest.NoReplicaMovesIfLocationLoadSkewedByOne.1782821475559104-4176-0/minicluster-data/ts-0-root/data
Total live blocks: 0
Total live bytes: 0
Total live bytes (after alignment): 0
Total number of LBM containers: 0 (0 full)
Did not check for missing blocks
Did not check for orphaned blocks
Total full LBM containers with extra space: 0 (0 repaired)
Total full LBM container extra space in bytes: 0 (0 repaired)
Total incomplete LBM containers: 0 (0 repaired)
Total LBM partial records: 0 (0 repaired)
Total corrupted LBM metadata records in RocksDB: 0 (0 repaired)
I20260630 12:12:49.787989  4176 rpc_server.cc:225] running with OpenSSL 1.1.1  11 Sep 2018
I20260630 12:12:49.789105  4176 kserver.cc:163] Server-wide thread pool size limit: 3276
I20260630 12:12:49.790436  4176 txn_system_client.cc:432] TxnSystemClient initialization is disabled...
I20260630 12:12:49.792670  4176 ts_tablet_manager.cc:585] Loaded tablet metadata (0 total tablets, 0 live tablets)
I20260630 12:12:49.792845  4176 ts_tablet_manager.cc:531] Time spent load tablet metadata: real 0.000s	user 0.000s	sys 0.000s
I20260630 12:12:49.793116  4176 ts_tablet_manager.cc:616] Registered 0 tablets
I20260630 12:12:49.793314  4176 ts_tablet_manager.cc:595] Time spent register tablets: real 0.000s	user 0.000s	sys 0.000s
I20260630 12:12:49.838662  4176 rpc_server.cc:307] RPC server started. Bound to: 127.4.20.1:43639
I20260630 12:12:49.838793  7868 acceptor_pool.cc:272] collecting diagnostics on the listening RPC socket 127.4.20.1:43639 every 8 connection(s)
I20260630 12:12:49.844780  4176 file_cache.cc:492] Constructed file cache file cache with capacity 419430
W20260630 12:12:49.851284  7873 instance_detector.cc:116] could not retrieve AWS instance metadata: Network error: curl error: HTTP response code said error: The requested URL returned error: 404
W20260630 12:12:49.852950  7874 instance_detector.cc:116] could not retrieve Azure instance metadata: Network error: curl error: HTTP response code said error: The requested URL returned error: 404
I20260630 12:12:49.856807  4176 server_base.cc:1061] running on GCE node
W20260630 12:12:49.856871  7876 instance_detector.cc:116] could not retrieve OpenStack instance metadata: Network error: curl error: HTTP response code said error: The requested URL returned error: 404
I20260630 12:12:49.857849  7869 heartbeater.cc:344] Connected to a master server at 127.4.20.62:45489
I20260630 12:12:49.858038  4176 hybrid_clock.cc:584] initializing the hybrid clock with 'system_unsync' time source
I20260630 12:12:49.858238  7869 heartbeater.cc:461] Registering TS with master...
W20260630 12:12:49.858273  4176 system_unsync_time.cc:38] NTP support is disabled. Clock error bounds will not be accurate. This configuration is not suitable for distributed clusters.
I20260630 12:12:49.858625  4176 hybrid_clock.cc:648] HybridClock initialized: now 1782821569858604 us; error 0 us; skew 500 ppm
I20260630 12:12:49.859220  7869 heartbeater.cc:507] Master 127.4.20.62:45489 requested a full tablet report, sending...
I20260630 12:12:49.859356  4176 server_base.cc:861] Flag tcmalloc_max_total_thread_cache_bytes is not working since tcmalloc is not enabled.
I20260630 12:12:49.861901  7742 ts_manager.cc:194] Registered new tserver with Master: 3b76351f1b4941ad88daa6af34dbb990 (127.4.20.1:43639)
I20260630 12:12:49.862341  4176 webserver.cc:533] Webserver started at http://127.4.20.2:43691/ using document root <none> and password file <none>
I20260630 12:12:49.862897  4176 fs_manager.cc:362] Metadata directory not provided
I20260630 12:12:49.863116  4176 fs_manager.cc:368] Using write-ahead log directory (fs_wal_dir) as metadata directory
I20260630 12:12:49.863381  4176 server_base.cc:909] This appears to be a new deployment of Kudu; creating new FS layout
I20260630 12:12:49.864193  7742 master_service.cc:502] Signed X509 certificate for tserver {username='slave'} at 127.0.0.1:36158
I20260630 12:12:49.864449  4176 fs_manager.cc:1068] Generated new instance metadata in path /tmp/dist-test-taskb0Exr8/test-tmp/auto_rebalancer-test.0.AutoRebalancerTest.NoReplicaMovesIfLocationLoadSkewedByOne.1782821475559104-4176-0/minicluster-data/ts-1-root/instance:
uuid: "0bc543c72e5d4a43b5d6335b5744683b"
format_stamp: "Formatted at 2026-06-30 12:12:49 on dist-test-slave-w32t"
I20260630 12:12:49.869537  4176 fs_manager.cc:696] Time spent creating directory manager: real 0.004s	user 0.000s	sys 0.004s
I20260630 12:12:49.873391  7881 log_block_manager.cc:4031] Time spent loading block containers with low live blocks: real 0.000s	user 0.000s	sys 0.000s
I20260630 12:12:49.874485  4176 fs_manager.cc:730] Time spent opening block manager: real 0.003s	user 0.002s	sys 0.002s
I20260630 12:12:49.874814  4176 fs_manager.cc:647] Opened local filesystem: /tmp/dist-test-taskb0Exr8/test-tmp/auto_rebalancer-test.0.AutoRebalancerTest.NoReplicaMovesIfLocationLoadSkewedByOne.1782821475559104-4176-0/minicluster-data/ts-1-root
uuid: "0bc543c72e5d4a43b5d6335b5744683b"
format_stamp: "Formatted at 2026-06-30 12:12:49 on dist-test-slave-w32t"
I20260630 12:12:49.875062  4176 fs_report.cc:389] FS layout report
--------------------
wal directory: /tmp/dist-test-taskb0Exr8/test-tmp/auto_rebalancer-test.0.AutoRebalancerTest.NoReplicaMovesIfLocationLoadSkewedByOne.1782821475559104-4176-0/minicluster-data/ts-1-root
metadata directory: /tmp/dist-test-taskb0Exr8/test-tmp/auto_rebalancer-test.0.AutoRebalancerTest.NoReplicaMovesIfLocationLoadSkewedByOne.1782821475559104-4176-0/minicluster-data/ts-1-root
1 data directories: /tmp/dist-test-taskb0Exr8/test-tmp/auto_rebalancer-test.0.AutoRebalancerTest.NoReplicaMovesIfLocationLoadSkewedByOne.1782821475559104-4176-0/minicluster-data/ts-1-root/data
Total live blocks: 0
Total live bytes: 0
Total live bytes (after alignment): 0
Total number of LBM containers: 0 (0 full)
Did not check for missing blocks
Did not check for orphaned blocks
Total full LBM containers with extra space: 0 (0 repaired)
Total full LBM container extra space in bytes: 0 (0 repaired)
Total incomplete LBM containers: 0 (0 repaired)
Total LBM partial records: 0 (0 repaired)
Total corrupted LBM metadata records in RocksDB: 0 (0 repaired)
I20260630 12:12:49.907517  4176 rpc_server.cc:225] running with OpenSSL 1.1.1  11 Sep 2018
I20260630 12:12:49.908967  4176 kserver.cc:163] Server-wide thread pool size limit: 3276
I20260630 12:12:49.910702  4176 txn_system_client.cc:432] TxnSystemClient initialization is disabled...
I20260630 12:12:49.913244  4176 ts_tablet_manager.cc:585] Loaded tablet metadata (0 total tablets, 0 live tablets)
I20260630 12:12:49.913605  4176 ts_tablet_manager.cc:531] Time spent load tablet metadata: real 0.000s	user 0.000s	sys 0.000s
I20260630 12:12:49.913944  4176 ts_tablet_manager.cc:616] Registered 0 tablets
I20260630 12:12:49.914163  4176 ts_tablet_manager.cc:595] Time spent register tablets: real 0.000s	user 0.000s	sys 0.000s
I20260630 12:12:49.961018  4176 rpc_server.cc:307] RPC server started. Bound to: 127.4.20.2:45401
I20260630 12:12:49.961185  7943 acceptor_pool.cc:272] collecting diagnostics on the listening RPC socket 127.4.20.2:45401 every 8 connection(s)
I20260630 12:12:49.966195  4176 file_cache.cc:492] Constructed file cache file cache with capacity 419430
W20260630 12:12:49.973958  7947 instance_detector.cc:116] could not retrieve AWS instance metadata: Network error: curl error: HTTP response code said error: The requested URL returned error: 404
W20260630 12:12:49.975695  7948 instance_detector.cc:116] could not retrieve Azure instance metadata: Network error: curl error: HTTP response code said error: The requested URL returned error: 404
W20260630 12:12:49.978745  7950 instance_detector.cc:116] could not retrieve OpenStack instance metadata: Network error: curl error: HTTP response code said error: The requested URL returned error: 404
I20260630 12:12:49.979446  4176 server_base.cc:1061] running on GCE node
I20260630 12:12:49.980798  4176 hybrid_clock.cc:584] initializing the hybrid clock with 'system_unsync' time source
W20260630 12:12:49.981081  4176 system_unsync_time.cc:38] NTP support is disabled. Clock error bounds will not be accurate. This configuration is not suitable for distributed clusters.
I20260630 12:12:49.981191  7944 heartbeater.cc:344] Connected to a master server at 127.4.20.62:45489
I20260630 12:12:49.981370  4176 hybrid_clock.cc:648] HybridClock initialized: now 1782821569981338 us; error 0 us; skew 500 ppm
I20260630 12:12:49.981657  7944 heartbeater.cc:461] Registering TS with master...
I20260630 12:12:49.982213  4176 server_base.cc:861] Flag tcmalloc_max_total_thread_cache_bytes is not working since tcmalloc is not enabled.
I20260630 12:12:49.982784  7944 heartbeater.cc:507] Master 127.4.20.62:45489 requested a full tablet report, sending...
I20260630 12:12:49.985124  4176 webserver.cc:533] Webserver started at http://127.4.20.3:41661/ using document root <none> and password file <none>
I20260630 12:12:49.985410  7742 ts_manager.cc:194] Registered new tserver with Master: 0bc543c72e5d4a43b5d6335b5744683b (127.4.20.2:45401)
I20260630 12:12:49.985913  4176 fs_manager.cc:362] Metadata directory not provided
I20260630 12:12:49.986181  4176 fs_manager.cc:368] Using write-ahead log directory (fs_wal_dir) as metadata directory
I20260630 12:12:49.986472  4176 server_base.cc:909] This appears to be a new deployment of Kudu; creating new FS layout
I20260630 12:12:49.987262  7742 master_service.cc:502] Signed X509 certificate for tserver {username='slave'} at 127.0.0.1:36160
I20260630 12:12:49.987573  4176 fs_manager.cc:1068] Generated new instance metadata in path /tmp/dist-test-taskb0Exr8/test-tmp/auto_rebalancer-test.0.AutoRebalancerTest.NoReplicaMovesIfLocationLoadSkewedByOne.1782821475559104-4176-0/minicluster-data/ts-2-root/instance:
uuid: "e407062593b0405d95ae29a11f66dee5"
format_stamp: "Formatted at 2026-06-30 12:12:49 on dist-test-slave-w32t"
I20260630 12:12:49.991817  4176 fs_manager.cc:696] Time spent creating directory manager: real 0.004s	user 0.006s	sys 0.000s
I20260630 12:12:49.995326  7955 log_block_manager.cc:4031] Time spent loading block containers with low live blocks: real 0.000s	user 0.000s	sys 0.000s
I20260630 12:12:49.996419  4176 fs_manager.cc:730] Time spent opening block manager: real 0.003s	user 0.003s	sys 0.000s
I20260630 12:12:49.996764  4176 fs_manager.cc:647] Opened local filesystem: /tmp/dist-test-taskb0Exr8/test-tmp/auto_rebalancer-test.0.AutoRebalancerTest.NoReplicaMovesIfLocationLoadSkewedByOne.1782821475559104-4176-0/minicluster-data/ts-2-root
uuid: "e407062593b0405d95ae29a11f66dee5"
format_stamp: "Formatted at 2026-06-30 12:12:49 on dist-test-slave-w32t"
I20260630 12:12:49.997113  4176 fs_report.cc:389] FS layout report
--------------------
wal directory: /tmp/dist-test-taskb0Exr8/test-tmp/auto_rebalancer-test.0.AutoRebalancerTest.NoReplicaMovesIfLocationLoadSkewedByOne.1782821475559104-4176-0/minicluster-data/ts-2-root
metadata directory: /tmp/dist-test-taskb0Exr8/test-tmp/auto_rebalancer-test.0.AutoRebalancerTest.NoReplicaMovesIfLocationLoadSkewedByOne.1782821475559104-4176-0/minicluster-data/ts-2-root
1 data directories: /tmp/dist-test-taskb0Exr8/test-tmp/auto_rebalancer-test.0.AutoRebalancerTest.NoReplicaMovesIfLocationLoadSkewedByOne.1782821475559104-4176-0/minicluster-data/ts-2-root/data
Total live blocks: 0
Total live bytes: 0
Total live bytes (after alignment): 0
Total number of LBM containers: 0 (0 full)
Did not check for missing blocks
Did not check for orphaned blocks
Total full LBM containers with extra space: 0 (0 repaired)
Total full LBM container extra space in bytes: 0 (0 repaired)
Total incomplete LBM containers: 0 (0 repaired)
Total LBM partial records: 0 (0 repaired)
Total corrupted LBM metadata records in RocksDB: 0 (0 repaired)
I20260630 12:12:50.008390  4176 rpc_server.cc:225] running with OpenSSL 1.1.1  11 Sep 2018
I20260630 12:12:50.009485  4176 kserver.cc:163] Server-wide thread pool size limit: 3276
I20260630 12:12:50.010838  4176 txn_system_client.cc:432] TxnSystemClient initialization is disabled...
I20260630 12:12:50.013403  4176 ts_tablet_manager.cc:585] Loaded tablet metadata (0 total tablets, 0 live tablets)
I20260630 12:12:50.013626  4176 ts_tablet_manager.cc:531] Time spent load tablet metadata: real 0.000s	user 0.000s	sys 0.000s
I20260630 12:12:50.013988  4176 ts_tablet_manager.cc:616] Registered 0 tablets
I20260630 12:12:50.014156  4176 ts_tablet_manager.cc:595] Time spent register tablets: real 0.000s	user 0.000s	sys 0.000s
I20260630 12:12:50.059284  4176 rpc_server.cc:307] RPC server started. Bound to: 127.4.20.3:43683
I20260630 12:12:50.059417  8017 acceptor_pool.cc:272] collecting diagnostics on the listening RPC socket 127.4.20.3:43683 every 8 connection(s)
I20260630 12:12:50.064596  4176 file_cache.cc:492] Constructed file cache file cache with capacity 419430
W20260630 12:12:50.071570  8021 instance_detector.cc:116] could not retrieve AWS instance metadata: Network error: curl error: HTTP response code said error: The requested URL returned error: 404
W20260630 12:12:50.072297  8022 instance_detector.cc:116] could not retrieve Azure instance metadata: Network error: curl error: HTTP response code said error: The requested URL returned error: 404
W20260630 12:12:50.076421  8025 instance_detector.cc:116] could not retrieve OpenStack instance metadata: Network error: curl error: HTTP response code said error: The requested URL returned error: 404
I20260630 12:12:50.077504  4176 server_base.cc:1061] running on GCE node
I20260630 12:12:50.078519  8018 heartbeater.cc:344] Connected to a master server at 127.4.20.62:45489
I20260630 12:12:50.078644  4176 hybrid_clock.cc:584] initializing the hybrid clock with 'system_unsync' time source
I20260630 12:12:50.078974  8018 heartbeater.cc:461] Registering TS with master...
W20260630 12:12:50.078994  4176 system_unsync_time.cc:38] NTP support is disabled. Clock error bounds will not be accurate. This configuration is not suitable for distributed clusters.
I20260630 12:12:50.079519  4176 hybrid_clock.cc:648] HybridClock initialized: now 1782821570079501 us; error 0 us; skew 500 ppm
I20260630 12:12:50.080094  4176 server_base.cc:861] Flag tcmalloc_max_total_thread_cache_bytes is not working since tcmalloc is not enabled.
I20260630 12:12:50.080076  8018 heartbeater.cc:507] Master 127.4.20.62:45489 requested a full tablet report, sending...
I20260630 12:12:50.082588  7742 ts_manager.cc:194] Registered new tserver with Master: e407062593b0405d95ae29a11f66dee5 (127.4.20.3:43683)
I20260630 12:12:50.083330  4176 webserver.cc:533] Webserver started at http://127.4.20.4:45957/ using document root <none> and password file <none>
I20260630 12:12:50.083842  4176 fs_manager.cc:362] Metadata directory not provided
I20260630 12:12:50.084053  4176 fs_manager.cc:368] Using write-ahead log directory (fs_wal_dir) as metadata directory
I20260630 12:12:50.084105  7742 master_service.cc:502] Signed X509 certificate for tserver {username='slave'} at 127.0.0.1:36170
I20260630 12:12:50.084321  4176 server_base.cc:909] This appears to be a new deployment of Kudu; creating new FS layout
I20260630 12:12:50.085588  4176 fs_manager.cc:1068] Generated new instance metadata in path /tmp/dist-test-taskb0Exr8/test-tmp/auto_rebalancer-test.0.AutoRebalancerTest.NoReplicaMovesIfLocationLoadSkewedByOne.1782821475559104-4176-0/minicluster-data/ts-3-root/instance:
uuid: "920fae08a9194cf7817e745062dc7efa"
format_stamp: "Formatted at 2026-06-30 12:12:50 on dist-test-slave-w32t"
I20260630 12:12:50.089811  4176 fs_manager.cc:696] Time spent creating directory manager: real 0.004s	user 0.001s	sys 0.004s
I20260630 12:12:50.093183  8029 log_block_manager.cc:4031] Time spent loading block containers with low live blocks: real 0.000s	user 0.000s	sys 0.000s
I20260630 12:12:50.093940  4176 fs_manager.cc:730] Time spent opening block manager: real 0.002s	user 0.003s	sys 0.000s
I20260630 12:12:50.094255  4176 fs_manager.cc:647] Opened local filesystem: /tmp/dist-test-taskb0Exr8/test-tmp/auto_rebalancer-test.0.AutoRebalancerTest.NoReplicaMovesIfLocationLoadSkewedByOne.1782821475559104-4176-0/minicluster-data/ts-3-root
uuid: "920fae08a9194cf7817e745062dc7efa"
format_stamp: "Formatted at 2026-06-30 12:12:50 on dist-test-slave-w32t"
I20260630 12:12:50.094543  4176 fs_report.cc:389] FS layout report
--------------------
wal directory: /tmp/dist-test-taskb0Exr8/test-tmp/auto_rebalancer-test.0.AutoRebalancerTest.NoReplicaMovesIfLocationLoadSkewedByOne.1782821475559104-4176-0/minicluster-data/ts-3-root
metadata directory: /tmp/dist-test-taskb0Exr8/test-tmp/auto_rebalancer-test.0.AutoRebalancerTest.NoReplicaMovesIfLocationLoadSkewedByOne.1782821475559104-4176-0/minicluster-data/ts-3-root
1 data directories: /tmp/dist-test-taskb0Exr8/test-tmp/auto_rebalancer-test.0.AutoRebalancerTest.NoReplicaMovesIfLocationLoadSkewedByOne.1782821475559104-4176-0/minicluster-data/ts-3-root/data
Total live blocks: 0
Total live bytes: 0
Total live bytes (after alignment): 0
Total number of LBM containers: 0 (0 full)
Did not check for missing blocks
Did not check for orphaned blocks
Total full LBM containers with extra space: 0 (0 repaired)
Total full LBM container extra space in bytes: 0 (0 repaired)
Total incomplete LBM containers: 0 (0 repaired)
Total LBM partial records: 0 (0 repaired)
Total corrupted LBM metadata records in RocksDB: 0 (0 repaired)
I20260630 12:12:50.106980  4176 rpc_server.cc:225] running with OpenSSL 1.1.1  11 Sep 2018
I20260630 12:12:50.108152  4176 kserver.cc:163] Server-wide thread pool size limit: 3276
I20260630 12:12:50.109584  4176 txn_system_client.cc:432] TxnSystemClient initialization is disabled...
I20260630 12:12:50.111837  4176 ts_tablet_manager.cc:585] Loaded tablet metadata (0 total tablets, 0 live tablets)
I20260630 12:12:50.112071  4176 ts_tablet_manager.cc:531] Time spent load tablet metadata: real 0.000s	user 0.000s	sys 0.000s
I20260630 12:12:50.112322  4176 ts_tablet_manager.cc:616] Registered 0 tablets
I20260630 12:12:50.112514  4176 ts_tablet_manager.cc:595] Time spent register tablets: real 0.000s	user 0.001s	sys 0.000s
I20260630 12:12:50.154420  4176 rpc_server.cc:307] RPC server started. Bound to: 127.4.20.4:35373
I20260630 12:12:50.154510  8091 acceptor_pool.cc:272] collecting diagnostics on the listening RPC socket 127.4.20.4:35373 every 8 connection(s)
I20260630 12:12:50.169872  8092 heartbeater.cc:344] Connected to a master server at 127.4.20.62:45489
I20260630 12:12:50.170372  8092 heartbeater.cc:461] Registering TS with master...
I20260630 12:12:50.171231  8092 heartbeater.cc:507] Master 127.4.20.62:45489 requested a full tablet report, sending...
I20260630 12:12:50.173696  7742 ts_manager.cc:194] Registered new tserver with Master: 920fae08a9194cf7817e745062dc7efa (127.4.20.4:35373)
I20260630 12:12:50.174098  4176 internal_mini_cluster.cc:371] 4 TS(s) registered with all masters after 0.016369434s
I20260630 12:12:50.175148  7742 master_service.cc:502] Signed X509 certificate for tserver {username='slave'} at 127.0.0.1:36186
I20260630 12:12:50.731029  7742 catalog_manager.cc:2283] Servicing CreateTable request from {username='slave'} at 127.0.0.1:36210:
name: "test-workload"
schema {
  columns {
    name: "key"
    type: INT32
    is_key: true
    is_nullable: false
    encoding: AUTO_ENCODING
    compression: DEFAULT_COMPRESSION
    cfile_block_size: 0
    immutable: false
  }
  columns {
    name: "int_val"
    type: INT32
    is_key: false
    is_nullable: false
    encoding: AUTO_ENCODING
    compression: DEFAULT_COMPRESSION
    cfile_block_size: 0
    immutable: false
  }
  columns {
    name: "string_val"
    type: STRING
    is_key: false
    is_nullable: true
    encoding: AUTO_ENCODING
    compression: DEFAULT_COMPRESSION
    cfile_block_size: 0
    immutable: false
  }
}
num_replicas: 3
split_rows_range_bounds {
}
partition_schema {
  range_schema {
    columns {
      name: "key"
    }
  }
}
I20260630 12:12:50.778399  7909 tablet_service.cc:1511] Processing CreateTablet for tablet 405b5d7d22b84be792fcda548563c7e5 (DEFAULT_TABLE table=test-workload [id=85e2659f7fbd429b9d68018556f37ed9]), partition=RANGE (key) PARTITION UNBOUNDED
I20260630 12:12:50.779884  7909 data_dirs.cc:400] Could only allocate 1 dirs of requested 3 for tablet 405b5d7d22b84be792fcda548563c7e5. 1 dirs total, 0 dirs full, 0 dirs failed
I20260630 12:12:50.783347  8057 tablet_service.cc:1511] Processing CreateTablet for tablet 405b5d7d22b84be792fcda548563c7e5 (DEFAULT_TABLE table=test-workload [id=85e2659f7fbd429b9d68018556f37ed9]), partition=RANGE (key) PARTITION UNBOUNDED
I20260630 12:12:50.784796  8057 data_dirs.cc:400] Could only allocate 1 dirs of requested 3 for tablet 405b5d7d22b84be792fcda548563c7e5. 1 dirs total, 0 dirs full, 0 dirs failed
I20260630 12:12:50.790866  7983 tablet_service.cc:1511] Processing CreateTablet for tablet 405b5d7d22b84be792fcda548563c7e5 (DEFAULT_TABLE table=test-workload [id=85e2659f7fbd429b9d68018556f37ed9]), partition=RANGE (key) PARTITION UNBOUNDED
I20260630 12:12:50.792260  7983 data_dirs.cc:400] Could only allocate 1 dirs of requested 3 for tablet 405b5d7d22b84be792fcda548563c7e5. 1 dirs total, 0 dirs full, 0 dirs failed
I20260630 12:12:50.800432  8113 tablet_bootstrap.cc:492] T 405b5d7d22b84be792fcda548563c7e5 P 0bc543c72e5d4a43b5d6335b5744683b: Bootstrap starting.
I20260630 12:12:50.807125  8113 tablet_bootstrap.cc:654] T 405b5d7d22b84be792fcda548563c7e5 P 0bc543c72e5d4a43b5d6335b5744683b: Neither blocks nor log segments found. Creating new log.
I20260630 12:12:50.811148  8114 tablet_bootstrap.cc:492] T 405b5d7d22b84be792fcda548563c7e5 P 920fae08a9194cf7817e745062dc7efa: Bootstrap starting.
I20260630 12:12:50.811939  8115 tablet_bootstrap.cc:492] T 405b5d7d22b84be792fcda548563c7e5 P e407062593b0405d95ae29a11f66dee5: Bootstrap starting.
I20260630 12:12:50.814744  8113 tablet_bootstrap.cc:492] T 405b5d7d22b84be792fcda548563c7e5 P 0bc543c72e5d4a43b5d6335b5744683b: No bootstrap required, opened a new log
I20260630 12:12:50.815361  8113 ts_tablet_manager.cc:1403] T 405b5d7d22b84be792fcda548563c7e5 P 0bc543c72e5d4a43b5d6335b5744683b: Time spent bootstrapping tablet: real 0.015s	user 0.010s	sys 0.004s
I20260630 12:12:50.816540  8114 tablet_bootstrap.cc:654] T 405b5d7d22b84be792fcda548563c7e5 P 920fae08a9194cf7817e745062dc7efa: Neither blocks nor log segments found. Creating new log.
I20260630 12:12:50.818235  8115 tablet_bootstrap.cc:654] T 405b5d7d22b84be792fcda548563c7e5 P e407062593b0405d95ae29a11f66dee5: Neither blocks nor log segments found. Creating new log.
I20260630 12:12:50.818369  8113 raft_consensus.cc:359] T 405b5d7d22b84be792fcda548563c7e5 P 0bc543c72e5d4a43b5d6335b5744683b [term 0 FOLLOWER]: Replica starting. Triggering 0 pending ops. Active config: opid_index: -1 OBSOLETE_local: false peers { permanent_uuid: "0bc543c72e5d4a43b5d6335b5744683b" member_type: VOTER last_known_addr { host: "127.4.20.2" port: 45401 } } peers { permanent_uuid: "920fae08a9194cf7817e745062dc7efa" member_type: VOTER last_known_addr { host: "127.4.20.4" port: 35373 } } peers { permanent_uuid: "e407062593b0405d95ae29a11f66dee5" member_type: VOTER last_known_addr { host: "127.4.20.3" port: 43683 } }
I20260630 12:12:50.819165  8113 raft_consensus.cc:385] T 405b5d7d22b84be792fcda548563c7e5 P 0bc543c72e5d4a43b5d6335b5744683b [term 0 FOLLOWER]: Consensus starting up: Expiring failure detector timer to make a prompt election more likely
I20260630 12:12:50.819505  8113 raft_consensus.cc:740] T 405b5d7d22b84be792fcda548563c7e5 P 0bc543c72e5d4a43b5d6335b5744683b [term 0 FOLLOWER]: Becoming Follower/Learner. State: Replica: 0bc543c72e5d4a43b5d6335b5744683b, State: Initialized, Role: FOLLOWER
I20260630 12:12:50.820322  8113 consensus_queue.cc:260] T 405b5d7d22b84be792fcda548563c7e5 P 0bc543c72e5d4a43b5d6335b5744683b [NON_LEADER]: Queue going to NON_LEADER mode. State: All replicated index: 0, Majority replicated index: 0, Committed index: 0, Last appended: 0.0, Last appended by leader: 0, Current term: 0, Majority size: -1, State: 0, Mode: NON_LEADER, active raft config: opid_index: -1 OBSOLETE_local: false peers { permanent_uuid: "0bc543c72e5d4a43b5d6335b5744683b" member_type: VOTER last_known_addr { host: "127.4.20.2" port: 45401 } } peers { permanent_uuid: "920fae08a9194cf7817e745062dc7efa" member_type: VOTER last_known_addr { host: "127.4.20.4" port: 35373 } } peers { permanent_uuid: "e407062593b0405d95ae29a11f66dee5" member_type: VOTER last_known_addr { host: "127.4.20.3" port: 43683 } }
I20260630 12:12:50.822114  8114 tablet_bootstrap.cc:492] T 405b5d7d22b84be792fcda548563c7e5 P 920fae08a9194cf7817e745062dc7efa: No bootstrap required, opened a new log
I20260630 12:12:50.822909  8114 ts_tablet_manager.cc:1403] T 405b5d7d22b84be792fcda548563c7e5 P 920fae08a9194cf7817e745062dc7efa: Time spent bootstrapping tablet: real 0.012s	user 0.005s	sys 0.006s
I20260630 12:12:50.823007  7944 heartbeater.cc:499] Master 127.4.20.62:45489 was elected leader, sending a full tablet report...
I20260630 12:12:50.823333  8113 ts_tablet_manager.cc:1434] T 405b5d7d22b84be792fcda548563c7e5 P 0bc543c72e5d4a43b5d6335b5744683b: Time spent starting tablet: real 0.008s	user 0.003s	sys 0.003s
I20260630 12:12:50.824543  8115 tablet_bootstrap.cc:492] T 405b5d7d22b84be792fcda548563c7e5 P e407062593b0405d95ae29a11f66dee5: No bootstrap required, opened a new log
I20260630 12:12:50.824986  8115 ts_tablet_manager.cc:1403] T 405b5d7d22b84be792fcda548563c7e5 P e407062593b0405d95ae29a11f66dee5: Time spent bootstrapping tablet: real 0.013s	user 0.006s	sys 0.005s
I20260630 12:12:50.825978  8114 raft_consensus.cc:359] T 405b5d7d22b84be792fcda548563c7e5 P 920fae08a9194cf7817e745062dc7efa [term 0 FOLLOWER]: Replica starting. Triggering 0 pending ops. Active config: opid_index: -1 OBSOLETE_local: false peers { permanent_uuid: "0bc543c72e5d4a43b5d6335b5744683b" member_type: VOTER last_known_addr { host: "127.4.20.2" port: 45401 } } peers { permanent_uuid: "920fae08a9194cf7817e745062dc7efa" member_type: VOTER last_known_addr { host: "127.4.20.4" port: 35373 } } peers { permanent_uuid: "e407062593b0405d95ae29a11f66dee5" member_type: VOTER last_known_addr { host: "127.4.20.3" port: 43683 } }
I20260630 12:12:50.826822  8114 raft_consensus.cc:385] T 405b5d7d22b84be792fcda548563c7e5 P 920fae08a9194cf7817e745062dc7efa [term 0 FOLLOWER]: Consensus starting up: Expiring failure detector timer to make a prompt election more likely
I20260630 12:12:50.827179  8114 raft_consensus.cc:740] T 405b5d7d22b84be792fcda548563c7e5 P 920fae08a9194cf7817e745062dc7efa [term 0 FOLLOWER]: Becoming Follower/Learner. State: Replica: 920fae08a9194cf7817e745062dc7efa, State: Initialized, Role: FOLLOWER
I20260630 12:12:50.827334  8115 raft_consensus.cc:359] T 405b5d7d22b84be792fcda548563c7e5 P e407062593b0405d95ae29a11f66dee5 [term 0 FOLLOWER]: Replica starting. Triggering 0 pending ops. Active config: opid_index: -1 OBSOLETE_local: false peers { permanent_uuid: "0bc543c72e5d4a43b5d6335b5744683b" member_type: VOTER last_known_addr { host: "127.4.20.2" port: 45401 } } peers { permanent_uuid: "920fae08a9194cf7817e745062dc7efa" member_type: VOTER last_known_addr { host: "127.4.20.4" port: 35373 } } peers { permanent_uuid: "e407062593b0405d95ae29a11f66dee5" member_type: VOTER last_known_addr { host: "127.4.20.3" port: 43683 } }
I20260630 12:12:50.828115  8115 raft_consensus.cc:385] T 405b5d7d22b84be792fcda548563c7e5 P e407062593b0405d95ae29a11f66dee5 [term 0 FOLLOWER]: Consensus starting up: Expiring failure detector timer to make a prompt election more likely
I20260630 12:12:50.828781  8115 raft_consensus.cc:740] T 405b5d7d22b84be792fcda548563c7e5 P e407062593b0405d95ae29a11f66dee5 [term 0 FOLLOWER]: Becoming Follower/Learner. State: Replica: e407062593b0405d95ae29a11f66dee5, State: Initialized, Role: FOLLOWER
I20260630 12:12:50.828099  8114 consensus_queue.cc:260] T 405b5d7d22b84be792fcda548563c7e5 P 920fae08a9194cf7817e745062dc7efa [NON_LEADER]: Queue going to NON_LEADER mode. State: All replicated index: 0, Majority replicated index: 0, Committed index: 0, Last appended: 0.0, Last appended by leader: 0, Current term: 0, Majority size: -1, State: 0, Mode: NON_LEADER, active raft config: opid_index: -1 OBSOLETE_local: false peers { permanent_uuid: "0bc543c72e5d4a43b5d6335b5744683b" member_type: VOTER last_known_addr { host: "127.4.20.2" port: 45401 } } peers { permanent_uuid: "920fae08a9194cf7817e745062dc7efa" member_type: VOTER last_known_addr { host: "127.4.20.4" port: 35373 } } peers { permanent_uuid: "e407062593b0405d95ae29a11f66dee5" member_type: VOTER last_known_addr { host: "127.4.20.3" port: 43683 } }
I20260630 12:12:50.829499  8115 consensus_queue.cc:260] T 405b5d7d22b84be792fcda548563c7e5 P e407062593b0405d95ae29a11f66dee5 [NON_LEADER]: Queue going to NON_LEADER mode. State: All replicated index: 0, Majority replicated index: 0, Committed index: 0, Last appended: 0.0, Last appended by leader: 0, Current term: 0, Majority size: -1, State: 0, Mode: NON_LEADER, active raft config: opid_index: -1 OBSOLETE_local: false peers { permanent_uuid: "0bc543c72e5d4a43b5d6335b5744683b" member_type: VOTER last_known_addr { host: "127.4.20.2" port: 45401 } } peers { permanent_uuid: "920fae08a9194cf7817e745062dc7efa" member_type: VOTER last_known_addr { host: "127.4.20.4" port: 35373 } } peers { permanent_uuid: "e407062593b0405d95ae29a11f66dee5" member_type: VOTER last_known_addr { host: "127.4.20.3" port: 43683 } }
I20260630 12:12:50.830996  8092 heartbeater.cc:499] Master 127.4.20.62:45489 was elected leader, sending a full tablet report...
I20260630 12:12:50.831571  8114 ts_tablet_manager.cc:1434] T 405b5d7d22b84be792fcda548563c7e5 P 920fae08a9194cf7817e745062dc7efa: Time spent starting tablet: real 0.008s	user 0.008s	sys 0.000s
I20260630 12:12:50.833864  8018 heartbeater.cc:499] Master 127.4.20.62:45489 was elected leader, sending a full tablet report...
I20260630 12:12:50.834360  8115 ts_tablet_manager.cc:1434] T 405b5d7d22b84be792fcda548563c7e5 P e407062593b0405d95ae29a11f66dee5: Time spent starting tablet: real 0.009s	user 0.006s	sys 0.000s
I20260630 12:12:50.867343  7869 heartbeater.cc:499] Master 127.4.20.62:45489 was elected leader, sending a full tablet report...
I20260630 12:12:51.050149  8119 raft_consensus.cc:493] T 405b5d7d22b84be792fcda548563c7e5 P 0bc543c72e5d4a43b5d6335b5744683b [term 0 FOLLOWER]: Starting pre-election (no leader contacted us within the election timeout)
I20260630 12:12:51.050619  8119 raft_consensus.cc:515] T 405b5d7d22b84be792fcda548563c7e5 P 0bc543c72e5d4a43b5d6335b5744683b [term 0 FOLLOWER]: Starting pre-election with config: opid_index: -1 OBSOLETE_local: false peers { permanent_uuid: "0bc543c72e5d4a43b5d6335b5744683b" member_type: VOTER last_known_addr { host: "127.4.20.2" port: 45401 } } peers { permanent_uuid: "920fae08a9194cf7817e745062dc7efa" member_type: VOTER last_known_addr { host: "127.4.20.4" port: 35373 } } peers { permanent_uuid: "e407062593b0405d95ae29a11f66dee5" member_type: VOTER last_known_addr { host: "127.4.20.3" port: 43683 } }
I20260630 12:12:51.052801  8119 leader_election.cc:290] T 405b5d7d22b84be792fcda548563c7e5 P 0bc543c72e5d4a43b5d6335b5744683b [CANDIDATE]: Term 1 pre-election: Requested pre-vote from peers 920fae08a9194cf7817e745062dc7efa (127.4.20.4:35373), e407062593b0405d95ae29a11f66dee5 (127.4.20.3:43683)
I20260630 12:12:51.064174  8067 tablet_service.cc:1917] Received RequestConsensusVote() RPC: tablet_id: "405b5d7d22b84be792fcda548563c7e5" candidate_uuid: "0bc543c72e5d4a43b5d6335b5744683b" candidate_term: 1 candidate_status { last_received { term: 0 index: 0 } } ignore_live_leader: false dest_uuid: "920fae08a9194cf7817e745062dc7efa" is_pre_election: true
I20260630 12:12:51.064405  7993 tablet_service.cc:1917] Received RequestConsensusVote() RPC: tablet_id: "405b5d7d22b84be792fcda548563c7e5" candidate_uuid: "0bc543c72e5d4a43b5d6335b5744683b" candidate_term: 1 candidate_status { last_received { term: 0 index: 0 } } ignore_live_leader: false dest_uuid: "e407062593b0405d95ae29a11f66dee5" is_pre_election: true
I20260630 12:12:51.065110  8067 raft_consensus.cc:2468] T 405b5d7d22b84be792fcda548563c7e5 P 920fae08a9194cf7817e745062dc7efa [term 0 FOLLOWER]: Leader pre-election vote request: Granting yes vote for candidate 0bc543c72e5d4a43b5d6335b5744683b in term 0.
