I20260630 12:11:31.244349  8849 sys_catalog.cc:455] T 00000000000000000000000000000000 P 4874794949f141e1b9400628ae4b53ff [sys.catalog]: SysCatalogTable state changed. Reason: RaftConsensus started. Latest consensus state: current_term: 0 committed_config { opid_index: -1 OBSOLETE_local: false peers { permanent_uuid: "00420c6b9cd44615a1b6ea4e0aa70a46" member_type: VOTER last_known_addr { host: "127.7.98.62" port: 34971 } } peers { permanent_uuid: "8d4d724d0622475195d2c84e9cb8757c" member_type: VOTER last_known_addr { host: "127.7.98.61" port: 45085 } } peers { permanent_uuid: "4874794949f141e1b9400628ae4b53ff" member_type: VOTER last_known_addr { host: "127.7.98.60" port: 43795 } } }
I20260630 12:11:31.245519  8849 sys_catalog.cc:458] T 00000000000000000000000000000000 P 4874794949f141e1b9400628ae4b53ff [sys.catalog]: This master's current role is: FOLLOWER
I20260630 12:11:31.246043  8842 sys_catalog.cc:565] T 00000000000000000000000000000000 P 4874794949f141e1b9400628ae4b53ff [sys.catalog]: configured and running, proceeding with master startup.
I20260630 12:11:31.247331  8850 sys_catalog.cc:455] T 00000000000000000000000000000000 P 8d4d724d0622475195d2c84e9cb8757c [sys.catalog]: SysCatalogTable state changed. Reason: RaftConsensus started. Latest consensus state: current_term: 0 committed_config { opid_index: -1 OBSOLETE_local: false peers { permanent_uuid: "00420c6b9cd44615a1b6ea4e0aa70a46" member_type: VOTER last_known_addr { host: "127.7.98.62" port: 34971 } } peers { permanent_uuid: "8d4d724d0622475195d2c84e9cb8757c" member_type: VOTER last_known_addr { host: "127.7.98.61" port: 45085 } } peers { permanent_uuid: "4874794949f141e1b9400628ae4b53ff" member_type: VOTER last_known_addr { host: "127.7.98.60" port: 43795 } } }
I20260630 12:11:31.248216  8850 sys_catalog.cc:458] T 00000000000000000000000000000000 P 8d4d724d0622475195d2c84e9cb8757c [sys.catalog]: This master's current role is: FOLLOWER
I20260630 12:11:31.248942  8777 sys_catalog.cc:565] T 00000000000000000000000000000000 P 8d4d724d0622475195d2c84e9cb8757c [sys.catalog]: configured and running, proceeding with master startup.
I20260630 12:11:31.250087  8712 tablet_bootstrap.cc:654] T 00000000000000000000000000000000 P 00420c6b9cd44615a1b6ea4e0aa70a46: Neither blocks nor log segments found. Creating new log.
I20260630 12:11:31.258510  8712 tablet_bootstrap.cc:492] T 00000000000000000000000000000000 P 00420c6b9cd44615a1b6ea4e0aa70a46: No bootstrap required, opened a new log
I20260630 12:11:31.261793  8712 raft_consensus.cc:359] T 00000000000000000000000000000000 P 00420c6b9cd44615a1b6ea4e0aa70a46 [term 0 FOLLOWER]: Replica starting. Triggering 0 pending ops. Active config: opid_index: -1 OBSOLETE_local: false peers { permanent_uuid: "00420c6b9cd44615a1b6ea4e0aa70a46" member_type: VOTER last_known_addr { host: "127.7.98.62" port: 34971 } } peers { permanent_uuid: "8d4d724d0622475195d2c84e9cb8757c" member_type: VOTER last_known_addr { host: "127.7.98.61" port: 45085 } } peers { permanent_uuid: "4874794949f141e1b9400628ae4b53ff" member_type: VOTER last_known_addr { host: "127.7.98.60" port: 43795 } }
I20260630 12:11:31.262719  8712 raft_consensus.cc:385] T 00000000000000000000000000000000 P 00420c6b9cd44615a1b6ea4e0aa70a46 [term 0 FOLLOWER]: Consensus starting up: Expiring failure detector timer to make a prompt election more likely
I20260630 12:11:31.263124  8712 raft_consensus.cc:740] T 00000000000000000000000000000000 P 00420c6b9cd44615a1b6ea4e0aa70a46 [term 0 FOLLOWER]: Becoming Follower/Learner. State: Replica: 00420c6b9cd44615a1b6ea4e0aa70a46, State: Initialized, Role: FOLLOWER
I20260630 12:11:31.263978  8712 consensus_queue.cc:260] T 00000000000000000000000000000000 P 00420c6b9cd44615a1b6ea4e0aa70a46 [NON_LEADER]: Queue going to NON_LEADER mode. State: All replicated index: 0, Majority replicated index: 0, Committed index: 0, Last appended: 0.0, Last appended by leader: 0, Current term: 0, Majority size: -1, State: 0, Mode: NON_LEADER, active raft config: opid_index: -1 OBSOLETE_local: false peers { permanent_uuid: "00420c6b9cd44615a1b6ea4e0aa70a46" member_type: VOTER last_known_addr { host: "127.7.98.62" port: 34971 } } peers { permanent_uuid: "8d4d724d0622475195d2c84e9cb8757c" member_type: VOTER last_known_addr { host: "127.7.98.61" port: 45085 } } peers { permanent_uuid: "4874794949f141e1b9400628ae4b53ff" member_type: VOTER last_known_addr { host: "127.7.98.60" port: 43795 } }
I20260630 12:11:31.266638  8871 sys_catalog.cc:455] T 00000000000000000000000000000000 P 00420c6b9cd44615a1b6ea4e0aa70a46 [sys.catalog]: SysCatalogTable state changed. Reason: RaftConsensus started. Latest consensus state: current_term: 0 committed_config { opid_index: -1 OBSOLETE_local: false peers { permanent_uuid: "00420c6b9cd44615a1b6ea4e0aa70a46" member_type: VOTER last_known_addr { host: "127.7.98.62" port: 34971 } } peers { permanent_uuid: "8d4d724d0622475195d2c84e9cb8757c" member_type: VOTER last_known_addr { host: "127.7.98.61" port: 45085 } } peers { permanent_uuid: "4874794949f141e1b9400628ae4b53ff" member_type: VOTER last_known_addr { host: "127.7.98.60" port: 43795 } } }
I20260630 12:11:31.267813  8871 sys_catalog.cc:458] T 00000000000000000000000000000000 P 00420c6b9cd44615a1b6ea4e0aa70a46 [sys.catalog]: This master's current role is: FOLLOWER
I20260630 12:11:31.268294  8712 sys_catalog.cc:565] T 00000000000000000000000000000000 P 00420c6b9cd44615a1b6ea4e0aa70a46 [sys.catalog]: configured and running, proceeding with master startup.
W20260630 12:11:31.270144  8869 catalog_manager.cc:1594] T 00000000000000000000000000000000 P 4874794949f141e1b9400628ae4b53ff: loading cluster ID for follower catalog manager: Not found: cluster ID entry not found
W20260630 12:11:31.270547  8869 catalog_manager.cc:883] Not found: cluster ID entry not found: failed to prepare follower catalog manager, will retry
W20260630 12:11:31.275192  8874 catalog_manager.cc:1594] T 00000000000000000000000000000000 P 8d4d724d0622475195d2c84e9cb8757c: loading cluster ID for follower catalog manager: Not found: cluster ID entry not found
W20260630 12:11:31.275630  8874 catalog_manager.cc:883] Not found: cluster ID entry not found: failed to prepare follower catalog manager, will retry
I20260630 12:11:31.281608  7560 internal_mini_cluster.cc:184] Waiting to initialize catalog manager on master 1
I20260630 12:11:31.281930  7560 internal_mini_cluster.cc:184] Waiting to initialize catalog manager on master 2
I20260630 12:11:31.283435  7560 file_cache.cc:492] Constructed file cache file cache with capacity 419430
W20260630 12:11:31.284847  8885 catalog_manager.cc:1594] T 00000000000000000000000000000000 P 00420c6b9cd44615a1b6ea4e0aa70a46: loading cluster ID for follower catalog manager: Not found: cluster ID entry not found
W20260630 12:11:31.285120  8885 catalog_manager.cc:883] Not found: cluster ID entry not found: failed to prepare follower catalog manager, will retry
W20260630 12:11:31.290242  8886 instance_detector.cc:116] could not retrieve AWS instance metadata: Network error: curl error: HTTP response code said error: The requested URL returned error: 404
W20260630 12:11:31.290851  8887 instance_detector.cc:116] could not retrieve Azure instance metadata: Network error: curl error: HTTP response code said error: The requested URL returned error: 404
I20260630 12:11:31.293370  7560 server_base.cc:1061] running on GCE node
W20260630 12:11:31.293754  8889 instance_detector.cc:116] could not retrieve OpenStack instance metadata: Network error: curl error: HTTP response code said error: The requested URL returned error: 404
I20260630 12:11:31.294788  7560 hybrid_clock.cc:584] initializing the hybrid clock with 'system_unsync' time source
W20260630 12:11:31.294984  7560 system_unsync_time.cc:38] NTP support is disabled. Clock error bounds will not be accurate. This configuration is not suitable for distributed clusters.
I20260630 12:11:31.295140  7560 hybrid_clock.cc:648] HybridClock initialized: now 1782821491295129 us; error 0 us; skew 500 ppm
I20260630 12:11:31.295555  7560 server_base.cc:861] Flag tcmalloc_max_total_thread_cache_bytes is not working since tcmalloc is not enabled.
I20260630 12:11:31.297997  7560 webserver.cc:533] Webserver started at http://127.7.98.1:39941/ using document root <none> and password file <none>
I20260630 12:11:31.298511  7560 fs_manager.cc:362] Metadata directory not provided
I20260630 12:11:31.298692  7560 fs_manager.cc:368] Using write-ahead log directory (fs_wal_dir) as metadata directory
I20260630 12:11:31.298908  7560 server_base.cc:909] This appears to be a new deployment of Kudu; creating new FS layout
I20260630 12:11:31.300005  7560 fs_manager.cc:1068] Generated new instance metadata in path /tmp/dist-test-taske2viAL/test-tmp/auto_rebalancer-test.0.AutoRebalancerTest.NextLeaderResumesAutoRebalancing.1782821474261889-7560-0/minicluster-data/ts-0-root/instance:
uuid: "1ff4b457e5374feda917eb99f7f7ba62"
format_stamp: "Formatted at 2026-06-30 12:11:31 on dist-test-slave-c6n3"
I20260630 12:11:31.304740  7560 fs_manager.cc:696] Time spent creating directory manager: real 0.004s	user 0.005s	sys 0.000s
I20260630 12:11:31.308367  8894 log_block_manager.cc:4031] Time spent loading block containers with low live blocks: real 0.000s	user 0.000s	sys 0.000s
I20260630 12:11:31.309197  7560 fs_manager.cc:730] Time spent opening block manager: real 0.002s	user 0.001s	sys 0.000s
I20260630 12:11:31.309532  7560 fs_manager.cc:647] Opened local filesystem: /tmp/dist-test-taske2viAL/test-tmp/auto_rebalancer-test.0.AutoRebalancerTest.NextLeaderResumesAutoRebalancing.1782821474261889-7560-0/minicluster-data/ts-0-root
uuid: "1ff4b457e5374feda917eb99f7f7ba62"
format_stamp: "Formatted at 2026-06-30 12:11:31 on dist-test-slave-c6n3"
I20260630 12:11:31.309796  7560 fs_report.cc:389] FS layout report
--------------------
wal directory: /tmp/dist-test-taske2viAL/test-tmp/auto_rebalancer-test.0.AutoRebalancerTest.NextLeaderResumesAutoRebalancing.1782821474261889-7560-0/minicluster-data/ts-0-root
metadata directory: /tmp/dist-test-taske2viAL/test-tmp/auto_rebalancer-test.0.AutoRebalancerTest.NextLeaderResumesAutoRebalancing.1782821474261889-7560-0/minicluster-data/ts-0-root
1 data directories: /tmp/dist-test-taske2viAL/test-tmp/auto_rebalancer-test.0.AutoRebalancerTest.NextLeaderResumesAutoRebalancing.1782821474261889-7560-0/minicluster-data/ts-0-root/data
Total live blocks: 0
Total live bytes: 0
Total live bytes (after alignment): 0
Total number of LBM containers: 0 (0 full)
Did not check for missing blocks
Did not check for orphaned blocks
Total full LBM containers with extra space: 0 (0 repaired)
Total full LBM container extra space in bytes: 0 (0 repaired)
Total incomplete LBM containers: 0 (0 repaired)
Total LBM partial records: 0 (0 repaired)
Total corrupted LBM metadata records in RocksDB: 0 (0 repaired)
I20260630 12:11:31.322279  7560 rpc_server.cc:225] running with OpenSSL 1.1.1  11 Sep 2018
I20260630 12:11:31.323551  7560 kserver.cc:163] Server-wide thread pool size limit: 3276
I20260630 12:11:31.325093  7560 txn_system_client.cc:432] TxnSystemClient initialization is disabled...
I20260630 12:11:31.327539  7560 ts_tablet_manager.cc:585] Loaded tablet metadata (0 total tablets, 0 live tablets)
I20260630 12:11:31.327782  7560 ts_tablet_manager.cc:531] Time spent load tablet metadata: real 0.000s	user 0.000s	sys 0.000s
I20260630 12:11:31.328043  7560 ts_tablet_manager.cc:616] Registered 0 tablets
I20260630 12:11:31.328243  7560 ts_tablet_manager.cc:595] Time spent register tablets: real 0.000s	user 0.000s	sys 0.000s
I20260630 12:11:31.368346  7560 rpc_server.cc:307] RPC server started. Bound to: 127.7.98.1:35973
I20260630 12:11:31.368422  8956 acceptor_pool.cc:272] collecting diagnostics on the listening RPC socket 127.7.98.1:35973 every 8 connection(s)
I20260630 12:11:31.384204  7560 file_cache.cc:492] Constructed file cache file cache with capacity 419430
I20260630 12:11:31.402503  8958 heartbeater.cc:344] Connected to a master server at 127.7.98.61:45085
I20260630 12:11:31.402640  8957 heartbeater.cc:344] Connected to a master server at 127.7.98.60:43795
W20260630 12:11:31.402688  8964 instance_detector.cc:116] could not retrieve AWS instance metadata: Network error: curl error: HTTP response code said error: The requested URL returned error: 404
I20260630 12:11:31.403188  8958 heartbeater.cc:461] Registering TS with master...
I20260630 12:11:31.403266  8957 heartbeater.cc:461] Registering TS with master...
I20260630 12:11:31.404603  8957 heartbeater.cc:507] Master 127.7.98.60:43795 requested a full tablet report, sending...
I20260630 12:11:31.404855  8958 heartbeater.cc:507] Master 127.7.98.61:45085 requested a full tablet report, sending...
I20260630 12:11:31.408180  8807 ts_manager.cc:194] Registered new tserver with Master: 1ff4b457e5374feda917eb99f7f7ba62 (127.7.98.1:35973)
I20260630 12:11:31.409083  8742 ts_manager.cc:194] Registered new tserver with Master: 1ff4b457e5374feda917eb99f7f7ba62 (127.7.98.1:35973)
W20260630 12:11:31.412245  8965 instance_detector.cc:116] could not retrieve Azure instance metadata: Network error: curl error: HTTP response code said error: The requested URL returned error: 404
W20260630 12:11:31.414783  8967 instance_detector.cc:116] could not retrieve OpenStack instance metadata: Network error: curl error: HTTP response code said error: The requested URL returned error: 404
I20260630 12:11:31.415392  7560 server_base.cc:1061] running on GCE node
I20260630 12:11:31.415807  8959 heartbeater.cc:344] Connected to a master server at 127.7.98.62:34971
I20260630 12:11:31.416210  8959 heartbeater.cc:461] Registering TS with master...
I20260630 12:11:31.416443  7560 hybrid_clock.cc:584] initializing the hybrid clock with 'system_unsync' time source
W20260630 12:11:31.416693  7560 system_unsync_time.cc:38] NTP support is disabled. Clock error bounds will not be accurate. This configuration is not suitable for distributed clusters.
I20260630 12:11:31.416886  7560 hybrid_clock.cc:648] HybridClock initialized: now 1782821491416870 us; error 0 us; skew 500 ppm
I20260630 12:11:31.416994  8959 heartbeater.cc:507] Master 127.7.98.62:34971 requested a full tablet report, sending...
I20260630 12:11:31.417496  7560 server_base.cc:861] Flag tcmalloc_max_total_thread_cache_bytes is not working since tcmalloc is not enabled.
I20260630 12:11:31.420190  7560 webserver.cc:533] Webserver started at http://127.7.98.2:40475/ using document root <none> and password file <none>
I20260630 12:11:31.420497  8677 ts_manager.cc:194] Registered new tserver with Master: 1ff4b457e5374feda917eb99f7f7ba62 (127.7.98.1:35973)
I20260630 12:11:31.420670  7560 fs_manager.cc:362] Metadata directory not provided
I20260630 12:11:31.421006  7560 fs_manager.cc:368] Using write-ahead log directory (fs_wal_dir) as metadata directory
I20260630 12:11:31.421319  7560 server_base.cc:909] This appears to be a new deployment of Kudu; creating new FS layout
I20260630 12:11:31.422632  7560 fs_manager.cc:1068] Generated new instance metadata in path /tmp/dist-test-taske2viAL/test-tmp/auto_rebalancer-test.0.AutoRebalancerTest.NextLeaderResumesAutoRebalancing.1782821474261889-7560-0/minicluster-data/ts-1-root/instance:
uuid: "ef43eb5e14744bc6bb7947cbafb20f2c"
format_stamp: "Formatted at 2026-06-30 12:11:31 on dist-test-slave-c6n3"
I20260630 12:11:31.427426  7560 fs_manager.cc:696] Time spent creating directory manager: real 0.004s	user 0.002s	sys 0.003s
I20260630 12:11:31.430748  8972 log_block_manager.cc:4031] Time spent loading block containers with low live blocks: real 0.000s	user 0.000s	sys 0.000s
I20260630 12:11:31.431566  7560 fs_manager.cc:730] Time spent opening block manager: real 0.002s	user 0.001s	sys 0.002s
I20260630 12:11:31.431834  7560 fs_manager.cc:647] Opened local filesystem: /tmp/dist-test-taske2viAL/test-tmp/auto_rebalancer-test.0.AutoRebalancerTest.NextLeaderResumesAutoRebalancing.1782821474261889-7560-0/minicluster-data/ts-1-root
uuid: "ef43eb5e14744bc6bb7947cbafb20f2c"
format_stamp: "Formatted at 2026-06-30 12:11:31 on dist-test-slave-c6n3"
I20260630 12:11:31.432070  7560 fs_report.cc:389] FS layout report
--------------------
wal directory: /tmp/dist-test-taske2viAL/test-tmp/auto_rebalancer-test.0.AutoRebalancerTest.NextLeaderResumesAutoRebalancing.1782821474261889-7560-0/minicluster-data/ts-1-root
metadata directory: /tmp/dist-test-taske2viAL/test-tmp/auto_rebalancer-test.0.AutoRebalancerTest.NextLeaderResumesAutoRebalancing.1782821474261889-7560-0/minicluster-data/ts-1-root
1 data directories: /tmp/dist-test-taske2viAL/test-tmp/auto_rebalancer-test.0.AutoRebalancerTest.NextLeaderResumesAutoRebalancing.1782821474261889-7560-0/minicluster-data/ts-1-root/data
Total live blocks: 0
Total live bytes: 0
Total live bytes (after alignment): 0
Total number of LBM containers: 0 (0 full)
Did not check for missing blocks
Did not check for orphaned blocks
Total full LBM containers with extra space: 0 (0 repaired)
Total full LBM container extra space in bytes: 0 (0 repaired)
Total incomplete LBM containers: 0 (0 repaired)
Total LBM partial records: 0 (0 repaired)
Total corrupted LBM metadata records in RocksDB: 0 (0 repaired)
I20260630 12:11:31.458550  7560 rpc_server.cc:225] running with OpenSSL 1.1.1  11 Sep 2018
I20260630 12:11:31.459970  7560 kserver.cc:163] Server-wide thread pool size limit: 3276
I20260630 12:11:31.461942  7560 txn_system_client.cc:432] TxnSystemClient initialization is disabled...
I20260630 12:11:31.464509  7560 ts_tablet_manager.cc:585] Loaded tablet metadata (0 total tablets, 0 live tablets)
I20260630 12:11:31.464732  7560 ts_tablet_manager.cc:531] Time spent load tablet metadata: real 0.000s	user 0.000s	sys 0.000s
I20260630 12:11:31.465050  7560 ts_tablet_manager.cc:616] Registered 0 tablets
I20260630 12:11:31.465234  7560 ts_tablet_manager.cc:595] Time spent register tablets: real 0.000s	user 0.000s	sys 0.000s
I20260630 12:11:31.507551  7560 rpc_server.cc:307] RPC server started. Bound to: 127.7.98.2:42675
I20260630 12:11:31.507710  9034 acceptor_pool.cc:272] collecting diagnostics on the listening RPC socket 127.7.98.2:42675 every 8 connection(s)
I20260630 12:11:31.521847  7560 file_cache.cc:492] Constructed file cache file cache with capacity 419430
I20260630 12:11:31.531644  9035 heartbeater.cc:344] Connected to a master server at 127.7.98.60:43795
I20260630 12:11:31.532207  9035 heartbeater.cc:461] Registering TS with master...
I20260630 12:11:31.533329  9035 heartbeater.cc:507] Master 127.7.98.60:43795 requested a full tablet report, sending...
W20260630 12:11:31.533406  9042 instance_detector.cc:116] could not retrieve AWS instance metadata: Network error: curl error: HTTP response code said error: The requested URL returned error: 404
I20260630 12:11:31.537652  8807 ts_manager.cc:194] Registered new tserver with Master: ef43eb5e14744bc6bb7947cbafb20f2c (127.7.98.2:42675)
I20260630 12:11:31.540750  9036 heartbeater.cc:344] Connected to a master server at 127.7.98.61:45085
I20260630 12:11:31.541558  9036 heartbeater.cc:461] Registering TS with master...
W20260630 12:11:31.542732  9043 instance_detector.cc:116] could not retrieve Azure instance metadata: Network error: curl error: HTTP response code said error: The requested URL returned error: 404
I20260630 12:11:31.544113  9036 heartbeater.cc:507] Master 127.7.98.61:45085 requested a full tablet report, sending...
I20260630 12:11:31.546986  9037 heartbeater.cc:344] Connected to a master server at 127.7.98.62:34971
I20260630 12:11:31.547459  9037 heartbeater.cc:461] Registering TS with master...
I20260630 12:11:31.547851  8742 ts_manager.cc:194] Registered new tserver with Master: ef43eb5e14744bc6bb7947cbafb20f2c (127.7.98.2:42675)
I20260630 12:11:31.548405  9037 heartbeater.cc:507] Master 127.7.98.62:34971 requested a full tablet report, sending...
W20260630 12:11:31.550427  9045 instance_detector.cc:116] could not retrieve OpenStack instance metadata: Network error: curl error: HTTP response code said error: The requested URL returned error: 404
I20260630 12:11:31.551097  7560 server_base.cc:1061] running on GCE node
I20260630 12:11:31.551638  8677 ts_manager.cc:194] Registered new tserver with Master: ef43eb5e14744bc6bb7947cbafb20f2c (127.7.98.2:42675)
I20260630 12:11:31.552055  7560 hybrid_clock.cc:584] initializing the hybrid clock with 'system_unsync' time source
W20260630 12:11:31.552371  7560 system_unsync_time.cc:38] NTP support is disabled. Clock error bounds will not be accurate. This configuration is not suitable for distributed clusters.
I20260630 12:11:31.552637  7560 hybrid_clock.cc:648] HybridClock initialized: now 1782821491552614 us; error 0 us; skew 500 ppm
I20260630 12:11:31.553293  7560 server_base.cc:861] Flag tcmalloc_max_total_thread_cache_bytes is not working since tcmalloc is not enabled.
I20260630 12:11:31.556037  7560 webserver.cc:533] Webserver started at http://127.7.98.3:43153/ using document root <none> and password file <none>
I20260630 12:11:31.556483  7560 fs_manager.cc:362] Metadata directory not provided
I20260630 12:11:31.556757  7560 fs_manager.cc:368] Using write-ahead log directory (fs_wal_dir) as metadata directory
I20260630 12:11:31.557439  7560 server_base.cc:909] This appears to be a new deployment of Kudu; creating new FS layout
I20260630 12:11:31.558837  7560 fs_manager.cc:1068] Generated new instance metadata in path /tmp/dist-test-taske2viAL/test-tmp/auto_rebalancer-test.0.AutoRebalancerTest.NextLeaderResumesAutoRebalancing.1782821474261889-7560-0/minicluster-data/ts-2-root/instance:
uuid: "6cf2ff9d5ee54c63ba1555d8198fc364"
format_stamp: "Formatted at 2026-06-30 12:11:31 on dist-test-slave-c6n3"
I20260630 12:11:31.563647  7560 fs_manager.cc:696] Time spent creating directory manager: real 0.004s	user 0.004s	sys 0.000s
I20260630 12:11:31.567148  9050 log_block_manager.cc:4031] Time spent loading block containers with low live blocks: real 0.000s	user 0.000s	sys 0.000s
I20260630 12:11:31.568243  7560 fs_manager.cc:730] Time spent opening block manager: real 0.003s	user 0.002s	sys 0.001s
I20260630 12:11:31.568791  7560 fs_manager.cc:647] Opened local filesystem: /tmp/dist-test-taske2viAL/test-tmp/auto_rebalancer-test.0.AutoRebalancerTest.NextLeaderResumesAutoRebalancing.1782821474261889-7560-0/minicluster-data/ts-2-root
uuid: "6cf2ff9d5ee54c63ba1555d8198fc364"
format_stamp: "Formatted at 2026-06-30 12:11:31 on dist-test-slave-c6n3"
I20260630 12:11:31.569166  7560 fs_report.cc:389] FS layout report
--------------------
wal directory: /tmp/dist-test-taske2viAL/test-tmp/auto_rebalancer-test.0.AutoRebalancerTest.NextLeaderResumesAutoRebalancing.1782821474261889-7560-0/minicluster-data/ts-2-root
metadata directory: /tmp/dist-test-taske2viAL/test-tmp/auto_rebalancer-test.0.AutoRebalancerTest.NextLeaderResumesAutoRebalancing.1782821474261889-7560-0/minicluster-data/ts-2-root
1 data directories: /tmp/dist-test-taske2viAL/test-tmp/auto_rebalancer-test.0.AutoRebalancerTest.NextLeaderResumesAutoRebalancing.1782821474261889-7560-0/minicluster-data/ts-2-root/data
Total live blocks: 0
Total live bytes: 0
Total live bytes (after alignment): 0
Total number of LBM containers: 0 (0 full)
Did not check for missing blocks
Did not check for orphaned blocks
Total full LBM containers with extra space: 0 (0 repaired)
Total full LBM container extra space in bytes: 0 (0 repaired)
Total incomplete LBM containers: 0 (0 repaired)
Total LBM partial records: 0 (0 repaired)
Total corrupted LBM metadata records in RocksDB: 0 (0 repaired)
I20260630 12:11:31.587867  7560 rpc_server.cc:225] running with OpenSSL 1.1.1  11 Sep 2018
I20260630 12:11:31.589156  7560 kserver.cc:163] Server-wide thread pool size limit: 3276
I20260630 12:11:31.590674  7560 txn_system_client.cc:432] TxnSystemClient initialization is disabled...
I20260630 12:11:31.593215  7560 ts_tablet_manager.cc:585] Loaded tablet metadata (0 total tablets, 0 live tablets)
I20260630 12:11:31.593482  7560 ts_tablet_manager.cc:531] Time spent load tablet metadata: real 0.000s	user 0.000s	sys 0.000s
I20260630 12:11:31.593725  7560 ts_tablet_manager.cc:616] Registered 0 tablets
I20260630 12:11:31.593905  7560 ts_tablet_manager.cc:595] Time spent register tablets: real 0.000s	user 0.000s	sys 0.000s
I20260630 12:11:31.624814  8850 raft_consensus.cc:493] T 00000000000000000000000000000000 P 8d4d724d0622475195d2c84e9cb8757c [term 0 FOLLOWER]: Starting pre-election (no leader contacted us within the election timeout)
I20260630 12:11:31.625510  8850 raft_consensus.cc:515] T 00000000000000000000000000000000 P 8d4d724d0622475195d2c84e9cb8757c [term 0 FOLLOWER]: Starting pre-election with config: opid_index: -1 OBSOLETE_local: false peers { permanent_uuid: "00420c6b9cd44615a1b6ea4e0aa70a46" member_type: VOTER last_known_addr { host: "127.7.98.62" port: 34971 } } peers { permanent_uuid: "8d4d724d0622475195d2c84e9cb8757c" member_type: VOTER last_known_addr { host: "127.7.98.61" port: 45085 } } peers { permanent_uuid: "4874794949f141e1b9400628ae4b53ff" member_type: VOTER last_known_addr { host: "127.7.98.60" port: 43795 } }
I20260630 12:11:31.628918  8850 leader_election.cc:290] T 00000000000000000000000000000000 P 8d4d724d0622475195d2c84e9cb8757c [CANDIDATE]: Term 1 pre-election: Requested pre-vote from peers 00420c6b9cd44615a1b6ea4e0aa70a46 (127.7.98.62:34971), 4874794949f141e1b9400628ae4b53ff (127.7.98.60:43795)
I20260630 12:11:31.629350  8817 tablet_service.cc:1917] Received RequestConsensusVote() RPC: tablet_id: "00000000000000000000000000000000" candidate_uuid: "8d4d724d0622475195d2c84e9cb8757c" candidate_term: 1 candidate_status { last_received { term: 0 index: 0 } } ignore_live_leader: false dest_uuid: "4874794949f141e1b9400628ae4b53ff" is_pre_election: true
I20260630 12:11:31.628918  8687 tablet_service.cc:1917] Received RequestConsensusVote() RPC: tablet_id: "00000000000000000000000000000000" candidate_uuid: "8d4d724d0622475195d2c84e9cb8757c" candidate_term: 1 candidate_status { last_received { term: 0 index: 0 } } ignore_live_leader: false dest_uuid: "00420c6b9cd44615a1b6ea4e0aa70a46" is_pre_election: true
I20260630 12:11:31.630149  8817 raft_consensus.cc:2468] T 00000000000000000000000000000000 P 4874794949f141e1b9400628ae4b53ff [term 0 FOLLOWER]: Leader pre-election vote request: Granting yes vote for candidate 8d4d724d0622475195d2c84e9cb8757c in term 0.
I20260630 12:11:31.630368  8687 raft_consensus.cc:2468] T 00000000000000000000000000000000 P 00420c6b9cd44615a1b6ea4e0aa70a46 [term 0 FOLLOWER]: Leader pre-election vote request: Granting yes vote for candidate 8d4d724d0622475195d2c84e9cb8757c in term 0.
I20260630 12:11:31.631981  8727 leader_election.cc:304] T 00000000000000000000000000000000 P 8d4d724d0622475195d2c84e9cb8757c [CANDIDATE]: Term 1 pre-election: Election decided. Result: candidate won. Election summary: received 2 responses out of 3 voters: 2 yes votes; 0 no votes. yes voters: 4874794949f141e1b9400628ae4b53ff, 8d4d724d0622475195d2c84e9cb8757c; no voters: 
I20260630 12:11:31.632961  8850 raft_consensus.cc:2804] T 00000000000000000000000000000000 P 8d4d724d0622475195d2c84e9cb8757c [term 0 FOLLOWER]: Leader pre-election won for term 1
I20260630 12:11:31.633361  8850 raft_consensus.cc:493] T 00000000000000000000000000000000 P 8d4d724d0622475195d2c84e9cb8757c [term 0 FOLLOWER]: Starting leader election (no leader contacted us within the election timeout)
I20260630 12:11:31.633738  8850 raft_consensus.cc:3060] T 00000000000000000000000000000000 P 8d4d724d0622475195d2c84e9cb8757c [term 0 FOLLOWER]: Advancing to term 1
I20260630 12:11:31.639091  8850 raft_consensus.cc:515] T 00000000000000000000000000000000 P 8d4d724d0622475195d2c84e9cb8757c [term 1 FOLLOWER]: Starting leader election with config: opid_index: -1 OBSOLETE_local: false peers { permanent_uuid: "00420c6b9cd44615a1b6ea4e0aa70a46" member_type: VOTER last_known_addr { host: "127.7.98.62" port: 34971 } } peers { permanent_uuid: "8d4d724d0622475195d2c84e9cb8757c" member_type: VOTER last_known_addr { host: "127.7.98.61" port: 45085 } } peers { permanent_uuid: "4874794949f141e1b9400628ae4b53ff" member_type: VOTER last_known_addr { host: "127.7.98.60" port: 43795 } }
I20260630 12:11:31.640872  8850 leader_election.cc:290] T 00000000000000000000000000000000 P 8d4d724d0622475195d2c84e9cb8757c [CANDIDATE]: Term 1 election: Requested vote from peers 00420c6b9cd44615a1b6ea4e0aa70a46 (127.7.98.62:34971), 4874794949f141e1b9400628ae4b53ff (127.7.98.60:43795)
I20260630 12:11:31.642055  8687 tablet_service.cc:1917] Received RequestConsensusVote() RPC: tablet_id: "00000000000000000000000000000000" candidate_uuid: "8d4d724d0622475195d2c84e9cb8757c" candidate_term: 1 candidate_status { last_received { term: 0 index: 0 } } ignore_live_leader: false dest_uuid: "00420c6b9cd44615a1b6ea4e0aa70a46"
I20260630 12:11:31.642086  8817 tablet_service.cc:1917] Received RequestConsensusVote() RPC: tablet_id: "00000000000000000000000000000000" candidate_uuid: "8d4d724d0622475195d2c84e9cb8757c" candidate_term: 1 candidate_status { last_received { term: 0 index: 0 } } ignore_live_leader: false dest_uuid: "4874794949f141e1b9400628ae4b53ff"
I20260630 12:11:31.642809  7560 rpc_server.cc:307] RPC server started. Bound to: 127.7.98.3:35367
I20260630 12:11:31.643051  9112 acceptor_pool.cc:272] collecting diagnostics on the listening RPC socket 127.7.98.3:35367 every 8 connection(s)
I20260630 12:11:31.643065  8687 raft_consensus.cc:3060] T 00000000000000000000000000000000 P 00420c6b9cd44615a1b6ea4e0aa70a46 [term 0 FOLLOWER]: Advancing to term 1
I20260630 12:11:31.643261  8817 raft_consensus.cc:3060] T 00000000000000000000000000000000 P 4874794949f141e1b9400628ae4b53ff [term 0 FOLLOWER]: Advancing to term 1
I20260630 12:11:31.649704  8817 raft_consensus.cc:2468] T 00000000000000000000000000000000 P 4874794949f141e1b9400628ae4b53ff [term 1 FOLLOWER]: Leader election vote request: Granting yes vote for candidate 8d4d724d0622475195d2c84e9cb8757c in term 1.
I20260630 12:11:31.651292  8727 leader_election.cc:304] T 00000000000000000000000000000000 P 8d4d724d0622475195d2c84e9cb8757c [CANDIDATE]: Term 1 election: Election decided. Result: candidate won. Election summary: received 2 responses out of 3 voters: 2 yes votes; 0 no votes. yes voters: 4874794949f141e1b9400628ae4b53ff, 8d4d724d0622475195d2c84e9cb8757c; no voters: 
I20260630 12:11:31.652611  8850 raft_consensus.cc:2804] T 00000000000000000000000000000000 P 8d4d724d0622475195d2c84e9cb8757c [term 1 FOLLOWER]: Leader election won for term 1
I20260630 12:11:31.652983  8687 raft_consensus.cc:2468] T 00000000000000000000000000000000 P 00420c6b9cd44615a1b6ea4e0aa70a46 [term 1 FOLLOWER]: Leader election vote request: Granting yes vote for candidate 8d4d724d0622475195d2c84e9cb8757c in term 1.
I20260630 12:11:31.658823  8850 raft_consensus.cc:697] T 00000000000000000000000000000000 P 8d4d724d0622475195d2c84e9cb8757c [term 1 LEADER]: Becoming Leader. State: Replica: 8d4d724d0622475195d2c84e9cb8757c, State: Running, Role: LEADER
I20260630 12:11:31.660130  8850 consensus_queue.cc:237] T 00000000000000000000000000000000 P 8d4d724d0622475195d2c84e9cb8757c [LEADER]: Queue going to LEADER mode. State: All replicated index: 0, Majority replicated index: 0, Committed index: 0, Last appended: 0.0, Last appended by leader: 0, Current term: 1, Majority size: 2, State: 0, Mode: LEADER, active raft config: opid_index: -1 OBSOLETE_local: false peers { permanent_uuid: "00420c6b9cd44615a1b6ea4e0aa70a46" member_type: VOTER last_known_addr { host: "127.7.98.62" port: 34971 } } peers { permanent_uuid: "8d4d724d0622475195d2c84e9cb8757c" member_type: VOTER last_known_addr { host: "127.7.98.61" port: 45085 } } peers { permanent_uuid: "4874794949f141e1b9400628ae4b53ff" member_type: VOTER last_known_addr { host: "127.7.98.60" port: 43795 } }
I20260630 12:11:31.678292  9116 sys_catalog.cc:455] T 00000000000000000000000000000000 P 8d4d724d0622475195d2c84e9cb8757c [sys.catalog]: SysCatalogTable state changed. Reason: New leader 8d4d724d0622475195d2c84e9cb8757c. Latest consensus state: current_term: 1 leader_uuid: "8d4d724d0622475195d2c84e9cb8757c" committed_config { opid_index: -1 OBSOLETE_local: false peers { permanent_uuid: "00420c6b9cd44615a1b6ea4e0aa70a46" member_type: VOTER last_known_addr { host: "127.7.98.62" port: 34971 } } peers { permanent_uuid: "8d4d724d0622475195d2c84e9cb8757c" member_type: VOTER last_known_addr { host: "127.7.98.61" port: 45085 } } peers { permanent_uuid: "4874794949f141e1b9400628ae4b53ff" member_type: VOTER last_known_addr { host: "127.7.98.60" port: 43795 } } }
I20260630 12:11:31.679313  9116 sys_catalog.cc:458] T 00000000000000000000000000000000 P 8d4d724d0622475195d2c84e9cb8757c [sys.catalog]: This master's current role is: LEADER
I20260630 12:11:31.682507  9113 heartbeater.cc:344] Connected to a master server at 127.7.98.60:43795
I20260630 12:11:31.683156  9113 heartbeater.cc:461] Registering TS with master...
I20260630 12:11:31.684561  9113 heartbeater.cc:507] Master 127.7.98.60:43795 requested a full tablet report, sending...
I20260630 12:11:31.689723  8807 ts_manager.cc:194] Registered new tserver with Master: 6cf2ff9d5ee54c63ba1555d8198fc364 (127.7.98.3:35367)
I20260630 12:11:31.690667  9121 catalog_manager.cc:1511] Loading table and tablet metadata into memory...
I20260630 12:11:31.697896  9114 heartbeater.cc:344] Connected to a master server at 127.7.98.61:45085
I20260630 12:11:31.698428  9114 heartbeater.cc:461] Registering TS with master...
I20260630 12:11:31.698467  9121 catalog_manager.cc:1520] Initializing Kudu cluster ID...
I20260630 12:11:31.699218  9118 heartbeater.cc:344] Connected to a master server at 127.7.98.62:34971
I20260630 12:11:31.699528  9114 heartbeater.cc:507] Master 127.7.98.61:45085 requested a full tablet report, sending...
I20260630 12:11:31.699651  9118 heartbeater.cc:461] Registering TS with master...
I20260630 12:11:31.700627  9118 heartbeater.cc:507] Master 127.7.98.62:34971 requested a full tablet report, sending...
I20260630 12:11:31.702127  8742 ts_manager.cc:194] Registered new tserver with Master: 6cf2ff9d5ee54c63ba1555d8198fc364 (127.7.98.3:35367)
I20260630 12:11:31.703311  8677 ts_manager.cc:194] Registered new tserver with Master: 6cf2ff9d5ee54c63ba1555d8198fc364 (127.7.98.3:35367)
I20260630 12:11:31.703884  7560 internal_mini_cluster.cc:371] 3 TS(s) registered with all masters after 0.021659618s
I20260630 12:11:31.708799  8817 raft_consensus.cc:1275] T 00000000000000000000000000000000 P 4874794949f141e1b9400628ae4b53ff [term 1 FOLLOWER]: Refusing update from remote peer 8d4d724d0622475195d2c84e9cb8757c: Log matching property violated. Preceding OpId in replica: term: 0 index: 0. Preceding OpId from leader: term: 1 index: 2. (index mismatch)
I20260630 12:11:31.708834  8687 raft_consensus.cc:1275] T 00000000000000000000000000000000 P 00420c6b9cd44615a1b6ea4e0aa70a46 [term 1 FOLLOWER]: Refusing update from remote peer 8d4d724d0622475195d2c84e9cb8757c: Log matching property violated. Preceding OpId in replica: term: 0 index: 0. Preceding OpId from leader: term: 1 index: 2. (index mismatch)
I20260630 12:11:31.710371  9116 consensus_queue.cc:1048] T 00000000000000000000000000000000 P 8d4d724d0622475195d2c84e9cb8757c [LEADER]: Connected to new peer: Peer: permanent_uuid: "4874794949f141e1b9400628ae4b53ff" member_type: VOTER last_known_addr { host: "127.7.98.60" port: 43795 }, Status: LMP_MISMATCH, Last received: 0.0, Next index: 1, Last known committed idx: 0, Time since last communication: 0.000s
I20260630 12:11:31.711098  8850 consensus_queue.cc:1048] T 00000000000000000000000000000000 P 8d4d724d0622475195d2c84e9cb8757c [LEADER]: Connected to new peer: Peer: permanent_uuid: "00420c6b9cd44615a1b6ea4e0aa70a46" member_type: VOTER last_known_addr { host: "127.7.98.62" port: 34971 }, Status: LMP_MISMATCH, Last received: 0.0, Next index: 1, Last known committed idx: 0, Time since last communication: 0.000s
I20260630 12:11:31.720223  8871 sys_catalog.cc:455] T 00000000000000000000000000000000 P 00420c6b9cd44615a1b6ea4e0aa70a46 [sys.catalog]: SysCatalogTable state changed. Reason: New leader 8d4d724d0622475195d2c84e9cb8757c. Latest consensus state: current_term: 1 leader_uuid: "8d4d724d0622475195d2c84e9cb8757c" committed_config { opid_index: -1 OBSOLETE_local: false peers { permanent_uuid: "00420c6b9cd44615a1b6ea4e0aa70a46" member_type: VOTER last_known_addr { host: "127.7.98.62" port: 34971 } } peers { permanent_uuid: "8d4d724d0622475195d2c84e9cb8757c" member_type: VOTER last_known_addr { host: "127.7.98.61" port: 45085 } } peers { permanent_uuid: "4874794949f141e1b9400628ae4b53ff" member_type: VOTER last_known_addr { host: "127.7.98.60" port: 43795 } } }
I20260630 12:11:31.721105  8871 sys_catalog.cc:458] T 00000000000000000000000000000000 P 00420c6b9cd44615a1b6ea4e0aa70a46 [sys.catalog]: This master's current role is: FOLLOWER
I20260630 12:11:31.720187  8849 sys_catalog.cc:455] T 00000000000000000000000000000000 P 4874794949f141e1b9400628ae4b53ff [sys.catalog]: SysCatalogTable state changed. Reason: New leader 8d4d724d0622475195d2c84e9cb8757c. Latest consensus state: current_term: 1 leader_uuid: "8d4d724d0622475195d2c84e9cb8757c" committed_config { opid_index: -1 OBSOLETE_local: false peers { permanent_uuid: "00420c6b9cd44615a1b6ea4e0aa70a46" member_type: VOTER last_known_addr { host: "127.7.98.62" port: 34971 } } peers { permanent_uuid: "8d4d724d0622475195d2c84e9cb8757c" member_type: VOTER last_known_addr { host: "127.7.98.61" port: 45085 } } peers { permanent_uuid: "4874794949f141e1b9400628ae4b53ff" member_type: VOTER last_known_addr { host: "127.7.98.60" port: 43795 } } }
I20260630 12:11:31.721613  8849 sys_catalog.cc:458] T 00000000000000000000000000000000 P 4874794949f141e1b9400628ae4b53ff [sys.catalog]: This master's current role is: FOLLOWER
I20260630 12:11:31.727927  9116 sys_catalog.cc:455] T 00000000000000000000000000000000 P 8d4d724d0622475195d2c84e9cb8757c [sys.catalog]: SysCatalogTable state changed. Reason: Peer health change. Latest consensus state: current_term: 1 leader_uuid: "8d4d724d0622475195d2c84e9cb8757c" committed_config { opid_index: -1 OBSOLETE_local: false peers { permanent_uuid: "00420c6b9cd44615a1b6ea4e0aa70a46" member_type: VOTER last_known_addr { host: "127.7.98.62" port: 34971 } } peers { permanent_uuid: "8d4d724d0622475195d2c84e9cb8757c" member_type: VOTER last_known_addr { host: "127.7.98.61" port: 45085 } } peers { permanent_uuid: "4874794949f141e1b9400628ae4b53ff" member_type: VOTER last_known_addr { host: "127.7.98.60" port: 43795 } } }
I20260630 12:11:31.728946  9116 sys_catalog.cc:458] T 00000000000000000000000000000000 P 8d4d724d0622475195d2c84e9cb8757c [sys.catalog]: This master's current role is: LEADER
I20260630 12:11:31.729787  9121 catalog_manager.cc:1383] Generated new cluster ID: e25cff8f6e574a8fbacd421254670798
I20260630 12:11:31.730134  9121 catalog_manager.cc:1531] Initializing Kudu internal certificate authority...
I20260630 12:11:31.731027  8849 sys_catalog.cc:455] T 00000000000000000000000000000000 P 4874794949f141e1b9400628ae4b53ff [sys.catalog]: SysCatalogTable state changed. Reason: Replicated consensus-only round. Latest consensus state: current_term: 1 leader_uuid: "8d4d724d0622475195d2c84e9cb8757c" committed_config { opid_index: -1 OBSOLETE_local: false peers { permanent_uuid: "00420c6b9cd44615a1b6ea4e0aa70a46" member_type: VOTER last_known_addr { host: "127.7.98.62" port: 34971 } } peers { permanent_uuid: "8d4d724d0622475195d2c84e9cb8757c" member_type: VOTER last_known_addr { host: "127.7.98.61" port: 45085 } } peers { permanent_uuid: "4874794949f141e1b9400628ae4b53ff" member_type: VOTER last_known_addr { host: "127.7.98.60" port: 43795 } } }
I20260630 12:11:31.731774  8849 sys_catalog.cc:458] T 00000000000000000000000000000000 P 4874794949f141e1b9400628ae4b53ff [sys.catalog]: This master's current role is: FOLLOWER
I20260630 12:11:31.729807  8850 sys_catalog.cc:455] T 00000000000000000000000000000000 P 8d4d724d0622475195d2c84e9cb8757c [sys.catalog]: SysCatalogTable state changed. Reason: Peer health change. Latest consensus state: current_term: 1 leader_uuid: "8d4d724d0622475195d2c84e9cb8757c" committed_config { opid_index: -1 OBSOLETE_local: false peers { permanent_uuid: "00420c6b9cd44615a1b6ea4e0aa70a46" member_type: VOTER last_known_addr { host: "127.7.98.62" port: 34971 } } peers { permanent_uuid: "8d4d724d0622475195d2c84e9cb8757c" member_type: VOTER last_known_addr { host: "127.7.98.61" port: 45085 } } peers { permanent_uuid: "4874794949f141e1b9400628ae4b53ff" member_type: VOTER last_known_addr { host: "127.7.98.60" port: 43795 } } }
I20260630 12:11:31.733482  8850 sys_catalog.cc:458] T 00000000000000000000000000000000 P 8d4d724d0622475195d2c84e9cb8757c [sys.catalog]: This master's current role is: LEADER
I20260630 12:11:31.735553  8871 sys_catalog.cc:455] T 00000000000000000000000000000000 P 00420c6b9cd44615a1b6ea4e0aa70a46 [sys.catalog]: SysCatalogTable state changed. Reason: Replicated consensus-only round. Latest consensus state: current_term: 1 leader_uuid: "8d4d724d0622475195d2c84e9cb8757c" committed_config { opid_index: -1 OBSOLETE_local: false peers { permanent_uuid: "00420c6b9cd44615a1b6ea4e0aa70a46" member_type: VOTER last_known_addr { host: "127.7.98.62" port: 34971 } } peers { permanent_uuid: "8d4d724d0622475195d2c84e9cb8757c" member_type: VOTER last_known_addr { host: "127.7.98.61" port: 45085 } } peers { permanent_uuid: "4874794949f141e1b9400628ae4b53ff" member_type: VOTER last_known_addr { host: "127.7.98.60" port: 43795 } } }
I20260630 12:11:31.736310  8871 sys_catalog.cc:458] T 00000000000000000000000000000000 P 00420c6b9cd44615a1b6ea4e0aa70a46 [sys.catalog]: This master's current role is: FOLLOWER
I20260630 12:11:31.753202  9121 catalog_manager.cc:1406] Generated new certificate authority record
I20260630 12:11:31.755072  9121 catalog_manager.cc:1540] Loading token signing keys...
I20260630 12:11:31.780279  9121 catalog_manager.cc:6070] T 00000000000000000000000000000000 P 8d4d724d0622475195d2c84e9cb8757c: Generated new TSK 0
I20260630 12:11:31.781080  9121 catalog_manager.cc:1550] Initializing in-progress tserver states...
I20260630 12:11:32.274693  8869 catalog_manager.cc:1295] Loaded cluster ID: e25cff8f6e574a8fbacd421254670798
I20260630 12:11:32.274988  8869 catalog_manager.cc:1588] T 00000000000000000000000000000000 P 4874794949f141e1b9400628ae4b53ff: loading cluster ID for follower catalog manager: success
I20260630 12:11:32.280164  8869 catalog_manager.cc:1610] T 00000000000000000000000000000000 P 4874794949f141e1b9400628ae4b53ff: acquiring CA information for follower catalog manager: success
I20260630 12:11:32.283809  8869 catalog_manager.cc:1638] T 00000000000000000000000000000000 P 4874794949f141e1b9400628ae4b53ff: importing token verification keys for follower catalog manager: success; most recent TSK sequence number 0
I20260630 12:11:32.289156  8885 catalog_manager.cc:1295] Loaded cluster ID: e25cff8f6e574a8fbacd421254670798
I20260630 12:11:32.289451  8885 catalog_manager.cc:1588] T 00000000000000000000000000000000 P 00420c6b9cd44615a1b6ea4e0aa70a46: loading cluster ID for follower catalog manager: success
I20260630 12:11:32.293938  8885 catalog_manager.cc:1610] T 00000000000000000000000000000000 P 00420c6b9cd44615a1b6ea4e0aa70a46: acquiring CA information for follower catalog manager: success
I20260630 12:11:32.297564  8885 catalog_manager.cc:1638] T 00000000000000000000000000000000 P 00420c6b9cd44615a1b6ea4e0aa70a46: importing token verification keys for follower catalog manager: success; most recent TSK sequence number 0
I20260630 12:11:32.415215  8742 master_service.cc:502] Signed X509 certificate for tserver {username='slave'} at 127.0.0.1:48836
I20260630 12:11:32.553305  8742 master_service.cc:502] Signed X509 certificate for tserver {username='slave'} at 127.0.0.1:48838
I20260630 12:11:32.708597  8742 master_service.cc:502] Signed X509 certificate for tserver {username='slave'} at 127.0.0.1:48842
I20260630 12:11:33.271898  8873 auto_leader_rebalancer.cc:515] All tables' leader rebalancing finished this round
I20260630 12:11:33.415702  8742 catalog_manager.cc:2283] Servicing CreateTable request from {username='slave'} at 127.0.0.1:48854:
name: "test-workload"
schema {
  columns {
    name: "key"
    type: INT32
    is_key: true
    is_nullable: false
    encoding: AUTO_ENCODING
    compression: DEFAULT_COMPRESSION
    cfile_block_size: 0
    immutable: false
  }
  columns {
    name: "int_val"
    type: INT32
    is_key: false
    is_nullable: false
    encoding: AUTO_ENCODING
    compression: DEFAULT_COMPRESSION
    cfile_block_size: 0
    immutable: false
  }
  columns {
    name: "string_val"
    type: STRING
    is_key: false
    is_nullable: true
    encoding: AUTO_ENCODING
    compression: DEFAULT_COMPRESSION
    cfile_block_size: 0
    immutable: false
  }
}
num_replicas: 1
split_rows_range_bounds {
  rows: "\004\001\000\252\252\252*\004\001\000TUUU""\004\001\000\252\252\252*\004\001\000TUUU"
  indirect_data: """"
}
partition_schema {
  range_schema {
    columns {
      name: "key"
    }
  }
}
I20260630 12:11:33.417786  8958 heartbeater.cc:499] Master 127.7.98.61:45085 was elected leader, sending a full tablet report...
I20260630 12:11:33.488293  9000 tablet_service.cc:1511] Processing CreateTablet for tablet ad53ec96d31a4b4aab765a953e23f5b8 (DEFAULT_TABLE table=test-workload [id=4808cad210124026a2c8c7242473ae46]), partition=RANGE (key) PARTITION VALUES < 715827882
I20260630 12:11:33.489532  9000 data_dirs.cc:400] Could only allocate 1 dirs of requested 3 for tablet ad53ec96d31a4b4aab765a953e23f5b8. 1 dirs total, 0 dirs full, 0 dirs failed
I20260630 12:11:33.495061  8922 tablet_service.cc:1511] Processing CreateTablet for tablet 2accc14eac8045d69307a64227544ad0 (DEFAULT_TABLE table=test-workload [id=4808cad210124026a2c8c7242473ae46]), partition=RANGE (key) PARTITION 715827882 <= VALUES < 1431655764
I20260630 12:11:33.496551  8922 data_dirs.cc:400] Could only allocate 1 dirs of requested 3 for tablet 2accc14eac8045d69307a64227544ad0. 1 dirs total, 0 dirs full, 0 dirs failed
I20260630 12:11:33.503613  9078 tablet_service.cc:1511] Processing CreateTablet for tablet 249d5e2d0bfc42eabc1ce72bfab61f6d (DEFAULT_TABLE table=test-workload [id=4808cad210124026a2c8c7242473ae46]), partition=RANGE (key) PARTITION 1431655764 <= VALUES
I20260630 12:11:33.505065  9078 data_dirs.cc:400] Could only allocate 1 dirs of requested 3 for tablet 249d5e2d0bfc42eabc1ce72bfab61f6d. 1 dirs total, 0 dirs full, 0 dirs failed
I20260630 12:11:33.506868  9161 tablet_bootstrap.cc:492] T ad53ec96d31a4b4aab765a953e23f5b8 P ef43eb5e14744bc6bb7947cbafb20f2c: Bootstrap starting.
I20260630 12:11:33.513569  9161 tablet_bootstrap.cc:654] T ad53ec96d31a4b4aab765a953e23f5b8 P ef43eb5e14744bc6bb7947cbafb20f2c: Neither blocks nor log segments found. Creating new log.
I20260630 12:11:33.513902  9162 tablet_bootstrap.cc:492] T 2accc14eac8045d69307a64227544ad0 P 1ff4b457e5374feda917eb99f7f7ba62: Bootstrap starting.
I20260630 12:11:33.520371  9161 tablet_bootstrap.cc:492] T ad53ec96d31a4b4aab765a953e23f5b8 P ef43eb5e14744bc6bb7947cbafb20f2c: No bootstrap required, opened a new log
I20260630 12:11:33.520929  9161 ts_tablet_manager.cc:1403] T ad53ec96d31a4b4aab765a953e23f5b8 P ef43eb5e14744bc6bb7947cbafb20f2c: Time spent bootstrapping tablet: real 0.014s	user 0.007s	sys 0.004s
I20260630 12:11:33.521461  9162 tablet_bootstrap.cc:654] T 2accc14eac8045d69307a64227544ad0 P 1ff4b457e5374feda917eb99f7f7ba62: Neither blocks nor log segments found. Creating new log.
I20260630 12:11:33.523460  9161 raft_consensus.cc:359] T ad53ec96d31a4b4aab765a953e23f5b8 P ef43eb5e14744bc6bb7947cbafb20f2c [term 0 FOLLOWER]: Replica starting. Triggering 0 pending ops. Active config: opid_index: -1 OBSOLETE_local: true peers { permanent_uuid: "ef43eb5e14744bc6bb7947cbafb20f2c" member_type: VOTER last_known_addr { host: "127.7.98.2" port: 42675 } }
I20260630 12:11:33.523974  9161 raft_consensus.cc:385] T ad53ec96d31a4b4aab765a953e23f5b8 P ef43eb5e14744bc6bb7947cbafb20f2c [term 0 FOLLOWER]: Consensus starting up: Expiring failure detector timer to make a prompt election more likely
I20260630 12:11:33.524259  9161 raft_consensus.cc:740] T ad53ec96d31a4b4aab765a953e23f5b8 P ef43eb5e14744bc6bb7947cbafb20f2c [term 0 FOLLOWER]: Becoming Follower/Learner. State: Replica: ef43eb5e14744bc6bb7947cbafb20f2c, State: Initialized, Role: FOLLOWER
I20260630 12:11:33.524932  9161 consensus_queue.cc:260] T ad53ec96d31a4b4aab765a953e23f5b8 P ef43eb5e14744bc6bb7947cbafb20f2c [NON_LEADER]: Queue going to NON_LEADER mode. State: All replicated index: 0, Majority replicated index: 0, Committed index: 0, Last appended: 0.0, Last appended by leader: 0, Current term: 0, Majority size: -1, State: 0, Mode: NON_LEADER, active raft config: opid_index: -1 OBSOLETE_local: true peers { permanent_uuid: "ef43eb5e14744bc6bb7947cbafb20f2c" member_type: VOTER last_known_addr { host: "127.7.98.2" port: 42675 } }
I20260630 12:11:33.525480  9161 raft_consensus.cc:399] T ad53ec96d31a4b4aab765a953e23f5b8 P ef43eb5e14744bc6bb7947cbafb20f2c [term 0 FOLLOWER]: Only one voter in the Raft config. Triggering election immediately
I20260630 12:11:33.525738  9161 raft_consensus.cc:493] T ad53ec96d31a4b4aab765a953e23f5b8 P ef43eb5e14744bc6bb7947cbafb20f2c [term 0 FOLLOWER]: Starting leader election (initial election of a single-replica configuration)
I20260630 12:11:33.526041  9161 raft_consensus.cc:3060] T ad53ec96d31a4b4aab765a953e23f5b8 P ef43eb5e14744bc6bb7947cbafb20f2c [term 0 FOLLOWER]: Advancing to term 1
I20260630 12:11:33.531931  9161 raft_consensus.cc:515] T ad53ec96d31a4b4aab765a953e23f5b8 P ef43eb5e14744bc6bb7947cbafb20f2c [term 1 FOLLOWER]: Starting leader election with config: opid_index: -1 OBSOLETE_local: true peers { permanent_uuid: "ef43eb5e14744bc6bb7947cbafb20f2c" member_type: VOTER last_known_addr { host: "127.7.98.2" port: 42675 } }
