W20260630 12:13:22.356350  4921 leader_election.cc:343] T 8e26b2f15ebe4c5cacbe967981c1c6f2 P 41279f56cb4548dab351c795fd1326a5 [CANDIDATE]: Term 1 election: Tablet error from VoteRequest() call to peer 22466a5d89884626b8539ae53593b2ab (127.0.107.195:34979): Illegal state: must be running to vote when last-logged opid is not known
I20260630 12:13:22.357141  4921 leader_election.cc:304] T 8e26b2f15ebe4c5cacbe967981c1c6f2 P 41279f56cb4548dab351c795fd1326a5 [CANDIDATE]: Term 1 election: Election decided. Result: candidate lost. Election summary: received 3 responses out of 3 voters: 1 yes votes; 2 no votes. yes voters: 41279f56cb4548dab351c795fd1326a5; no voters: 22466a5d89884626b8539ae53593b2ab, 4c6c3eda06bc46dd928a03a766ed283b
I20260630 12:13:22.358400  5085 raft_consensus.cc:2749] T 8e26b2f15ebe4c5cacbe967981c1c6f2 P 41279f56cb4548dab351c795fd1326a5 [term 1 FOLLOWER]: Leader election lost for term 1. Reason: could not achieve majority
I20260630 12:13:22.361249  4957 tablet_service.cc:1917] Received RequestConsensusVote() RPC: tablet_id: "8e26b2f15ebe4c5cacbe967981c1c6f2" candidate_uuid: "4c6c3eda06bc46dd928a03a766ed283b" candidate_term: 1 candidate_status { last_received { term: 0 index: 0 } } ignore_live_leader: false dest_uuid: "41279f56cb4548dab351c795fd1326a5"
I20260630 12:13:22.360901  5075 consensus_queue.cc:260] T bca863916b3648b69af2d6e57672dc32 P 22466a5d89884626b8539ae53593b2ab [NON_LEADER]: Queue going to NON_LEADER mode. State: All replicated index: 0, Majority replicated index: 0, Committed index: 0, Last appended: 0.0, Last appended by leader: 0, Current term: 0, Majority size: -1, State: 0, Mode: NON_LEADER, active raft config: opid_index: -1 OBSOLETE_local: false peers { permanent_uuid: "4c6c3eda06bc46dd928a03a766ed283b" member_type: VOTER last_known_addr { host: "127.0.107.193" port: 35209 } } peers { permanent_uuid: "41279f56cb4548dab351c795fd1326a5" member_type: VOTER last_known_addr { host: "127.0.107.194" port: 41383 } } peers { permanent_uuid: "22466a5d89884626b8539ae53593b2ab" member_type: VOTER last_known_addr { host: "127.0.107.195" port: 34979 } }
I20260630 12:13:22.362145  4957 raft_consensus.cc:2393] T 8e26b2f15ebe4c5cacbe967981c1c6f2 P 41279f56cb4548dab351c795fd1326a5 [term 1 FOLLOWER]: Leader election vote request: Denying vote to candidate 4c6c3eda06bc46dd928a03a766ed283b in current term 1: Already voted for candidate 41279f56cb4548dab351c795fd1326a5 in this term.
I20260630 12:13:22.364023  5075 ts_tablet_manager.cc:1434] T bca863916b3648b69af2d6e57672dc32 P 22466a5d89884626b8539ae53593b2ab: Time spent starting tablet: real 0.030s	user 0.006s	sys 0.001s
I20260630 12:13:22.364327  4846 leader_election.cc:304] T 8e26b2f15ebe4c5cacbe967981c1c6f2 P 4c6c3eda06bc46dd928a03a766ed283b [CANDIDATE]: Term 1 election: Election decided. Result: candidate lost. Election summary: received 3 responses out of 3 voters: 1 yes votes; 2 no votes. yes voters: 4c6c3eda06bc46dd928a03a766ed283b; no voters: 22466a5d89884626b8539ae53593b2ab, 41279f56cb4548dab351c795fd1326a5
I20260630 12:13:22.365128  5100 raft_consensus.cc:2749] T 8e26b2f15ebe4c5cacbe967981c1c6f2 P 4c6c3eda06bc46dd928a03a766ed283b [term 1 FOLLOWER]: Leader election lost for term 1. Reason: could not achieve majority
I20260630 12:13:22.365240  5075 tablet_bootstrap.cc:492] T 8e26b2f15ebe4c5cacbe967981c1c6f2 P 22466a5d89884626b8539ae53593b2ab: Bootstrap starting.
I20260630 12:13:22.365869  4955 tablet_service.cc:1917] Received RequestConsensusVote() RPC: tablet_id: "06268b87243542f3880f12350f5ee38d" candidate_uuid: "4c6c3eda06bc46dd928a03a766ed283b" candidate_term: 1 candidate_status { last_received { term: 0 index: 0 } } ignore_live_leader: false dest_uuid: "41279f56cb4548dab351c795fd1326a5" is_pre_election: true
I20260630 12:13:22.371233  5077 tablet_bootstrap.cc:492] T c2d11d53cd634af9bdcc1a660b6d59ae P 4c6c3eda06bc46dd928a03a766ed283b: No bootstrap required, opened a new log
I20260630 12:13:22.371879  5075 tablet_bootstrap.cc:654] T 8e26b2f15ebe4c5cacbe967981c1c6f2 P 22466a5d89884626b8539ae53593b2ab: Neither blocks nor log segments found. Creating new log.
I20260630 12:13:22.371803  5077 ts_tablet_manager.cc:1403] T c2d11d53cd634af9bdcc1a660b6d59ae P 4c6c3eda06bc46dd928a03a766ed283b: Time spent bootstrapping tablet: real 0.079s	user 0.006s	sys 0.006s
I20260630 12:13:22.374377  5077 raft_consensus.cc:359] T c2d11d53cd634af9bdcc1a660b6d59ae P 4c6c3eda06bc46dd928a03a766ed283b [term 0 FOLLOWER]: Replica starting. Triggering 0 pending ops. Active config: opid_index: -1 OBSOLETE_local: false peers { permanent_uuid: "4c6c3eda06bc46dd928a03a766ed283b" member_type: VOTER last_known_addr { host: "127.0.107.193" port: 35209 } } peers { permanent_uuid: "41279f56cb4548dab351c795fd1326a5" member_type: VOTER last_known_addr { host: "127.0.107.194" port: 41383 } } peers { permanent_uuid: "22466a5d89884626b8539ae53593b2ab" member_type: VOTER last_known_addr { host: "127.0.107.195" port: 34979 } }
I20260630 12:13:22.375037  5077 raft_consensus.cc:385] T c2d11d53cd634af9bdcc1a660b6d59ae P 4c6c3eda06bc46dd928a03a766ed283b [term 0 FOLLOWER]: Consensus starting up: Expiring failure detector timer to make a prompt election more likely
I20260630 12:13:22.375291  5077 raft_consensus.cc:740] T c2d11d53cd634af9bdcc1a660b6d59ae P 4c6c3eda06bc46dd928a03a766ed283b [term 0 FOLLOWER]: Becoming Follower/Learner. State: Replica: 4c6c3eda06bc46dd928a03a766ed283b, State: Initialized, Role: FOLLOWER
I20260630 12:13:22.357169  5080 raft_consensus.cc:359] T 06268b87243542f3880f12350f5ee38d P 41279f56cb4548dab351c795fd1326a5 [term 0 FOLLOWER]: Replica starting. Triggering 0 pending ops. Active config: opid_index: -1 OBSOLETE_local: false peers { permanent_uuid: "4c6c3eda06bc46dd928a03a766ed283b" member_type: VOTER last_known_addr { host: "127.0.107.193" port: 35209 } } peers { permanent_uuid: "41279f56cb4548dab351c795fd1326a5" member_type: VOTER last_known_addr { host: "127.0.107.194" port: 41383 } } peers { permanent_uuid: "22466a5d89884626b8539ae53593b2ab" member_type: VOTER last_known_addr { host: "127.0.107.195" port: 34979 } }
I20260630 12:13:22.376577  5080 raft_consensus.cc:385] T 06268b87243542f3880f12350f5ee38d P 41279f56cb4548dab351c795fd1326a5 [term 0 FOLLOWER]: Consensus starting up: Expiring failure detector timer to make a prompt election more likely
I20260630 12:13:22.376904  5080 raft_consensus.cc:740] T 06268b87243542f3880f12350f5ee38d P 41279f56cb4548dab351c795fd1326a5 [term 0 FOLLOWER]: Becoming Follower/Learner. State: Replica: 41279f56cb4548dab351c795fd1326a5, State: Initialized, Role: FOLLOWER
I20260630 12:13:22.377640  5080 consensus_queue.cc:260] T 06268b87243542f3880f12350f5ee38d P 41279f56cb4548dab351c795fd1326a5 [NON_LEADER]: Queue going to NON_LEADER mode. State: All replicated index: 0, Majority replicated index: 0, Committed index: 0, Last appended: 0.0, Last appended by leader: 0, Current term: 0, Majority size: -1, State: 0, Mode: NON_LEADER, active raft config: opid_index: -1 OBSOLETE_local: false peers { permanent_uuid: "4c6c3eda06bc46dd928a03a766ed283b" member_type: VOTER last_known_addr { host: "127.0.107.193" port: 35209 } } peers { permanent_uuid: "41279f56cb4548dab351c795fd1326a5" member_type: VOTER last_known_addr { host: "127.0.107.194" port: 41383 } } peers { permanent_uuid: "22466a5d89884626b8539ae53593b2ab" member_type: VOTER last_known_addr { host: "127.0.107.195" port: 34979 } }
I20260630 12:13:22.378574  4955 raft_consensus.cc:2468] T 06268b87243542f3880f12350f5ee38d P 41279f56cb4548dab351c795fd1326a5 [term 0 FOLLOWER]: Leader pre-election vote request: Granting yes vote for candidate 4c6c3eda06bc46dd928a03a766ed283b in term 0.
I20260630 12:13:22.380249  5080 ts_tablet_manager.cc:1434] T 06268b87243542f3880f12350f5ee38d P 41279f56cb4548dab351c795fd1326a5: Time spent starting tablet: real 0.026s	user 0.006s	sys 0.001s
I20260630 12:13:22.380497  4846 leader_election.cc:304] T 06268b87243542f3880f12350f5ee38d P 4c6c3eda06bc46dd928a03a766ed283b [CANDIDATE]: Term 1 pre-election: Election decided. Result: candidate won. Election summary: received 3 responses out of 3 voters: 2 yes votes; 1 no votes. yes voters: 41279f56cb4548dab351c795fd1326a5, 4c6c3eda06bc46dd928a03a766ed283b; no voters: 22466a5d89884626b8539ae53593b2ab
I20260630 12:13:22.381203  5080 tablet_bootstrap.cc:492] T 07d61b3a93de4ddea0b72d133281347e P 41279f56cb4548dab351c795fd1326a5: Bootstrap starting.
I20260630 12:13:22.381146  5100 raft_consensus.cc:2804] T 06268b87243542f3880f12350f5ee38d P 4c6c3eda06bc46dd928a03a766ed283b [term 0 FOLLOWER]: Leader pre-election won for term 1
I20260630 12:13:22.381709  5100 raft_consensus.cc:493] T 06268b87243542f3880f12350f5ee38d P 4c6c3eda06bc46dd928a03a766ed283b [term 0 FOLLOWER]: Starting leader election (no leader contacted us within the election timeout)
I20260630 12:13:22.382077  5100 raft_consensus.cc:3060] T 06268b87243542f3880f12350f5ee38d P 4c6c3eda06bc46dd928a03a766ed283b [term 0 FOLLOWER]: Advancing to term 1
I20260630 12:13:22.387221  5077 consensus_queue.cc:260] T c2d11d53cd634af9bdcc1a660b6d59ae P 4c6c3eda06bc46dd928a03a766ed283b [NON_LEADER]: Queue going to NON_LEADER mode. State: All replicated index: 0, Majority replicated index: 0, Committed index: 0, Last appended: 0.0, Last appended by leader: 0, Current term: 0, Majority size: -1, State: 0, Mode: NON_LEADER, active raft config: opid_index: -1 OBSOLETE_local: false peers { permanent_uuid: "4c6c3eda06bc46dd928a03a766ed283b" member_type: VOTER last_known_addr { host: "127.0.107.193" port: 35209 } } peers { permanent_uuid: "41279f56cb4548dab351c795fd1326a5" member_type: VOTER last_known_addr { host: "127.0.107.194" port: 41383 } } peers { permanent_uuid: "22466a5d89884626b8539ae53593b2ab" member_type: VOTER last_known_addr { host: "127.0.107.195" port: 34979 } }
I20260630 12:13:22.389283  5077 ts_tablet_manager.cc:1434] T c2d11d53cd634af9bdcc1a660b6d59ae P 4c6c3eda06bc46dd928a03a766ed283b: Time spent starting tablet: real 0.017s	user 0.000s	sys 0.003s
I20260630 12:13:22.390218  5077 tablet_bootstrap.cc:492] T ae66ffad2c4548cba04e0401c7d017fd P 4c6c3eda06bc46dd928a03a766ed283b: Bootstrap starting.
I20260630 12:13:22.397688  5082 raft_consensus.cc:493] T 07d61b3a93de4ddea0b72d133281347e P 4c6c3eda06bc46dd928a03a766ed283b [term 0 FOLLOWER]: Starting pre-election (no leader contacted us within the election timeout)
I20260630 12:13:22.398202  5082 raft_consensus.cc:515] T 07d61b3a93de4ddea0b72d133281347e P 4c6c3eda06bc46dd928a03a766ed283b [term 0 FOLLOWER]: Starting pre-election with config: opid_index: -1 OBSOLETE_local: false peers { permanent_uuid: "4c6c3eda06bc46dd928a03a766ed283b" member_type: VOTER last_known_addr { host: "127.0.107.193" port: 35209 } } peers { permanent_uuid: "41279f56cb4548dab351c795fd1326a5" member_type: VOTER last_known_addr { host: "127.0.107.194" port: 41383 } } peers { permanent_uuid: "22466a5d89884626b8539ae53593b2ab" member_type: VOTER last_known_addr { host: "127.0.107.195" port: 34979 } }
I20260630 12:13:22.397118  4776 catalog_manager.cc:5697] T ae66ffad2c4548cba04e0401c7d017fd P 22466a5d89884626b8539ae53593b2ab reported cstate change: term changed from 0 to 1, leader changed from <none> to 22466a5d89884626b8539ae53593b2ab (127.0.107.195). New cstate: current_term: 1 leader_uuid: "22466a5d89884626b8539ae53593b2ab" committed_config { opid_index: -1 OBSOLETE_local: false peers { permanent_uuid: "4c6c3eda06bc46dd928a03a766ed283b" member_type: VOTER last_known_addr { host: "127.0.107.193" port: 35209 } health_report { overall_health: UNKNOWN } } peers { permanent_uuid: "41279f56cb4548dab351c795fd1326a5" member_type: VOTER last_known_addr { host: "127.0.107.194" port: 41383 } health_report { overall_health: UNKNOWN } } peers { permanent_uuid: "22466a5d89884626b8539ae53593b2ab" member_type: VOTER last_known_addr { host: "127.0.107.195" port: 34979 } health_report { overall_health: HEALTHY } } }
I20260630 12:13:22.399219  5077 tablet_bootstrap.cc:654] T ae66ffad2c4548cba04e0401c7d017fd P 4c6c3eda06bc46dd928a03a766ed283b: Neither blocks nor log segments found. Creating new log.
I20260630 12:13:22.400333  5082 leader_election.cc:290] T 07d61b3a93de4ddea0b72d133281347e P 4c6c3eda06bc46dd928a03a766ed283b [CANDIDATE]: Term 1 pre-election: Requested pre-vote from peers 41279f56cb4548dab351c795fd1326a5 (127.0.107.194:41383), 22466a5d89884626b8539ae53593b2ab (127.0.107.195:34979)
I20260630 12:13:22.399796  4776 catalog_manager.cc:5697] T 8e8e196e65314947975742c248dc7844 P 22466a5d89884626b8539ae53593b2ab reported cstate change: term changed from 0 to 1, leader changed from <none> to 22466a5d89884626b8539ae53593b2ab (127.0.107.195). New cstate: current_term: 1 leader_uuid: "22466a5d89884626b8539ae53593b2ab" committed_config { opid_index: -1 OBSOLETE_local: false peers { permanent_uuid: "4c6c3eda06bc46dd928a03a766ed283b" member_type: VOTER last_known_addr { host: "127.0.107.193" port: 35209 } health_report { overall_health: UNKNOWN } } peers { permanent_uuid: "22466a5d89884626b8539ae53593b2ab" member_type: VOTER last_known_addr { host: "127.0.107.195" port: 34979 } health_report { overall_health: HEALTHY } } peers { permanent_uuid: "41279f56cb4548dab351c795fd1326a5" member_type: VOTER last_known_addr { host: "127.0.107.194" port: 41383 } health_report { overall_health: UNKNOWN } } }
I20260630 12:13:22.400763  5075 tablet_bootstrap.cc:492] T 8e26b2f15ebe4c5cacbe967981c1c6f2 P 22466a5d89884626b8539ae53593b2ab: No bootstrap required, opened a new log
I20260630 12:13:22.401345  5075 ts_tablet_manager.cc:1403] T 8e26b2f15ebe4c5cacbe967981c1c6f2 P 22466a5d89884626b8539ae53593b2ab: Time spent bootstrapping tablet: real 0.036s	user 0.011s	sys 0.001s
I20260630 12:13:22.401521  4776 catalog_manager.cc:5697] T 1a633b8581a7406bb95455aef40a5479 P 22466a5d89884626b8539ae53593b2ab reported cstate change: term changed from 0 to 1, leader changed from <none> to 22466a5d89884626b8539ae53593b2ab (127.0.107.195). New cstate: current_term: 1 leader_uuid: "22466a5d89884626b8539ae53593b2ab" committed_config { opid_index: -1 OBSOLETE_local: false peers { permanent_uuid: "4c6c3eda06bc46dd928a03a766ed283b" member_type: VOTER last_known_addr { host: "127.0.107.193" port: 35209 } health_report { overall_health: UNKNOWN } } peers { permanent_uuid: "41279f56cb4548dab351c795fd1326a5" member_type: VOTER last_known_addr { host: "127.0.107.194" port: 41383 } health_report { overall_health: UNKNOWN } } peers { permanent_uuid: "22466a5d89884626b8539ae53593b2ab" member_type: VOTER last_known_addr { host: "127.0.107.195" port: 34979 } health_report { overall_health: HEALTHY } } }
I20260630 12:13:22.402258  5080 tablet_bootstrap.cc:654] T 07d61b3a93de4ddea0b72d133281347e P 41279f56cb4548dab351c795fd1326a5: Neither blocks nor log segments found. Creating new log.
I20260630 12:13:22.402153  4955 tablet_service.cc:1917] Received RequestConsensusVote() RPC: tablet_id: "07d61b3a93de4ddea0b72d133281347e" candidate_uuid: "4c6c3eda06bc46dd928a03a766ed283b" candidate_term: 1 candidate_status { last_received { term: 0 index: 0 } } ignore_live_leader: false dest_uuid: "41279f56cb4548dab351c795fd1326a5" is_pre_election: true
I20260630 12:13:22.398202  5100 raft_consensus.cc:515] T 06268b87243542f3880f12350f5ee38d P 4c6c3eda06bc46dd928a03a766ed283b [term 1 FOLLOWER]: Starting leader election with config: opid_index: -1 OBSOLETE_local: false peers { permanent_uuid: "4c6c3eda06bc46dd928a03a766ed283b" member_type: VOTER last_known_addr { host: "127.0.107.193" port: 35209 } } peers { permanent_uuid: "41279f56cb4548dab351c795fd1326a5" member_type: VOTER last_known_addr { host: "127.0.107.194" port: 41383 } } peers { permanent_uuid: "22466a5d89884626b8539ae53593b2ab" member_type: VOTER last_known_addr { host: "127.0.107.195" port: 34979 } }
I20260630 12:13:22.403314  5031 tablet_service.cc:1917] Received RequestConsensusVote() RPC: tablet_id: "07d61b3a93de4ddea0b72d133281347e" candidate_uuid: "4c6c3eda06bc46dd928a03a766ed283b" candidate_term: 1 candidate_status { last_received { term: 0 index: 0 } } ignore_live_leader: false dest_uuid: "22466a5d89884626b8539ae53593b2ab" is_pre_election: true
W20260630 12:13:22.403667  4846 leader_election.cc:343] T 07d61b3a93de4ddea0b72d133281347e P 4c6c3eda06bc46dd928a03a766ed283b [CANDIDATE]: Term 1 pre-election: Tablet error from VoteRequest() call to peer 41279f56cb4548dab351c795fd1326a5 (127.0.107.194:41383): Illegal state: must be running to vote when last-logged opid is not known
I20260630 12:13:22.403997  5031 raft_consensus.cc:2468] T 07d61b3a93de4ddea0b72d133281347e P 22466a5d89884626b8539ae53593b2ab [term 0 FOLLOWER]: Leader pre-election vote request: Granting yes vote for candidate 4c6c3eda06bc46dd928a03a766ed283b in term 0.
I20260630 12:13:22.404320  5075 raft_consensus.cc:359] T 8e26b2f15ebe4c5cacbe967981c1c6f2 P 22466a5d89884626b8539ae53593b2ab [term 0 FOLLOWER]: Replica starting. Triggering 0 pending ops. Active config: opid_index: -1 OBSOLETE_local: false peers { permanent_uuid: "4c6c3eda06bc46dd928a03a766ed283b" member_type: VOTER last_known_addr { host: "127.0.107.193" port: 35209 } } peers { permanent_uuid: "41279f56cb4548dab351c795fd1326a5" member_type: VOTER last_known_addr { host: "127.0.107.194" port: 41383 } } peers { permanent_uuid: "22466a5d89884626b8539ae53593b2ab" member_type: VOTER last_known_addr { host: "127.0.107.195" port: 34979 } }
I20260630 12:13:22.405145  5075 raft_consensus.cc:385] T 8e26b2f15ebe4c5cacbe967981c1c6f2 P 22466a5d89884626b8539ae53593b2ab [term 0 FOLLOWER]: Consensus starting up: Expiring failure detector timer to make a prompt election more likely
I20260630 12:13:22.405225  4846 leader_election.cc:304] T 07d61b3a93de4ddea0b72d133281347e P 4c6c3eda06bc46dd928a03a766ed283b [CANDIDATE]: Term 1 pre-election: Election decided. Result: candidate won. Election summary: received 3 responses out of 3 voters: 2 yes votes; 1 no votes. yes voters: 22466a5d89884626b8539ae53593b2ab, 4c6c3eda06bc46dd928a03a766ed283b; no voters: 41279f56cb4548dab351c795fd1326a5
I20260630 12:13:22.405503  5075 raft_consensus.cc:740] T 8e26b2f15ebe4c5cacbe967981c1c6f2 P 22466a5d89884626b8539ae53593b2ab [term 0 FOLLOWER]: Becoming Follower/Learner. State: Replica: 22466a5d89884626b8539ae53593b2ab, State: Initialized, Role: FOLLOWER
I20260630 12:13:22.405297  4776 catalog_manager.cc:5697] T a76eb82bbbae4d54ae5f19e1c5262943 P 22466a5d89884626b8539ae53593b2ab reported cstate change: term changed from 0 to 1, leader changed from <none> to 22466a5d89884626b8539ae53593b2ab (127.0.107.195). New cstate: current_term: 1 leader_uuid: "22466a5d89884626b8539ae53593b2ab" committed_config { opid_index: -1 OBSOLETE_local: false peers { permanent_uuid: "4c6c3eda06bc46dd928a03a766ed283b" member_type: VOTER last_known_addr { host: "127.0.107.193" port: 35209 } health_report { overall_health: UNKNOWN } } peers { permanent_uuid: "41279f56cb4548dab351c795fd1326a5" member_type: VOTER last_known_addr { host: "127.0.107.194" port: 41383 } health_report { overall_health: UNKNOWN } } peers { permanent_uuid: "22466a5d89884626b8539ae53593b2ab" member_type: VOTER last_known_addr { host: "127.0.107.195" port: 34979 } health_report { overall_health: HEALTHY } } }
I20260630 12:13:22.406980  4955 tablet_service.cc:1917] Received RequestConsensusVote() RPC: tablet_id: "06268b87243542f3880f12350f5ee38d" candidate_uuid: "4c6c3eda06bc46dd928a03a766ed283b" candidate_term: 1 candidate_status { last_received { term: 0 index: 0 } } ignore_live_leader: false dest_uuid: "41279f56cb4548dab351c795fd1326a5"
I20260630 12:13:22.406589  5075 consensus_queue.cc:260] T 8e26b2f15ebe4c5cacbe967981c1c6f2 P 22466a5d89884626b8539ae53593b2ab [NON_LEADER]: Queue going to NON_LEADER mode. State: All replicated index: 0, Majority replicated index: 0, Committed index: 0, Last appended: 0.0, Last appended by leader: 0, Current term: 0, Majority size: -1, State: 0, Mode: NON_LEADER, active raft config: opid_index: -1 OBSOLETE_local: false peers { permanent_uuid: "4c6c3eda06bc46dd928a03a766ed283b" member_type: VOTER last_known_addr { host: "127.0.107.193" port: 35209 } } peers { permanent_uuid: "41279f56cb4548dab351c795fd1326a5" member_type: VOTER last_known_addr { host: "127.0.107.194" port: 41383 } } peers { permanent_uuid: "22466a5d89884626b8539ae53593b2ab" member_type: VOTER last_known_addr { host: "127.0.107.195" port: 34979 } }
I20260630 12:13:22.407558  4955 raft_consensus.cc:3060] T 06268b87243542f3880f12350f5ee38d P 41279f56cb4548dab351c795fd1326a5 [term 0 FOLLOWER]: Advancing to term 1
I20260630 12:13:22.409368  5082 raft_consensus.cc:2804] T 07d61b3a93de4ddea0b72d133281347e P 4c6c3eda06bc46dd928a03a766ed283b [term 0 FOLLOWER]: Leader pre-election won for term 1
I20260630 12:13:22.409504  5111 raft_consensus.cc:493] T 42f1025b0b6140598074de53f30c925b P 22466a5d89884626b8539ae53593b2ab [term 0 FOLLOWER]: Starting pre-election (no leader contacted us within the election timeout)
I20260630 12:13:22.409778  5082 raft_consensus.cc:493] T 07d61b3a93de4ddea0b72d133281347e P 4c6c3eda06bc46dd928a03a766ed283b [term 0 FOLLOWER]: Starting leader election (no leader contacted us within the election timeout)
I20260630 12:13:22.410179  5082 raft_consensus.cc:3060] T 07d61b3a93de4ddea0b72d133281347e P 4c6c3eda06bc46dd928a03a766ed283b [term 0 FOLLOWER]: Advancing to term 1
I20260630 12:13:22.434725  5075 ts_tablet_manager.cc:1434] T 8e26b2f15ebe4c5cacbe967981c1c6f2 P 22466a5d89884626b8539ae53593b2ab: Time spent starting tablet: real 0.033s	user 0.006s	sys 0.000s
I20260630 12:13:22.436132  5075 tablet_bootstrap.cc:492] T 06268b87243542f3880f12350f5ee38d P 22466a5d89884626b8539ae53593b2ab: Bootstrap starting.
I20260630 12:13:22.438036  5031 tablet_service.cc:1917] Received RequestConsensusVote() RPC: tablet_id: "06268b87243542f3880f12350f5ee38d" candidate_uuid: "4c6c3eda06bc46dd928a03a766ed283b" candidate_term: 1 candidate_status { last_received { term: 0 index: 0 } } ignore_live_leader: false dest_uuid: "22466a5d89884626b8539ae53593b2ab"
W20260630 12:13:22.439517  4846 leader_election.cc:343] T 06268b87243542f3880f12350f5ee38d P 4c6c3eda06bc46dd928a03a766ed283b [CANDIDATE]: Term 1 election: Tablet error from VoteRequest() call to peer 22466a5d89884626b8539ae53593b2ab (127.0.107.195:34979): Illegal state: must be running to vote when last-logged opid is not known
I20260630 12:13:22.440065  5100 leader_election.cc:290] T 06268b87243542f3880f12350f5ee38d P 4c6c3eda06bc46dd928a03a766ed283b [CANDIDATE]: Term 1 election: Requested vote from peers 41279f56cb4548dab351c795fd1326a5 (127.0.107.194:41383), 22466a5d89884626b8539ae53593b2ab (127.0.107.195:34979)
I20260630 12:13:22.440315  4955 raft_consensus.cc:2468] T 06268b87243542f3880f12350f5ee38d P 41279f56cb4548dab351c795fd1326a5 [term 1 FOLLOWER]: Leader election vote request: Granting yes vote for candidate 4c6c3eda06bc46dd928a03a766ed283b in term 1.
I20260630 12:13:22.441525  4846 leader_election.cc:304] T 06268b87243542f3880f12350f5ee38d P 4c6c3eda06bc46dd928a03a766ed283b [CANDIDATE]: Term 1 election: Election decided. Result: candidate won. Election summary: received 3 responses out of 3 voters: 2 yes votes; 1 no votes. yes voters: 41279f56cb4548dab351c795fd1326a5, 4c6c3eda06bc46dd928a03a766ed283b; no voters: 22466a5d89884626b8539ae53593b2ab
I20260630 12:13:22.410159  5111 raft_consensus.cc:515] T 42f1025b0b6140598074de53f30c925b P 22466a5d89884626b8539ae53593b2ab [term 0 FOLLOWER]: Starting pre-election with config: opid_index: -1 OBSOLETE_local: false peers { permanent_uuid: "4c6c3eda06bc46dd928a03a766ed283b" member_type: VOTER last_known_addr { host: "127.0.107.193" port: 35209 } } peers { permanent_uuid: "41279f56cb4548dab351c795fd1326a5" member_type: VOTER last_known_addr { host: "127.0.107.194" port: 41383 } } peers { permanent_uuid: "22466a5d89884626b8539ae53593b2ab" member_type: VOTER last_known_addr { host: "127.0.107.195" port: 34979 } }
I20260630 12:13:22.444662  5080 tablet_bootstrap.cc:492] T 07d61b3a93de4ddea0b72d133281347e P 41279f56cb4548dab351c795fd1326a5: No bootstrap required, opened a new log
I20260630 12:13:22.445191  5080 ts_tablet_manager.cc:1403] T 07d61b3a93de4ddea0b72d133281347e P 41279f56cb4548dab351c795fd1326a5: Time spent bootstrapping tablet: real 0.064s	user 0.006s	sys 0.012s
I20260630 12:13:22.446676  4880 tablet_service.cc:1917] Received RequestConsensusVote() RPC: tablet_id: "42f1025b0b6140598074de53f30c925b" candidate_uuid: "22466a5d89884626b8539ae53593b2ab" candidate_term: 1 candidate_status { last_received { term: 0 index: 0 } } ignore_live_leader: false dest_uuid: "4c6c3eda06bc46dd928a03a766ed283b" is_pre_election: true
I20260630 12:13:22.446830  5111 leader_election.cc:290] T 42f1025b0b6140598074de53f30c925b P 22466a5d89884626b8539ae53593b2ab [CANDIDATE]: Term 1 pre-election: Requested pre-vote from peers 4c6c3eda06bc46dd928a03a766ed283b (127.0.107.193:35209), 41279f56cb4548dab351c795fd1326a5 (127.0.107.194:41383)
I20260630 12:13:22.447820  5082 raft_consensus.cc:515] T 07d61b3a93de4ddea0b72d133281347e P 4c6c3eda06bc46dd928a03a766ed283b [term 1 FOLLOWER]: Starting leader election with config: opid_index: -1 OBSOLETE_local: false peers { permanent_uuid: "4c6c3eda06bc46dd928a03a766ed283b" member_type: VOTER last_known_addr { host: "127.0.107.193" port: 35209 } } peers { permanent_uuid: "41279f56cb4548dab351c795fd1326a5" member_type: VOTER last_known_addr { host: "127.0.107.194" port: 41383 } } peers { permanent_uuid: "22466a5d89884626b8539ae53593b2ab" member_type: VOTER last_known_addr { host: "127.0.107.195" port: 34979 } }
W20260630 12:13:22.448112  4995 leader_election.cc:343] T 42f1025b0b6140598074de53f30c925b P 22466a5d89884626b8539ae53593b2ab [CANDIDATE]: Term 1 pre-election: Tablet error from VoteRequest() call to peer 4c6c3eda06bc46dd928a03a766ed283b (127.0.107.193:35209): Illegal state: must be running to vote when last-logged opid is not known
I20260630 12:13:22.448786  4955 tablet_service.cc:1917] Received RequestConsensusVote() RPC: tablet_id: "42f1025b0b6140598074de53f30c925b" candidate_uuid: "22466a5d89884626b8539ae53593b2ab" candidate_term: 1 candidate_status { last_received { term: 0 index: 0 } } ignore_live_leader: false dest_uuid: "41279f56cb4548dab351c795fd1326a5" is_pre_election: true
W20260630 12:13:22.451464  4995 leader_election.cc:343] T 42f1025b0b6140598074de53f30c925b P 22466a5d89884626b8539ae53593b2ab [CANDIDATE]: Term 1 pre-election: Tablet error from VoteRequest() call to peer 41279f56cb4548dab351c795fd1326a5 (127.0.107.194:41383): Illegal state: must be running to vote when last-logged opid is not known
I20260630 12:13:22.451272  5080 raft_consensus.cc:359] T 07d61b3a93de4ddea0b72d133281347e P 41279f56cb4548dab351c795fd1326a5 [term 0 FOLLOWER]: Replica starting. Triggering 0 pending ops. Active config: opid_index: -1 OBSOLETE_local: false peers { permanent_uuid: "4c6c3eda06bc46dd928a03a766ed283b" member_type: VOTER last_known_addr { host: "127.0.107.193" port: 35209 } } peers { permanent_uuid: "41279f56cb4548dab351c795fd1326a5" member_type: VOTER last_known_addr { host: "127.0.107.194" port: 41383 } } peers { permanent_uuid: "22466a5d89884626b8539ae53593b2ab" member_type: VOTER last_known_addr { host: "127.0.107.195" port: 34979 } }
I20260630 12:13:22.451944  5080 raft_consensus.cc:385] T 07d61b3a93de4ddea0b72d133281347e P 41279f56cb4548dab351c795fd1326a5 [term 0 FOLLOWER]: Consensus starting up: Expiring failure detector timer to make a prompt election more likely
I20260630 12:13:22.451869  4995 leader_election.cc:304] T 42f1025b0b6140598074de53f30c925b P 22466a5d89884626b8539ae53593b2ab [CANDIDATE]: Term 1 pre-election: Election decided. Result: candidate lost. Election summary: received 3 responses out of 3 voters: 1 yes votes; 2 no votes. yes voters: 22466a5d89884626b8539ae53593b2ab; no voters: 41279f56cb4548dab351c795fd1326a5, 4c6c3eda06bc46dd928a03a766ed283b
I20260630 12:13:22.452322  5082 leader_election.cc:290] T 07d61b3a93de4ddea0b72d133281347e P 4c6c3eda06bc46dd928a03a766ed283b [CANDIDATE]: Term 1 election: Requested vote from peers 41279f56cb4548dab351c795fd1326a5 (127.0.107.194:41383), 22466a5d89884626b8539ae53593b2ab (127.0.107.195:34979)
I20260630 12:13:22.442579  5100 raft_consensus.cc:2804] T 06268b87243542f3880f12350f5ee38d P 4c6c3eda06bc46dd928a03a766ed283b [term 1 FOLLOWER]: Leader election won for term 1
I20260630 12:13:22.450325  5075 tablet_bootstrap.cc:654] T 06268b87243542f3880f12350f5ee38d P 22466a5d89884626b8539ae53593b2ab: Neither blocks nor log segments found. Creating new log.
I20260630 12:13:22.452309  5080 raft_consensus.cc:740] T 07d61b3a93de4ddea0b72d133281347e P 41279f56cb4548dab351c795fd1326a5 [term 0 FOLLOWER]: Becoming Follower/Learner. State: Replica: 41279f56cb4548dab351c795fd1326a5, State: Initialized, Role: FOLLOWER
I20260630 12:13:22.449138  5077 tablet_bootstrap.cc:492] T ae66ffad2c4548cba04e0401c7d017fd P 4c6c3eda06bc46dd928a03a766ed283b: No bootstrap required, opened a new log
I20260630 12:13:22.452971  5111 raft_consensus.cc:2749] T 42f1025b0b6140598074de53f30c925b P 22466a5d89884626b8539ae53593b2ab [term 0 FOLLOWER]: Leader pre-election lost for term 1. Reason: could not achieve majority
I20260630 12:13:22.453294  5077 ts_tablet_manager.cc:1403] T ae66ffad2c4548cba04e0401c7d017fd P 4c6c3eda06bc46dd928a03a766ed283b: Time spent bootstrapping tablet: real 0.063s	user 0.004s	sys 0.012s
I20260630 12:13:22.452981  5100 raft_consensus.cc:697] T 06268b87243542f3880f12350f5ee38d P 4c6c3eda06bc46dd928a03a766ed283b [term 1 LEADER]: Becoming Leader. State: Replica: 4c6c3eda06bc46dd928a03a766ed283b, State: Running, Role: LEADER
I20260630 12:13:22.453998  5031 tablet_service.cc:1917] Received RequestConsensusVote() RPC: tablet_id: "07d61b3a93de4ddea0b72d133281347e" candidate_uuid: "4c6c3eda06bc46dd928a03a766ed283b" candidate_term: 1 candidate_status { last_received { term: 0 index: 0 } } ignore_live_leader: false dest_uuid: "22466a5d89884626b8539ae53593b2ab"
I20260630 12:13:22.454533  5031 raft_consensus.cc:3060] T 07d61b3a93de4ddea0b72d133281347e P 22466a5d89884626b8539ae53593b2ab [term 0 FOLLOWER]: Advancing to term 1
I20260630 12:13:22.454470  5100 consensus_queue.cc:237] T 06268b87243542f3880f12350f5ee38d P 4c6c3eda06bc46dd928a03a766ed283b [LEADER]: Queue going to LEADER mode. State: All replicated index: 0, Majority replicated index: 0, Committed index: 0, Last appended: 0.0, Last appended by leader: 0, Current term: 1, Majority size: 2, State: 0, Mode: LEADER, active raft config: opid_index: -1 OBSOLETE_local: false peers { permanent_uuid: "4c6c3eda06bc46dd928a03a766ed283b" member_type: VOTER last_known_addr { host: "127.0.107.193" port: 35209 } } peers { permanent_uuid: "41279f56cb4548dab351c795fd1326a5" member_type: VOTER last_known_addr { host: "127.0.107.194" port: 41383 } } peers { permanent_uuid: "22466a5d89884626b8539ae53593b2ab" member_type: VOTER last_known_addr { host: "127.0.107.195" port: 34979 } }
I20260630 12:13:22.455899  5077 raft_consensus.cc:359] T ae66ffad2c4548cba04e0401c7d017fd P 4c6c3eda06bc46dd928a03a766ed283b [term 0 FOLLOWER]: Replica starting. Triggering 0 pending ops. Active config: opid_index: -1 OBSOLETE_local: false peers { permanent_uuid: "4c6c3eda06bc46dd928a03a766ed283b" member_type: VOTER last_known_addr { host: "127.0.107.193" port: 35209 } } peers { permanent_uuid: "41279f56cb4548dab351c795fd1326a5" member_type: VOTER last_known_addr { host: "127.0.107.194" port: 41383 } } peers { permanent_uuid: "22466a5d89884626b8539ae53593b2ab" member_type: VOTER last_known_addr { host: "127.0.107.195" port: 34979 } }
I20260630 12:13:22.457705  5077 raft_consensus.cc:385] T ae66ffad2c4548cba04e0401c7d017fd P 4c6c3eda06bc46dd928a03a766ed283b [term 0 FOLLOWER]: Consensus starting up: Expiring failure detector timer to make a prompt election more likely
I20260630 12:13:22.458035  5077 raft_consensus.cc:740] T ae66ffad2c4548cba04e0401c7d017fd P 4c6c3eda06bc46dd928a03a766ed283b [term 0 FOLLOWER]: Becoming Follower/Learner. State: Replica: 4c6c3eda06bc46dd928a03a766ed283b, State: Initialized, Role: FOLLOWER
I20260630 12:13:22.459395  5077 consensus_queue.cc:260] T ae66ffad2c4548cba04e0401c7d017fd P 4c6c3eda06bc46dd928a03a766ed283b [NON_LEADER]: Queue going to NON_LEADER mode. State: All replicated index: 0, Majority replicated index: 0, Committed index: 0, Last appended: 0.0, Last appended by leader: 0, Current term: 0, Majority size: -1, State: 0, Mode: NON_LEADER, active raft config: opid_index: -1 OBSOLETE_local: false peers { permanent_uuid: "4c6c3eda06bc46dd928a03a766ed283b" member_type: VOTER last_known_addr { host: "127.0.107.193" port: 35209 } } peers { permanent_uuid: "41279f56cb4548dab351c795fd1326a5" member_type: VOTER last_known_addr { host: "127.0.107.194" port: 41383 } } peers { permanent_uuid: "22466a5d89884626b8539ae53593b2ab" member_type: VOTER last_known_addr { host: "127.0.107.195" port: 34979 } }
I20260630 12:13:22.461966  5077 ts_tablet_manager.cc:1434] T ae66ffad2c4548cba04e0401c7d017fd P 4c6c3eda06bc46dd928a03a766ed283b: Time spent starting tablet: real 0.008s	user 0.004s	sys 0.000s
I20260630 12:13:22.462976  5077 tablet_bootstrap.cc:492] T 1a633b8581a7406bb95455aef40a5479 P 4c6c3eda06bc46dd928a03a766ed283b: Bootstrap starting.
I20260630 12:13:22.463672  4955 tablet_service.cc:1917] Received RequestConsensusVote() RPC: tablet_id: "07d61b3a93de4ddea0b72d133281347e" candidate_uuid: "4c6c3eda06bc46dd928a03a766ed283b" candidate_term: 1 candidate_status { last_received { term: 0 index: 0 } } ignore_live_leader: false dest_uuid: "41279f56cb4548dab351c795fd1326a5"
I20260630 12:13:22.464639  5075 tablet_bootstrap.cc:492] T 06268b87243542f3880f12350f5ee38d P 22466a5d89884626b8539ae53593b2ab: No bootstrap required, opened a new log
I20260630 12:13:22.465852  5075 ts_tablet_manager.cc:1403] T 06268b87243542f3880f12350f5ee38d P 22466a5d89884626b8539ae53593b2ab: Time spent bootstrapping tablet: real 0.030s	user 0.011s	sys 0.005s
I20260630 12:13:22.468641  5077 tablet_bootstrap.cc:654] T 1a633b8581a7406bb95455aef40a5479 P 4c6c3eda06bc46dd928a03a766ed283b: Neither blocks nor log segments found. Creating new log.
I20260630 12:13:22.464978  5031 raft_consensus.cc:2468] T 07d61b3a93de4ddea0b72d133281347e P 22466a5d89884626b8539ae53593b2ab [term 1 FOLLOWER]: Leader election vote request: Granting yes vote for candidate 4c6c3eda06bc46dd928a03a766ed283b in term 1.
I20260630 12:13:22.469796  4846 leader_election.cc:304] T 07d61b3a93de4ddea0b72d133281347e P 4c6c3eda06bc46dd928a03a766ed283b [CANDIDATE]: Term 1 election: Election decided. Result: candidate won. Election summary: received 2 responses out of 3 voters: 2 yes votes; 0 no votes. yes voters: 22466a5d89884626b8539ae53593b2ab, 4c6c3eda06bc46dd928a03a766ed283b; no voters: 
I20260630 12:13:22.470690  5100 raft_consensus.cc:2804] T 07d61b3a93de4ddea0b72d133281347e P 4c6c3eda06bc46dd928a03a766ed283b [term 1 FOLLOWER]: Leader election won for term 1
I20260630 12:13:22.470800  5080 consensus_queue.cc:260] T 07d61b3a93de4ddea0b72d133281347e P 41279f56cb4548dab351c795fd1326a5 [NON_LEADER]: Queue going to NON_LEADER mode. State: All replicated index: 0, Majority replicated index: 0, Committed index: 0, Last appended: 0.0, Last appended by leader: 0, Current term: 0, Majority size: -1, State: 0, Mode: NON_LEADER, active raft config: opid_index: -1 OBSOLETE_local: false peers { permanent_uuid: "4c6c3eda06bc46dd928a03a766ed283b" member_type: VOTER last_known_addr { host: "127.0.107.193" port: 35209 } } peers { permanent_uuid: "41279f56cb4548dab351c795fd1326a5" member_type: VOTER last_known_addr { host: "127.0.107.194" port: 41383 } } peers { permanent_uuid: "22466a5d89884626b8539ae53593b2ab" member_type: VOTER last_known_addr { host: "127.0.107.195" port: 34979 } }
I20260630 12:13:22.471429  5100 raft_consensus.cc:697] T 07d61b3a93de4ddea0b72d133281347e P 4c6c3eda06bc46dd928a03a766ed283b [term 1 LEADER]: Becoming Leader. State: Replica: 4c6c3eda06bc46dd928a03a766ed283b, State: Running, Role: LEADER
I20260630 12:13:22.471446  5075 raft_consensus.cc:359] T 06268b87243542f3880f12350f5ee38d P 22466a5d89884626b8539ae53593b2ab [term 0 FOLLOWER]: Replica starting. Triggering 0 pending ops. Active config: opid_index: -1 OBSOLETE_local: false peers { permanent_uuid: "4c6c3eda06bc46dd928a03a766ed283b" member_type: VOTER last_known_addr { host: "127.0.107.193" port: 35209 } } peers { permanent_uuid: "41279f56cb4548dab351c795fd1326a5" member_type: VOTER last_known_addr { host: "127.0.107.194" port: 41383 } } peers { permanent_uuid: "22466a5d89884626b8539ae53593b2ab" member_type: VOTER last_known_addr { host: "127.0.107.195" port: 34979 } }
I20260630 12:13:22.472353  5075 raft_consensus.cc:385] T 06268b87243542f3880f12350f5ee38d P 22466a5d89884626b8539ae53593b2ab [term 0 FOLLOWER]: Consensus starting up: Expiring failure detector timer to make a prompt election more likely
I20260630 12:13:22.472661  5075 raft_consensus.cc:740] T 06268b87243542f3880f12350f5ee38d P 22466a5d89884626b8539ae53593b2ab [term 0 FOLLOWER]: Becoming Follower/Learner. State: Replica: 22466a5d89884626b8539ae53593b2ab, State: Initialized, Role: FOLLOWER
I20260630 12:13:22.471730  4776 catalog_manager.cc:5697] T 06268b87243542f3880f12350f5ee38d P 4c6c3eda06bc46dd928a03a766ed283b reported cstate change: term changed from 0 to 1, leader changed from <none> to 4c6c3eda06bc46dd928a03a766ed283b (127.0.107.193). New cstate: current_term: 1 leader_uuid: "4c6c3eda06bc46dd928a03a766ed283b" committed_config { opid_index: -1 OBSOLETE_local: false peers { permanent_uuid: "4c6c3eda06bc46dd928a03a766ed283b" member_type: VOTER last_known_addr { host: "127.0.107.193" port: 35209 } health_report { overall_health: HEALTHY } } peers { permanent_uuid: "41279f56cb4548dab351c795fd1326a5" member_type: VOTER last_known_addr { host: "127.0.107.194" port: 41383 } health_report { overall_health: UNKNOWN } } peers { permanent_uuid: "22466a5d89884626b8539ae53593b2ab" member_type: VOTER last_known_addr { host: "127.0.107.195" port: 34979 } health_report { overall_health: UNKNOWN } } }
I20260630 12:13:22.473083  5100 consensus_queue.cc:237] T 07d61b3a93de4ddea0b72d133281347e P 4c6c3eda06bc46dd928a03a766ed283b [LEADER]: Queue going to LEADER mode. State: All replicated index: 0, Majority replicated index: 0, Committed index: 0, Last appended: 0.0, Last appended by leader: 0, Current term: 1, Majority size: 2, State: 0, Mode: LEADER, active raft config: opid_index: -1 OBSOLETE_local: false peers { permanent_uuid: "4c6c3eda06bc46dd928a03a766ed283b" member_type: VOTER last_known_addr { host: "127.0.107.193" port: 35209 } } peers { permanent_uuid: "41279f56cb4548dab351c795fd1326a5" member_type: VOTER last_known_addr { host: "127.0.107.194" port: 41383 } } peers { permanent_uuid: "22466a5d89884626b8539ae53593b2ab" member_type: VOTER last_known_addr { host: "127.0.107.195" port: 34979 } }
I20260630 12:13:22.473426  5075 consensus_queue.cc:260] T 06268b87243542f3880f12350f5ee38d P 22466a5d89884626b8539ae53593b2ab [NON_LEADER]: Queue going to NON_LEADER mode. State: All replicated index: 0, Majority replicated index: 0, Committed index: 0, Last appended: 0.0, Last appended by leader: 0, Current term: 0, Majority size: -1, State: 0, Mode: NON_LEADER, active raft config: opid_index: -1 OBSOLETE_local: false peers { permanent_uuid: "4c6c3eda06bc46dd928a03a766ed283b" member_type: VOTER last_known_addr { host: "127.0.107.193" port: 35209 } } peers { permanent_uuid: "41279f56cb4548dab351c795fd1326a5" member_type: VOTER last_known_addr { host: "127.0.107.194" port: 41383 } } peers { permanent_uuid: "22466a5d89884626b8539ae53593b2ab" member_type: VOTER last_known_addr { host: "127.0.107.195" port: 34979 } }
I20260630 12:13:22.475878  5075 ts_tablet_manager.cc:1434] T 06268b87243542f3880f12350f5ee38d P 22466a5d89884626b8539ae53593b2ab: Time spent starting tablet: real 0.010s	user 0.006s	sys 0.000s
I20260630 12:13:22.476778  5075 tablet_bootstrap.cc:492] T c2d11d53cd634af9bdcc1a660b6d59ae P 22466a5d89884626b8539ae53593b2ab: Bootstrap starting.
I20260630 12:13:22.479877  5080 ts_tablet_manager.cc:1434] T 07d61b3a93de4ddea0b72d133281347e P 41279f56cb4548dab351c795fd1326a5: Time spent starting tablet: real 0.034s	user 0.006s	sys 0.002s
I20260630 12:13:22.480858  5080 tablet_bootstrap.cc:492] T a76eb82bbbae4d54ae5f19e1c5262943 P 41279f56cb4548dab351c795fd1326a5: Bootstrap starting.
I20260630 12:13:22.482033  5075 tablet_bootstrap.cc:654] T c2d11d53cd634af9bdcc1a660b6d59ae P 22466a5d89884626b8539ae53593b2ab: Neither blocks nor log segments found. Creating new log.
I20260630 12:13:22.486014  5085 raft_consensus.cc:493] T 07d61b3a93de4ddea0b72d133281347e P 41279f56cb4548dab351c795fd1326a5 [term 0 FOLLOWER]: Starting pre-election (no leader contacted us within the election timeout)
I20260630 12:13:22.486680  5085 raft_consensus.cc:515] T 07d61b3a93de4ddea0b72d133281347e P 41279f56cb4548dab351c795fd1326a5 [term 0 FOLLOWER]: Starting pre-election with config: opid_index: -1 OBSOLETE_local: false peers { permanent_uuid: "4c6c3eda06bc46dd928a03a766ed283b" member_type: VOTER last_known_addr { host: "127.0.107.193" port: 35209 } } peers { permanent_uuid: "41279f56cb4548dab351c795fd1326a5" member_type: VOTER last_known_addr { host: "127.0.107.194" port: 41383 } } peers { permanent_uuid: "22466a5d89884626b8539ae53593b2ab" member_type: VOTER last_known_addr { host: "127.0.107.195" port: 34979 } }
I20260630 12:13:22.492844  5085 leader_election.cc:290] T 07d61b3a93de4ddea0b72d133281347e P 41279f56cb4548dab351c795fd1326a5 [CANDIDATE]: Term 1 pre-election: Requested pre-vote from peers 4c6c3eda06bc46dd928a03a766ed283b (127.0.107.193:35209), 22466a5d89884626b8539ae53593b2ab (127.0.107.195:34979)
I20260630 12:13:22.495532  5031 tablet_service.cc:1917] Received RequestConsensusVote() RPC: tablet_id: "07d61b3a93de4ddea0b72d133281347e" candidate_uuid: "41279f56cb4548dab351c795fd1326a5" candidate_term: 1 candidate_status { last_received { term: 0 index: 0 } } ignore_live_leader: false dest_uuid: "22466a5d89884626b8539ae53593b2ab" is_pre_election: true
I20260630 12:13:22.496592  5031 raft_consensus.cc:2393] T 07d61b3a93de4ddea0b72d133281347e P 22466a5d89884626b8539ae53593b2ab [term 1 FOLLOWER]: Leader pre-election vote request: Denying vote to candidate 41279f56cb4548dab351c795fd1326a5 in current term 1: Already voted for candidate 4c6c3eda06bc46dd928a03a766ed283b in this term.
I20260630 12:13:22.496740  5080 tablet_bootstrap.cc:654] T a76eb82bbbae4d54ae5f19e1c5262943 P 41279f56cb4548dab351c795fd1326a5: Neither blocks nor log segments found. Creating new log.
I20260630 12:13:22.494786  4880 tablet_service.cc:1917] Received RequestConsensusVote() RPC: tablet_id: "07d61b3a93de4ddea0b72d133281347e" candidate_uuid: "41279f56cb4548dab351c795fd1326a5" candidate_term: 1 candidate_status { last_received { term: 0 index: 0 } } ignore_live_leader: false dest_uuid: "4c6c3eda06bc46dd928a03a766ed283b" is_pre_election: true
I20260630 12:13:22.500334  4921 leader_election.cc:304] T 07d61b3a93de4ddea0b72d133281347e P 41279f56cb4548dab351c795fd1326a5 [CANDIDATE]: Term 1 pre-election: Election decided. Result: candidate lost. Election summary: received 3 responses out of 3 voters: 1 yes votes; 2 no votes. yes voters: 41279f56cb4548dab351c795fd1326a5; no voters: 22466a5d89884626b8539ae53593b2ab, 4c6c3eda06bc46dd928a03a766ed283b
I20260630 12:13:22.501871  5085 raft_consensus.cc:3060] T 07d61b3a93de4ddea0b72d133281347e P 41279f56cb4548dab351c795fd1326a5 [term 0 FOLLOWER]: Advancing to term 1
I20260630 12:13:22.519448  5080 tablet_bootstrap.cc:492] T a76eb82bbbae4d54ae5f19e1c5262943 P 41279f56cb4548dab351c795fd1326a5: No bootstrap required, opened a new log
I20260630 12:13:22.519726  5085 raft_consensus.cc:2749] T 07d61b3a93de4ddea0b72d133281347e P 41279f56cb4548dab351c795fd1326a5 [term 1 FOLLOWER]: Leader pre-election lost for term 1. Reason: could not achieve majority
I20260630 12:13:22.520098  5080 ts_tablet_manager.cc:1403] T a76eb82bbbae4d54ae5f19e1c5262943 P 41279f56cb4548dab351c795fd1326a5: Time spent bootstrapping tablet: real 0.039s	user 0.011s	sys 0.004s
I20260630 12:13:22.522853  5080 raft_consensus.cc:359] T a76eb82bbbae4d54ae5f19e1c5262943 P 41279f56cb4548dab351c795fd1326a5 [term 0 FOLLOWER]: Replica starting. Triggering 0 pending ops. Active config: opid_index: -1 OBSOLETE_local: false peers { permanent_uuid: "4c6c3eda06bc46dd928a03a766ed283b" member_type: VOTER last_known_addr { host: "127.0.107.193" port: 35209 } } peers { permanent_uuid: "41279f56cb4548dab351c795fd1326a5" member_type: VOTER last_known_addr { host: "127.0.107.194" port: 41383 } } peers { permanent_uuid: "22466a5d89884626b8539ae53593b2ab" member_type: VOTER last_known_addr { host: "127.0.107.195" port: 34979 } }
I20260630 12:13:22.523694  5080 raft_consensus.cc:385] T a76eb82bbbae4d54ae5f19e1c5262943 P 41279f56cb4548dab351c795fd1326a5 [term 0 FOLLOWER]: Consensus starting up: Expiring failure detector timer to make a prompt election more likely
I20260630 12:13:22.524010  5080 raft_consensus.cc:740] T a76eb82bbbae4d54ae5f19e1c5262943 P 41279f56cb4548dab351c795fd1326a5 [term 0 FOLLOWER]: Becoming Follower/Learner. State: Replica: 41279f56cb4548dab351c795fd1326a5, State: Initialized, Role: FOLLOWER
I20260630 12:13:22.524824  5080 consensus_queue.cc:260] T a76eb82bbbae4d54ae5f19e1c5262943 P 41279f56cb4548dab351c795fd1326a5 [NON_LEADER]: Queue going to NON_LEADER mode. State: All replicated index: 0, Majority replicated index: 0, Committed index: 0, Last appended: 0.0, Last appended by leader: 0, Current term: 0, Majority size: -1, State: 0, Mode: NON_LEADER, active raft config: opid_index: -1 OBSOLETE_local: false peers { permanent_uuid: "4c6c3eda06bc46dd928a03a766ed283b" member_type: VOTER last_known_addr { host: "127.0.107.193" port: 35209 } } peers { permanent_uuid: "41279f56cb4548dab351c795fd1326a5" member_type: VOTER last_known_addr { host: "127.0.107.194" port: 41383 } } peers { permanent_uuid: "22466a5d89884626b8539ae53593b2ab" member_type: VOTER last_known_addr { host: "127.0.107.195" port: 34979 } }
I20260630 12:13:22.526810  5077 tablet_bootstrap.cc:492] T 1a633b8581a7406bb95455aef40a5479 P 4c6c3eda06bc46dd928a03a766ed283b: No bootstrap required, opened a new log
I20260630 12:13:22.527004  4955 raft_consensus.cc:2468] T 07d61b3a93de4ddea0b72d133281347e P 41279f56cb4548dab351c795fd1326a5 [term 1 FOLLOWER]: Leader election vote request: Granting yes vote for candidate 4c6c3eda06bc46dd928a03a766ed283b in term 1.
I20260630 12:13:22.527276  5077 ts_tablet_manager.cc:1403] T 1a633b8581a7406bb95455aef40a5479 P 4c6c3eda06bc46dd928a03a766ed283b: Time spent bootstrapping tablet: real 0.064s	user 0.010s	sys 0.004s
I20260630 12:13:22.526659  4778 catalog_manager.cc:5697] T 07d61b3a93de4ddea0b72d133281347e P 4c6c3eda06bc46dd928a03a766ed283b reported cstate change: term changed from 0 to 1, leader changed from <none> to 4c6c3eda06bc46dd928a03a766ed283b (127.0.107.193). New cstate: current_term: 1 leader_uuid: "4c6c3eda06bc46dd928a03a766ed283b" committed_config { opid_index: -1 OBSOLETE_local: false peers { permanent_uuid: "4c6c3eda06bc46dd928a03a766ed283b" member_type: VOTER last_known_addr { host: "127.0.107.193" port: 35209 } health_report { overall_health: HEALTHY } } peers { permanent_uuid: "41279f56cb4548dab351c795fd1326a5" member_type: VOTER last_known_addr { host: "127.0.107.194" port: 41383 } health_report { overall_health: UNKNOWN } } peers { permanent_uuid: "22466a5d89884626b8539ae53593b2ab" member_type: VOTER last_known_addr { host: "127.0.107.195" port: 34979 } health_report { overall_health: UNKNOWN } } }
I20260630 12:13:22.530023  5080 ts_tablet_manager.cc:1434] T a76eb82bbbae4d54ae5f19e1c5262943 P 41279f56cb4548dab351c795fd1326a5: Time spent starting tablet: real 0.010s	user 0.005s	sys 0.000s
I20260630 12:13:22.530882  5080 tablet_bootstrap.cc:492] T bca863916b3648b69af2d6e57672dc32 P 41279f56cb4548dab351c795fd1326a5: Bootstrap starting.
I20260630 12:13:22.532047  5075 tablet_bootstrap.cc:492] T c2d11d53cd634af9bdcc1a660b6d59ae P 22466a5d89884626b8539ae53593b2ab: No bootstrap required, opened a new log
I20260630 12:13:22.532517  5075 ts_tablet_manager.cc:1403] T c2d11d53cd634af9bdcc1a660b6d59ae P 22466a5d89884626b8539ae53593b2ab: Time spent bootstrapping tablet: real 0.056s	user 0.019s	sys 0.023s
I20260630 12:13:22.535219  5075 raft_consensus.cc:359] T c2d11d53cd634af9bdcc1a660b6d59ae P 22466a5d89884626b8539ae53593b2ab [term 0 FOLLOWER]: Replica starting. Triggering 0 pending ops. Active config: opid_index: -1 OBSOLETE_local: false peers { permanent_uuid: "4c6c3eda06bc46dd928a03a766ed283b" member_type: VOTER last_known_addr { host: "127.0.107.193" port: 35209 } } peers { permanent_uuid: "41279f56cb4548dab351c795fd1326a5" member_type: VOTER last_known_addr { host: "127.0.107.194" port: 41383 } } peers { permanent_uuid: "22466a5d89884626b8539ae53593b2ab" member_type: VOTER last_known_addr { host: "127.0.107.195" port: 34979 } }
I20260630 12:13:22.536217  5075 raft_consensus.cc:385] T c2d11d53cd634af9bdcc1a660b6d59ae P 22466a5d89884626b8539ae53593b2ab [term 0 FOLLOWER]: Consensus starting up: Expiring failure detector timer to make a prompt election more likely
I20260630 12:13:22.536521  5080 tablet_bootstrap.cc:654] T bca863916b3648b69af2d6e57672dc32 P 41279f56cb4548dab351c795fd1326a5: Neither blocks nor log segments found. Creating new log.
I20260630 12:13:22.536487  5075 raft_consensus.cc:740] T c2d11d53cd634af9bdcc1a660b6d59ae P 22466a5d89884626b8539ae53593b2ab [term 0 FOLLOWER]: Becoming Follower/Learner. State: Replica: 22466a5d89884626b8539ae53593b2ab, State: Initialized, Role: FOLLOWER
