I20260630 12:11:43.743216  1588 data_dirs.cc:400] Could only allocate 1 dirs of requested 3 for tablet 00000000000000000000000000000000. 1 dirs total, 0 dirs full, 0 dirs failed
I20260630 12:11:43.743695   431 file_cache.cc:492] Constructed file cache file cache with capacity 419430
I20260630 12:11:43.749639  1588 sys_catalog.cc:422] member_type: VOTER last_known_addr { host: "127.0.107.254" port: 33877 } has no permanent_uuid. Determining permanent_uuid...
W20260630 12:11:43.750424  1590 instance_detector.cc:116] could not retrieve AWS instance metadata: Network error: curl error: HTTP response code said error: The requested URL returned error: 404
W20260630 12:11:43.750895  1591 instance_detector.cc:116] could not retrieve Azure instance metadata: Network error: curl error: HTTP response code said error: The requested URL returned error: 404
I20260630 12:11:43.755666   431 server_base.cc:1061] running on GCE node
W20260630 12:11:43.757019  1594 instance_detector.cc:116] could not retrieve OpenStack instance metadata: Network error: curl error: HTTP response code said error: The requested URL returned error: 404
I20260630 12:11:43.758620   431 hybrid_clock.cc:584] initializing the hybrid clock with 'system_unsync' time source
W20260630 12:11:43.758836   431 system_unsync_time.cc:38] NTP support is disabled. Clock error bounds will not be accurate. This configuration is not suitable for distributed clusters.
I20260630 12:11:43.759078   431 hybrid_clock.cc:648] HybridClock initialized: now 1782821503759041 us; error 0 us; skew 500 ppm
I20260630 12:11:43.759608   431 server_base.cc:861] Flag tcmalloc_max_total_thread_cache_bytes is not working since tcmalloc is not enabled.
I20260630 12:11:43.763027   431 webserver.cc:533] Webserver started at http://127.0.107.253:33597/ using document root <none> and password file <none>
I20260630 12:11:43.763682   431 fs_manager.cc:362] Metadata directory not provided
I20260630 12:11:43.763906   431 fs_manager.cc:368] Using write-ahead log directory (fs_wal_dir) as metadata directory
I20260630 12:11:43.764218   431 server_base.cc:909] This appears to be a new deployment of Kudu; creating new FS layout
I20260630 12:11:43.765535   431 fs_manager.cc:1068] Generated new instance metadata in path /tmp/dist-test-taskKDayJm/test-tmp/auto_rebalancer-test.0.AutoRebalancerTest.NextLeaderResumesAutoRebalancing.1782821485423551-431-0/minicluster-data/master-1-root/instance:
uuid: "2a1e761e86a04ef4887d9bea3a9666e2"
format_stamp: "Formatted at 2026-06-30 12:11:43 on dist-test-slave-0300"
I20260630 12:11:43.770593  1588 sys_catalog.cc:422] member_type: VOTER last_known_addr { host: "127.0.107.253" port: 37731 } has no permanent_uuid. Determining permanent_uuid...
I20260630 12:11:43.771616   431 fs_manager.cc:696] Time spent creating directory manager: real 0.005s	user 0.003s	sys 0.005s
I20260630 12:11:43.775578  1601 log_block_manager.cc:4031] Time spent loading block containers with low live blocks: real 0.000s	user 0.000s	sys 0.000s
I20260630 12:11:43.776535   431 fs_manager.cc:730] Time spent opening block manager: real 0.003s	user 0.004s	sys 0.000s
I20260630 12:11:43.776911   431 fs_manager.cc:647] Opened local filesystem: /tmp/dist-test-taskKDayJm/test-tmp/auto_rebalancer-test.0.AutoRebalancerTest.NextLeaderResumesAutoRebalancing.1782821485423551-431-0/minicluster-data/master-1-root
uuid: "2a1e761e86a04ef4887d9bea3a9666e2"
format_stamp: "Formatted at 2026-06-30 12:11:43 on dist-test-slave-0300"
I20260630 12:11:43.777192   431 fs_report.cc:389] FS layout report
--------------------
wal directory: /tmp/dist-test-taskKDayJm/test-tmp/auto_rebalancer-test.0.AutoRebalancerTest.NextLeaderResumesAutoRebalancing.1782821485423551-431-0/minicluster-data/master-1-root
metadata directory: /tmp/dist-test-taskKDayJm/test-tmp/auto_rebalancer-test.0.AutoRebalancerTest.NextLeaderResumesAutoRebalancing.1782821485423551-431-0/minicluster-data/master-1-root
1 data directories: /tmp/dist-test-taskKDayJm/test-tmp/auto_rebalancer-test.0.AutoRebalancerTest.NextLeaderResumesAutoRebalancing.1782821485423551-431-0/minicluster-data/master-1-root/data
Total live blocks: 0
Total live bytes: 0
Total live bytes (after alignment): 0
Total number of LBM containers: 0 (0 full)
Did not check for missing blocks
Did not check for orphaned blocks
Total full LBM containers with extra space: 0 (0 repaired)
Total full LBM container extra space in bytes: 0 (0 repaired)
Total incomplete LBM containers: 0 (0 repaired)
Total LBM partial records: 0 (0 repaired)
Total corrupted LBM metadata records in RocksDB: 0 (0 repaired)
W20260630 12:11:43.777566  1588 consensus_peers.cc:760] Error getting permanent uuid from config peer 127.0.107.253:37731: Network error: Client connection negotiation failed: client connection to 127.0.107.253:37731: connect: Connection refused (error 111)
I20260630 12:11:43.799096  1588 consensus_peers.cc:770] Retrying to get permanent uuid for remote peer: member_type: VOTER last_known_addr { host: "127.0.107.253" port: 37731 } attempt: 1
W20260630 12:11:43.804709  1588 consensus_peers.cc:760] Error getting permanent uuid from config peer 127.0.107.253:37731: Network error: Client connection negotiation failed: client connection to 127.0.107.253:37731: connect: Connection refused (error 111)
I20260630 12:11:43.805207   431 rpc_server.cc:225] running with OpenSSL 1.1.1  11 Sep 2018
I20260630 12:11:43.806458   431 kserver.cc:163] Server-wide thread pool size limit: 3276
I20260630 12:11:43.847255  1588 consensus_peers.cc:770] Retrying to get permanent uuid for remote peer: member_type: VOTER last_known_addr { host: "127.0.107.253" port: 37731 } attempt: 2
I20260630 12:11:43.851905   431 rpc_server.cc:307] RPC server started. Bound to: 127.0.107.253:37731
I20260630 12:11:43.852022  1652 acceptor_pool.cc:272] collecting diagnostics on the listening RPC socket 127.0.107.253:37731 every 8 connection(s)
I20260630 12:11:43.856977   431 file_cache.cc:492] Constructed file cache file cache with capacity 419430
I20260630 12:11:43.857386  1654 data_dirs.cc:400] Could only allocate 1 dirs of requested 3 for tablet 00000000000000000000000000000000. 1 dirs total, 0 dirs full, 0 dirs failed
W20260630 12:11:43.863552  1656 instance_detector.cc:116] could not retrieve AWS instance metadata: Network error: curl error: HTTP response code said error: The requested URL returned error: 404
W20260630 12:11:43.866254  1657 instance_detector.cc:116] could not retrieve Azure instance metadata: Network error: curl error: HTTP response code said error: The requested URL returned error: 404
I20260630 12:11:43.868521  1654 sys_catalog.cc:422] member_type: VOTER last_known_addr { host: "127.0.107.254" port: 33877 } has no permanent_uuid. Determining permanent_uuid...
I20260630 12:11:43.869213  1588 sys_catalog.cc:422] member_type: VOTER last_known_addr { host: "127.0.107.252" port: 33815 } has no permanent_uuid. Determining permanent_uuid...
W20260630 12:11:43.874765  1659 instance_detector.cc:116] could not retrieve OpenStack instance metadata: Network error: curl error: HTTP response code said error: The requested URL returned error: 404
I20260630 12:11:43.875878   431 server_base.cc:1061] running on GCE node
I20260630 12:11:43.876713   431 hybrid_clock.cc:584] initializing the hybrid clock with 'system_unsync' time source
W20260630 12:11:43.876856  1588 consensus_peers.cc:760] Error getting permanent uuid from config peer 127.0.107.252:33815: Network error: Client connection negotiation failed: client connection to 127.0.107.252:33815: connect: Connection refused (error 111)
W20260630 12:11:43.877017   431 system_unsync_time.cc:38] NTP support is disabled. Clock error bounds will not be accurate. This configuration is not suitable for distributed clusters.
I20260630 12:11:43.877234   431 hybrid_clock.cc:648] HybridClock initialized: now 1782821503877212 us; error 0 us; skew 500 ppm
I20260630 12:11:43.877969   431 server_base.cc:861] Flag tcmalloc_max_total_thread_cache_bytes is not working since tcmalloc is not enabled.
I20260630 12:11:43.881207   431 webserver.cc:533] Webserver started at http://127.0.107.252:32949/ using document root <none> and password file <none>
I20260630 12:11:43.881819   431 fs_manager.cc:362] Metadata directory not provided
I20260630 12:11:43.882016   431 fs_manager.cc:368] Using write-ahead log directory (fs_wal_dir) as metadata directory
I20260630 12:11:43.882385   431 server_base.cc:909] This appears to be a new deployment of Kudu; creating new FS layout
I20260630 12:11:43.883764   431 fs_manager.cc:1068] Generated new instance metadata in path /tmp/dist-test-taskKDayJm/test-tmp/auto_rebalancer-test.0.AutoRebalancerTest.NextLeaderResumesAutoRebalancing.1782821485423551-431-0/minicluster-data/master-2-root/instance:
uuid: "b8326162e5f84946978e87dc3a3b5319"
format_stamp: "Formatted at 2026-06-30 12:11:43 on dist-test-slave-0300"
I20260630 12:11:43.888336  1654 sys_catalog.cc:422] member_type: VOTER last_known_addr { host: "127.0.107.253" port: 37731 } has no permanent_uuid. Determining permanent_uuid...
I20260630 12:11:43.889621   431 fs_manager.cc:696] Time spent creating directory manager: real 0.005s	user 0.006s	sys 0.000s
I20260630 12:11:43.894641  1665 log_block_manager.cc:4031] Time spent loading block containers with low live blocks: real 0.000s	user 0.000s	sys 0.000s
I20260630 12:11:43.895702   431 fs_manager.cc:730] Time spent opening block manager: real 0.003s	user 0.004s	sys 0.000s
I20260630 12:11:43.896088   431 fs_manager.cc:647] Opened local filesystem: /tmp/dist-test-taskKDayJm/test-tmp/auto_rebalancer-test.0.AutoRebalancerTest.NextLeaderResumesAutoRebalancing.1782821485423551-431-0/minicluster-data/master-2-root
uuid: "b8326162e5f84946978e87dc3a3b5319"
format_stamp: "Formatted at 2026-06-30 12:11:43 on dist-test-slave-0300"
I20260630 12:11:43.896427   431 fs_report.cc:389] FS layout report
--------------------
wal directory: /tmp/dist-test-taskKDayJm/test-tmp/auto_rebalancer-test.0.AutoRebalancerTest.NextLeaderResumesAutoRebalancing.1782821485423551-431-0/minicluster-data/master-2-root
metadata directory: /tmp/dist-test-taskKDayJm/test-tmp/auto_rebalancer-test.0.AutoRebalancerTest.NextLeaderResumesAutoRebalancing.1782821485423551-431-0/minicluster-data/master-2-root
1 data directories: /tmp/dist-test-taskKDayJm/test-tmp/auto_rebalancer-test.0.AutoRebalancerTest.NextLeaderResumesAutoRebalancing.1782821485423551-431-0/minicluster-data/master-2-root/data
Total live blocks: 0
Total live bytes: 0
Total live bytes (after alignment): 0
Total number of LBM containers: 0 (0 full)
Did not check for missing blocks
Did not check for orphaned blocks
Total full LBM containers with extra space: 0 (0 repaired)
Total full LBM container extra space in bytes: 0 (0 repaired)
Total incomplete LBM containers: 0 (0 repaired)
Total LBM partial records: 0 (0 repaired)
Total corrupted LBM metadata records in RocksDB: 0 (0 repaired)
I20260630 12:11:43.901919  1654 sys_catalog.cc:422] member_type: VOTER last_known_addr { host: "127.0.107.252" port: 33815 } has no permanent_uuid. Determining permanent_uuid...
W20260630 12:11:43.908727  1654 consensus_peers.cc:760] Error getting permanent uuid from config peer 127.0.107.252:33815: Network error: Client connection negotiation failed: client connection to 127.0.107.252:33815: connect: Connection refused (error 111)
I20260630 12:11:43.914139   431 rpc_server.cc:225] running with OpenSSL 1.1.1  11 Sep 2018
I20260630 12:11:43.915513   431 kserver.cc:163] Server-wide thread pool size limit: 3276
I20260630 12:11:43.919397  1588 consensus_peers.cc:770] Retrying to get permanent uuid for remote peer: member_type: VOTER last_known_addr { host: "127.0.107.252" port: 33815 } attempt: 1
W20260630 12:11:43.924893  1588 consensus_peers.cc:760] Error getting permanent uuid from config peer 127.0.107.252:33815: Network error: Client connection negotiation failed: client connection to 127.0.107.252:33815: connect: Connection refused (error 111)
I20260630 12:11:43.927321  1654 consensus_peers.cc:770] Retrying to get permanent uuid for remote peer: member_type: VOTER last_known_addr { host: "127.0.107.252" port: 33815 } attempt: 1
W20260630 12:11:43.933736  1654 consensus_peers.cc:760] Error getting permanent uuid from config peer 127.0.107.252:33815: Network error: Client connection negotiation failed: client connection to 127.0.107.252:33815: connect: Connection refused (error 111)
I20260630 12:11:43.959625   431 rpc_server.cc:307] RPC server started. Bound to: 127.0.107.252:33815
I20260630 12:11:43.959818  1717 acceptor_pool.cc:272] collecting diagnostics on the listening RPC socket 127.0.107.252:33815 every 8 connection(s)
I20260630 12:11:43.962965   431 internal_mini_cluster.cc:184] Waiting to initialize catalog manager on master 0
I20260630 12:11:43.964046  1718 data_dirs.cc:400] Could only allocate 1 dirs of requested 3 for tablet 00000000000000000000000000000000. 1 dirs total, 0 dirs full, 0 dirs failed
I20260630 12:11:43.966813  1588 consensus_peers.cc:770] Retrying to get permanent uuid for remote peer: member_type: VOTER last_known_addr { host: "127.0.107.252" port: 33815 } attempt: 2
I20260630 12:11:43.972461  1718 sys_catalog.cc:422] member_type: VOTER last_known_addr { host: "127.0.107.254" port: 33877 } has no permanent_uuid. Determining permanent_uuid...
I20260630 12:11:43.980336  1654 consensus_peers.cc:770] Retrying to get permanent uuid for remote peer: member_type: VOTER last_known_addr { host: "127.0.107.252" port: 33815 } attempt: 2
I20260630 12:11:43.987754  1588 tablet_bootstrap.cc:492] T 00000000000000000000000000000000 P b47c85181c584514b10cd607bb61f2e1: Bootstrap starting.
I20260630 12:11:43.988727  1718 sys_catalog.cc:422] member_type: VOTER last_known_addr { host: "127.0.107.253" port: 37731 } has no permanent_uuid. Determining permanent_uuid...
I20260630 12:11:43.993842  1588 tablet_bootstrap.cc:654] T 00000000000000000000000000000000 P b47c85181c584514b10cd607bb61f2e1: Neither blocks nor log segments found. Creating new log.
I20260630 12:11:44.000247  1588 tablet_bootstrap.cc:492] T 00000000000000000000000000000000 P b47c85181c584514b10cd607bb61f2e1: No bootstrap required, opened a new log
I20260630 12:11:44.001443  1718 sys_catalog.cc:422] member_type: VOTER last_known_addr { host: "127.0.107.252" port: 33815 } has no permanent_uuid. Determining permanent_uuid...
I20260630 12:11:44.003185  1588 raft_consensus.cc:359] T 00000000000000000000000000000000 P b47c85181c584514b10cd607bb61f2e1 [term 0 FOLLOWER]: Replica starting. Triggering 0 pending ops. Active config: opid_index: -1 OBSOLETE_local: false peers { permanent_uuid: "b47c85181c584514b10cd607bb61f2e1" member_type: VOTER last_known_addr { host: "127.0.107.254" port: 33877 } } peers { permanent_uuid: "2a1e761e86a04ef4887d9bea3a9666e2" member_type: VOTER last_known_addr { host: "127.0.107.253" port: 37731 } } peers { permanent_uuid: "b8326162e5f84946978e87dc3a3b5319" member_type: VOTER last_known_addr { host: "127.0.107.252" port: 33815 } }
I20260630 12:11:44.003979  1588 raft_consensus.cc:385] T 00000000000000000000000000000000 P b47c85181c584514b10cd607bb61f2e1 [term 0 FOLLOWER]: Consensus starting up: Expiring failure detector timer to make a prompt election more likely
I20260630 12:11:44.004271  1588 raft_consensus.cc:740] T 00000000000000000000000000000000 P b47c85181c584514b10cd607bb61f2e1 [term 0 FOLLOWER]: Becoming Follower/Learner. State: Replica: b47c85181c584514b10cd607bb61f2e1, State: Initialized, Role: FOLLOWER
I20260630 12:11:44.004966  1654 tablet_bootstrap.cc:492] T 00000000000000000000000000000000 P 2a1e761e86a04ef4887d9bea3a9666e2: Bootstrap starting.
I20260630 12:11:44.004971  1588 consensus_queue.cc:260] T 00000000000000000000000000000000 P b47c85181c584514b10cd607bb61f2e1 [NON_LEADER]: Queue going to NON_LEADER mode. State: All replicated index: 0, Majority replicated index: 0, Committed index: 0, Last appended: 0.0, Last appended by leader: 0, Current term: 0, Majority size: -1, State: 0, Mode: NON_LEADER, active raft config: opid_index: -1 OBSOLETE_local: false peers { permanent_uuid: "b47c85181c584514b10cd607bb61f2e1" member_type: VOTER last_known_addr { host: "127.0.107.254" port: 33877 } } peers { permanent_uuid: "2a1e761e86a04ef4887d9bea3a9666e2" member_type: VOTER last_known_addr { host: "127.0.107.253" port: 37731 } } peers { permanent_uuid: "b8326162e5f84946978e87dc3a3b5319" member_type: VOTER last_known_addr { host: "127.0.107.252" port: 33815 } }
I20260630 12:11:44.007516  1723 sys_catalog.cc:455] T 00000000000000000000000000000000 P b47c85181c584514b10cd607bb61f2e1 [sys.catalog]: SysCatalogTable state changed. Reason: RaftConsensus started. Latest consensus state: current_term: 0 committed_config { opid_index: -1 OBSOLETE_local: false peers { permanent_uuid: "b47c85181c584514b10cd607bb61f2e1" member_type: VOTER last_known_addr { host: "127.0.107.254" port: 33877 } } peers { permanent_uuid: "2a1e761e86a04ef4887d9bea3a9666e2" member_type: VOTER last_known_addr { host: "127.0.107.253" port: 37731 } } peers { permanent_uuid: "b8326162e5f84946978e87dc3a3b5319" member_type: VOTER last_known_addr { host: "127.0.107.252" port: 33815 } } }
I20260630 12:11:44.008423  1723 sys_catalog.cc:458] T 00000000000000000000000000000000 P b47c85181c584514b10cd607bb61f2e1 [sys.catalog]: This master's current role is: FOLLOWER
I20260630 12:11:44.009130  1588 sys_catalog.cc:565] T 00000000000000000000000000000000 P b47c85181c584514b10cd607bb61f2e1 [sys.catalog]: configured and running, proceeding with master startup.
I20260630 12:11:44.011986  1654 tablet_bootstrap.cc:654] T 00000000000000000000000000000000 P 2a1e761e86a04ef4887d9bea3a9666e2: Neither blocks nor log segments found. Creating new log.
I20260630 12:11:44.020287  1654 tablet_bootstrap.cc:492] T 00000000000000000000000000000000 P 2a1e761e86a04ef4887d9bea3a9666e2: No bootstrap required, opened a new log
I20260630 12:11:44.023835  1718 tablet_bootstrap.cc:492] T 00000000000000000000000000000000 P b8326162e5f84946978e87dc3a3b5319: Bootstrap starting.
I20260630 12:11:44.023502  1654 raft_consensus.cc:359] T 00000000000000000000000000000000 P 2a1e761e86a04ef4887d9bea3a9666e2 [term 0 FOLLOWER]: Replica starting. Triggering 0 pending ops. Active config: opid_index: -1 OBSOLETE_local: false peers { permanent_uuid: "b47c85181c584514b10cd607bb61f2e1" member_type: VOTER last_known_addr { host: "127.0.107.254" port: 33877 } } peers { permanent_uuid: "2a1e761e86a04ef4887d9bea3a9666e2" member_type: VOTER last_known_addr { host: "127.0.107.253" port: 37731 } } peers { permanent_uuid: "b8326162e5f84946978e87dc3a3b5319" member_type: VOTER last_known_addr { host: "127.0.107.252" port: 33815 } }
I20260630 12:11:44.024340  1654 raft_consensus.cc:385] T 00000000000000000000000000000000 P 2a1e761e86a04ef4887d9bea3a9666e2 [term 0 FOLLOWER]: Consensus starting up: Expiring failure detector timer to make a prompt election more likely
I20260630 12:11:44.024677  1654 raft_consensus.cc:740] T 00000000000000000000000000000000 P 2a1e761e86a04ef4887d9bea3a9666e2 [term 0 FOLLOWER]: Becoming Follower/Learner. State: Replica: 2a1e761e86a04ef4887d9bea3a9666e2, State: Initialized, Role: FOLLOWER
I20260630 12:11:44.025734  1654 consensus_queue.cc:260] T 00000000000000000000000000000000 P 2a1e761e86a04ef4887d9bea3a9666e2 [NON_LEADER]: Queue going to NON_LEADER mode. State: All replicated index: 0, Majority replicated index: 0, Committed index: 0, Last appended: 0.0, Last appended by leader: 0, Current term: 0, Majority size: -1, State: 0, Mode: NON_LEADER, active raft config: opid_index: -1 OBSOLETE_local: false peers { permanent_uuid: "b47c85181c584514b10cd607bb61f2e1" member_type: VOTER last_known_addr { host: "127.0.107.254" port: 33877 } } peers { permanent_uuid: "2a1e761e86a04ef4887d9bea3a9666e2" member_type: VOTER last_known_addr { host: "127.0.107.253" port: 37731 } } peers { permanent_uuid: "b8326162e5f84946978e87dc3a3b5319" member_type: VOTER last_known_addr { host: "127.0.107.252" port: 33815 } }
I20260630 12:11:44.028680  1733 sys_catalog.cc:455] T 00000000000000000000000000000000 P 2a1e761e86a04ef4887d9bea3a9666e2 [sys.catalog]: SysCatalogTable state changed. Reason: RaftConsensus started. Latest consensus state: current_term: 0 committed_config { opid_index: -1 OBSOLETE_local: false peers { permanent_uuid: "b47c85181c584514b10cd607bb61f2e1" member_type: VOTER last_known_addr { host: "127.0.107.254" port: 33877 } } peers { permanent_uuid: "2a1e761e86a04ef4887d9bea3a9666e2" member_type: VOTER last_known_addr { host: "127.0.107.253" port: 37731 } } peers { permanent_uuid: "b8326162e5f84946978e87dc3a3b5319" member_type: VOTER last_known_addr { host: "127.0.107.252" port: 33815 } } }
I20260630 12:11:44.029896  1733 sys_catalog.cc:458] T 00000000000000000000000000000000 P 2a1e761e86a04ef4887d9bea3a9666e2 [sys.catalog]: This master's current role is: FOLLOWER
I20260630 12:11:44.030490  1654 sys_catalog.cc:565] T 00000000000000000000000000000000 P 2a1e761e86a04ef4887d9bea3a9666e2 [sys.catalog]: configured and running, proceeding with master startup.
I20260630 12:11:44.031747  1718 tablet_bootstrap.cc:654] T 00000000000000000000000000000000 P b8326162e5f84946978e87dc3a3b5319: Neither blocks nor log segments found. Creating new log.
I20260630 12:11:44.033509   431 internal_mini_cluster.cc:184] Waiting to initialize catalog manager on master 1
W20260630 12:11:44.038499  1736 catalog_manager.cc:1594] T 00000000000000000000000000000000 P b47c85181c584514b10cd607bb61f2e1: loading cluster ID for follower catalog manager: Not found: cluster ID entry not found
W20260630 12:11:44.038909  1736 catalog_manager.cc:883] Not found: cluster ID entry not found: failed to prepare follower catalog manager, will retry
I20260630 12:11:44.039152  1718 tablet_bootstrap.cc:492] T 00000000000000000000000000000000 P b8326162e5f84946978e87dc3a3b5319: No bootstrap required, opened a new log
I20260630 12:11:44.042742  1718 raft_consensus.cc:359] T 00000000000000000000000000000000 P b8326162e5f84946978e87dc3a3b5319 [term 0 FOLLOWER]: Replica starting. Triggering 0 pending ops. Active config: opid_index: -1 OBSOLETE_local: false peers { permanent_uuid: "b47c85181c584514b10cd607bb61f2e1" member_type: VOTER last_known_addr { host: "127.0.107.254" port: 33877 } } peers { permanent_uuid: "2a1e761e86a04ef4887d9bea3a9666e2" member_type: VOTER last_known_addr { host: "127.0.107.253" port: 37731 } } peers { permanent_uuid: "b8326162e5f84946978e87dc3a3b5319" member_type: VOTER last_known_addr { host: "127.0.107.252" port: 33815 } }
I20260630 12:11:44.043741  1718 raft_consensus.cc:385] T 00000000000000000000000000000000 P b8326162e5f84946978e87dc3a3b5319 [term 0 FOLLOWER]: Consensus starting up: Expiring failure detector timer to make a prompt election more likely
I20260630 12:11:44.044127  1718 raft_consensus.cc:740] T 00000000000000000000000000000000 P b8326162e5f84946978e87dc3a3b5319 [term 0 FOLLOWER]: Becoming Follower/Learner. State: Replica: b8326162e5f84946978e87dc3a3b5319, State: Initialized, Role: FOLLOWER
I20260630 12:11:44.045174  1718 consensus_queue.cc:260] T 00000000000000000000000000000000 P b8326162e5f84946978e87dc3a3b5319 [NON_LEADER]: Queue going to NON_LEADER mode. State: All replicated index: 0, Majority replicated index: 0, Committed index: 0, Last appended: 0.0, Last appended by leader: 0, Current term: 0, Majority size: -1, State: 0, Mode: NON_LEADER, active raft config: opid_index: -1 OBSOLETE_local: false peers { permanent_uuid: "b47c85181c584514b10cd607bb61f2e1" member_type: VOTER last_known_addr { host: "127.0.107.254" port: 33877 } } peers { permanent_uuid: "2a1e761e86a04ef4887d9bea3a9666e2" member_type: VOTER last_known_addr { host: "127.0.107.253" port: 37731 } } peers { permanent_uuid: "b8326162e5f84946978e87dc3a3b5319" member_type: VOTER last_known_addr { host: "127.0.107.252" port: 33815 } }
I20260630 12:11:44.047504   431 internal_mini_cluster.cc:184] Waiting to initialize catalog manager on master 2
I20260630 12:11:44.047968  1749 sys_catalog.cc:455] T 00000000000000000000000000000000 P b8326162e5f84946978e87dc3a3b5319 [sys.catalog]: SysCatalogTable state changed. Reason: RaftConsensus started. Latest consensus state: current_term: 0 committed_config { opid_index: -1 OBSOLETE_local: false peers { permanent_uuid: "b47c85181c584514b10cd607bb61f2e1" member_type: VOTER last_known_addr { host: "127.0.107.254" port: 33877 } } peers { permanent_uuid: "2a1e761e86a04ef4887d9bea3a9666e2" member_type: VOTER last_known_addr { host: "127.0.107.253" port: 37731 } } peers { permanent_uuid: "b8326162e5f84946978e87dc3a3b5319" member_type: VOTER last_known_addr { host: "127.0.107.252" port: 33815 } } }
I20260630 12:11:44.048815  1749 sys_catalog.cc:458] T 00000000000000000000000000000000 P b8326162e5f84946978e87dc3a3b5319 [sys.catalog]: This master's current role is: FOLLOWER
I20260630 12:11:44.049438  1718 sys_catalog.cc:565] T 00000000000000000000000000000000 P b8326162e5f84946978e87dc3a3b5319 [sys.catalog]: configured and running, proceeding with master startup.
W20260630 12:11:44.051453  1748 catalog_manager.cc:1594] T 00000000000000000000000000000000 P 2a1e761e86a04ef4887d9bea3a9666e2: loading cluster ID for follower catalog manager: Not found: cluster ID entry not found
W20260630 12:11:44.051731  1748 catalog_manager.cc:883] Not found: cluster ID entry not found: failed to prepare follower catalog manager, will retry
I20260630 12:11:44.063652   431 file_cache.cc:492] Constructed file cache file cache with capacity 419430
W20260630 12:11:44.066318  1760 catalog_manager.cc:1594] T 00000000000000000000000000000000 P b8326162e5f84946978e87dc3a3b5319: loading cluster ID for follower catalog manager: Not found: cluster ID entry not found
W20260630 12:11:44.066768  1760 catalog_manager.cc:883] Not found: cluster ID entry not found: failed to prepare follower catalog manager, will retry
W20260630 12:11:44.071936  1761 instance_detector.cc:116] could not retrieve AWS instance metadata: Network error: curl error: HTTP response code said error: The requested URL returned error: 404
W20260630 12:11:44.072593  1762 instance_detector.cc:116] could not retrieve Azure instance metadata: Network error: curl error: HTTP response code said error: The requested URL returned error: 404
I20260630 12:11:44.075222   431 server_base.cc:1061] running on GCE node
W20260630 12:11:44.076175  1764 instance_detector.cc:116] could not retrieve OpenStack instance metadata: Network error: curl error: HTTP response code said error: The requested URL returned error: 404
I20260630 12:11:44.077279   431 hybrid_clock.cc:584] initializing the hybrid clock with 'system_unsync' time source
W20260630 12:11:44.077528   431 system_unsync_time.cc:38] NTP support is disabled. Clock error bounds will not be accurate. This configuration is not suitable for distributed clusters.
I20260630 12:11:44.077805   431 hybrid_clock.cc:648] HybridClock initialized: now 1782821504077765 us; error 0 us; skew 500 ppm
I20260630 12:11:44.078444   431 server_base.cc:861] Flag tcmalloc_max_total_thread_cache_bytes is not working since tcmalloc is not enabled.
I20260630 12:11:44.081451   431 webserver.cc:533] Webserver started at http://127.0.107.193:38983/ using document root <none> and password file <none>
I20260630 12:11:44.082261   431 fs_manager.cc:362] Metadata directory not provided
I20260630 12:11:44.082566   431 fs_manager.cc:368] Using write-ahead log directory (fs_wal_dir) as metadata directory
I20260630 12:11:44.082926   431 server_base.cc:909] This appears to be a new deployment of Kudu; creating new FS layout
I20260630 12:11:44.084611   431 fs_manager.cc:1068] Generated new instance metadata in path /tmp/dist-test-taskKDayJm/test-tmp/auto_rebalancer-test.0.AutoRebalancerTest.NextLeaderResumesAutoRebalancing.1782821485423551-431-0/minicluster-data/ts-0-root/instance:
uuid: "1dac7155b1c14984b155949ba269b303"
format_stamp: "Formatted at 2026-06-30 12:11:44 on dist-test-slave-0300"
I20260630 12:11:44.090417   431 fs_manager.cc:696] Time spent creating directory manager: real 0.005s	user 0.002s	sys 0.004s
I20260630 12:11:44.094291  1769 log_block_manager.cc:4031] Time spent loading block containers with low live blocks: real 0.000s	user 0.000s	sys 0.000s
I20260630 12:11:44.095742   431 fs_manager.cc:730] Time spent opening block manager: real 0.003s	user 0.003s	sys 0.000s
I20260630 12:11:44.096153   431 fs_manager.cc:647] Opened local filesystem: /tmp/dist-test-taskKDayJm/test-tmp/auto_rebalancer-test.0.AutoRebalancerTest.NextLeaderResumesAutoRebalancing.1782821485423551-431-0/minicluster-data/ts-0-root
uuid: "1dac7155b1c14984b155949ba269b303"
format_stamp: "Formatted at 2026-06-30 12:11:44 on dist-test-slave-0300"
I20260630 12:11:44.096462   431 fs_report.cc:389] FS layout report
--------------------
wal directory: /tmp/dist-test-taskKDayJm/test-tmp/auto_rebalancer-test.0.AutoRebalancerTest.NextLeaderResumesAutoRebalancing.1782821485423551-431-0/minicluster-data/ts-0-root
metadata directory: /tmp/dist-test-taskKDayJm/test-tmp/auto_rebalancer-test.0.AutoRebalancerTest.NextLeaderResumesAutoRebalancing.1782821485423551-431-0/minicluster-data/ts-0-root
1 data directories: /tmp/dist-test-taskKDayJm/test-tmp/auto_rebalancer-test.0.AutoRebalancerTest.NextLeaderResumesAutoRebalancing.1782821485423551-431-0/minicluster-data/ts-0-root/data
Total live blocks: 0
Total live bytes: 0
Total live bytes (after alignment): 0
Total number of LBM containers: 0 (0 full)
Did not check for missing blocks
Did not check for orphaned blocks
Total full LBM containers with extra space: 0 (0 repaired)
Total full LBM container extra space in bytes: 0 (0 repaired)
Total incomplete LBM containers: 0 (0 repaired)
Total LBM partial records: 0 (0 repaired)
Total corrupted LBM metadata records in RocksDB: 0 (0 repaired)
I20260630 12:11:44.118803   431 rpc_server.cc:225] running with OpenSSL 1.1.1  11 Sep 2018
I20260630 12:11:44.120064   431 kserver.cc:163] Server-wide thread pool size limit: 3276
I20260630 12:11:44.121696   431 txn_system_client.cc:432] TxnSystemClient initialization is disabled...
I20260630 12:11:44.124274   431 ts_tablet_manager.cc:585] Loaded tablet metadata (0 total tablets, 0 live tablets)
I20260630 12:11:44.124526   431 ts_tablet_manager.cc:531] Time spent load tablet metadata: real 0.000s	user 0.000s	sys 0.000s
I20260630 12:11:44.124785   431 ts_tablet_manager.cc:616] Registered 0 tablets
I20260630 12:11:44.124977   431 ts_tablet_manager.cc:595] Time spent register tablets: real 0.000s	user 0.000s	sys 0.000s
I20260630 12:11:44.172920   431 rpc_server.cc:307] RPC server started. Bound to: 127.0.107.193:45975
I20260630 12:11:44.173095  1831 acceptor_pool.cc:272] collecting diagnostics on the listening RPC socket 127.0.107.193:45975 every 8 connection(s)
I20260630 12:11:44.182138   431 file_cache.cc:492] Constructed file cache file cache with capacity 419430
I20260630 12:11:44.204890  1832 heartbeater.cc:344] Connected to a master server at 127.0.107.252:33815
I20260630 12:11:44.205287  1832 heartbeater.cc:461] Registering TS with master...
I20260630 12:11:44.206180  1832 heartbeater.cc:507] Master 127.0.107.252:33815 requested a full tablet report, sending...
W20260630 12:11:44.207653  1839 instance_detector.cc:116] could not retrieve AWS instance metadata: Network error: curl error: HTTP response code said error: The requested URL returned error: 404
I20260630 12:11:44.210465  1683 ts_manager.cc:194] Registered new tserver with Master: 1dac7155b1c14984b155949ba269b303 (127.0.107.193:45975)
I20260630 12:11:44.211496  1833 heartbeater.cc:344] Connected to a master server at 127.0.107.253:37731
I20260630 12:11:44.212185  1833 heartbeater.cc:461] Registering TS with master...
I20260630 12:11:44.212415  1749 raft_consensus.cc:493] T 00000000000000000000000000000000 P b8326162e5f84946978e87dc3a3b5319 [term 0 FOLLOWER]: Starting pre-election (no leader contacted us within the election timeout)
I20260630 12:11:44.212980  1749 raft_consensus.cc:515] T 00000000000000000000000000000000 P b8326162e5f84946978e87dc3a3b5319 [term 0 FOLLOWER]: Starting pre-election with config: opid_index: -1 OBSOLETE_local: false peers { permanent_uuid: "b47c85181c584514b10cd607bb61f2e1" member_type: VOTER last_known_addr { host: "127.0.107.254" port: 33877 } } peers { permanent_uuid: "2a1e761e86a04ef4887d9bea3a9666e2" member_type: VOTER last_known_addr { host: "127.0.107.253" port: 37731 } } peers { permanent_uuid: "b8326162e5f84946978e87dc3a3b5319" member_type: VOTER last_known_addr { host: "127.0.107.252" port: 33815 } }
I20260630 12:11:44.213501  1833 heartbeater.cc:507] Master 127.0.107.253:37731 requested a full tablet report, sending...
W20260630 12:11:44.215852  1840 instance_detector.cc:116] could not retrieve Azure instance metadata: Network error: curl error: HTTP response code said error: The requested URL returned error: 404
I20260630 12:11:44.217166  1628 tablet_service.cc:1917] Received RequestConsensusVote() RPC: tablet_id: "00000000000000000000000000000000" candidate_uuid: "b8326162e5f84946978e87dc3a3b5319" candidate_term: 1 candidate_status { last_received { term: 0 index: 0 } } ignore_live_leader: false dest_uuid: "2a1e761e86a04ef4887d9bea3a9666e2" is_pre_election: true
I20260630 12:11:44.218087  1628 raft_consensus.cc:2468] T 00000000000000000000000000000000 P 2a1e761e86a04ef4887d9bea3a9666e2 [term 0 FOLLOWER]: Leader pre-election vote request: Granting yes vote for candidate b8326162e5f84946978e87dc3a3b5319 in term 0.
I20260630 12:11:44.219007  1618 ts_manager.cc:194] Registered new tserver with Master: 1dac7155b1c14984b155949ba269b303 (127.0.107.193:45975)
I20260630 12:11:44.220019  1666 leader_election.cc:304] T 00000000000000000000000000000000 P b8326162e5f84946978e87dc3a3b5319 [CANDIDATE]: Term 1 pre-election: Election decided. Result: candidate won. Election summary: received 2 responses out of 3 voters: 2 yes votes; 0 no votes. yes voters: 2a1e761e86a04ef4887d9bea3a9666e2, b8326162e5f84946978e87dc3a3b5319; no voters: 
I20260630 12:11:44.222477  1834 heartbeater.cc:344] Connected to a master server at 127.0.107.254:33877
I20260630 12:11:44.222699  1749 leader_election.cc:290] T 00000000000000000000000000000000 P b8326162e5f84946978e87dc3a3b5319 [CANDIDATE]: Term 1 pre-election: Requested pre-vote from peers b47c85181c584514b10cd607bb61f2e1 (127.0.107.254:33877), 2a1e761e86a04ef4887d9bea3a9666e2 (127.0.107.253:37731)
I20260630 12:11:44.223106  1834 heartbeater.cc:461] Registering TS with master...
I20260630 12:11:44.223481  1749 raft_consensus.cc:2804] T 00000000000000000000000000000000 P b8326162e5f84946978e87dc3a3b5319 [term 0 FOLLOWER]: Leader pre-election won for term 1
I20260630 12:11:44.223925  1749 raft_consensus.cc:493] T 00000000000000000000000000000000 P b8326162e5f84946978e87dc3a3b5319 [term 0 FOLLOWER]: Starting leader election (no leader contacted us within the election timeout)
I20260630 12:11:44.224293  1749 raft_consensus.cc:3060] T 00000000000000000000000000000000 P b8326162e5f84946978e87dc3a3b5319 [term 0 FOLLOWER]: Advancing to term 1
I20260630 12:11:44.224349  1834 heartbeater.cc:507] Master 127.0.107.254:33877 requested a full tablet report, sending...
W20260630 12:11:44.224646  1842 instance_detector.cc:116] could not retrieve OpenStack instance metadata: Network error: curl error: HTTP response code said error: The requested URL returned error: 404
I20260630 12:11:44.226701  1563 tablet_service.cc:1917] Received RequestConsensusVote() RPC: tablet_id: "00000000000000000000000000000000" candidate_uuid: "b8326162e5f84946978e87dc3a3b5319" candidate_term: 1 candidate_status { last_received { term: 0 index: 0 } } ignore_live_leader: false dest_uuid: "b47c85181c584514b10cd607bb61f2e1" is_pre_election: true
I20260630 12:11:44.227553  1563 raft_consensus.cc:2468] T 00000000000000000000000000000000 P b47c85181c584514b10cd607bb61f2e1 [term 0 FOLLOWER]: Leader pre-election vote request: Granting yes vote for candidate b8326162e5f84946978e87dc3a3b5319 in term 0.
I20260630 12:11:44.229344  1553 ts_manager.cc:194] Registered new tserver with Master: 1dac7155b1c14984b155949ba269b303 (127.0.107.193:45975)
I20260630 12:11:44.231612   431 server_base.cc:1061] running on GCE node
I20260630 12:11:44.232885   431 hybrid_clock.cc:584] initializing the hybrid clock with 'system_unsync' time source
W20260630 12:11:44.233210   431 system_unsync_time.cc:38] NTP support is disabled. Clock error bounds will not be accurate. This configuration is not suitable for distributed clusters.
I20260630 12:11:44.233456   431 hybrid_clock.cc:648] HybridClock initialized: now 1782821504233433 us; error 0 us; skew 500 ppm
I20260630 12:11:44.233057  1749 raft_consensus.cc:515] T 00000000000000000000000000000000 P b8326162e5f84946978e87dc3a3b5319 [term 1 FOLLOWER]: Starting leader election with config: opid_index: -1 OBSOLETE_local: false peers { permanent_uuid: "b47c85181c584514b10cd607bb61f2e1" member_type: VOTER last_known_addr { host: "127.0.107.254" port: 33877 } } peers { permanent_uuid: "2a1e761e86a04ef4887d9bea3a9666e2" member_type: VOTER last_known_addr { host: "127.0.107.253" port: 37731 } } peers { permanent_uuid: "b8326162e5f84946978e87dc3a3b5319" member_type: VOTER last_known_addr { host: "127.0.107.252" port: 33815 } }
I20260630 12:11:44.234202   431 server_base.cc:861] Flag tcmalloc_max_total_thread_cache_bytes is not working since tcmalloc is not enabled.
I20260630 12:11:44.235380  1749 leader_election.cc:290] T 00000000000000000000000000000000 P b8326162e5f84946978e87dc3a3b5319 [CANDIDATE]: Term 1 election: Requested vote from peers b47c85181c584514b10cd607bb61f2e1 (127.0.107.254:33877), 2a1e761e86a04ef4887d9bea3a9666e2 (127.0.107.253:37731)
I20260630 12:11:44.236378  1563 tablet_service.cc:1917] Received RequestConsensusVote() RPC: tablet_id: "00000000000000000000000000000000" candidate_uuid: "b8326162e5f84946978e87dc3a3b5319" candidate_term: 1 candidate_status { last_received { term: 0 index: 0 } } ignore_live_leader: false dest_uuid: "b47c85181c584514b10cd607bb61f2e1"
I20260630 12:11:44.236668  1628 tablet_service.cc:1917] Received RequestConsensusVote() RPC: tablet_id: "00000000000000000000000000000000" candidate_uuid: "b8326162e5f84946978e87dc3a3b5319" candidate_term: 1 candidate_status { last_received { term: 0 index: 0 } } ignore_live_leader: false dest_uuid: "2a1e761e86a04ef4887d9bea3a9666e2"
I20260630 12:11:44.237095  1563 raft_consensus.cc:3060] T 00000000000000000000000000000000 P b47c85181c584514b10cd607bb61f2e1 [term 0 FOLLOWER]: Advancing to term 1
I20260630 12:11:44.237219  1628 raft_consensus.cc:3060] T 00000000000000000000000000000000 P 2a1e761e86a04ef4887d9bea3a9666e2 [term 0 FOLLOWER]: Advancing to term 1
I20260630 12:11:44.238528   431 webserver.cc:533] Webserver started at http://127.0.107.194:39379/ using document root <none> and password file <none>
I20260630 12:11:44.239127   431 fs_manager.cc:362] Metadata directory not provided
I20260630 12:11:44.239351   431 fs_manager.cc:368] Using write-ahead log directory (fs_wal_dir) as metadata directory
I20260630 12:11:44.239637   431 server_base.cc:909] This appears to be a new deployment of Kudu; creating new FS layout
I20260630 12:11:44.240892   431 fs_manager.cc:1068] Generated new instance metadata in path /tmp/dist-test-taskKDayJm/test-tmp/auto_rebalancer-test.0.AutoRebalancerTest.NextLeaderResumesAutoRebalancing.1782821485423551-431-0/minicluster-data/ts-1-root/instance:
uuid: "b886107602dd41f486710a331b7c1329"
format_stamp: "Formatted at 2026-06-30 12:11:44 on dist-test-slave-0300"
I20260630 12:11:44.245035  1628 raft_consensus.cc:2468] T 00000000000000000000000000000000 P 2a1e761e86a04ef4887d9bea3a9666e2 [term 1 FOLLOWER]: Leader election vote request: Granting yes vote for candidate b8326162e5f84946978e87dc3a3b5319 in term 1.
I20260630 12:11:44.245745   431 fs_manager.cc:696] Time spent creating directory manager: real 0.004s	user 0.005s	sys 0.000s
I20260630 12:11:44.245035  1563 raft_consensus.cc:2468] T 00000000000000000000000000000000 P b47c85181c584514b10cd607bb61f2e1 [term 1 FOLLOWER]: Leader election vote request: Granting yes vote for candidate b8326162e5f84946978e87dc3a3b5319 in term 1.
I20260630 12:11:44.246968  1666 leader_election.cc:304] T 00000000000000000000000000000000 P b8326162e5f84946978e87dc3a3b5319 [CANDIDATE]: Term 1 election: Election decided. Result: candidate won. Election summary: received 2 responses out of 3 voters: 2 yes votes; 0 no votes. yes voters: 2a1e761e86a04ef4887d9bea3a9666e2, b8326162e5f84946978e87dc3a3b5319; no voters: 
I20260630 12:11:44.247896  1749 raft_consensus.cc:2804] T 00000000000000000000000000000000 P b8326162e5f84946978e87dc3a3b5319 [term 1 FOLLOWER]: Leader election won for term 1
I20260630 12:11:44.248432  1749 raft_consensus.cc:697] T 00000000000000000000000000000000 P b8326162e5f84946978e87dc3a3b5319 [term 1 LEADER]: Becoming Leader. State: Replica: b8326162e5f84946978e87dc3a3b5319, State: Running, Role: LEADER
I20260630 12:11:44.249233  1749 consensus_queue.cc:237] T 00000000000000000000000000000000 P b8326162e5f84946978e87dc3a3b5319 [LEADER]: Queue going to LEADER mode. State: All replicated index: 0, Majority replicated index: 0, Committed index: 0, Last appended: 0.0, Last appended by leader: 0, Current term: 1, Majority size: 2, State: 0, Mode: LEADER, active raft config: opid_index: -1 OBSOLETE_local: false peers { permanent_uuid: "b47c85181c584514b10cd607bb61f2e1" member_type: VOTER last_known_addr { host: "127.0.107.254" port: 33877 } } peers { permanent_uuid: "2a1e761e86a04ef4887d9bea3a9666e2" member_type: VOTER last_known_addr { host: "127.0.107.253" port: 37731 } } peers { permanent_uuid: "b8326162e5f84946978e87dc3a3b5319" member_type: VOTER last_known_addr { host: "127.0.107.252" port: 33815 } }
I20260630 12:11:44.250419  1848 log_block_manager.cc:4031] Time spent loading block containers with low live blocks: real 0.000s	user 0.000s	sys 0.000s
I20260630 12:11:44.251734   431 fs_manager.cc:730] Time spent opening block manager: real 0.003s	user 0.003s	sys 0.000s
I20260630 12:11:44.252099   431 fs_manager.cc:647] Opened local filesystem: /tmp/dist-test-taskKDayJm/test-tmp/auto_rebalancer-test.0.AutoRebalancerTest.NextLeaderResumesAutoRebalancing.1782821485423551-431-0/minicluster-data/ts-1-root
uuid: "b886107602dd41f486710a331b7c1329"
format_stamp: "Formatted at 2026-06-30 12:11:44 on dist-test-slave-0300"
I20260630 12:11:44.252472   431 fs_report.cc:389] FS layout report
--------------------
wal directory: /tmp/dist-test-taskKDayJm/test-tmp/auto_rebalancer-test.0.AutoRebalancerTest.NextLeaderResumesAutoRebalancing.1782821485423551-431-0/minicluster-data/ts-1-root
metadata directory: /tmp/dist-test-taskKDayJm/test-tmp/auto_rebalancer-test.0.AutoRebalancerTest.NextLeaderResumesAutoRebalancing.1782821485423551-431-0/minicluster-data/ts-1-root
1 data directories: /tmp/dist-test-taskKDayJm/test-tmp/auto_rebalancer-test.0.AutoRebalancerTest.NextLeaderResumesAutoRebalancing.1782821485423551-431-0/minicluster-data/ts-1-root/data
Total live blocks: 0
Total live bytes: 0
Total live bytes (after alignment): 0
Total number of LBM containers: 0 (0 full)
Did not check for missing blocks
Did not check for orphaned blocks
Total full LBM containers with extra space: 0 (0 repaired)
Total full LBM container extra space in bytes: 0 (0 repaired)
Total incomplete LBM containers: 0 (0 repaired)
Total LBM partial records: 0 (0 repaired)
Total corrupted LBM metadata records in RocksDB: 0 (0 repaired)
I20260630 12:11:44.254460  1844 sys_catalog.cc:455] T 00000000000000000000000000000000 P b8326162e5f84946978e87dc3a3b5319 [sys.catalog]: SysCatalogTable state changed. Reason: New leader b8326162e5f84946978e87dc3a3b5319. Latest consensus state: current_term: 1 leader_uuid: "b8326162e5f84946978e87dc3a3b5319" committed_config { opid_index: -1 OBSOLETE_local: false peers { permanent_uuid: "b47c85181c584514b10cd607bb61f2e1" member_type: VOTER last_known_addr { host: "127.0.107.254" port: 33877 } } peers { permanent_uuid: "2a1e761e86a04ef4887d9bea3a9666e2" member_type: VOTER last_known_addr { host: "127.0.107.253" port: 37731 } } peers { permanent_uuid: "b8326162e5f84946978e87dc3a3b5319" member_type: VOTER last_known_addr { host: "127.0.107.252" port: 33815 } } }
I20260630 12:11:44.255393  1844 sys_catalog.cc:458] T 00000000000000000000000000000000 P b8326162e5f84946978e87dc3a3b5319 [sys.catalog]: This master's current role is: LEADER
I20260630 12:11:44.257979  1852 catalog_manager.cc:1511] Loading table and tablet metadata into memory...
I20260630 12:11:44.265148  1852 catalog_manager.cc:1520] Initializing Kudu cluster ID...
I20260630 12:11:44.265404   431 rpc_server.cc:225] running with OpenSSL 1.1.1  11 Sep 2018
I20260630 12:11:44.267146   431 kserver.cc:163] Server-wide thread pool size limit: 3276
I20260630 12:11:44.269125   431 txn_system_client.cc:432] TxnSystemClient initialization is disabled...
I20260630 12:11:44.272432   431 ts_tablet_manager.cc:585] Loaded tablet metadata (0 total tablets, 0 live tablets)
I20260630 12:11:44.272630   431 ts_tablet_manager.cc:531] Time spent load tablet metadata: real 0.000s	user 0.000s	sys 0.000s
I20260630 12:11:44.272967   431 ts_tablet_manager.cc:616] Registered 0 tablets
I20260630 12:11:44.273118   431 ts_tablet_manager.cc:595] Time spent register tablets: real 0.000s	user 0.000s	sys 0.000s
I20260630 12:11:44.276816  1628 raft_consensus.cc:1275] T 00000000000000000000000000000000 P 2a1e761e86a04ef4887d9bea3a9666e2 [term 1 FOLLOWER]: Refusing update from remote peer b8326162e5f84946978e87dc3a3b5319: Log matching property violated. Preceding OpId in replica: term: 0 index: 0. Preceding OpId from leader: term: 1 index: 2. (index mismatch)
I20260630 12:11:44.277637  1563 raft_consensus.cc:1275] T 00000000000000000000000000000000 P b47c85181c584514b10cd607bb61f2e1 [term 1 FOLLOWER]: Refusing update from remote peer b8326162e5f84946978e87dc3a3b5319: Log matching property violated. Preceding OpId in replica: term: 0 index: 0. Preceding OpId from leader: term: 1 index: 2. (index mismatch)
I20260630 12:11:44.278564  1844 consensus_queue.cc:1048] T 00000000000000000000000000000000 P b8326162e5f84946978e87dc3a3b5319 [LEADER]: Connected to new peer: Peer: permanent_uuid: "2a1e761e86a04ef4887d9bea3a9666e2" member_type: VOTER last_known_addr { host: "127.0.107.253" port: 37731 }, Status: LMP_MISMATCH, Last received: 0.0, Next index: 1, Last known committed idx: 0, Time since last communication: 0.001s
I20260630 12:11:44.279657  1749 consensus_queue.cc:1048] T 00000000000000000000000000000000 P b8326162e5f84946978e87dc3a3b5319 [LEADER]: Connected to new peer: Peer: permanent_uuid: "b47c85181c584514b10cd607bb61f2e1" member_type: VOTER last_known_addr { host: "127.0.107.254" port: 33877 }, Status: LMP_MISMATCH, Last received: 0.0, Next index: 1, Last known committed idx: 0, Time since last communication: 0.000s
I20260630 12:11:44.292065  1733 sys_catalog.cc:455] T 00000000000000000000000000000000 P 2a1e761e86a04ef4887d9bea3a9666e2 [sys.catalog]: SysCatalogTable state changed. Reason: New leader b8326162e5f84946978e87dc3a3b5319. Latest consensus state: current_term: 1 leader_uuid: "b8326162e5f84946978e87dc3a3b5319" committed_config { opid_index: -1 OBSOLETE_local: false peers { permanent_uuid: "b47c85181c584514b10cd607bb61f2e1" member_type: VOTER last_known_addr { host: "127.0.107.254" port: 33877 } } peers { permanent_uuid: "2a1e761e86a04ef4887d9bea3a9666e2" member_type: VOTER last_known_addr { host: "127.0.107.253" port: 37731 } } peers { permanent_uuid: "b8326162e5f84946978e87dc3a3b5319" member_type: VOTER last_known_addr { host: "127.0.107.252" port: 33815 } } }
I20260630 12:11:44.292976  1733 sys_catalog.cc:458] T 00000000000000000000000000000000 P 2a1e761e86a04ef4887d9bea3a9666e2 [sys.catalog]: This master's current role is: FOLLOWER
I20260630 12:11:44.299258  1844 sys_catalog.cc:455] T 00000000000000000000000000000000 P b8326162e5f84946978e87dc3a3b5319 [sys.catalog]: SysCatalogTable state changed. Reason: Peer health change. Latest consensus state: current_term: 1 leader_uuid: "b8326162e5f84946978e87dc3a3b5319" committed_config { opid_index: -1 OBSOLETE_local: false peers { permanent_uuid: "b47c85181c584514b10cd607bb61f2e1" member_type: VOTER last_known_addr { host: "127.0.107.254" port: 33877 } } peers { permanent_uuid: "2a1e761e86a04ef4887d9bea3a9666e2" member_type: VOTER last_known_addr { host: "127.0.107.253" port: 37731 } } peers { permanent_uuid: "b8326162e5f84946978e87dc3a3b5319" member_type: VOTER last_known_addr { host: "127.0.107.252" port: 33815 } } }
I20260630 12:11:44.300243  1844 sys_catalog.cc:458] T 00000000000000000000000000000000 P b8326162e5f84946978e87dc3a3b5319 [sys.catalog]: This master's current role is: LEADER
I20260630 12:11:44.301843  1852 catalog_manager.cc:1383] Generated new cluster ID: 8dd8811a4a034f6bbb6d22c4c163d295
I20260630 12:11:44.302507  1852 catalog_manager.cc:1531] Initializing Kudu internal certificate authority...
I20260630 12:11:44.313277  1723 sys_catalog.cc:455] T 00000000000000000000000000000000 P b47c85181c584514b10cd607bb61f2e1 [sys.catalog]: SysCatalogTable state changed. Reason: New leader b8326162e5f84946978e87dc3a3b5319. Latest consensus state: current_term: 1 leader_uuid: "b8326162e5f84946978e87dc3a3b5319" committed_config { opid_index: -1 OBSOLETE_local: false peers { permanent_uuid: "b47c85181c584514b10cd607bb61f2e1" member_type: VOTER last_known_addr { host: "127.0.107.254" port: 33877 } } peers { permanent_uuid: "2a1e761e86a04ef4887d9bea3a9666e2" member_type: VOTER last_known_addr { host: "127.0.107.253" port: 37731 } } peers { permanent_uuid: "b8326162e5f84946978e87dc3a3b5319" member_type: VOTER last_known_addr { host: "127.0.107.252" port: 33815 } } }
I20260630 12:11:44.314459  1723 sys_catalog.cc:458] T 00000000000000000000000000000000 P b47c85181c584514b10cd607bb61f2e1 [sys.catalog]: This master's current role is: FOLLOWER
