I20260630 12:12:50.740366  3245 raft_consensus.cc:493] T eaeae394a1f746a3a985f5f3de42d644 P 78c2aae63443435b8853d048191943e9 [term 0 FOLLOWER]: Starting leader election (no leader contacted us within the election timeout)
I20260630 12:12:50.740612  3245 raft_consensus.cc:3060] T eaeae394a1f746a3a985f5f3de42d644 P 78c2aae63443435b8853d048191943e9 [term 0 FOLLOWER]: Advancing to term 1
I20260630 12:12:50.746729  3264 raft_consensus.cc:493] T 0220fde2f1bc4ca7ad3a90ee02629f63 P 78c2aae63443435b8853d048191943e9 [term 0 FOLLOWER]: Starting pre-election (no leader contacted us within the election timeout)
I20260630 12:12:50.746934  3245 raft_consensus.cc:515] T eaeae394a1f746a3a985f5f3de42d644 P 78c2aae63443435b8853d048191943e9 [term 1 FOLLOWER]: Starting leader election with config: opid_index: -1 OBSOLETE_local: false peers { permanent_uuid: "775523ef049d4a45aa2de17138eb6900" member_type: VOTER last_known_addr { host: "127.0.107.193" port: 36999 } } peers { permanent_uuid: "dfe617172d6c457ab90aac0c5ce9ebe8" member_type: VOTER last_known_addr { host: "127.0.107.194" port: 35913 } } peers { permanent_uuid: "78c2aae63443435b8853d048191943e9" member_type: VOTER last_known_addr { host: "127.0.107.195" port: 43365 } }
I20260630 12:12:50.747220  3264 raft_consensus.cc:515] T 0220fde2f1bc4ca7ad3a90ee02629f63 P 78c2aae63443435b8853d048191943e9 [term 0 FOLLOWER]: Starting pre-election with config: opid_index: -1 OBSOLETE_local: false peers { permanent_uuid: "775523ef049d4a45aa2de17138eb6900" member_type: VOTER last_known_addr { host: "127.0.107.193" port: 36999 } } peers { permanent_uuid: "dfe617172d6c457ab90aac0c5ce9ebe8" member_type: VOTER last_known_addr { host: "127.0.107.194" port: 35913 } } peers { permanent_uuid: "78c2aae63443435b8853d048191943e9" member_type: VOTER last_known_addr { host: "127.0.107.195" port: 43365 } }
I20260630 12:12:50.747846  2944 catalog_manager.cc:5697] T 7d7568f1f85c43598ea76169b3005cc0 P 775523ef049d4a45aa2de17138eb6900 reported cstate change: term changed from 0 to 1, leader changed from <none> to 775523ef049d4a45aa2de17138eb6900 (127.0.107.193). New cstate: current_term: 1 leader_uuid: "775523ef049d4a45aa2de17138eb6900" committed_config { opid_index: -1 OBSOLETE_local: false peers { permanent_uuid: "78c2aae63443435b8853d048191943e9" member_type: VOTER last_known_addr { host: "127.0.107.195" port: 43365 } health_report { overall_health: UNKNOWN } } peers { permanent_uuid: "775523ef049d4a45aa2de17138eb6900" member_type: VOTER last_known_addr { host: "127.0.107.193" port: 36999 } health_report { overall_health: HEALTHY } } peers { permanent_uuid: "dfe617172d6c457ab90aac0c5ce9ebe8" member_type: VOTER last_known_addr { host: "127.0.107.194" port: 35913 } health_report { overall_health: UNKNOWN } } }
I20260630 12:12:50.749708  3046 tablet_service.cc:1917] Received RequestConsensusVote() RPC: tablet_id: "eaeae394a1f746a3a985f5f3de42d644" candidate_uuid: "78c2aae63443435b8853d048191943e9" candidate_term: 1 candidate_status { last_received { term: 0 index: 0 } } ignore_live_leader: false dest_uuid: "775523ef049d4a45aa2de17138eb6900"
I20260630 12:12:50.750063  3264 leader_election.cc:290] T 0220fde2f1bc4ca7ad3a90ee02629f63 P 78c2aae63443435b8853d048191943e9 [CANDIDATE]: Term 1 pre-election: Requested pre-vote from peers 775523ef049d4a45aa2de17138eb6900 (127.0.107.193:36999), dfe617172d6c457ab90aac0c5ce9ebe8 (127.0.107.194:35913)
I20260630 12:12:50.750205  3045 tablet_service.cc:1917] Received RequestConsensusVote() RPC: tablet_id: "0220fde2f1bc4ca7ad3a90ee02629f63" candidate_uuid: "78c2aae63443435b8853d048191943e9" candidate_term: 1 candidate_status { last_received { term: 0 index: 0 } } ignore_live_leader: false dest_uuid: "775523ef049d4a45aa2de17138eb6900" is_pre_election: true
I20260630 12:12:50.750437  3046 raft_consensus.cc:3060] T eaeae394a1f746a3a985f5f3de42d644 P 775523ef049d4a45aa2de17138eb6900 [term 0 FOLLOWER]: Advancing to term 1
I20260630 12:12:50.750290  3121 tablet_service.cc:1917] Received RequestConsensusVote() RPC: tablet_id: "0220fde2f1bc4ca7ad3a90ee02629f63" candidate_uuid: "78c2aae63443435b8853d048191943e9" candidate_term: 1 candidate_status { last_received { term: 0 index: 0 } } ignore_live_leader: false dest_uuid: "dfe617172d6c457ab90aac0c5ce9ebe8" is_pre_election: true
I20260630 12:12:50.751457  3045 raft_consensus.cc:2468] T 0220fde2f1bc4ca7ad3a90ee02629f63 P 775523ef049d4a45aa2de17138eb6900 [term 0 FOLLOWER]: Leader pre-election vote request: Granting yes vote for candidate 78c2aae63443435b8853d048191943e9 in term 0.
I20260630 12:12:50.751853  3121 raft_consensus.cc:2468] T 0220fde2f1bc4ca7ad3a90ee02629f63 P dfe617172d6c457ab90aac0c5ce9ebe8 [term 0 FOLLOWER]: Leader pre-election vote request: Granting yes vote for candidate 78c2aae63443435b8853d048191943e9 in term 0.
I20260630 12:12:50.755668  3160 leader_election.cc:304] T 0220fde2f1bc4ca7ad3a90ee02629f63 P 78c2aae63443435b8853d048191943e9 [CANDIDATE]: Term 1 pre-election: Election decided. Result: candidate won. Election summary: received 2 responses out of 3 voters: 2 yes votes; 0 no votes. yes voters: 775523ef049d4a45aa2de17138eb6900, 78c2aae63443435b8853d048191943e9; no voters: 
I20260630 12:12:50.756428  3121 tablet_service.cc:1917] Received RequestConsensusVote() RPC: tablet_id: "eaeae394a1f746a3a985f5f3de42d644" candidate_uuid: "78c2aae63443435b8853d048191943e9" candidate_term: 1 candidate_status { last_received { term: 0 index: 0 } } ignore_live_leader: false dest_uuid: "dfe617172d6c457ab90aac0c5ce9ebe8"
I20260630 12:12:50.756968  3121 raft_consensus.cc:3060] T eaeae394a1f746a3a985f5f3de42d644 P dfe617172d6c457ab90aac0c5ce9ebe8 [term 0 FOLLOWER]: Advancing to term 1
I20260630 12:12:50.758541  3046 raft_consensus.cc:2468] T eaeae394a1f746a3a985f5f3de42d644 P 775523ef049d4a45aa2de17138eb6900 [term 1 FOLLOWER]: Leader election vote request: Granting yes vote for candidate 78c2aae63443435b8853d048191943e9 in term 1.
I20260630 12:12:50.759660  3160 leader_election.cc:304] T eaeae394a1f746a3a985f5f3de42d644 P 78c2aae63443435b8853d048191943e9 [CANDIDATE]: Term 1 election: Election decided. Result: candidate won. Election summary: received 2 responses out of 3 voters: 2 yes votes; 0 no votes. yes voters: 775523ef049d4a45aa2de17138eb6900, 78c2aae63443435b8853d048191943e9; no voters: 
I20260630 12:12:50.761435  3264 raft_consensus.cc:2804] T 0220fde2f1bc4ca7ad3a90ee02629f63 P 78c2aae63443435b8853d048191943e9 [term 0 FOLLOWER]: Leader pre-election won for term 1
I20260630 12:12:50.761847  3264 raft_consensus.cc:493] T 0220fde2f1bc4ca7ad3a90ee02629f63 P 78c2aae63443435b8853d048191943e9 [term 0 FOLLOWER]: Starting leader election (no leader contacted us within the election timeout)
I20260630 12:12:50.762217  3264 raft_consensus.cc:3060] T 0220fde2f1bc4ca7ad3a90ee02629f63 P 78c2aae63443435b8853d048191943e9 [term 0 FOLLOWER]: Advancing to term 1
I20260630 12:12:50.764781  3121 raft_consensus.cc:2468] T eaeae394a1f746a3a985f5f3de42d644 P dfe617172d6c457ab90aac0c5ce9ebe8 [term 1 FOLLOWER]: Leader election vote request: Granting yes vote for candidate 78c2aae63443435b8853d048191943e9 in term 1.
I20260630 12:12:50.765933  3245 leader_election.cc:290] T eaeae394a1f746a3a985f5f3de42d644 P 78c2aae63443435b8853d048191943e9 [CANDIDATE]: Term 1 election: Requested vote from peers 775523ef049d4a45aa2de17138eb6900 (127.0.107.193:36999), dfe617172d6c457ab90aac0c5ce9ebe8 (127.0.107.194:35913)
I20260630 12:12:50.766573  3265 raft_consensus.cc:2804] T eaeae394a1f746a3a985f5f3de42d644 P 78c2aae63443435b8853d048191943e9 [term 1 FOLLOWER]: Leader election won for term 1
I20260630 12:12:50.767529  3265 raft_consensus.cc:697] T eaeae394a1f746a3a985f5f3de42d644 P 78c2aae63443435b8853d048191943e9 [term 1 LEADER]: Becoming Leader. State: Replica: 78c2aae63443435b8853d048191943e9, State: Running, Role: LEADER
I20260630 12:12:50.768114  3249 raft_consensus.cc:493] T 16e4c383adbf481cb4bba7d5c2318c8c P 775523ef049d4a45aa2de17138eb6900 [term 0 FOLLOWER]: Starting pre-election (no leader contacted us within the election timeout)
I20260630 12:12:50.768566  3249 raft_consensus.cc:515] T 16e4c383adbf481cb4bba7d5c2318c8c P 775523ef049d4a45aa2de17138eb6900 [term 0 FOLLOWER]: Starting pre-election with config: opid_index: -1 OBSOLETE_local: false peers { permanent_uuid: "775523ef049d4a45aa2de17138eb6900" member_type: VOTER last_known_addr { host: "127.0.107.193" port: 36999 } } peers { permanent_uuid: "dfe617172d6c457ab90aac0c5ce9ebe8" member_type: VOTER last_known_addr { host: "127.0.107.194" port: 35913 } } peers { permanent_uuid: "78c2aae63443435b8853d048191943e9" member_type: VOTER last_known_addr { host: "127.0.107.195" port: 43365 } }
I20260630 12:12:50.768572  3265 consensus_queue.cc:237] T eaeae394a1f746a3a985f5f3de42d644 P 78c2aae63443435b8853d048191943e9 [LEADER]: Queue going to LEADER mode. State: All replicated index: 0, Majority replicated index: 0, Committed index: 0, Last appended: 0.0, Last appended by leader: 0, Current term: 1, Majority size: 2, State: 0, Mode: LEADER, active raft config: opid_index: -1 OBSOLETE_local: false peers { permanent_uuid: "775523ef049d4a45aa2de17138eb6900" member_type: VOTER last_known_addr { host: "127.0.107.193" port: 36999 } } peers { permanent_uuid: "dfe617172d6c457ab90aac0c5ce9ebe8" member_type: VOTER last_known_addr { host: "127.0.107.194" port: 35913 } } peers { permanent_uuid: "78c2aae63443435b8853d048191943e9" member_type: VOTER last_known_addr { host: "127.0.107.195" port: 43365 } }
I20260630 12:12:50.769212  3264 raft_consensus.cc:515] T 0220fde2f1bc4ca7ad3a90ee02629f63 P 78c2aae63443435b8853d048191943e9 [term 1 FOLLOWER]: Starting leader election with config: opid_index: -1 OBSOLETE_local: false peers { permanent_uuid: "775523ef049d4a45aa2de17138eb6900" member_type: VOTER last_known_addr { host: "127.0.107.193" port: 36999 } } peers { permanent_uuid: "dfe617172d6c457ab90aac0c5ce9ebe8" member_type: VOTER last_known_addr { host: "127.0.107.194" port: 35913 } } peers { permanent_uuid: "78c2aae63443435b8853d048191943e9" member_type: VOTER last_known_addr { host: "127.0.107.195" port: 43365 } }
I20260630 12:12:50.770571  3249 leader_election.cc:290] T 16e4c383adbf481cb4bba7d5c2318c8c P 775523ef049d4a45aa2de17138eb6900 [CANDIDATE]: Term 1 pre-election: Requested pre-vote from peers dfe617172d6c457ab90aac0c5ce9ebe8 (127.0.107.194:35913), 78c2aae63443435b8853d048191943e9 (127.0.107.195:43365)
I20260630 12:12:50.771253  3264 leader_election.cc:290] T 0220fde2f1bc4ca7ad3a90ee02629f63 P 78c2aae63443435b8853d048191943e9 [CANDIDATE]: Term 1 election: Requested vote from peers 775523ef049d4a45aa2de17138eb6900 (127.0.107.193:36999), dfe617172d6c457ab90aac0c5ce9ebe8 (127.0.107.194:35913)
I20260630 12:12:50.772091  3195 tablet_service.cc:1917] Received RequestConsensusVote() RPC: tablet_id: "16e4c383adbf481cb4bba7d5c2318c8c" candidate_uuid: "775523ef049d4a45aa2de17138eb6900" candidate_term: 1 candidate_status { last_received { term: 0 index: 0 } } ignore_live_leader: false dest_uuid: "78c2aae63443435b8853d048191943e9" is_pre_election: true
I20260630 12:12:50.772382  3120 tablet_service.cc:1917] Received RequestConsensusVote() RPC: tablet_id: "0220fde2f1bc4ca7ad3a90ee02629f63" candidate_uuid: "78c2aae63443435b8853d048191943e9" candidate_term: 1 candidate_status { last_received { term: 0 index: 0 } } ignore_live_leader: false dest_uuid: "dfe617172d6c457ab90aac0c5ce9ebe8"
I20260630 12:12:50.772601  3046 tablet_service.cc:1917] Received RequestConsensusVote() RPC: tablet_id: "0220fde2f1bc4ca7ad3a90ee02629f63" candidate_uuid: "78c2aae63443435b8853d048191943e9" candidate_term: 1 candidate_status { last_received { term: 0 index: 0 } } ignore_live_leader: false dest_uuid: "775523ef049d4a45aa2de17138eb6900"
I20260630 12:12:50.772701  3195 raft_consensus.cc:2468] T 16e4c383adbf481cb4bba7d5c2318c8c P 78c2aae63443435b8853d048191943e9 [term 0 FOLLOWER]: Leader pre-election vote request: Granting yes vote for candidate 775523ef049d4a45aa2de17138eb6900 in term 0.
I20260630 12:12:50.772987  3120 raft_consensus.cc:3060] T 0220fde2f1bc4ca7ad3a90ee02629f63 P dfe617172d6c457ab90aac0c5ce9ebe8 [term 0 FOLLOWER]: Advancing to term 1
I20260630 12:12:50.773207  3046 raft_consensus.cc:3060] T 0220fde2f1bc4ca7ad3a90ee02629f63 P 775523ef049d4a45aa2de17138eb6900 [term 0 FOLLOWER]: Advancing to term 1
I20260630 12:12:50.774240  3010 leader_election.cc:304] T 16e4c383adbf481cb4bba7d5c2318c8c P 775523ef049d4a45aa2de17138eb6900 [CANDIDATE]: Term 1 pre-election: Election decided. Result: candidate won. Election summary: received 2 responses out of 3 voters: 2 yes votes; 0 no votes. yes voters: 775523ef049d4a45aa2de17138eb6900, 78c2aae63443435b8853d048191943e9; no voters: 
I20260630 12:12:50.772717  3121 tablet_service.cc:1917] Received RequestConsensusVote() RPC: tablet_id: "16e4c383adbf481cb4bba7d5c2318c8c" candidate_uuid: "775523ef049d4a45aa2de17138eb6900" candidate_term: 1 candidate_status { last_received { term: 0 index: 0 } } ignore_live_leader: false dest_uuid: "dfe617172d6c457ab90aac0c5ce9ebe8" is_pre_election: true
I20260630 12:12:50.775000  3249 raft_consensus.cc:2804] T 16e4c383adbf481cb4bba7d5c2318c8c P 775523ef049d4a45aa2de17138eb6900 [term 0 FOLLOWER]: Leader pre-election won for term 1
I20260630 12:12:50.775275  3121 raft_consensus.cc:2468] T 16e4c383adbf481cb4bba7d5c2318c8c P dfe617172d6c457ab90aac0c5ce9ebe8 [term 0 FOLLOWER]: Leader pre-election vote request: Granting yes vote for candidate 775523ef049d4a45aa2de17138eb6900 in term 0.
I20260630 12:12:50.775452  3249 raft_consensus.cc:493] T 16e4c383adbf481cb4bba7d5c2318c8c P 775523ef049d4a45aa2de17138eb6900 [term 0 FOLLOWER]: Starting leader election (no leader contacted us within the election timeout)
I20260630 12:12:50.775998  3249 raft_consensus.cc:3060] T 16e4c383adbf481cb4bba7d5c2318c8c P 775523ef049d4a45aa2de17138eb6900 [term 0 FOLLOWER]: Advancing to term 1
I20260630 12:12:50.779839  3120 raft_consensus.cc:2468] T 0220fde2f1bc4ca7ad3a90ee02629f63 P dfe617172d6c457ab90aac0c5ce9ebe8 [term 1 FOLLOWER]: Leader election vote request: Granting yes vote for candidate 78c2aae63443435b8853d048191943e9 in term 1.
I20260630 12:12:50.780424  3046 raft_consensus.cc:2468] T 0220fde2f1bc4ca7ad3a90ee02629f63 P 775523ef049d4a45aa2de17138eb6900 [term 1 FOLLOWER]: Leader election vote request: Granting yes vote for candidate 78c2aae63443435b8853d048191943e9 in term 1.
I20260630 12:12:50.781180  3159 leader_election.cc:304] T 0220fde2f1bc4ca7ad3a90ee02629f63 P 78c2aae63443435b8853d048191943e9 [CANDIDATE]: Term 1 election: Election decided. Result: candidate won. Election summary: received 2 responses out of 3 voters: 2 yes votes; 0 no votes. yes voters: 78c2aae63443435b8853d048191943e9, dfe617172d6c457ab90aac0c5ce9ebe8; no voters: 
I20260630 12:12:50.781947  3264 raft_consensus.cc:2804] T 0220fde2f1bc4ca7ad3a90ee02629f63 P 78c2aae63443435b8853d048191943e9 [term 1 FOLLOWER]: Leader election won for term 1
I20260630 12:12:50.782457  3264 raft_consensus.cc:697] T 0220fde2f1bc4ca7ad3a90ee02629f63 P 78c2aae63443435b8853d048191943e9 [term 1 LEADER]: Becoming Leader. State: Replica: 78c2aae63443435b8853d048191943e9, State: Running, Role: LEADER
I20260630 12:12:50.783083  3264 consensus_queue.cc:237] T 0220fde2f1bc4ca7ad3a90ee02629f63 P 78c2aae63443435b8853d048191943e9 [LEADER]: Queue going to LEADER mode. State: All replicated index: 0, Majority replicated index: 0, Committed index: 0, Last appended: 0.0, Last appended by leader: 0, Current term: 1, Majority size: 2, State: 0, Mode: LEADER, active raft config: opid_index: -1 OBSOLETE_local: false peers { permanent_uuid: "775523ef049d4a45aa2de17138eb6900" member_type: VOTER last_known_addr { host: "127.0.107.193" port: 36999 } } peers { permanent_uuid: "dfe617172d6c457ab90aac0c5ce9ebe8" member_type: VOTER last_known_addr { host: "127.0.107.194" port: 35913 } } peers { permanent_uuid: "78c2aae63443435b8853d048191943e9" member_type: VOTER last_known_addr { host: "127.0.107.195" port: 43365 } }
I20260630 12:12:50.787156  3249 raft_consensus.cc:515] T 16e4c383adbf481cb4bba7d5c2318c8c P 775523ef049d4a45aa2de17138eb6900 [term 1 FOLLOWER]: Starting leader election with config: opid_index: -1 OBSOLETE_local: false peers { permanent_uuid: "775523ef049d4a45aa2de17138eb6900" member_type: VOTER last_known_addr { host: "127.0.107.193" port: 36999 } } peers { permanent_uuid: "dfe617172d6c457ab90aac0c5ce9ebe8" member_type: VOTER last_known_addr { host: "127.0.107.194" port: 35913 } } peers { permanent_uuid: "78c2aae63443435b8853d048191943e9" member_type: VOTER last_known_addr { host: "127.0.107.195" port: 43365 } }
I20260630 12:12:50.788854  3249 leader_election.cc:290] T 16e4c383adbf481cb4bba7d5c2318c8c P 775523ef049d4a45aa2de17138eb6900 [CANDIDATE]: Term 1 election: Requested vote from peers dfe617172d6c457ab90aac0c5ce9ebe8 (127.0.107.194:35913), 78c2aae63443435b8853d048191943e9 (127.0.107.195:43365)
I20260630 12:12:50.788169  2944 catalog_manager.cc:5697] T eaeae394a1f746a3a985f5f3de42d644 P 78c2aae63443435b8853d048191943e9 reported cstate change: term changed from 0 to 1, leader changed from <none> to 78c2aae63443435b8853d048191943e9 (127.0.107.195). New cstate: current_term: 1 leader_uuid: "78c2aae63443435b8853d048191943e9" committed_config { opid_index: -1 OBSOLETE_local: false peers { permanent_uuid: "775523ef049d4a45aa2de17138eb6900" member_type: VOTER last_known_addr { host: "127.0.107.193" port: 36999 } health_report { overall_health: UNKNOWN } } peers { permanent_uuid: "dfe617172d6c457ab90aac0c5ce9ebe8" member_type: VOTER last_known_addr { host: "127.0.107.194" port: 35913 } health_report { overall_health: UNKNOWN } } peers { permanent_uuid: "78c2aae63443435b8853d048191943e9" member_type: VOTER last_known_addr { host: "127.0.107.195" port: 43365 } health_report { overall_health: HEALTHY } } }
I20260630 12:12:50.789861  3195 tablet_service.cc:1917] Received RequestConsensusVote() RPC: tablet_id: "16e4c383adbf481cb4bba7d5c2318c8c" candidate_uuid: "775523ef049d4a45aa2de17138eb6900" candidate_term: 1 candidate_status { last_received { term: 0 index: 0 } } ignore_live_leader: false dest_uuid: "78c2aae63443435b8853d048191943e9"
I20260630 12:12:50.789889  3120 tablet_service.cc:1917] Received RequestConsensusVote() RPC: tablet_id: "16e4c383adbf481cb4bba7d5c2318c8c" candidate_uuid: "775523ef049d4a45aa2de17138eb6900" candidate_term: 1 candidate_status { last_received { term: 0 index: 0 } } ignore_live_leader: false dest_uuid: "dfe617172d6c457ab90aac0c5ce9ebe8"
I20260630 12:12:50.790562  3195 raft_consensus.cc:3060] T 16e4c383adbf481cb4bba7d5c2318c8c P 78c2aae63443435b8853d048191943e9 [term 0 FOLLOWER]: Advancing to term 1
I20260630 12:12:50.790656  3120 raft_consensus.cc:3060] T 16e4c383adbf481cb4bba7d5c2318c8c P dfe617172d6c457ab90aac0c5ce9ebe8 [term 0 FOLLOWER]: Advancing to term 1
I20260630 12:12:50.797165  3120 raft_consensus.cc:2468] T 16e4c383adbf481cb4bba7d5c2318c8c P dfe617172d6c457ab90aac0c5ce9ebe8 [term 1 FOLLOWER]: Leader election vote request: Granting yes vote for candidate 775523ef049d4a45aa2de17138eb6900 in term 1.
I20260630 12:12:50.798252  3195 raft_consensus.cc:2468] T 16e4c383adbf481cb4bba7d5c2318c8c P 78c2aae63443435b8853d048191943e9 [term 1 FOLLOWER]: Leader election vote request: Granting yes vote for candidate 775523ef049d4a45aa2de17138eb6900 in term 1.
I20260630 12:12:50.798281  3010 leader_election.cc:304] T 16e4c383adbf481cb4bba7d5c2318c8c P 775523ef049d4a45aa2de17138eb6900 [CANDIDATE]: Term 1 election: Election decided. Result: candidate won. Election summary: received 2 responses out of 3 voters: 2 yes votes; 0 no votes. yes voters: 775523ef049d4a45aa2de17138eb6900, dfe617172d6c457ab90aac0c5ce9ebe8; no voters: 
I20260630 12:12:50.799672  3249 raft_consensus.cc:2804] T 16e4c383adbf481cb4bba7d5c2318c8c P 775523ef049d4a45aa2de17138eb6900 [term 1 FOLLOWER]: Leader election won for term 1
I20260630 12:12:50.800113  3249 raft_consensus.cc:697] T 16e4c383adbf481cb4bba7d5c2318c8c P 775523ef049d4a45aa2de17138eb6900 [term 1 LEADER]: Becoming Leader. State: Replica: 775523ef049d4a45aa2de17138eb6900, State: Running, Role: LEADER
I20260630 12:12:50.800765  3249 consensus_queue.cc:237] T 16e4c383adbf481cb4bba7d5c2318c8c P 775523ef049d4a45aa2de17138eb6900 [LEADER]: Queue going to LEADER mode. State: All replicated index: 0, Majority replicated index: 0, Committed index: 0, Last appended: 0.0, Last appended by leader: 0, Current term: 1, Majority size: 2, State: 0, Mode: LEADER, active raft config: opid_index: -1 OBSOLETE_local: false peers { permanent_uuid: "775523ef049d4a45aa2de17138eb6900" member_type: VOTER last_known_addr { host: "127.0.107.193" port: 36999 } } peers { permanent_uuid: "dfe617172d6c457ab90aac0c5ce9ebe8" member_type: VOTER last_known_addr { host: "127.0.107.194" port: 35913 } } peers { permanent_uuid: "78c2aae63443435b8853d048191943e9" member_type: VOTER last_known_addr { host: "127.0.107.195" port: 43365 } }
I20260630 12:12:50.801106  2944 catalog_manager.cc:5697] T 0220fde2f1bc4ca7ad3a90ee02629f63 P 78c2aae63443435b8853d048191943e9 reported cstate change: term changed from 0 to 1, leader changed from <none> to 78c2aae63443435b8853d048191943e9 (127.0.107.195). New cstate: current_term: 1 leader_uuid: "78c2aae63443435b8853d048191943e9" committed_config { opid_index: -1 OBSOLETE_local: false peers { permanent_uuid: "775523ef049d4a45aa2de17138eb6900" member_type: VOTER last_known_addr { host: "127.0.107.193" port: 36999 } health_report { overall_health: UNKNOWN } } peers { permanent_uuid: "dfe617172d6c457ab90aac0c5ce9ebe8" member_type: VOTER last_known_addr { host: "127.0.107.194" port: 35913 } health_report { overall_health: UNKNOWN } } peers { permanent_uuid: "78c2aae63443435b8853d048191943e9" member_type: VOTER last_known_addr { host: "127.0.107.195" port: 43365 } health_report { overall_health: HEALTHY } } }
I20260630 12:12:50.809347  2943 catalog_manager.cc:5697] T 16e4c383adbf481cb4bba7d5c2318c8c P 775523ef049d4a45aa2de17138eb6900 reported cstate change: term changed from 0 to 1, leader changed from <none> to 775523ef049d4a45aa2de17138eb6900 (127.0.107.193). New cstate: current_term: 1 leader_uuid: "775523ef049d4a45aa2de17138eb6900" committed_config { opid_index: -1 OBSOLETE_local: false peers { permanent_uuid: "775523ef049d4a45aa2de17138eb6900" member_type: VOTER last_known_addr { host: "127.0.107.193" port: 36999 } health_report { overall_health: HEALTHY } } peers { permanent_uuid: "dfe617172d6c457ab90aac0c5ce9ebe8" member_type: VOTER last_known_addr { host: "127.0.107.194" port: 35913 } health_report { overall_health: UNKNOWN } } peers { permanent_uuid: "78c2aae63443435b8853d048191943e9" member_type: VOTER last_known_addr { host: "127.0.107.195" port: 43365 } health_report { overall_health: UNKNOWN } } }
I20260630 12:12:50.917938   431 tablet_server.cc:179] TabletServer@127.0.107.193:0 shutting down...
I20260630 12:12:50.936478   431 ts_tablet_manager.cc:1507] Shutting down tablet manager...
I20260630 12:12:50.937319   431 tablet_replica.cc:333] T 0220fde2f1bc4ca7ad3a90ee02629f63 P 775523ef049d4a45aa2de17138eb6900: stopping tablet replica
I20260630 12:12:50.937943   431 raft_consensus.cc:2243] T 0220fde2f1bc4ca7ad3a90ee02629f63 P 775523ef049d4a45aa2de17138eb6900 [term 1 FOLLOWER]: Raft consensus shutting down.
I20260630 12:12:50.938367   431 raft_consensus.cc:2272] T 0220fde2f1bc4ca7ad3a90ee02629f63 P 775523ef049d4a45aa2de17138eb6900 [term 1 FOLLOWER]: Raft consensus is shut down!
I20260630 12:12:50.940315   431 tablet_replica.cc:333] T eaeae394a1f746a3a985f5f3de42d644 P 775523ef049d4a45aa2de17138eb6900: stopping tablet replica
I20260630 12:12:50.940826   431 raft_consensus.cc:2243] T eaeae394a1f746a3a985f5f3de42d644 P 775523ef049d4a45aa2de17138eb6900 [term 1 FOLLOWER]: Raft consensus shutting down.
I20260630 12:12:50.941184   431 raft_consensus.cc:2272] T eaeae394a1f746a3a985f5f3de42d644 P 775523ef049d4a45aa2de17138eb6900 [term 1 FOLLOWER]: Raft consensus is shut down!
I20260630 12:12:50.942910   431 tablet_replica.cc:333] T 16e4c383adbf481cb4bba7d5c2318c8c P 775523ef049d4a45aa2de17138eb6900: stopping tablet replica
I20260630 12:12:50.943423   431 raft_consensus.cc:2243] T 16e4c383adbf481cb4bba7d5c2318c8c P 775523ef049d4a45aa2de17138eb6900 [term 1 LEADER]: Raft consensus shutting down.
I20260630 12:12:50.943912   431 pending_rounds.cc:70] T 16e4c383adbf481cb4bba7d5c2318c8c P 775523ef049d4a45aa2de17138eb6900: Trying to abort 1 pending ops.
I20260630 12:12:50.944077   431 pending_rounds.cc:77] T 16e4c383adbf481cb4bba7d5c2318c8c P 775523ef049d4a45aa2de17138eb6900: Aborting op as it isn't in flight: id { term: 1 index: 1 } timestamp: 7302437154008952832 op_type: NO_OP noop_request { }
I20260630 12:12:50.944321   431 raft_consensus.cc:2889] T 16e4c383adbf481cb4bba7d5c2318c8c P 775523ef049d4a45aa2de17138eb6900 [term 1 LEADER]: NO_OP replication failed: Aborted: Op aborted
I20260630 12:12:50.944530   431 raft_consensus.cc:2272] T 16e4c383adbf481cb4bba7d5c2318c8c P 775523ef049d4a45aa2de17138eb6900 [term 1 FOLLOWER]: Raft consensus is shut down!
I20260630 12:12:50.946521   431 tablet_replica.cc:333] T 7d7568f1f85c43598ea76169b3005cc0 P 775523ef049d4a45aa2de17138eb6900: stopping tablet replica
I20260630 12:12:50.946921   431 raft_consensus.cc:2243] T 7d7568f1f85c43598ea76169b3005cc0 P 775523ef049d4a45aa2de17138eb6900 [term 1 LEADER]: Raft consensus shutting down.
I20260630 12:12:50.947386   431 pending_rounds.cc:70] T 7d7568f1f85c43598ea76169b3005cc0 P 775523ef049d4a45aa2de17138eb6900: Trying to abort 1 pending ops.
I20260630 12:12:50.947543   431 pending_rounds.cc:77] T 7d7568f1f85c43598ea76169b3005cc0 P 775523ef049d4a45aa2de17138eb6900: Aborting op as it isn't in flight: id { term: 1 index: 1 } timestamp: 7302437153754468352 op_type: NO_OP noop_request { }
I20260630 12:12:50.947748   431 raft_consensus.cc:2889] T 7d7568f1f85c43598ea76169b3005cc0 P 775523ef049d4a45aa2de17138eb6900 [term 1 LEADER]: NO_OP replication failed: Aborted: Op aborted
I20260630 12:12:50.947950   431 raft_consensus.cc:2272] T 7d7568f1f85c43598ea76169b3005cc0 P 775523ef049d4a45aa2de17138eb6900 [term 1 FOLLOWER]: Raft consensus is shut down!
I20260630 12:12:51.197570  3264 consensus_queue.cc:1048] T 0220fde2f1bc4ca7ad3a90ee02629f63 P 78c2aae63443435b8853d048191943e9 [LEADER]: Connected to new peer: Peer: permanent_uuid: "dfe617172d6c457ab90aac0c5ce9ebe8" member_type: VOTER last_known_addr { host: "127.0.107.194" port: 35913 }, Status: LMP_MISMATCH, Last received: 0.0, Next index: 1, Last known committed idx: 0, Time since last communication: 0.000s
W20260630 12:12:51.208261  3160 proxy.cc:239] Call had error, refreshing address and retrying: Network error: Client connection negotiation failed: client connection to 127.0.107.193:36999: connect: Connection refused (error 111) [suppressed 1 similar messages]
W20260630 12:12:51.212505  3160 consensus_peers.cc:597] T 0220fde2f1bc4ca7ad3a90ee02629f63 P 78c2aae63443435b8853d048191943e9 -> Peer 775523ef049d4a45aa2de17138eb6900 (127.0.107.193:36999): Couldn't send request to peer 775523ef049d4a45aa2de17138eb6900. Status: Network error: Client connection negotiation failed: client connection to 127.0.107.193:36999: connect: Connection refused (error 111). This is attempt 1: this message will repeat every 5th retry.
I20260630 12:12:51.292347  3264 consensus_queue.cc:1048] T eaeae394a1f746a3a985f5f3de42d644 P 78c2aae63443435b8853d048191943e9 [LEADER]: Connected to new peer: Peer: permanent_uuid: "dfe617172d6c457ab90aac0c5ce9ebe8" member_type: VOTER last_known_addr { host: "127.0.107.194" port: 35913 }, Status: LMP_MISMATCH, Last received: 0.0, Next index: 1, Last known committed idx: 0, Time since last communication: 0.000s
W20260630 12:12:51.304574  3160 consensus_peers.cc:597] T eaeae394a1f746a3a985f5f3de42d644 P 78c2aae63443435b8853d048191943e9 -> Peer 775523ef049d4a45aa2de17138eb6900 (127.0.107.193:36999): Couldn't send request to peer 775523ef049d4a45aa2de17138eb6900. Status: Network error: Client connection negotiation failed: client connection to 127.0.107.193:36999: connect: Connection refused (error 111). This is attempt 1: this message will repeat every 5th retry.
W20260630 12:12:51.524508  3067 debug-util.cc:398] Leaking SignalData structure 0x7b0800236e00 after lost signal to thread 434
W20260630 12:12:51.525452  3067 debug-util.cc:398] Leaking SignalData structure 0x7b08000adb20 after lost signal to thread 2978
W20260630 12:12:51.958246   431 thread.cc:527] Waited for 1000ms trying to join with diag-logger (tid 3067)
I20260630 12:12:52.393041  3275 raft_consensus.cc:493] T 7d7568f1f85c43598ea76169b3005cc0 P dfe617172d6c457ab90aac0c5ce9ebe8 [term 1 FOLLOWER]: Starting pre-election (no leader contacted us within the election timeout)
I20260630 12:12:52.393546  3275 raft_consensus.cc:515] T 7d7568f1f85c43598ea76169b3005cc0 P dfe617172d6c457ab90aac0c5ce9ebe8 [term 1 FOLLOWER]: Starting pre-election with config: opid_index: -1 OBSOLETE_local: false peers { permanent_uuid: "78c2aae63443435b8853d048191943e9" member_type: VOTER last_known_addr { host: "127.0.107.195" port: 43365 } } peers { permanent_uuid: "775523ef049d4a45aa2de17138eb6900" member_type: VOTER last_known_addr { host: "127.0.107.193" port: 36999 } } peers { permanent_uuid: "dfe617172d6c457ab90aac0c5ce9ebe8" member_type: VOTER last_known_addr { host: "127.0.107.194" port: 35913 } }
I20260630 12:12:52.395690  3275 leader_election.cc:290] T 7d7568f1f85c43598ea76169b3005cc0 P dfe617172d6c457ab90aac0c5ce9ebe8 [CANDIDATE]: Term 2 pre-election: Requested pre-vote from peers 78c2aae63443435b8853d048191943e9 (127.0.107.195:43365), 775523ef049d4a45aa2de17138eb6900 (127.0.107.193:36999)
I20260630 12:12:52.412940  3275 raft_consensus.cc:493] T 16e4c383adbf481cb4bba7d5c2318c8c P dfe617172d6c457ab90aac0c5ce9ebe8 [term 1 FOLLOWER]: Starting pre-election (no leader contacted us within the election timeout)
I20260630 12:12:52.413421  3275 raft_consensus.cc:515] T 16e4c383adbf481cb4bba7d5c2318c8c P dfe617172d6c457ab90aac0c5ce9ebe8 [term 1 FOLLOWER]: Starting pre-election with config: opid_index: -1 OBSOLETE_local: false peers { permanent_uuid: "775523ef049d4a45aa2de17138eb6900" member_type: VOTER last_known_addr { host: "127.0.107.193" port: 36999 } } peers { permanent_uuid: "dfe617172d6c457ab90aac0c5ce9ebe8" member_type: VOTER last_known_addr { host: "127.0.107.194" port: 35913 } } peers { permanent_uuid: "78c2aae63443435b8853d048191943e9" member_type: VOTER last_known_addr { host: "127.0.107.195" port: 43365 } }
I20260630 12:12:52.414013  3195 tablet_service.cc:1917] Received RequestConsensusVote() RPC: tablet_id: "7d7568f1f85c43598ea76169b3005cc0" candidate_uuid: "dfe617172d6c457ab90aac0c5ce9ebe8" candidate_term: 2 candidate_status { last_received { term: 0 index: 0 } } ignore_live_leader: false dest_uuid: "78c2aae63443435b8853d048191943e9" is_pre_election: true
W20260630 12:12:52.414264  3086 leader_election.cc:336] T 7d7568f1f85c43598ea76169b3005cc0 P dfe617172d6c457ab90aac0c5ce9ebe8 [CANDIDATE]: Term 2 pre-election: RPC error from VoteRequest() call to peer 775523ef049d4a45aa2de17138eb6900 (127.0.107.193:36999): Network error: Client connection negotiation failed: client connection to 127.0.107.193:36999: connect: Connection refused (error 111)
I20260630 12:12:52.414628  3195 raft_consensus.cc:2468] T 7d7568f1f85c43598ea76169b3005cc0 P 78c2aae63443435b8853d048191943e9 [term 1 FOLLOWER]: Leader pre-election vote request: Granting yes vote for candidate dfe617172d6c457ab90aac0c5ce9ebe8 in term 1.
I20260630 12:12:52.415446  3275 leader_election.cc:290] T 16e4c383adbf481cb4bba7d5c2318c8c P dfe617172d6c457ab90aac0c5ce9ebe8 [CANDIDATE]: Term 2 pre-election: Requested pre-vote from peers 775523ef049d4a45aa2de17138eb6900 (127.0.107.193:36999), 78c2aae63443435b8853d048191943e9 (127.0.107.195:43365)
I20260630 12:12:52.416270  3085 leader_election.cc:304] T 7d7568f1f85c43598ea76169b3005cc0 P dfe617172d6c457ab90aac0c5ce9ebe8 [CANDIDATE]: Term 2 pre-election: Election decided. Result: candidate won. Election summary: received 3 responses out of 3 voters: 2 yes votes; 1 no votes. yes voters: 78c2aae63443435b8853d048191943e9, dfe617172d6c457ab90aac0c5ce9ebe8; no voters: 775523ef049d4a45aa2de17138eb6900
I20260630 12:12:52.417224  3275 raft_consensus.cc:2804] T 7d7568f1f85c43598ea76169b3005cc0 P dfe617172d6c457ab90aac0c5ce9ebe8 [term 1 FOLLOWER]: Leader pre-election won for term 2
I20260630 12:12:52.417398  3195 tablet_service.cc:1917] Received RequestConsensusVote() RPC: tablet_id: "16e4c383adbf481cb4bba7d5c2318c8c" candidate_uuid: "dfe617172d6c457ab90aac0c5ce9ebe8" candidate_term: 2 candidate_status { last_received { term: 0 index: 0 } } ignore_live_leader: false dest_uuid: "78c2aae63443435b8853d048191943e9" is_pre_election: true
I20260630 12:12:52.417675  3275 raft_consensus.cc:493] T 7d7568f1f85c43598ea76169b3005cc0 P dfe617172d6c457ab90aac0c5ce9ebe8 [term 1 FOLLOWER]: Starting leader election (no leader contacted us within the election timeout)
I20260630 12:12:52.418021  3275 raft_consensus.cc:3060] T 7d7568f1f85c43598ea76169b3005cc0 P dfe617172d6c457ab90aac0c5ce9ebe8 [term 1 FOLLOWER]: Advancing to term 2
I20260630 12:12:52.418061  3195 raft_consensus.cc:2468] T 16e4c383adbf481cb4bba7d5c2318c8c P 78c2aae63443435b8853d048191943e9 [term 1 FOLLOWER]: Leader pre-election vote request: Granting yes vote for candidate dfe617172d6c457ab90aac0c5ce9ebe8 in term 1.
I20260630 12:12:52.419404  3085 leader_election.cc:304] T 16e4c383adbf481cb4bba7d5c2318c8c P dfe617172d6c457ab90aac0c5ce9ebe8 [CANDIDATE]: Term 2 pre-election: Election decided. Result: candidate won. Election summary: received 2 responses out of 3 voters: 2 yes votes; 0 no votes. yes voters: 78c2aae63443435b8853d048191943e9, dfe617172d6c457ab90aac0c5ce9ebe8; no voters: 
W20260630 12:12:52.422448  3086 leader_election.cc:336] T 16e4c383adbf481cb4bba7d5c2318c8c P dfe617172d6c457ab90aac0c5ce9ebe8 [CANDIDATE]: Term 2 pre-election: RPC error from VoteRequest() call to peer 775523ef049d4a45aa2de17138eb6900 (127.0.107.193:36999): Network error: Client connection negotiation failed: client connection to 127.0.107.193:36999: connect: Connection refused (error 111)
I20260630 12:12:52.423903  3280 raft_consensus.cc:2804] T 16e4c383adbf481cb4bba7d5c2318c8c P dfe617172d6c457ab90aac0c5ce9ebe8 [term 1 FOLLOWER]: Leader pre-election won for term 2
I20260630 12:12:52.424357  3280 raft_consensus.cc:493] T 16e4c383adbf481cb4bba7d5c2318c8c P dfe617172d6c457ab90aac0c5ce9ebe8 [term 1 FOLLOWER]: Starting leader election (no leader contacted us within the election timeout)
I20260630 12:12:52.424727  3280 raft_consensus.cc:3060] T 16e4c383adbf481cb4bba7d5c2318c8c P dfe617172d6c457ab90aac0c5ce9ebe8 [term 1 FOLLOWER]: Advancing to term 2
I20260630 12:12:52.426051  3275 raft_consensus.cc:515] T 7d7568f1f85c43598ea76169b3005cc0 P dfe617172d6c457ab90aac0c5ce9ebe8 [term 2 FOLLOWER]: Starting leader election with config: opid_index: -1 OBSOLETE_local: false peers { permanent_uuid: "78c2aae63443435b8853d048191943e9" member_type: VOTER last_known_addr { host: "127.0.107.195" port: 43365 } } peers { permanent_uuid: "775523ef049d4a45aa2de17138eb6900" member_type: VOTER last_known_addr { host: "127.0.107.193" port: 36999 } } peers { permanent_uuid: "dfe617172d6c457ab90aac0c5ce9ebe8" member_type: VOTER last_known_addr { host: "127.0.107.194" port: 35913 } }
I20260630 12:12:52.428699  3275 leader_election.cc:290] T 7d7568f1f85c43598ea76169b3005cc0 P dfe617172d6c457ab90aac0c5ce9ebe8 [CANDIDATE]: Term 2 election: Requested vote from peers 78c2aae63443435b8853d048191943e9 (127.0.107.195:43365), 775523ef049d4a45aa2de17138eb6900 (127.0.107.193:36999)
I20260630 12:12:52.428648  3195 tablet_service.cc:1917] Received RequestConsensusVote() RPC: tablet_id: "7d7568f1f85c43598ea76169b3005cc0" candidate_uuid: "dfe617172d6c457ab90aac0c5ce9ebe8" candidate_term: 2 candidate_status { last_received { term: 0 index: 0 } } ignore_live_leader: false dest_uuid: "78c2aae63443435b8853d048191943e9"
I20260630 12:12:52.429385  3195 raft_consensus.cc:3060] T 7d7568f1f85c43598ea76169b3005cc0 P 78c2aae63443435b8853d048191943e9 [term 1 FOLLOWER]: Advancing to term 2
W20260630 12:12:52.432721  3086 leader_election.cc:336] T 7d7568f1f85c43598ea76169b3005cc0 P dfe617172d6c457ab90aac0c5ce9ebe8 [CANDIDATE]: Term 2 election: RPC error from VoteRequest() call to peer 775523ef049d4a45aa2de17138eb6900 (127.0.107.193:36999): Network error: Client connection negotiation failed: client connection to 127.0.107.193:36999: connect: Connection refused (error 111)
I20260630 12:12:52.433040  3280 raft_consensus.cc:515] T 16e4c383adbf481cb4bba7d5c2318c8c P dfe617172d6c457ab90aac0c5ce9ebe8 [term 2 FOLLOWER]: Starting leader election with config: opid_index: -1 OBSOLETE_local: false peers { permanent_uuid: "775523ef049d4a45aa2de17138eb6900" member_type: VOTER last_known_addr { host: "127.0.107.193" port: 36999 } } peers { permanent_uuid: "dfe617172d6c457ab90aac0c5ce9ebe8" member_type: VOTER last_known_addr { host: "127.0.107.194" port: 35913 } } peers { permanent_uuid: "78c2aae63443435b8853d048191943e9" member_type: VOTER last_known_addr { host: "127.0.107.195" port: 43365 } }
I20260630 12:12:52.435541  3280 leader_election.cc:290] T 16e4c383adbf481cb4bba7d5c2318c8c P dfe617172d6c457ab90aac0c5ce9ebe8 [CANDIDATE]: Term 2 election: Requested vote from peers 775523ef049d4a45aa2de17138eb6900 (127.0.107.193:36999), 78c2aae63443435b8853d048191943e9 (127.0.107.195:43365)
I20260630 12:12:52.436178  3194 tablet_service.cc:1917] Received RequestConsensusVote() RPC: tablet_id: "16e4c383adbf481cb4bba7d5c2318c8c" candidate_uuid: "dfe617172d6c457ab90aac0c5ce9ebe8" candidate_term: 2 candidate_status { last_received { term: 0 index: 0 } } ignore_live_leader: false dest_uuid: "78c2aae63443435b8853d048191943e9"
I20260630 12:12:52.436712  3195 raft_consensus.cc:2468] T 7d7568f1f85c43598ea76169b3005cc0 P 78c2aae63443435b8853d048191943e9 [term 2 FOLLOWER]: Leader election vote request: Granting yes vote for candidate dfe617172d6c457ab90aac0c5ce9ebe8 in term 2.
I20260630 12:12:52.436800  3194 raft_consensus.cc:3060] T 16e4c383adbf481cb4bba7d5c2318c8c P 78c2aae63443435b8853d048191943e9 [term 1 FOLLOWER]: Advancing to term 2
I20260630 12:12:52.438155  3085 leader_election.cc:304] T 7d7568f1f85c43598ea76169b3005cc0 P dfe617172d6c457ab90aac0c5ce9ebe8 [CANDIDATE]: Term 2 election: Election decided. Result: candidate won. Election summary: received 3 responses out of 3 voters: 2 yes votes; 1 no votes. yes voters: 78c2aae63443435b8853d048191943e9, dfe617172d6c457ab90aac0c5ce9ebe8; no voters: 775523ef049d4a45aa2de17138eb6900
W20260630 12:12:52.440042  3086 leader_election.cc:336] T 16e4c383adbf481cb4bba7d5c2318c8c P dfe617172d6c457ab90aac0c5ce9ebe8 [CANDIDATE]: Term 2 election: RPC error from VoteRequest() call to peer 775523ef049d4a45aa2de17138eb6900 (127.0.107.193:36999): Network error: Client connection negotiation failed: client connection to 127.0.107.193:36999: connect: Connection refused (error 111)
I20260630 12:12:52.440187  3280 raft_consensus.cc:2804] T 7d7568f1f85c43598ea76169b3005cc0 P dfe617172d6c457ab90aac0c5ce9ebe8 [term 2 FOLLOWER]: Leader election won for term 2
I20260630 12:12:52.440943  3280 raft_consensus.cc:697] T 7d7568f1f85c43598ea76169b3005cc0 P dfe617172d6c457ab90aac0c5ce9ebe8 [term 2 LEADER]: Becoming Leader. State: Replica: dfe617172d6c457ab90aac0c5ce9ebe8, State: Running, Role: LEADER
I20260630 12:12:52.441823  3280 consensus_queue.cc:237] T 7d7568f1f85c43598ea76169b3005cc0 P dfe617172d6c457ab90aac0c5ce9ebe8 [LEADER]: Queue going to LEADER mode. State: All replicated index: 0, Majority replicated index: 0, Committed index: 0, Last appended: 0.0, Last appended by leader: 0, Current term: 2, Majority size: 2, State: 0, Mode: LEADER, active raft config: opid_index: -1 OBSOLETE_local: false peers { permanent_uuid: "78c2aae63443435b8853d048191943e9" member_type: VOTER last_known_addr { host: "127.0.107.195" port: 43365 } } peers { permanent_uuid: "775523ef049d4a45aa2de17138eb6900" member_type: VOTER last_known_addr { host: "127.0.107.193" port: 36999 } } peers { permanent_uuid: "dfe617172d6c457ab90aac0c5ce9ebe8" member_type: VOTER last_known_addr { host: "127.0.107.194" port: 35913 } }
I20260630 12:12:52.443842  3194 raft_consensus.cc:2468] T 16e4c383adbf481cb4bba7d5c2318c8c P 78c2aae63443435b8853d048191943e9 [term 2 FOLLOWER]: Leader election vote request: Granting yes vote for candidate dfe617172d6c457ab90aac0c5ce9ebe8 in term 2.
I20260630 12:12:52.445111  3085 leader_election.cc:304] T 16e4c383adbf481cb4bba7d5c2318c8c P dfe617172d6c457ab90aac0c5ce9ebe8 [CANDIDATE]: Term 2 election: Election decided. Result: candidate won. Election summary: received 3 responses out of 3 voters: 2 yes votes; 1 no votes. yes voters: 78c2aae63443435b8853d048191943e9, dfe617172d6c457ab90aac0c5ce9ebe8; no voters: 775523ef049d4a45aa2de17138eb6900
I20260630 12:12:52.446343  3275 raft_consensus.cc:2804] T 16e4c383adbf481cb4bba7d5c2318c8c P dfe617172d6c457ab90aac0c5ce9ebe8 [term 2 FOLLOWER]: Leader election won for term 2
I20260630 12:12:52.447767  3275 raft_consensus.cc:697] T 16e4c383adbf481cb4bba7d5c2318c8c P dfe617172d6c457ab90aac0c5ce9ebe8 [term 2 LEADER]: Becoming Leader. State: Replica: dfe617172d6c457ab90aac0c5ce9ebe8, State: Running, Role: LEADER
I20260630 12:12:52.448614  3275 consensus_queue.cc:237] T 16e4c383adbf481cb4bba7d5c2318c8c P dfe617172d6c457ab90aac0c5ce9ebe8 [LEADER]: Queue going to LEADER mode. State: All replicated index: 0, Majority replicated index: 0, Committed index: 0, Last appended: 0.0, Last appended by leader: 0, Current term: 2, Majority size: 2, State: 0, Mode: LEADER, active raft config: opid_index: -1 OBSOLETE_local: false peers { permanent_uuid: "775523ef049d4a45aa2de17138eb6900" member_type: VOTER last_known_addr { host: "127.0.107.193" port: 36999 } } peers { permanent_uuid: "dfe617172d6c457ab90aac0c5ce9ebe8" member_type: VOTER last_known_addr { host: "127.0.107.194" port: 35913 } } peers { permanent_uuid: "78c2aae63443435b8853d048191943e9" member_type: VOTER last_known_addr { host: "127.0.107.195" port: 43365 } }
I20260630 12:12:52.461717  2943 catalog_manager.cc:5697] T 7d7568f1f85c43598ea76169b3005cc0 P dfe617172d6c457ab90aac0c5ce9ebe8 reported cstate change: term changed from 1 to 2, leader changed from 775523ef049d4a45aa2de17138eb6900 (127.0.107.193) to dfe617172d6c457ab90aac0c5ce9ebe8 (127.0.107.194). New cstate: current_term: 2 leader_uuid: "dfe617172d6c457ab90aac0c5ce9ebe8" committed_config { opid_index: -1 OBSOLETE_local: false peers { permanent_uuid: "78c2aae63443435b8853d048191943e9" member_type: VOTER last_known_addr { host: "127.0.107.195" port: 43365 } health_report { overall_health: UNKNOWN } } peers { permanent_uuid: "775523ef049d4a45aa2de17138eb6900" member_type: VOTER last_known_addr { host: "127.0.107.193" port: 36999 } health_report { overall_health: UNKNOWN } } peers { permanent_uuid: "dfe617172d6c457ab90aac0c5ce9ebe8" member_type: VOTER last_known_addr { host: "127.0.107.194" port: 35913 } health_report { overall_health: HEALTHY } } }
I20260630 12:12:52.477826  2943 catalog_manager.cc:5697] T 16e4c383adbf481cb4bba7d5c2318c8c P dfe617172d6c457ab90aac0c5ce9ebe8 reported cstate change: term changed from 1 to 2, leader changed from 775523ef049d4a45aa2de17138eb6900 (127.0.107.193) to dfe617172d6c457ab90aac0c5ce9ebe8 (127.0.107.194). New cstate: current_term: 2 leader_uuid: "dfe617172d6c457ab90aac0c5ce9ebe8" committed_config { opid_index: -1 OBSOLETE_local: false peers { permanent_uuid: "775523ef049d4a45aa2de17138eb6900" member_type: VOTER last_known_addr { host: "127.0.107.193" port: 36999 } health_report { overall_health: UNKNOWN } } peers { permanent_uuid: "dfe617172d6c457ab90aac0c5ce9ebe8" member_type: VOTER last_known_addr { host: "127.0.107.194" port: 35913 } health_report { overall_health: HEALTHY } } peers { permanent_uuid: "78c2aae63443435b8853d048191943e9" member_type: VOTER last_known_addr { host: "127.0.107.195" port: 43365 } health_report { overall_health: UNKNOWN } } }
I20260630 12:12:52.737353  2997 auto_leader_rebalancer.cc:141] leader rebalance for table range_aware_auto_rebalancer_test
I20260630 12:12:52.760448  3194 tablet_service.cc:2072] Received LeaderStepDown RPC: tablet_id: "0220fde2f1bc4ca7ad3a90ee02629f63"
dest_uuid: "78c2aae63443435b8853d048191943e9"
mode: GRACEFUL
new_leader_uuid: "775523ef049d4a45aa2de17138eb6900"
 from {username='slave'} at 127.0.0.1:59548
I20260630 12:12:52.761427  3194 raft_consensus.cc:606] T 0220fde2f1bc4ca7ad3a90ee02629f63 P 78c2aae63443435b8853d048191943e9 [term 1 LEADER]: Received request to transfer leadership to TS 775523ef049d4a45aa2de17138eb6900
I20260630 12:12:52.763177  2997 auto_leader_rebalancer.cc:440] table: range_aware_auto_rebalancer_test, leader rebalance finish, leader transfer count: 1
I20260630 12:12:52.763784  2997 auto_leader_rebalancer.cc:515] All tables' leader rebalancing finished this round
I20260630 12:12:52.842615  3194 raft_consensus.cc:1275] T 7d7568f1f85c43598ea76169b3005cc0 P 78c2aae63443435b8853d048191943e9 [term 2 FOLLOWER]: Refusing update from remote peer dfe617172d6c457ab90aac0c5ce9ebe8: Log matching property violated. Preceding OpId in replica: term: 0 index: 0. Preceding OpId from leader: term: 2 index: 1. (index mismatch)
I20260630 12:12:52.844467  3280 consensus_queue.cc:1048] T 7d7568f1f85c43598ea76169b3005cc0 P dfe617172d6c457ab90aac0c5ce9ebe8 [LEADER]: Connected to new peer: Peer: permanent_uuid: "78c2aae63443435b8853d048191943e9" member_type: VOTER last_known_addr { host: "127.0.107.195" port: 43365 }, Status: LMP_MISMATCH, Last received: 0.0, Next index: 1, Last known committed idx: 0, Time since last communication: 0.001s
W20260630 12:12:52.876052  3086 consensus_peers.cc:597] T 7d7568f1f85c43598ea76169b3005cc0 P dfe617172d6c457ab90aac0c5ce9ebe8 -> Peer 775523ef049d4a45aa2de17138eb6900 (127.0.107.193:36999): Couldn't send request to peer 775523ef049d4a45aa2de17138eb6900. Status: Network error: Client connection negotiation failed: client connection to 127.0.107.193:36999: connect: Connection refused (error 111). This is attempt 1: this message will repeat every 5th retry.
W20260630 12:12:52.891878  3086 consensus_peers.cc:597] T 16e4c383adbf481cb4bba7d5c2318c8c P dfe617172d6c457ab90aac0c5ce9ebe8 -> Peer 775523ef049d4a45aa2de17138eb6900 (127.0.107.193:36999): Couldn't send request to peer 775523ef049d4a45aa2de17138eb6900. Status: Network error: Client connection negotiation failed: client connection to 127.0.107.193:36999: connect: Connection refused (error 111). This is attempt 1: this message will repeat every 5th retry.
W20260630 12:12:52.958843   431 thread.cc:527] Waited for 2000ms trying to join with diag-logger (tid 3067)
I20260630 12:12:52.979233  3194 raft_consensus.cc:1275] T 16e4c383adbf481cb4bba7d5c2318c8c P 78c2aae63443435b8853d048191943e9 [term 2 FOLLOWER]: Refusing update from remote peer dfe617172d6c457ab90aac0c5ce9ebe8: Log matching property violated. Preceding OpId in replica: term: 0 index: 0. Preceding OpId from leader: term: 2 index: 1. (index mismatch)
I20260630 12:12:52.980672  3294 consensus_queue.cc:1048] T 16e4c383adbf481cb4bba7d5c2318c8c P dfe617172d6c457ab90aac0c5ce9ebe8 [LEADER]: Connected to new peer: Peer: permanent_uuid: "78c2aae63443435b8853d048191943e9" member_type: VOTER last_known_addr { host: "127.0.107.195" port: 43365 }, Status: LMP_MISMATCH, Last received: 0.0, Next index: 1, Last known committed idx: 0, Time since last communication: 0.000s
W20260630 12:12:53.595402  3160 consensus_peers.cc:597] T 0220fde2f1bc4ca7ad3a90ee02629f63 P 78c2aae63443435b8853d048191943e9 -> Peer 775523ef049d4a45aa2de17138eb6900 (127.0.107.193:36999): Couldn't send request to peer 775523ef049d4a45aa2de17138eb6900. Status: Network error: Client connection negotiation failed: client connection to 127.0.107.193:36999: connect: Connection refused (error 111). This is attempt 6: this message will repeat every 5th retry.
W20260630 12:12:53.815368  3160 consensus_peers.cc:597] T eaeae394a1f746a3a985f5f3de42d644 P 78c2aae63443435b8853d048191943e9 -> Peer 775523ef049d4a45aa2de17138eb6900 (127.0.107.193:36999): Couldn't send request to peer 775523ef049d4a45aa2de17138eb6900. Status: Network error: Client connection negotiation failed: client connection to 127.0.107.193:36999: connect: Connection refused (error 111). This is attempt 6: this message will repeat every 5th retry.
W20260630 12:12:53.959331   431 thread.cc:527] Waited for 3000ms trying to join with diag-logger (tid 3067)
I20260630 12:12:54.764704  2997 auto_leader_rebalancer.cc:141] leader rebalance for table range_aware_auto_rebalancer_test
I20260630 12:12:54.769701  3194 tablet_service.cc:2072] Received LeaderStepDown RPC: tablet_id: "eaeae394a1f746a3a985f5f3de42d644"
dest_uuid: "78c2aae63443435b8853d048191943e9"
mode: GRACEFUL
new_leader_uuid: "775523ef049d4a45aa2de17138eb6900"
 from {username='slave'} at 127.0.0.1:59548
I20260630 12:12:54.770216  3194 raft_consensus.cc:606] T eaeae394a1f746a3a985f5f3de42d644 P 78c2aae63443435b8853d048191943e9 [term 1 LEADER]: Received request to transfer leadership to TS 775523ef049d4a45aa2de17138eb6900
I20260630 12:12:54.771435  2997 auto_leader_rebalancer.cc:440] table: range_aware_auto_rebalancer_test, leader rebalance finish, leader transfer count: 1
I20260630 12:12:54.771814  2997 auto_leader_rebalancer.cc:515] All tables' leader rebalancing finished this round
W20260630 12:12:54.959741   431 thread.cc:527] Waited for 4000ms trying to join with diag-logger (tid 3067)
W20260630 12:12:55.262688  3086 consensus_peers.cc:597] T 16e4c383adbf481cb4bba7d5c2318c8c P dfe617172d6c457ab90aac0c5ce9ebe8 -> Peer 775523ef049d4a45aa2de17138eb6900 (127.0.107.193:36999): Couldn't send request to peer 775523ef049d4a45aa2de17138eb6900. Status: Network error: Client connection negotiation failed: client connection to 127.0.107.193:36999: connect: Connection refused (error 111). This is attempt 6: this message will repeat every 5th retry.
