[==========] Running 26 tests from 2 test suites.
[----------] Global test environment set-up.
[----------] 24 tests from AutoRebalancerTest
[ RUN      ] AutoRebalancerTest.OnlyLeaderDoesAutoRebalancing
WARNING: Logging before InitGoogleLogging() is written to STDERR
I20260630 12:11:04.842746  3693 internal_mini_cluster.cc:156] Creating distributed mini masters. Addrs: 127.3.155.126:35687,127.3.155.125:40499,127.3.155.124:35275
I20260630 12:11:04.844882  3693 env_posix.cc:2267] Not raising this process' open files per process limit of 1048576; it is already as high as it can go
I20260630 12:11:04.846287  3693 file_cache.cc:492] Constructed file cache file cache with capacity 419430
W20260630 12:11:04.862212  3699 instance_detector.cc:116] could not retrieve AWS instance metadata: Network error: curl error: HTTP response code said error: The requested URL returned error: 404
W20260630 12:11:04.862542  3700 instance_detector.cc:116] could not retrieve Azure instance metadata: Network error: curl error: HTTP response code said error: The requested URL returned error: 404
I20260630 12:11:04.864518  3693 server_base.cc:1061] running on GCE node
W20260630 12:11:04.862298  3702 instance_detector.cc:116] could not retrieve OpenStack instance metadata: Network error: curl error: HTTP response code said error: The requested URL returned error: 404
I20260630 12:11:06.127832  3693 hybrid_clock.cc:584] initializing the hybrid clock with 'system_unsync' time source
W20260630 12:11:06.128088  3693 system_unsync_time.cc:38] NTP support is disabled. Clock error bounds will not be accurate. This configuration is not suitable for distributed clusters.
I20260630 12:11:06.128371  3693 hybrid_clock.cc:648] HybridClock initialized: now 1782821466128342 us; error 0 us; skew 500 ppm
I20260630 12:11:06.129241  3693 server_base.cc:861] Flag tcmalloc_max_total_thread_cache_bytes is not working since tcmalloc is not enabled.
I20260630 12:11:06.134884  3693 webserver.cc:533] Webserver started at http://127.3.155.126:43075/ using document root <none> and password file <none>
I20260630 12:11:06.135901  3693 fs_manager.cc:362] Metadata directory not provided
I20260630 12:11:06.136157  3693 fs_manager.cc:368] Using write-ahead log directory (fs_wal_dir) as metadata directory
I20260630 12:11:06.136658  3693 server_base.cc:909] This appears to be a new deployment of Kudu; creating new FS layout
I20260630 12:11:06.142752  3693 fs_manager.cc:1068] Generated new instance metadata in path /tmp/dist-test-taskoQerPa/test-tmp/auto_rebalancer-test.0.AutoRebalancerTest.OnlyLeaderDoesAutoRebalancing.1782821464671561-3693-0/minicluster-data/master-0-root/instance:
uuid: "58c0b34c1daa49f89150c91b91604556"
format_stamp: "Formatted at 2026-06-30 12:11:06 on dist-test-slave-n96p"
I20260630 12:11:06.150939  3693 fs_manager.cc:696] Time spent creating directory manager: real 0.007s	user 0.002s	sys 0.005s
I20260630 12:11:06.156337  3708 log_block_manager.cc:4031] Time spent loading block containers with low live blocks: real 0.000s	user 0.000s	sys 0.000s
I20260630 12:11:06.157646  3693 fs_manager.cc:730] Time spent opening block manager: real 0.004s	user 0.003s	sys 0.002s
I20260630 12:11:06.158118  3693 fs_manager.cc:647] Opened local filesystem: /tmp/dist-test-taskoQerPa/test-tmp/auto_rebalancer-test.0.AutoRebalancerTest.OnlyLeaderDoesAutoRebalancing.1782821464671561-3693-0/minicluster-data/master-0-root
uuid: "58c0b34c1daa49f89150c91b91604556"
format_stamp: "Formatted at 2026-06-30 12:11:06 on dist-test-slave-n96p"
I20260630 12:11:06.158452  3693 fs_report.cc:389] FS layout report
--------------------
wal directory: /tmp/dist-test-taskoQerPa/test-tmp/auto_rebalancer-test.0.AutoRebalancerTest.OnlyLeaderDoesAutoRebalancing.1782821464671561-3693-0/minicluster-data/master-0-root
metadata directory: /tmp/dist-test-taskoQerPa/test-tmp/auto_rebalancer-test.0.AutoRebalancerTest.OnlyLeaderDoesAutoRebalancing.1782821464671561-3693-0/minicluster-data/master-0-root
1 data directories: /tmp/dist-test-taskoQerPa/test-tmp/auto_rebalancer-test.0.AutoRebalancerTest.OnlyLeaderDoesAutoRebalancing.1782821464671561-3693-0/minicluster-data/master-0-root/data
Total live blocks: 0
Total live bytes: 0
Total live bytes (after alignment): 0
Total number of LBM containers: 0 (0 full)
Did not check for missing blocks
Did not check for orphaned blocks
Total full LBM containers with extra space: 0 (0 repaired)
Total full LBM container extra space in bytes: 0 (0 repaired)
Total incomplete LBM containers: 0 (0 repaired)
Total LBM partial records: 0 (0 repaired)
Total corrupted LBM metadata records in RocksDB: 0 (0 repaired)
I20260630 12:11:06.209769  3693 rpc_server.cc:225] running with OpenSSL 1.1.1  11 Sep 2018
I20260630 12:11:06.211339  3693 env_posix.cc:2267] Not raising this process' running threads per effective uid limit of 18446744073709551615; it is already as high as it can go
I20260630 12:11:06.211887  3693 kserver.cc:163] Server-wide thread pool size limit: 3276
I20260630 12:11:06.284070  3693 rpc_server.cc:307] RPC server started. Bound to: 127.3.155.126:35687
I20260630 12:11:06.284137  3759 acceptor_pool.cc:272] collecting diagnostics on the listening RPC socket 127.3.155.126:35687 every 8 connection(s)
I20260630 12:11:06.290441  3693 file_cache.cc:492] Constructed file cache file cache with capacity 419430
I20260630 12:11:06.292304  3760 data_dirs.cc:400] Could only allocate 1 dirs of requested 3 for tablet 00000000000000000000000000000000. 1 dirs total, 0 dirs full, 0 dirs failed
W20260630 12:11:06.297984  3762 instance_detector.cc:116] could not retrieve AWS instance metadata: Network error: curl error: HTTP response code said error: The requested URL returned error: 404
W20260630 12:11:06.299964  3763 instance_detector.cc:116] could not retrieve Azure instance metadata: Network error: curl error: HTTP response code said error: The requested URL returned error: 404
W20260630 12:11:06.302733  3765 instance_detector.cc:116] could not retrieve OpenStack instance metadata: Network error: curl error: HTTP response code said error: The requested URL returned error: 404
I20260630 12:11:06.303681  3693 server_base.cc:1061] running on GCE node
I20260630 12:11:06.304574  3693 hybrid_clock.cc:584] initializing the hybrid clock with 'system_unsync' time source
W20260630 12:11:06.304867  3693 system_unsync_time.cc:38] NTP support is disabled. Clock error bounds will not be accurate. This configuration is not suitable for distributed clusters.
I20260630 12:11:06.305083  3693 hybrid_clock.cc:648] HybridClock initialized: now 1782821466305062 us; error 0 us; skew 500 ppm
I20260630 12:11:06.305858  3693 server_base.cc:861] Flag tcmalloc_max_total_thread_cache_bytes is not working since tcmalloc is not enabled.
I20260630 12:11:06.310103  3693 webserver.cc:533] Webserver started at http://127.3.155.125:40319/ using document root <none> and password file <none>
I20260630 12:11:06.310834  3693 fs_manager.cc:362] Metadata directory not provided
I20260630 12:11:06.311117  3693 fs_manager.cc:368] Using write-ahead log directory (fs_wal_dir) as metadata directory
I20260630 12:11:06.311479  3693 server_base.cc:909] This appears to be a new deployment of Kudu; creating new FS layout
I20260630 12:11:06.312999  3693 fs_manager.cc:1068] Generated new instance metadata in path /tmp/dist-test-taskoQerPa/test-tmp/auto_rebalancer-test.0.AutoRebalancerTest.OnlyLeaderDoesAutoRebalancing.1782821464671561-3693-0/minicluster-data/master-1-root/instance:
uuid: "ebb001c71ef74eaaa31e8876f3db5ad4"
format_stamp: "Formatted at 2026-06-30 12:11:06 on dist-test-slave-n96p"
I20260630 12:11:06.320300  3693 fs_manager.cc:696] Time spent creating directory manager: real 0.007s	user 0.004s	sys 0.003s
I20260630 12:11:06.318885  3760 sys_catalog.cc:422] member_type: VOTER last_known_addr { host: "127.3.155.126" port: 35687 } has no permanent_uuid. Determining permanent_uuid...
I20260630 12:11:06.326881  3770 log_block_manager.cc:4031] Time spent loading block containers with low live blocks: real 0.000s	user 0.000s	sys 0.000s
I20260630 12:11:06.327966  3693 fs_manager.cc:730] Time spent opening block manager: real 0.005s	user 0.005s	sys 0.001s
I20260630 12:11:06.328295  3693 fs_manager.cc:647] Opened local filesystem: /tmp/dist-test-taskoQerPa/test-tmp/auto_rebalancer-test.0.AutoRebalancerTest.OnlyLeaderDoesAutoRebalancing.1782821464671561-3693-0/minicluster-data/master-1-root
uuid: "ebb001c71ef74eaaa31e8876f3db5ad4"
format_stamp: "Formatted at 2026-06-30 12:11:06 on dist-test-slave-n96p"
I20260630 12:11:06.328627  3693 fs_report.cc:389] FS layout report
--------------------
wal directory: /tmp/dist-test-taskoQerPa/test-tmp/auto_rebalancer-test.0.AutoRebalancerTest.OnlyLeaderDoesAutoRebalancing.1782821464671561-3693-0/minicluster-data/master-1-root
metadata directory: /tmp/dist-test-taskoQerPa/test-tmp/auto_rebalancer-test.0.AutoRebalancerTest.OnlyLeaderDoesAutoRebalancing.1782821464671561-3693-0/minicluster-data/master-1-root
1 data directories: /tmp/dist-test-taskoQerPa/test-tmp/auto_rebalancer-test.0.AutoRebalancerTest.OnlyLeaderDoesAutoRebalancing.1782821464671561-3693-0/minicluster-data/master-1-root/data
Total live blocks: 0
Total live bytes: 0
Total live bytes (after alignment): 0
Total number of LBM containers: 0 (0 full)
Did not check for missing blocks
Did not check for orphaned blocks
Total full LBM containers with extra space: 0 (0 repaired)
Total full LBM container extra space in bytes: 0 (0 repaired)
Total incomplete LBM containers: 0 (0 repaired)
Total LBM partial records: 0 (0 repaired)
Total corrupted LBM metadata records in RocksDB: 0 (0 repaired)
I20260630 12:11:06.359048  3760 sys_catalog.cc:422] member_type: VOTER last_known_addr { host: "127.3.155.125" port: 40499 } has no permanent_uuid. Determining permanent_uuid...
W20260630 12:11:06.362358  3709 proxy.cc:239] Call had error, refreshing address and retrying: Network error: Client connection negotiation failed: client connection to 127.3.155.125:40499: connect: Connection refused (error 111)
I20260630 12:11:06.364836  3693 rpc_server.cc:225] running with OpenSSL 1.1.1  11 Sep 2018
I20260630 12:11:06.366329  3693 kserver.cc:163] Server-wide thread pool size limit: 3276
W20260630 12:11:06.367714  3760 consensus_peers.cc:760] Error getting permanent uuid from config peer 127.3.155.125:40499: Network error: Client connection negotiation failed: client connection to 127.3.155.125:40499: connect: Connection refused (error 111)
I20260630 12:11:06.417701  3760 consensus_peers.cc:770] Retrying to get permanent uuid for remote peer: member_type: VOTER last_known_addr { host: "127.3.155.125" port: 40499 } attempt: 1
W20260630 12:11:06.424360  3760 consensus_peers.cc:760] Error getting permanent uuid from config peer 127.3.155.125:40499: Network error: Client connection negotiation failed: client connection to 127.3.155.125:40499: connect: Connection refused (error 111)
I20260630 12:11:06.435882  3693 rpc_server.cc:307] RPC server started. Bound to: 127.3.155.125:40499
I20260630 12:11:06.436107  3824 acceptor_pool.cc:272] collecting diagnostics on the listening RPC socket 127.3.155.125:40499 every 8 connection(s)
I20260630 12:11:06.440573  3825 data_dirs.cc:400] Could only allocate 1 dirs of requested 3 for tablet 00000000000000000000000000000000. 1 dirs total, 0 dirs full, 0 dirs failed
I20260630 12:11:06.441378  3693 file_cache.cc:492] Constructed file cache file cache with capacity 419430
W20260630 12:11:06.447343  3827 instance_detector.cc:116] could not retrieve AWS instance metadata: Network error: curl error: HTTP response code said error: The requested URL returned error: 404
I20260630 12:11:06.447679  3825 sys_catalog.cc:422] member_type: VOTER last_known_addr { host: "127.3.155.126" port: 35687 } has no permanent_uuid. Determining permanent_uuid...
W20260630 12:11:06.449136  3828 instance_detector.cc:116] could not retrieve Azure instance metadata: Network error: curl error: HTTP response code said error: The requested URL returned error: 404
W20260630 12:11:06.455621  3830 instance_detector.cc:116] could not retrieve OpenStack instance metadata: Network error: curl error: HTTP response code said error: The requested URL returned error: 404
I20260630 12:11:06.456218  3693 server_base.cc:1061] running on GCE node
I20260630 12:11:06.457146  3693 hybrid_clock.cc:584] initializing the hybrid clock with 'system_unsync' time source
W20260630 12:11:06.457438  3693 system_unsync_time.cc:38] NTP support is disabled. Clock error bounds will not be accurate. This configuration is not suitable for distributed clusters.
I20260630 12:11:06.457685  3693 hybrid_clock.cc:648] HybridClock initialized: now 1782821466457668 us; error 0 us; skew 500 ppm
I20260630 12:11:06.458441  3693 server_base.cc:861] Flag tcmalloc_max_total_thread_cache_bytes is not working since tcmalloc is not enabled.
I20260630 12:11:06.462245  3693 webserver.cc:533] Webserver started at http://127.3.155.124:36175/ using document root <none> and password file <none>
I20260630 12:11:06.462908  3693 fs_manager.cc:362] Metadata directory not provided
I20260630 12:11:06.463169  3693 fs_manager.cc:368] Using write-ahead log directory (fs_wal_dir) as metadata directory
I20260630 12:11:06.463496  3693 server_base.cc:909] This appears to be a new deployment of Kudu; creating new FS layout
I20260630 12:11:06.465011  3693 fs_manager.cc:1068] Generated new instance metadata in path /tmp/dist-test-taskoQerPa/test-tmp/auto_rebalancer-test.0.AutoRebalancerTest.OnlyLeaderDoesAutoRebalancing.1782821464671561-3693-0/minicluster-data/master-2-root/instance:
uuid: "d585f5b77b8a402f88ef17fcfa6ae142"
format_stamp: "Formatted at 2026-06-30 12:11:06 on dist-test-slave-n96p"
I20260630 12:11:06.466001  3825 sys_catalog.cc:422] member_type: VOTER last_known_addr { host: "127.3.155.125" port: 40499 } has no permanent_uuid. Determining permanent_uuid...
I20260630 12:11:06.471972  3693 fs_manager.cc:696] Time spent creating directory manager: real 0.006s	user 0.008s	sys 0.000s
I20260630 12:11:06.477098  3837 log_block_manager.cc:4031] Time spent loading block containers with low live blocks: real 0.000s	user 0.000s	sys 0.000s
I20260630 12:11:06.478250  3693 fs_manager.cc:730] Time spent opening block manager: real 0.004s	user 0.002s	sys 0.003s
I20260630 12:11:06.478654  3693 fs_manager.cc:647] Opened local filesystem: /tmp/dist-test-taskoQerPa/test-tmp/auto_rebalancer-test.0.AutoRebalancerTest.OnlyLeaderDoesAutoRebalancing.1782821464671561-3693-0/minicluster-data/master-2-root
uuid: "d585f5b77b8a402f88ef17fcfa6ae142"
format_stamp: "Formatted at 2026-06-30 12:11:06 on dist-test-slave-n96p"
I20260630 12:11:06.479022  3693 fs_report.cc:389] FS layout report
--------------------
wal directory: /tmp/dist-test-taskoQerPa/test-tmp/auto_rebalancer-test.0.AutoRebalancerTest.OnlyLeaderDoesAutoRebalancing.1782821464671561-3693-0/minicluster-data/master-2-root
metadata directory: /tmp/dist-test-taskoQerPa/test-tmp/auto_rebalancer-test.0.AutoRebalancerTest.OnlyLeaderDoesAutoRebalancing.1782821464671561-3693-0/minicluster-data/master-2-root
1 data directories: /tmp/dist-test-taskoQerPa/test-tmp/auto_rebalancer-test.0.AutoRebalancerTest.OnlyLeaderDoesAutoRebalancing.1782821464671561-3693-0/minicluster-data/master-2-root/data
Total live blocks: 0
Total live bytes: 0
Total live bytes (after alignment): 0
Total number of LBM containers: 0 (0 full)
Did not check for missing blocks
Did not check for orphaned blocks
Total full LBM containers with extra space: 0 (0 repaired)
Total full LBM container extra space in bytes: 0 (0 repaired)
Total incomplete LBM containers: 0 (0 repaired)
Total LBM partial records: 0 (0 repaired)
Total corrupted LBM metadata records in RocksDB: 0 (0 repaired)
I20260630 12:11:06.480420  3825 sys_catalog.cc:422] member_type: VOTER last_known_addr { host: "127.3.155.124" port: 35275 } has no permanent_uuid. Determining permanent_uuid...
W20260630 12:11:06.489606  3825 consensus_peers.cc:760] Error getting permanent uuid from config peer 127.3.155.124:35275: Network error: Client connection negotiation failed: client connection to 127.3.155.124:35275: connect: Connection refused (error 111)
I20260630 12:11:06.492776  3760 consensus_peers.cc:770] Retrying to get permanent uuid for remote peer: member_type: VOTER last_known_addr { host: "127.3.155.125" port: 40499 } attempt: 2
I20260630 12:11:06.503611  3693 rpc_server.cc:225] running with OpenSSL 1.1.1  11 Sep 2018
I20260630 12:11:06.503494  3760 sys_catalog.cc:422] member_type: VOTER last_known_addr { host: "127.3.155.124" port: 35275 } has no permanent_uuid. Determining permanent_uuid...
I20260630 12:11:06.505043  3693 kserver.cc:163] Server-wide thread pool size limit: 3276
W20260630 12:11:06.508767  3760 consensus_peers.cc:760] Error getting permanent uuid from config peer 127.3.155.124:35275: Network error: Client connection negotiation failed: client connection to 127.3.155.124:35275: connect: Connection refused (error 111)
I20260630 12:11:06.533540  3825 consensus_peers.cc:770] Retrying to get permanent uuid for remote peer: member_type: VOTER last_known_addr { host: "127.3.155.124" port: 35275 } attempt: 1
W20260630 12:11:06.540278  3825 consensus_peers.cc:760] Error getting permanent uuid from config peer 127.3.155.124:35275: Network error: Client connection negotiation failed: client connection to 127.3.155.124:35275: connect: Connection refused (error 111)
I20260630 12:11:06.540987  3760 consensus_peers.cc:770] Retrying to get permanent uuid for remote peer: member_type: VOTER last_known_addr { host: "127.3.155.124" port: 35275 } attempt: 1
W20260630 12:11:06.546978  3760 consensus_peers.cc:760] Error getting permanent uuid from config peer 127.3.155.124:35275: Network error: Client connection negotiation failed: client connection to 127.3.155.124:35275: connect: Connection refused (error 111)
I20260630 12:11:06.576462  3693 rpc_server.cc:307] RPC server started. Bound to: 127.3.155.124:35275
I20260630 12:11:06.576558  3889 acceptor_pool.cc:272] collecting diagnostics on the listening RPC socket 127.3.155.124:35275 every 8 connection(s)
I20260630 12:11:06.580996  3890 data_dirs.cc:400] Could only allocate 1 dirs of requested 3 for tablet 00000000000000000000000000000000. 1 dirs total, 0 dirs full, 0 dirs failed
I20260630 12:11:06.580925  3693 internal_mini_cluster.cc:184] Waiting to initialize catalog manager on master 0
I20260630 12:11:06.586407  3890 sys_catalog.cc:422] member_type: VOTER last_known_addr { host: "127.3.155.126" port: 35687 } has no permanent_uuid. Determining permanent_uuid...
I20260630 12:11:06.598886  3890 sys_catalog.cc:422] member_type: VOTER last_known_addr { host: "127.3.155.125" port: 40499 } has no permanent_uuid. Determining permanent_uuid...
I20260630 12:11:06.608860  3890 sys_catalog.cc:422] member_type: VOTER last_known_addr { host: "127.3.155.124" port: 35275 } has no permanent_uuid. Determining permanent_uuid...
I20260630 12:11:06.614486  3760 consensus_peers.cc:770] Retrying to get permanent uuid for remote peer: member_type: VOTER last_known_addr { host: "127.3.155.124" port: 35275 } attempt: 2
I20260630 12:11:06.615818  3825 consensus_peers.cc:770] Retrying to get permanent uuid for remote peer: member_type: VOTER last_known_addr { host: "127.3.155.124" port: 35275 } attempt: 2
I20260630 12:11:06.633850  3890 tablet_bootstrap.cc:492] T 00000000000000000000000000000000 P d585f5b77b8a402f88ef17fcfa6ae142: Bootstrap starting.
I20260630 12:11:06.640787  3760 tablet_bootstrap.cc:492] T 00000000000000000000000000000000 P 58c0b34c1daa49f89150c91b91604556: Bootstrap starting.
I20260630 12:11:06.641048  3825 tablet_bootstrap.cc:492] T 00000000000000000000000000000000 P ebb001c71ef74eaaa31e8876f3db5ad4: Bootstrap starting.
I20260630 12:11:06.642795  3890 tablet_bootstrap.cc:654] T 00000000000000000000000000000000 P d585f5b77b8a402f88ef17fcfa6ae142: Neither blocks nor log segments found. Creating new log.
I20260630 12:11:06.645002  3890 log.cc:826] T 00000000000000000000000000000000 P d585f5b77b8a402f88ef17fcfa6ae142: Log is configured to *not* fsync() on all Append() calls
I20260630 12:11:06.647737  3760 tablet_bootstrap.cc:654] T 00000000000000000000000000000000 P 58c0b34c1daa49f89150c91b91604556: Neither blocks nor log segments found. Creating new log.
I20260630 12:11:06.647893  3825 tablet_bootstrap.cc:654] T 00000000000000000000000000000000 P ebb001c71ef74eaaa31e8876f3db5ad4: Neither blocks nor log segments found. Creating new log.
I20260630 12:11:06.650506  3890 tablet_bootstrap.cc:492] T 00000000000000000000000000000000 P d585f5b77b8a402f88ef17fcfa6ae142: No bootstrap required, opened a new log
I20260630 12:11:06.655232  3825 tablet_bootstrap.cc:492] T 00000000000000000000000000000000 P ebb001c71ef74eaaa31e8876f3db5ad4: No bootstrap required, opened a new log
I20260630 12:11:06.656874  3760 tablet_bootstrap.cc:492] T 00000000000000000000000000000000 P 58c0b34c1daa49f89150c91b91604556: No bootstrap required, opened a new log
I20260630 12:11:06.671836  3890 raft_consensus.cc:359] T 00000000000000000000000000000000 P d585f5b77b8a402f88ef17fcfa6ae142 [term 0 FOLLOWER]: Replica starting. Triggering 0 pending ops. Active config: opid_index: -1 OBSOLETE_local: false peers { permanent_uuid: "58c0b34c1daa49f89150c91b91604556" member_type: VOTER last_known_addr { host: "127.3.155.126" port: 35687 } } peers { permanent_uuid: "ebb001c71ef74eaaa31e8876f3db5ad4" member_type: VOTER last_known_addr { host: "127.3.155.125" port: 40499 } } peers { permanent_uuid: "d585f5b77b8a402f88ef17fcfa6ae142" member_type: VOTER last_known_addr { host: "127.3.155.124" port: 35275 } }
I20260630 12:11:06.671846  3760 raft_consensus.cc:359] T 00000000000000000000000000000000 P 58c0b34c1daa49f89150c91b91604556 [term 0 FOLLOWER]: Replica starting. Triggering 0 pending ops. Active config: opid_index: -1 OBSOLETE_local: false peers { permanent_uuid: "58c0b34c1daa49f89150c91b91604556" member_type: VOTER last_known_addr { host: "127.3.155.126" port: 35687 } } peers { permanent_uuid: "ebb001c71ef74eaaa31e8876f3db5ad4" member_type: VOTER last_known_addr { host: "127.3.155.125" port: 40499 } } peers { permanent_uuid: "d585f5b77b8a402f88ef17fcfa6ae142" member_type: VOTER last_known_addr { host: "127.3.155.124" port: 35275 } }
I20260630 12:11:06.671846  3825 raft_consensus.cc:359] T 00000000000000000000000000000000 P ebb001c71ef74eaaa31e8876f3db5ad4 [term 0 FOLLOWER]: Replica starting. Triggering 0 pending ops. Active config: opid_index: -1 OBSOLETE_local: false peers { permanent_uuid: "58c0b34c1daa49f89150c91b91604556" member_type: VOTER last_known_addr { host: "127.3.155.126" port: 35687 } } peers { permanent_uuid: "ebb001c71ef74eaaa31e8876f3db5ad4" member_type: VOTER last_known_addr { host: "127.3.155.125" port: 40499 } } peers { permanent_uuid: "d585f5b77b8a402f88ef17fcfa6ae142" member_type: VOTER last_known_addr { host: "127.3.155.124" port: 35275 } }
I20260630 12:11:06.672899  3890 raft_consensus.cc:385] T 00000000000000000000000000000000 P d585f5b77b8a402f88ef17fcfa6ae142 [term 0 FOLLOWER]: Consensus starting up: Expiring failure detector timer to make a prompt election more likely
I20260630 12:11:06.673032  3760 raft_consensus.cc:385] T 00000000000000000000000000000000 P 58c0b34c1daa49f89150c91b91604556 [term 0 FOLLOWER]: Consensus starting up: Expiring failure detector timer to make a prompt election more likely
I20260630 12:11:06.673120  3825 raft_consensus.cc:385] T 00000000000000000000000000000000 P ebb001c71ef74eaaa31e8876f3db5ad4 [term 0 FOLLOWER]: Consensus starting up: Expiring failure detector timer to make a prompt election more likely
I20260630 12:11:06.673309  3890 raft_consensus.cc:740] T 00000000000000000000000000000000 P d585f5b77b8a402f88ef17fcfa6ae142 [term 0 FOLLOWER]: Becoming Follower/Learner. State: Replica: d585f5b77b8a402f88ef17fcfa6ae142, State: Initialized, Role: FOLLOWER
I20260630 12:11:06.673394  3760 raft_consensus.cc:740] T 00000000000000000000000000000000 P 58c0b34c1daa49f89150c91b91604556 [term 0 FOLLOWER]: Becoming Follower/Learner. State: Replica: 58c0b34c1daa49f89150c91b91604556, State: Initialized, Role: FOLLOWER
I20260630 12:11:06.673455  3825 raft_consensus.cc:740] T 00000000000000000000000000000000 P ebb001c71ef74eaaa31e8876f3db5ad4 [term 0 FOLLOWER]: Becoming Follower/Learner. State: Replica: ebb001c71ef74eaaa31e8876f3db5ad4, State: Initialized, Role: FOLLOWER
I20260630 12:11:06.674535  3890 consensus_queue.cc:260] T 00000000000000000000000000000000 P d585f5b77b8a402f88ef17fcfa6ae142 [NON_LEADER]: Queue going to NON_LEADER mode. State: All replicated index: 0, Majority replicated index: 0, Committed index: 0, Last appended: 0.0, Last appended by leader: 0, Current term: 0, Majority size: -1, State: 0, Mode: NON_LEADER, active raft config: opid_index: -1 OBSOLETE_local: false peers { permanent_uuid: "58c0b34c1daa49f89150c91b91604556" member_type: VOTER last_known_addr { host: "127.3.155.126" port: 35687 } } peers { permanent_uuid: "ebb001c71ef74eaaa31e8876f3db5ad4" member_type: VOTER last_known_addr { host: "127.3.155.125" port: 40499 } } peers { permanent_uuid: "d585f5b77b8a402f88ef17fcfa6ae142" member_type: VOTER last_known_addr { host: "127.3.155.124" port: 35275 } }
I20260630 12:11:06.674541  3760 consensus_queue.cc:260] T 00000000000000000000000000000000 P 58c0b34c1daa49f89150c91b91604556 [NON_LEADER]: Queue going to NON_LEADER mode. State: All replicated index: 0, Majority replicated index: 0, Committed index: 0, Last appended: 0.0, Last appended by leader: 0, Current term: 0, Majority size: -1, State: 0, Mode: NON_LEADER, active raft config: opid_index: -1 OBSOLETE_local: false peers { permanent_uuid: "58c0b34c1daa49f89150c91b91604556" member_type: VOTER last_known_addr { host: "127.3.155.126" port: 35687 } } peers { permanent_uuid: "ebb001c71ef74eaaa31e8876f3db5ad4" member_type: VOTER last_known_addr { host: "127.3.155.125" port: 40499 } } peers { permanent_uuid: "d585f5b77b8a402f88ef17fcfa6ae142" member_type: VOTER last_known_addr { host: "127.3.155.124" port: 35275 } }
I20260630 12:11:06.674552  3825 consensus_queue.cc:260] T 00000000000000000000000000000000 P ebb001c71ef74eaaa31e8876f3db5ad4 [NON_LEADER]: Queue going to NON_LEADER mode. State: All replicated index: 0, Majority replicated index: 0, Committed index: 0, Last appended: 0.0, Last appended by leader: 0, Current term: 0, Majority size: -1, State: 0, Mode: NON_LEADER, active raft config: opid_index: -1 OBSOLETE_local: false peers { permanent_uuid: "58c0b34c1daa49f89150c91b91604556" member_type: VOTER last_known_addr { host: "127.3.155.126" port: 35687 } } peers { permanent_uuid: "ebb001c71ef74eaaa31e8876f3db5ad4" member_type: VOTER last_known_addr { host: "127.3.155.125" port: 40499 } } peers { permanent_uuid: "d585f5b77b8a402f88ef17fcfa6ae142" member_type: VOTER last_known_addr { host: "127.3.155.124" port: 35275 } }
I20260630 12:11:06.678421  3899 sys_catalog.cc:455] T 00000000000000000000000000000000 P 58c0b34c1daa49f89150c91b91604556 [sys.catalog]: SysCatalogTable state changed. Reason: RaftConsensus started. Latest consensus state: current_term: 0 committed_config { opid_index: -1 OBSOLETE_local: false peers { permanent_uuid: "58c0b34c1daa49f89150c91b91604556" member_type: VOTER last_known_addr { host: "127.3.155.126" port: 35687 } } peers { permanent_uuid: "ebb001c71ef74eaaa31e8876f3db5ad4" member_type: VOTER last_known_addr { host: "127.3.155.125" port: 40499 } } peers { permanent_uuid: "d585f5b77b8a402f88ef17fcfa6ae142" member_type: VOTER last_known_addr { host: "127.3.155.124" port: 35275 } } }
I20260630 12:11:06.678516  3901 sys_catalog.cc:455] T 00000000000000000000000000000000 P ebb001c71ef74eaaa31e8876f3db5ad4 [sys.catalog]: SysCatalogTable state changed. Reason: RaftConsensus started. Latest consensus state: current_term: 0 committed_config { opid_index: -1 OBSOLETE_local: false peers { permanent_uuid: "58c0b34c1daa49f89150c91b91604556" member_type: VOTER last_known_addr { host: "127.3.155.126" port: 35687 } } peers { permanent_uuid: "ebb001c71ef74eaaa31e8876f3db5ad4" member_type: VOTER last_known_addr { host: "127.3.155.125" port: 40499 } } peers { permanent_uuid: "d585f5b77b8a402f88ef17fcfa6ae142" member_type: VOTER last_known_addr { host: "127.3.155.124" port: 35275 } } }
I20260630 12:11:06.679510  3899 sys_catalog.cc:458] T 00000000000000000000000000000000 P 58c0b34c1daa49f89150c91b91604556 [sys.catalog]: This master's current role is: FOLLOWER
I20260630 12:11:06.679701  3760 sys_catalog.cc:565] T 00000000000000000000000000000000 P 58c0b34c1daa49f89150c91b91604556 [sys.catalog]: configured and running, proceeding with master startup.
I20260630 12:11:06.679633  3901 sys_catalog.cc:458] T 00000000000000000000000000000000 P ebb001c71ef74eaaa31e8876f3db5ad4 [sys.catalog]: This master's current role is: FOLLOWER
I20260630 12:11:06.680241  3825 sys_catalog.cc:565] T 00000000000000000000000000000000 P ebb001c71ef74eaaa31e8876f3db5ad4 [sys.catalog]: configured and running, proceeding with master startup.
I20260630 12:11:06.681424  3900 sys_catalog.cc:455] T 00000000000000000000000000000000 P d585f5b77b8a402f88ef17fcfa6ae142 [sys.catalog]: SysCatalogTable state changed. Reason: RaftConsensus started. Latest consensus state: current_term: 0 committed_config { opid_index: -1 OBSOLETE_local: false peers { permanent_uuid: "58c0b34c1daa49f89150c91b91604556" member_type: VOTER last_known_addr { host: "127.3.155.126" port: 35687 } } peers { permanent_uuid: "ebb001c71ef74eaaa31e8876f3db5ad4" member_type: VOTER last_known_addr { host: "127.3.155.125" port: 40499 } } peers { permanent_uuid: "d585f5b77b8a402f88ef17fcfa6ae142" member_type: VOTER last_known_addr { host: "127.3.155.124" port: 35275 } } }
I20260630 12:11:06.682291  3900 sys_catalog.cc:458] T 00000000000000000000000000000000 P d585f5b77b8a402f88ef17fcfa6ae142 [sys.catalog]: This master's current role is: FOLLOWER
I20260630 12:11:06.683082  3890 sys_catalog.cc:565] T 00000000000000000000000000000000 P d585f5b77b8a402f88ef17fcfa6ae142 [sys.catalog]: configured and running, proceeding with master startup.
W20260630 12:11:06.717532  3714 tablet.cc:2406] T 00000000000000000000000000000000 P 58c0b34c1daa49f89150c91b91604556: Can't schedule compaction. Clean time has not been advanced past its initial value.
I20260630 12:11:06.729631  3693 internal_mini_cluster.cc:184] Waiting to initialize catalog manager on master 1
I20260630 12:11:06.732968  3693 internal_mini_cluster.cc:184] Waiting to initialize catalog manager on master 2
I20260630 12:11:06.735052  3693 file_cache.cc:492] Constructed file cache file cache with capacity 419430
W20260630 12:11:06.738933  3934 catalog_manager.cc:1594] T 00000000000000000000000000000000 P ebb001c71ef74eaaa31e8876f3db5ad4: loading cluster ID for follower catalog manager: Not found: cluster ID entry not found
W20260630 12:11:06.739409  3932 catalog_manager.cc:1594] T 00000000000000000000000000000000 P 58c0b34c1daa49f89150c91b91604556: loading cluster ID for follower catalog manager: Not found: cluster ID entry not found
W20260630 12:11:06.739920  3932 catalog_manager.cc:883] Not found: cluster ID entry not found: failed to prepare follower catalog manager, will retry
W20260630 12:11:06.739441  3934 catalog_manager.cc:883] Not found: cluster ID entry not found: failed to prepare follower catalog manager, will retry
W20260630 12:11:06.742928  3930 catalog_manager.cc:1594] T 00000000000000000000000000000000 P d585f5b77b8a402f88ef17fcfa6ae142: loading cluster ID for follower catalog manager: Not found: cluster ID entry not found
W20260630 12:11:06.743312  3930 catalog_manager.cc:883] Not found: cluster ID entry not found: failed to prepare follower catalog manager, will retry
W20260630 12:11:06.746017  3936 instance_detector.cc:116] could not retrieve AWS instance metadata: Network error: curl error: HTTP response code said error: The requested URL returned error: 404
W20260630 12:11:06.746946  3937 instance_detector.cc:116] could not retrieve Azure instance metadata: Network error: curl error: HTTP response code said error: The requested URL returned error: 404
I20260630 12:11:06.756536  3693 server_base.cc:1061] running on GCE node
W20260630 12:11:06.757099  3939 instance_detector.cc:116] could not retrieve OpenStack instance metadata: Network error: curl error: HTTP response code said error: The requested URL returned error: 404
I20260630 12:11:06.758189  3693 hybrid_clock.cc:584] initializing the hybrid clock with 'system_unsync' time source
W20260630 12:11:06.758466  3693 system_unsync_time.cc:38] NTP support is disabled. Clock error bounds will not be accurate. This configuration is not suitable for distributed clusters.
I20260630 12:11:06.758682  3693 hybrid_clock.cc:648] HybridClock initialized: now 1782821466758664 us; error 0 us; skew 500 ppm
I20260630 12:11:06.759439  3693 server_base.cc:861] Flag tcmalloc_max_total_thread_cache_bytes is not working since tcmalloc is not enabled.
I20260630 12:11:06.762534  3693 webserver.cc:533] Webserver started at http://127.3.155.65:42115/ using document root <none> and password file <none>
I20260630 12:11:06.763180  3693 fs_manager.cc:362] Metadata directory not provided
I20260630 12:11:06.763465  3693 fs_manager.cc:368] Using write-ahead log directory (fs_wal_dir) as metadata directory
I20260630 12:11:06.763825  3693 server_base.cc:909] This appears to be a new deployment of Kudu; creating new FS layout
I20260630 12:11:06.765358  3693 fs_manager.cc:1068] Generated new instance metadata in path /tmp/dist-test-taskoQerPa/test-tmp/auto_rebalancer-test.0.AutoRebalancerTest.OnlyLeaderDoesAutoRebalancing.1782821464671561-3693-0/minicluster-data/ts-0-root/instance:
uuid: "9a8498a5a6fe4f11ac15fa23e4ba437e"
format_stamp: "Formatted at 2026-06-30 12:11:06 on dist-test-slave-n96p"
I20260630 12:11:06.771750  3693 fs_manager.cc:696] Time spent creating directory manager: real 0.006s	user 0.007s	sys 0.001s
I20260630 12:11:06.776307  3944 log_block_manager.cc:4031] Time spent loading block containers with low live blocks: real 0.000s	user 0.000s	sys 0.000s
I20260630 12:11:06.777297  3693 fs_manager.cc:730] Time spent opening block manager: real 0.003s	user 0.004s	sys 0.000s
I20260630 12:11:06.777684  3693 fs_manager.cc:647] Opened local filesystem: /tmp/dist-test-taskoQerPa/test-tmp/auto_rebalancer-test.0.AutoRebalancerTest.OnlyLeaderDoesAutoRebalancing.1782821464671561-3693-0/minicluster-data/ts-0-root
uuid: "9a8498a5a6fe4f11ac15fa23e4ba437e"
format_stamp: "Formatted at 2026-06-30 12:11:06 on dist-test-slave-n96p"
I20260630 12:11:06.778072  3693 fs_report.cc:389] FS layout report
--------------------
wal directory: /tmp/dist-test-taskoQerPa/test-tmp/auto_rebalancer-test.0.AutoRebalancerTest.OnlyLeaderDoesAutoRebalancing.1782821464671561-3693-0/minicluster-data/ts-0-root
metadata directory: /tmp/dist-test-taskoQerPa/test-tmp/auto_rebalancer-test.0.AutoRebalancerTest.OnlyLeaderDoesAutoRebalancing.1782821464671561-3693-0/minicluster-data/ts-0-root
1 data directories: /tmp/dist-test-taskoQerPa/test-tmp/auto_rebalancer-test.0.AutoRebalancerTest.OnlyLeaderDoesAutoRebalancing.1782821464671561-3693-0/minicluster-data/ts-0-root/data
Total live blocks: 0
Total live bytes: 0
Total live bytes (after alignment): 0
Total number of LBM containers: 0 (0 full)
Did not check for missing blocks
Did not check for orphaned blocks
Total full LBM containers with extra space: 0 (0 repaired)
Total full LBM container extra space in bytes: 0 (0 repaired)
Total incomplete LBM containers: 0 (0 repaired)
Total LBM partial records: 0 (0 repaired)
Total corrupted LBM metadata records in RocksDB: 0 (0 repaired)
I20260630 12:11:06.806278  3693 rpc_server.cc:225] running with OpenSSL 1.1.1  11 Sep 2018
I20260630 12:11:06.808089  3693 kserver.cc:163] Server-wide thread pool size limit: 3276
I20260630 12:11:06.810820  3693 txn_system_client.cc:432] TxnSystemClient initialization is disabled...
I20260630 12:11:06.816170  3693 ts_tablet_manager.cc:585] Loaded tablet metadata (0 total tablets, 0 live tablets)
I20260630 12:11:06.816517  3693 ts_tablet_manager.cc:531] Time spent load tablet metadata: real 0.000s	user 0.000s	sys 0.000s
I20260630 12:11:06.816830  3693 ts_tablet_manager.cc:616] Registered 0 tablets
I20260630 12:11:06.817047  3693 ts_tablet_manager.cc:595] Time spent register tablets: real 0.000s	user 0.000s	sys 0.000s
I20260630 12:11:06.907196  3693 rpc_server.cc:307] RPC server started. Bound to: 127.3.155.65:38041
I20260630 12:11:06.907243  4006 acceptor_pool.cc:272] collecting diagnostics on the listening RPC socket 127.3.155.65:38041 every 8 connection(s)
I20260630 12:11:06.938657  3693 file_cache.cc:492] Constructed file cache file cache with capacity 419430
I20260630 12:11:06.940685  4007 heartbeater.cc:344] Connected to a master server at 127.3.155.124:35275
I20260630 12:11:06.941185  4007 heartbeater.cc:461] Registering TS with master...
I20260630 12:11:06.942595  4007 heartbeater.cc:507] Master 127.3.155.124:35275 requested a full tablet report, sending...
I20260630 12:11:06.946902  3855 ts_manager.cc:194] Registered new tserver with Master: 9a8498a5a6fe4f11ac15fa23e4ba437e (127.3.155.65:38041)
I20260630 12:11:06.951593  4009 heartbeater.cc:344] Connected to a master server at 127.3.155.126:35687
I20260630 12:11:06.952006  4009 heartbeater.cc:461] Registering TS with master...
I20260630 12:11:06.953029  4009 heartbeater.cc:507] Master 127.3.155.126:35687 requested a full tablet report, sending...
I20260630 12:11:06.954900  4008 heartbeater.cc:344] Connected to a master server at 127.3.155.125:40499
I20260630 12:11:06.955420  4008 heartbeater.cc:461] Registering TS with master...
I20260630 12:11:06.956348  3725 ts_manager.cc:194] Registered new tserver with Master: 9a8498a5a6fe4f11ac15fa23e4ba437e (127.3.155.65:38041)
I20260630 12:11:06.956622  4008 heartbeater.cc:507] Master 127.3.155.125:40499 requested a full tablet report, sending...
W20260630 12:11:06.960084  4014 instance_detector.cc:116] could not retrieve AWS instance metadata: Network error: curl error: HTTP response code said error: The requested URL returned error: 404
I20260630 12:11:06.960561  3790 ts_manager.cc:194] Registered new tserver with Master: 9a8498a5a6fe4f11ac15fa23e4ba437e (127.3.155.65:38041)
W20260630 12:11:06.963245  4015 instance_detector.cc:116] could not retrieve Azure instance metadata: Network error: curl error: HTTP response code said error: The requested URL returned error: 404
W20260630 12:11:06.969844  4017 instance_detector.cc:116] could not retrieve OpenStack instance metadata: Network error: curl error: HTTP response code said error: The requested URL returned error: 404
I20260630 12:11:06.970866  3693 server_base.cc:1061] running on GCE node
I20260630 12:11:06.971791  3693 hybrid_clock.cc:584] initializing the hybrid clock with 'system_unsync' time source
W20260630 12:11:06.972007  3693 system_unsync_time.cc:38] NTP support is disabled. Clock error bounds will not be accurate. This configuration is not suitable for distributed clusters.
I20260630 12:11:06.972198  3693 hybrid_clock.cc:648] HybridClock initialized: now 1782821466972157 us; error 0 us; skew 500 ppm
I20260630 12:11:06.972700  3693 server_base.cc:861] Flag tcmalloc_max_total_thread_cache_bytes is not working since tcmalloc is not enabled.
I20260630 12:11:06.976265  3693 webserver.cc:533] Webserver started at http://127.3.155.66:40855/ using document root <none> and password file <none>
I20260630 12:11:06.976833  3693 fs_manager.cc:362] Metadata directory not provided
I20260630 12:11:06.977075  3693 fs_manager.cc:368] Using write-ahead log directory (fs_wal_dir) as metadata directory
I20260630 12:11:06.977393  3693 server_base.cc:909] This appears to be a new deployment of Kudu; creating new FS layout
I20260630 12:11:06.978674  3693 fs_manager.cc:1068] Generated new instance metadata in path /tmp/dist-test-taskoQerPa/test-tmp/auto_rebalancer-test.0.AutoRebalancerTest.OnlyLeaderDoesAutoRebalancing.1782821464671561-3693-0/minicluster-data/ts-1-root/instance:
uuid: "939e326373c44a5bb7e827888064e62b"
format_stamp: "Formatted at 2026-06-30 12:11:06 on dist-test-slave-n96p"
I20260630 12:11:06.984305  3693 fs_manager.cc:696] Time spent creating directory manager: real 0.004s	user 0.004s	sys 0.000s
I20260630 12:11:06.985683  3899 raft_consensus.cc:493] T 00000000000000000000000000000000 P 58c0b34c1daa49f89150c91b91604556 [term 0 FOLLOWER]: Starting pre-election (no leader contacted us within the election timeout)
I20260630 12:11:06.986348  3899 raft_consensus.cc:515] T 00000000000000000000000000000000 P 58c0b34c1daa49f89150c91b91604556 [term 0 FOLLOWER]: Starting pre-election with config: opid_index: -1 OBSOLETE_local: false peers { permanent_uuid: "58c0b34c1daa49f89150c91b91604556" member_type: VOTER last_known_addr { host: "127.3.155.126" port: 35687 } } peers { permanent_uuid: "ebb001c71ef74eaaa31e8876f3db5ad4" member_type: VOTER last_known_addr { host: "127.3.155.125" port: 40499 } } peers { permanent_uuid: "d585f5b77b8a402f88ef17fcfa6ae142" member_type: VOTER last_known_addr { host: "127.3.155.124" port: 35275 } }
I20260630 12:11:06.990922  3800 tablet_service.cc:1917] Received RequestConsensusVote() RPC: tablet_id: "00000000000000000000000000000000" candidate_uuid: "58c0b34c1daa49f89150c91b91604556" candidate_term: 1 candidate_status { last_received { term: 0 index: 0 } } ignore_live_leader: false dest_uuid: "ebb001c71ef74eaaa31e8876f3db5ad4" is_pre_election: true
I20260630 12:11:06.991966  3800 raft_consensus.cc:2468] T 00000000000000000000000000000000 P ebb001c71ef74eaaa31e8876f3db5ad4 [term 0 FOLLOWER]: Leader pre-election vote request: Granting yes vote for candidate 58c0b34c1daa49f89150c91b91604556 in term 0.
I20260630 12:11:06.992568  3899 leader_election.cc:290] T 00000000000000000000000000000000 P 58c0b34c1daa49f89150c91b91604556 [CANDIDATE]: Term 1 pre-election: Requested pre-vote from peers ebb001c71ef74eaaa31e8876f3db5ad4 (127.3.155.125:40499), d585f5b77b8a402f88ef17fcfa6ae142 (127.3.155.124:35275)
I20260630 12:11:06.991743  3865 tablet_service.cc:1917] Received RequestConsensusVote() RPC: tablet_id: "00000000000000000000000000000000" candidate_uuid: "58c0b34c1daa49f89150c91b91604556" candidate_term: 1 candidate_status { last_received { term: 0 index: 0 } } ignore_live_leader: false dest_uuid: "d585f5b77b8a402f88ef17fcfa6ae142" is_pre_election: true
I20260630 12:11:06.993266  3900 raft_consensus.cc:493] T 00000000000000000000000000000000 P d585f5b77b8a402f88ef17fcfa6ae142 [term 0 FOLLOWER]: Starting pre-election (no leader contacted us within the election timeout)
I20260630 12:11:06.993763  3900 raft_consensus.cc:515] T 00000000000000000000000000000000 P d585f5b77b8a402f88ef17fcfa6ae142 [term 0 FOLLOWER]: Starting pre-election with config: opid_index: -1 OBSOLETE_local: false peers { permanent_uuid: "58c0b34c1daa49f89150c91b91604556" member_type: VOTER last_known_addr { host: "127.3.155.126" port: 35687 } } peers { permanent_uuid: "ebb001c71ef74eaaa31e8876f3db5ad4" member_type: VOTER last_known_addr { host: "127.3.155.125" port: 40499 } } peers { permanent_uuid: "d585f5b77b8a402f88ef17fcfa6ae142" member_type: VOTER last_known_addr { host: "127.3.155.124" port: 35275 } }
I20260630 12:11:06.994452  4022 log_block_manager.cc:4031] Time spent loading block containers with low live blocks: real 0.000s	user 0.000s	sys 0.000s
I20260630 12:11:06.995617  3693 fs_manager.cc:730] Time spent opening block manager: real 0.009s	user 0.005s	sys 0.004s
I20260630 12:11:06.995536  3865 raft_consensus.cc:2468] T 00000000000000000000000000000000 P d585f5b77b8a402f88ef17fcfa6ae142 [term 0 FOLLOWER]: Leader pre-election vote request: Granting yes vote for candidate 58c0b34c1daa49f89150c91b91604556 in term 0.
I20260630 12:11:06.996058  3693 fs_manager.cc:647] Opened local filesystem: /tmp/dist-test-taskoQerPa/test-tmp/auto_rebalancer-test.0.AutoRebalancerTest.OnlyLeaderDoesAutoRebalancing.1782821464671561-3693-0/minicluster-data/ts-1-root
uuid: "939e326373c44a5bb7e827888064e62b"
format_stamp: "Formatted at 2026-06-30 12:11:06 on dist-test-slave-n96p"
I20260630 12:11:06.996419  3693 fs_report.cc:389] FS layout report
--------------------
wal directory: /tmp/dist-test-taskoQerPa/test-tmp/auto_rebalancer-test.0.AutoRebalancerTest.OnlyLeaderDoesAutoRebalancing.1782821464671561-3693-0/minicluster-data/ts-1-root
metadata directory: /tmp/dist-test-taskoQerPa/test-tmp/auto_rebalancer-test.0.AutoRebalancerTest.OnlyLeaderDoesAutoRebalancing.1782821464671561-3693-0/minicluster-data/ts-1-root
1 data directories: /tmp/dist-test-taskoQerPa/test-tmp/auto_rebalancer-test.0.AutoRebalancerTest.OnlyLeaderDoesAutoRebalancing.1782821464671561-3693-0/minicluster-data/ts-1-root/data
Total live blocks: 0
Total live bytes: 0
Total live bytes (after alignment): 0
Total number of LBM containers: 0 (0 full)
Did not check for missing blocks
Did not check for orphaned blocks
Total full LBM containers with extra space: 0 (0 repaired)
Total full LBM container extra space in bytes: 0 (0 repaired)
Total incomplete LBM containers: 0 (0 repaired)
Total LBM partial records: 0 (0 repaired)
Total corrupted LBM metadata records in RocksDB: 0 (0 repaired)
I20260630 12:11:07.001006  3709 leader_election.cc:304] T 00000000000000000000000000000000 P 58c0b34c1daa49f89150c91b91604556 [CANDIDATE]: Term 1 pre-election: Election decided. Result: candidate won. Election summary: received 2 responses out of 3 voters: 2 yes votes; 0 no votes. yes voters: 58c0b34c1daa49f89150c91b91604556, ebb001c71ef74eaaa31e8876f3db5ad4; no voters: 
I20260630 12:11:07.003015  3899 raft_consensus.cc:2804] T 00000000000000000000000000000000 P 58c0b34c1daa49f89150c91b91604556 [term 0 FOLLOWER]: Leader pre-election won for term 1
I20260630 12:11:07.003106  3735 tablet_service.cc:1917] Received RequestConsensusVote() RPC: tablet_id: "00000000000000000000000000000000" candidate_uuid: "d585f5b77b8a402f88ef17fcfa6ae142" candidate_term: 1 candidate_status { last_received { term: 0 index: 0 } } ignore_live_leader: false dest_uuid: "58c0b34c1daa49f89150c91b91604556" is_pre_election: true
I20260630 12:11:07.003947  3899 raft_consensus.cc:493] T 00000000000000000000000000000000 P 58c0b34c1daa49f89150c91b91604556 [term 0 FOLLOWER]: Starting leader election (no leader contacted us within the election timeout)
I20260630 12:11:07.005184  3899 raft_consensus.cc:3060] T 00000000000000000000000000000000 P 58c0b34c1daa49f89150c91b91604556 [term 0 FOLLOWER]: Advancing to term 1
I20260630 12:11:07.005208  3800 tablet_service.cc:1917] Received RequestConsensusVote() RPC: tablet_id: "00000000000000000000000000000000" candidate_uuid: "d585f5b77b8a402f88ef17fcfa6ae142" candidate_term: 1 candidate_status { last_received { term: 0 index: 0 } } ignore_live_leader: false dest_uuid: "ebb001c71ef74eaaa31e8876f3db5ad4" is_pre_election: true
I20260630 12:11:07.003719  3900 leader_election.cc:290] T 00000000000000000000000000000000 P d585f5b77b8a402f88ef17fcfa6ae142 [CANDIDATE]: Term 1 pre-election: Requested pre-vote from peers 58c0b34c1daa49f89150c91b91604556 (127.3.155.126:35687), ebb001c71ef74eaaa31e8876f3db5ad4 (127.3.155.125:40499)
I20260630 12:11:07.006240  3800 raft_consensus.cc:2468] T 00000000000000000000000000000000 P ebb001c71ef74eaaa31e8876f3db5ad4 [term 0 FOLLOWER]: Leader pre-election vote request: Granting yes vote for candidate d585f5b77b8a402f88ef17fcfa6ae142 in term 0.
I20260630 12:11:07.007973  3838 leader_election.cc:304] T 00000000000000000000000000000000 P d585f5b77b8a402f88ef17fcfa6ae142 [CANDIDATE]: Term 1 pre-election: Election decided. Result: candidate won. Election summary: received 2 responses out of 3 voters: 2 yes votes; 0 no votes. yes voters: d585f5b77b8a402f88ef17fcfa6ae142, ebb001c71ef74eaaa31e8876f3db5ad4; no voters: 
I20260630 12:11:07.009136  3900 raft_consensus.cc:2804] T 00000000000000000000000000000000 P d585f5b77b8a402f88ef17fcfa6ae142 [term 0 FOLLOWER]: Leader pre-election won for term 1
I20260630 12:11:07.009521  3900 raft_consensus.cc:493] T 00000000000000000000000000000000 P d585f5b77b8a402f88ef17fcfa6ae142 [term 0 FOLLOWER]: Starting leader election (no leader contacted us within the election timeout)
I20260630 12:11:07.009925  3900 raft_consensus.cc:3060] T 00000000000000000000000000000000 P d585f5b77b8a402f88ef17fcfa6ae142 [term 0 FOLLOWER]: Advancing to term 1
I20260630 12:11:07.016922  3899 raft_consensus.cc:515] T 00000000000000000000000000000000 P 58c0b34c1daa49f89150c91b91604556 [term 1 FOLLOWER]: Starting leader election with config: opid_index: -1 OBSOLETE_local: false peers { permanent_uuid: "58c0b34c1daa49f89150c91b91604556" member_type: VOTER last_known_addr { host: "127.3.155.126" port: 35687 } } peers { permanent_uuid: "ebb001c71ef74eaaa31e8876f3db5ad4" member_type: VOTER last_known_addr { host: "127.3.155.125" port: 40499 } } peers { permanent_uuid: "d585f5b77b8a402f88ef17fcfa6ae142" member_type: VOTER last_known_addr { host: "127.3.155.124" port: 35275 } }
I20260630 12:11:07.018918  3735 raft_consensus.cc:2393] T 00000000000000000000000000000000 P 58c0b34c1daa49f89150c91b91604556 [term 1 FOLLOWER]: Leader pre-election vote request: Denying vote to candidate d585f5b77b8a402f88ef17fcfa6ae142 in current term 1: Already voted for candidate 58c0b34c1daa49f89150c91b91604556 in this term.
I20260630 12:11:07.024961  3900 raft_consensus.cc:515] T 00000000000000000000000000000000 P d585f5b77b8a402f88ef17fcfa6ae142 [term 1 FOLLOWER]: Starting leader election with config: opid_index: -1 OBSOLETE_local: false peers { permanent_uuid: "58c0b34c1daa49f89150c91b91604556" member_type: VOTER last_known_addr { host: "127.3.155.126" port: 35687 } } peers { permanent_uuid: "ebb001c71ef74eaaa31e8876f3db5ad4" member_type: VOTER last_known_addr { host: "127.3.155.125" port: 40499 } } peers { permanent_uuid: "d585f5b77b8a402f88ef17fcfa6ae142" member_type: VOTER last_known_addr { host: "127.3.155.124" port: 35275 } }
