I20260630 12:11:44.488125  5090 consensus_queue.cc:237] T 61ea42fd04a74c7485a9ccf3bd0e2414 P b839f69b83e2412085d1ac8c16bb7942 [LEADER]: Queue going to LEADER mode. State: All replicated index: 0, Majority replicated index: 0, Committed index: 0, Last appended: 0.0, Last appended by leader: 0, Current term: 1, Majority size: 2, State: 0, Mode: LEADER, active raft config: opid_index: -1 OBSOLETE_local: false peers { permanent_uuid: "cea1b782e1434dcab466af734d5a089a" member_type: VOTER last_known_addr { host: "127.1.199.132" port: 43293 } } peers { permanent_uuid: "9ba5e100cee4410e9c6a9fd1167752ee" member_type: VOTER last_known_addr { host: "127.1.199.130" port: 39863 } } peers { permanent_uuid: "b839f69b83e2412085d1ac8c16bb7942" member_type: VOTER last_known_addr { host: "127.1.199.129" port: 36127 } }
I20260630 12:11:44.488953  4995 raft_consensus.cc:515] T 4bdacfc26fd64d6db1edffd444a5dbb1 P b839f69b83e2412085d1ac8c16bb7942 [term 1 FOLLOWER]: Starting leader election with config: opid_index: -1 OBSOLETE_local: false peers { permanent_uuid: "cea1b782e1434dcab466af734d5a089a" member_type: VOTER last_known_addr { host: "127.1.199.132" port: 43293 } } peers { permanent_uuid: "b839f69b83e2412085d1ac8c16bb7942" member_type: VOTER last_known_addr { host: "127.1.199.129" port: 36127 } } peers { permanent_uuid: "9ba5e100cee4410e9c6a9fd1167752ee" member_type: VOTER last_known_addr { host: "127.1.199.130" port: 39863 } }
I20260630 12:11:44.491372  4995 leader_election.cc:290] T 4bdacfc26fd64d6db1edffd444a5dbb1 P b839f69b83e2412085d1ac8c16bb7942 [CANDIDATE]: Term 1 election: Requested vote from peers cea1b782e1434dcab466af734d5a089a (127.1.199.132:43293), 9ba5e100cee4410e9c6a9fd1167752ee (127.1.199.130:39863)
I20260630 12:11:44.491503  5097 tablet_bootstrap.cc:654] T 32ce5122228e4664990a42a4c7b11a16 P cea1b782e1434dcab466af734d5a089a: Neither blocks nor log segments found. Creating new log.
I20260630 12:11:44.488768  5091 raft_consensus.cc:697] T 32ce5122228e4664990a42a4c7b11a16 P 6a933b1abb834ce693d5984e6be6eb47 [term 1 LEADER]: Becoming Leader. State: Replica: 6a933b1abb834ce693d5984e6be6eb47, State: Running, Role: LEADER
I20260630 12:11:44.491549  5045 tablet_service.cc:1917] Received RequestConsensusVote() RPC: tablet_id: "4bdacfc26fd64d6db1edffd444a5dbb1" candidate_uuid: "b839f69b83e2412085d1ac8c16bb7942" candidate_term: 1 candidate_status { last_received { term: 0 index: 0 } } ignore_live_leader: false dest_uuid: "cea1b782e1434dcab466af734d5a089a"
I20260630 12:11:44.493404  5091 consensus_queue.cc:237] T 32ce5122228e4664990a42a4c7b11a16 P 6a933b1abb834ce693d5984e6be6eb47 [LEADER]: Queue going to LEADER mode. State: All replicated index: 0, Majority replicated index: 0, Committed index: 0, Last appended: 0.0, Last appended by leader: 0, Current term: 1, Majority size: 2, State: 0, Mode: LEADER, active raft config: opid_index: -1 OBSOLETE_local: false peers { permanent_uuid: "cea1b782e1434dcab466af734d5a089a" member_type: VOTER last_known_addr { host: "127.1.199.132" port: 43293 } } peers { permanent_uuid: "9ba5e100cee4410e9c6a9fd1167752ee" member_type: VOTER last_known_addr { host: "127.1.199.130" port: 39863 } } peers { permanent_uuid: "6a933b1abb834ce693d5984e6be6eb47" member_type: VOTER last_known_addr { host: "127.1.199.131" port: 45151 } }
W20260630 12:11:44.494745  4716 leader_election.cc:343] T 4bdacfc26fd64d6db1edffd444a5dbb1 P b839f69b83e2412085d1ac8c16bb7942 [CANDIDATE]: Term 1 election: Tablet error from VoteRequest() call to peer cea1b782e1434dcab466af734d5a089a (127.1.199.132:43293): Illegal state: must be running to vote when last-logged opid is not known
I20260630 12:11:44.495621  4826 tablet_service.cc:1917] Received RequestConsensusVote() RPC: tablet_id: "4bdacfc26fd64d6db1edffd444a5dbb1" candidate_uuid: "b839f69b83e2412085d1ac8c16bb7942" candidate_term: 1 candidate_status { last_received { term: 0 index: 0 } } ignore_live_leader: false dest_uuid: "9ba5e100cee4410e9c6a9fd1167752ee"
I20260630 12:11:44.496250  4826 raft_consensus.cc:3060] T 4bdacfc26fd64d6db1edffd444a5dbb1 P 9ba5e100cee4410e9c6a9fd1167752ee [term 0 FOLLOWER]: Advancing to term 1
I20260630 12:11:44.502811  4648 catalog_manager.cc:5697] T 32ce5122228e4664990a42a4c7b11a16 P 6a933b1abb834ce693d5984e6be6eb47 reported cstate change: term changed from 0 to 1, leader changed from <none> to 6a933b1abb834ce693d5984e6be6eb47 (127.1.199.131). New cstate: current_term: 1 leader_uuid: "6a933b1abb834ce693d5984e6be6eb47" committed_config { opid_index: -1 OBSOLETE_local: false peers { permanent_uuid: "cea1b782e1434dcab466af734d5a089a" member_type: VOTER last_known_addr { host: "127.1.199.132" port: 43293 } health_report { overall_health: UNKNOWN } } peers { permanent_uuid: "9ba5e100cee4410e9c6a9fd1167752ee" member_type: VOTER last_known_addr { host: "127.1.199.130" port: 39863 } health_report { overall_health: UNKNOWN } } peers { permanent_uuid: "6a933b1abb834ce693d5984e6be6eb47" member_type: VOTER last_known_addr { host: "127.1.199.131" port: 45151 } health_report { overall_health: HEALTHY } } }
I20260630 12:11:44.505541  4826 raft_consensus.cc:2468] T 4bdacfc26fd64d6db1edffd444a5dbb1 P 9ba5e100cee4410e9c6a9fd1167752ee [term 1 FOLLOWER]: Leader election vote request: Granting yes vote for candidate b839f69b83e2412085d1ac8c16bb7942 in term 1.
I20260630 12:11:44.506821  4719 leader_election.cc:304] T 4bdacfc26fd64d6db1edffd444a5dbb1 P b839f69b83e2412085d1ac8c16bb7942 [CANDIDATE]: Term 1 election: Election decided. Result: candidate won. Election summary: received 3 responses out of 3 voters: 2 yes votes; 1 no votes. yes voters: 9ba5e100cee4410e9c6a9fd1167752ee, b839f69b83e2412085d1ac8c16bb7942; no voters: cea1b782e1434dcab466af734d5a089a
I20260630 12:11:44.507897  5090 raft_consensus.cc:2804] T 4bdacfc26fd64d6db1edffd444a5dbb1 P b839f69b83e2412085d1ac8c16bb7942 [term 1 FOLLOWER]: Leader election won for term 1
I20260630 12:11:44.508491  5090 raft_consensus.cc:697] T 4bdacfc26fd64d6db1edffd444a5dbb1 P b839f69b83e2412085d1ac8c16bb7942 [term 1 LEADER]: Becoming Leader. State: Replica: b839f69b83e2412085d1ac8c16bb7942, State: Running, Role: LEADER
I20260630 12:11:44.508841  5097 tablet_bootstrap.cc:492] T 32ce5122228e4664990a42a4c7b11a16 P cea1b782e1434dcab466af734d5a089a: No bootstrap required, opened a new log
I20260630 12:11:44.509284  5097 ts_tablet_manager.cc:1403] T 32ce5122228e4664990a42a4c7b11a16 P cea1b782e1434dcab466af734d5a089a: Time spent bootstrapping tablet: real 0.030s	user 0.010s	sys 0.004s
I20260630 12:11:44.508605  4647 catalog_manager.cc:5697] T 61ea42fd04a74c7485a9ccf3bd0e2414 P b839f69b83e2412085d1ac8c16bb7942 reported cstate change: term changed from 0 to 1, leader changed from <none> to b839f69b83e2412085d1ac8c16bb7942 (127.1.199.129). New cstate: current_term: 1 leader_uuid: "b839f69b83e2412085d1ac8c16bb7942" committed_config { opid_index: -1 OBSOLETE_local: false peers { permanent_uuid: "cea1b782e1434dcab466af734d5a089a" member_type: VOTER last_known_addr { host: "127.1.199.132" port: 43293 } health_report { overall_health: UNKNOWN } } peers { permanent_uuid: "9ba5e100cee4410e9c6a9fd1167752ee" member_type: VOTER last_known_addr { host: "127.1.199.130" port: 39863 } health_report { overall_health: UNKNOWN } } peers { permanent_uuid: "b839f69b83e2412085d1ac8c16bb7942" member_type: VOTER last_known_addr { host: "127.1.199.129" port: 36127 } health_report { overall_health: HEALTHY } } }
I20260630 12:11:44.509246  5090 consensus_queue.cc:237] T 4bdacfc26fd64d6db1edffd444a5dbb1 P b839f69b83e2412085d1ac8c16bb7942 [LEADER]: Queue going to LEADER mode. State: All replicated index: 0, Majority replicated index: 0, Committed index: 0, Last appended: 0.0, Last appended by leader: 0, Current term: 1, Majority size: 2, State: 0, Mode: LEADER, active raft config: opid_index: -1 OBSOLETE_local: false peers { permanent_uuid: "cea1b782e1434dcab466af734d5a089a" member_type: VOTER last_known_addr { host: "127.1.199.132" port: 43293 } } peers { permanent_uuid: "b839f69b83e2412085d1ac8c16bb7942" member_type: VOTER last_known_addr { host: "127.1.199.129" port: 36127 } } peers { permanent_uuid: "9ba5e100cee4410e9c6a9fd1167752ee" member_type: VOTER last_known_addr { host: "127.1.199.130" port: 39863 } }
I20260630 12:11:44.512077  5117 raft_consensus.cc:493] T 9e16f6b0a6d14a8b953a321f1133a42c P cea1b782e1434dcab466af734d5a089a [term 0 FOLLOWER]: Starting pre-election (no leader contacted us within the election timeout)
I20260630 12:11:44.512550  5117 raft_consensus.cc:515] T 9e16f6b0a6d14a8b953a321f1133a42c P cea1b782e1434dcab466af734d5a089a [term 0 FOLLOWER]: Starting pre-election with config: opid_index: -1 OBSOLETE_local: false peers { permanent_uuid: "b839f69b83e2412085d1ac8c16bb7942" member_type: VOTER last_known_addr { host: "127.1.199.129" port: 36127 } } peers { permanent_uuid: "cea1b782e1434dcab466af734d5a089a" member_type: VOTER last_known_addr { host: "127.1.199.132" port: 43293 } } peers { permanent_uuid: "6a933b1abb834ce693d5984e6be6eb47" member_type: VOTER last_known_addr { host: "127.1.199.131" port: 45151 } }
I20260630 12:11:44.517491  5097 raft_consensus.cc:359] T 32ce5122228e4664990a42a4c7b11a16 P cea1b782e1434dcab466af734d5a089a [term 0 FOLLOWER]: Replica starting. Triggering 0 pending ops. Active config: opid_index: -1 OBSOLETE_local: false peers { permanent_uuid: "cea1b782e1434dcab466af734d5a089a" member_type: VOTER last_known_addr { host: "127.1.199.132" port: 43293 } } peers { permanent_uuid: "9ba5e100cee4410e9c6a9fd1167752ee" member_type: VOTER last_known_addr { host: "127.1.199.130" port: 39863 } } peers { permanent_uuid: "6a933b1abb834ce693d5984e6be6eb47" member_type: VOTER last_known_addr { host: "127.1.199.131" port: 45151 } }
I20260630 12:11:44.518206  5097 raft_consensus.cc:385] T 32ce5122228e4664990a42a4c7b11a16 P cea1b782e1434dcab466af734d5a089a [term 0 FOLLOWER]: Consensus starting up: Expiring failure detector timer to make a prompt election more likely
I20260630 12:11:44.518539  5097 raft_consensus.cc:740] T 32ce5122228e4664990a42a4c7b11a16 P cea1b782e1434dcab466af734d5a089a [term 0 FOLLOWER]: Becoming Follower/Learner. State: Replica: cea1b782e1434dcab466af734d5a089a, State: Initialized, Role: FOLLOWER
I20260630 12:11:44.519555  5097 consensus_queue.cc:260] T 32ce5122228e4664990a42a4c7b11a16 P cea1b782e1434dcab466af734d5a089a [NON_LEADER]: Queue going to NON_LEADER mode. State: All replicated index: 0, Majority replicated index: 0, Committed index: 0, Last appended: 0.0, Last appended by leader: 0, Current term: 0, Majority size: -1, State: 0, Mode: NON_LEADER, active raft config: opid_index: -1 OBSOLETE_local: false peers { permanent_uuid: "cea1b782e1434dcab466af734d5a089a" member_type: VOTER last_known_addr { host: "127.1.199.132" port: 43293 } } peers { permanent_uuid: "9ba5e100cee4410e9c6a9fd1167752ee" member_type: VOTER last_known_addr { host: "127.1.199.130" port: 39863 } } peers { permanent_uuid: "6a933b1abb834ce693d5984e6be6eb47" member_type: VOTER last_known_addr { host: "127.1.199.131" port: 45151 } }
I20260630 12:11:44.522099  5097 ts_tablet_manager.cc:1434] T 32ce5122228e4664990a42a4c7b11a16 P cea1b782e1434dcab466af734d5a089a: Time spent starting tablet: real 0.012s	user 0.007s	sys 0.001s
I20260630 12:11:44.523041  5097 tablet_bootstrap.cc:492] T f6c50ece2f0e454c8a70e66a45d58c0f P cea1b782e1434dcab466af734d5a089a: Bootstrap starting.
I20260630 12:11:44.524053  5117 leader_election.cc:290] T 9e16f6b0a6d14a8b953a321f1133a42c P cea1b782e1434dcab466af734d5a089a [CANDIDATE]: Term 1 pre-election: Requested pre-vote from peers b839f69b83e2412085d1ac8c16bb7942 (127.1.199.129:36127), 6a933b1abb834ce693d5984e6be6eb47 (127.1.199.131:45151)
I20260630 12:11:44.527944  5097 tablet_bootstrap.cc:654] T f6c50ece2f0e454c8a70e66a45d58c0f P cea1b782e1434dcab466af734d5a089a: Neither blocks nor log segments found. Creating new log.
I20260630 12:11:44.538671  5097 tablet_bootstrap.cc:492] T f6c50ece2f0e454c8a70e66a45d58c0f P cea1b782e1434dcab466af734d5a089a: No bootstrap required, opened a new log
I20260630 12:11:44.539130  5097 ts_tablet_manager.cc:1403] T f6c50ece2f0e454c8a70e66a45d58c0f P cea1b782e1434dcab466af734d5a089a: Time spent bootstrapping tablet: real 0.016s	user 0.004s	sys 0.011s
I20260630 12:11:44.541836  5097 raft_consensus.cc:359] T f6c50ece2f0e454c8a70e66a45d58c0f P cea1b782e1434dcab466af734d5a089a [term 0 FOLLOWER]: Replica starting. Triggering 0 pending ops. Active config: opid_index: -1 OBSOLETE_local: false peers { permanent_uuid: "9ba5e100cee4410e9c6a9fd1167752ee" member_type: VOTER last_known_addr { host: "127.1.199.130" port: 39863 } } peers { permanent_uuid: "cea1b782e1434dcab466af734d5a089a" member_type: VOTER last_known_addr { host: "127.1.199.132" port: 43293 } } peers { permanent_uuid: "6a933b1abb834ce693d5984e6be6eb47" member_type: VOTER last_known_addr { host: "127.1.199.131" port: 45151 } }
I20260630 12:11:44.542496  5097 raft_consensus.cc:385] T f6c50ece2f0e454c8a70e66a45d58c0f P cea1b782e1434dcab466af734d5a089a [term 0 FOLLOWER]: Consensus starting up: Expiring failure detector timer to make a prompt election more likely
I20260630 12:11:44.542780  5097 raft_consensus.cc:740] T f6c50ece2f0e454c8a70e66a45d58c0f P cea1b782e1434dcab466af734d5a089a [term 0 FOLLOWER]: Becoming Follower/Learner. State: Replica: cea1b782e1434dcab466af734d5a089a, State: Initialized, Role: FOLLOWER
I20260630 12:11:44.543313  5097 consensus_queue.cc:260] T f6c50ece2f0e454c8a70e66a45d58c0f P cea1b782e1434dcab466af734d5a089a [NON_LEADER]: Queue going to NON_LEADER mode. State: All replicated index: 0, Majority replicated index: 0, Committed index: 0, Last appended: 0.0, Last appended by leader: 0, Current term: 0, Majority size: -1, State: 0, Mode: NON_LEADER, active raft config: opid_index: -1 OBSOLETE_local: false peers { permanent_uuid: "9ba5e100cee4410e9c6a9fd1167752ee" member_type: VOTER last_known_addr { host: "127.1.199.130" port: 39863 } } peers { permanent_uuid: "cea1b782e1434dcab466af734d5a089a" member_type: VOTER last_known_addr { host: "127.1.199.132" port: 43293 } } peers { permanent_uuid: "6a933b1abb834ce693d5984e6be6eb47" member_type: VOTER last_known_addr { host: "127.1.199.131" port: 45151 } }
I20260630 12:11:44.544973  5097 ts_tablet_manager.cc:1434] T f6c50ece2f0e454c8a70e66a45d58c0f P cea1b782e1434dcab466af734d5a089a: Time spent starting tablet: real 0.006s	user 0.005s	sys 0.000s
I20260630 12:11:44.545811  5097 tablet_bootstrap.cc:492] T 61ea42fd04a74c7485a9ccf3bd0e2414 P cea1b782e1434dcab466af734d5a089a: Bootstrap starting.
I20260630 12:11:44.546589  4648 catalog_manager.cc:5697] T 4bdacfc26fd64d6db1edffd444a5dbb1 P b839f69b83e2412085d1ac8c16bb7942 reported cstate change: term changed from 0 to 1, leader changed from <none> to b839f69b83e2412085d1ac8c16bb7942 (127.1.199.129). New cstate: current_term: 1 leader_uuid: "b839f69b83e2412085d1ac8c16bb7942" committed_config { opid_index: -1 OBSOLETE_local: false peers { permanent_uuid: "cea1b782e1434dcab466af734d5a089a" member_type: VOTER last_known_addr { host: "127.1.199.132" port: 43293 } health_report { overall_health: UNKNOWN } } peers { permanent_uuid: "b839f69b83e2412085d1ac8c16bb7942" member_type: VOTER last_known_addr { host: "127.1.199.129" port: 36127 } health_report { overall_health: HEALTHY } } peers { permanent_uuid: "9ba5e100cee4410e9c6a9fd1167752ee" member_type: VOTER last_known_addr { host: "127.1.199.130" port: 39863 } health_report { overall_health: UNKNOWN } } }
I20260630 12:11:44.551462  5097 tablet_bootstrap.cc:654] T 61ea42fd04a74c7485a9ccf3bd0e2414 P cea1b782e1434dcab466af734d5a089a: Neither blocks nor log segments found. Creating new log.
I20260630 12:11:44.554941  4902 tablet_service.cc:1917] Received RequestConsensusVote() RPC: tablet_id: "9e16f6b0a6d14a8b953a321f1133a42c" candidate_uuid: "cea1b782e1434dcab466af734d5a089a" candidate_term: 1 candidate_status { last_received { term: 0 index: 0 } } ignore_live_leader: false dest_uuid: "6a933b1abb834ce693d5984e6be6eb47" is_pre_election: true
I20260630 12:11:44.555560  4902 raft_consensus.cc:2468] T 9e16f6b0a6d14a8b953a321f1133a42c P 6a933b1abb834ce693d5984e6be6eb47 [term 0 FOLLOWER]: Leader pre-election vote request: Granting yes vote for candidate cea1b782e1434dcab466af734d5a089a in term 0.
I20260630 12:11:44.557137  5012 leader_election.cc:304] T 9e16f6b0a6d14a8b953a321f1133a42c P cea1b782e1434dcab466af734d5a089a [CANDIDATE]: Term 1 pre-election: Election decided. Result: candidate won. Election summary: received 2 responses out of 3 voters: 2 yes votes; 0 no votes. yes voters: 6a933b1abb834ce693d5984e6be6eb47, cea1b782e1434dcab466af734d5a089a; no voters: 
I20260630 12:11:44.557753  5117 raft_consensus.cc:2804] T 9e16f6b0a6d14a8b953a321f1133a42c P cea1b782e1434dcab466af734d5a089a [term 0 FOLLOWER]: Leader pre-election won for term 1
I20260630 12:11:44.558099  5117 raft_consensus.cc:493] T 9e16f6b0a6d14a8b953a321f1133a42c P cea1b782e1434dcab466af734d5a089a [term 0 FOLLOWER]: Starting leader election (no leader contacted us within the election timeout)
I20260630 12:11:44.558393  5117 raft_consensus.cc:3060] T 9e16f6b0a6d14a8b953a321f1133a42c P cea1b782e1434dcab466af734d5a089a [term 0 FOLLOWER]: Advancing to term 1
I20260630 12:11:44.559309  4751 tablet_service.cc:1917] Received RequestConsensusVote() RPC: tablet_id: "9e16f6b0a6d14a8b953a321f1133a42c" candidate_uuid: "cea1b782e1434dcab466af734d5a089a" candidate_term: 1 candidate_status { last_received { term: 0 index: 0 } } ignore_live_leader: false dest_uuid: "b839f69b83e2412085d1ac8c16bb7942" is_pre_election: true
I20260630 12:11:44.559964  4751 raft_consensus.cc:2468] T 9e16f6b0a6d14a8b953a321f1133a42c P b839f69b83e2412085d1ac8c16bb7942 [term 0 FOLLOWER]: Leader pre-election vote request: Granting yes vote for candidate cea1b782e1434dcab466af734d5a089a in term 0.
I20260630 12:11:44.564683  5117 raft_consensus.cc:515] T 9e16f6b0a6d14a8b953a321f1133a42c P cea1b782e1434dcab466af734d5a089a [term 1 FOLLOWER]: Starting leader election with config: opid_index: -1 OBSOLETE_local: false peers { permanent_uuid: "b839f69b83e2412085d1ac8c16bb7942" member_type: VOTER last_known_addr { host: "127.1.199.129" port: 36127 } } peers { permanent_uuid: "cea1b782e1434dcab466af734d5a089a" member_type: VOTER last_known_addr { host: "127.1.199.132" port: 43293 } } peers { permanent_uuid: "6a933b1abb834ce693d5984e6be6eb47" member_type: VOTER last_known_addr { host: "127.1.199.131" port: 45151 } }
I20260630 12:11:44.565718  5097 tablet_bootstrap.cc:492] T 61ea42fd04a74c7485a9ccf3bd0e2414 P cea1b782e1434dcab466af734d5a089a: No bootstrap required, opened a new log
I20260630 12:11:44.566093  5097 ts_tablet_manager.cc:1403] T 61ea42fd04a74c7485a9ccf3bd0e2414 P cea1b782e1434dcab466af734d5a089a: Time spent bootstrapping tablet: real 0.021s	user 0.010s	sys 0.007s
I20260630 12:11:44.567301  5117 leader_election.cc:290] T 9e16f6b0a6d14a8b953a321f1133a42c P cea1b782e1434dcab466af734d5a089a [CANDIDATE]: Term 1 election: Requested vote from peers b839f69b83e2412085d1ac8c16bb7942 (127.1.199.129:36127), 6a933b1abb834ce693d5984e6be6eb47 (127.1.199.131:45151)
I20260630 12:11:44.567426  4751 tablet_service.cc:1917] Received RequestConsensusVote() RPC: tablet_id: "9e16f6b0a6d14a8b953a321f1133a42c" candidate_uuid: "cea1b782e1434dcab466af734d5a089a" candidate_term: 1 candidate_status { last_received { term: 0 index: 0 } } ignore_live_leader: false dest_uuid: "b839f69b83e2412085d1ac8c16bb7942"
I20260630 12:11:44.568029  4751 raft_consensus.cc:3060] T 9e16f6b0a6d14a8b953a321f1133a42c P b839f69b83e2412085d1ac8c16bb7942 [term 0 FOLLOWER]: Advancing to term 1
I20260630 12:11:44.568250  4902 tablet_service.cc:1917] Received RequestConsensusVote() RPC: tablet_id: "9e16f6b0a6d14a8b953a321f1133a42c" candidate_uuid: "cea1b782e1434dcab466af734d5a089a" candidate_term: 1 candidate_status { last_received { term: 0 index: 0 } } ignore_live_leader: false dest_uuid: "6a933b1abb834ce693d5984e6be6eb47"
I20260630 12:11:44.568717  4902 raft_consensus.cc:3060] T 9e16f6b0a6d14a8b953a321f1133a42c P 6a933b1abb834ce693d5984e6be6eb47 [term 0 FOLLOWER]: Advancing to term 1
I20260630 12:11:44.568684  5097 raft_consensus.cc:359] T 61ea42fd04a74c7485a9ccf3bd0e2414 P cea1b782e1434dcab466af734d5a089a [term 0 FOLLOWER]: Replica starting. Triggering 0 pending ops. Active config: opid_index: -1 OBSOLETE_local: false peers { permanent_uuid: "cea1b782e1434dcab466af734d5a089a" member_type: VOTER last_known_addr { host: "127.1.199.132" port: 43293 } } peers { permanent_uuid: "9ba5e100cee4410e9c6a9fd1167752ee" member_type: VOTER last_known_addr { host: "127.1.199.130" port: 39863 } } peers { permanent_uuid: "b839f69b83e2412085d1ac8c16bb7942" member_type: VOTER last_known_addr { host: "127.1.199.129" port: 36127 } }
I20260630 12:11:44.569501  5097 raft_consensus.cc:385] T 61ea42fd04a74c7485a9ccf3bd0e2414 P cea1b782e1434dcab466af734d5a089a [term 0 FOLLOWER]: Consensus starting up: Expiring failure detector timer to make a prompt election more likely
I20260630 12:11:44.569808  5097 raft_consensus.cc:740] T 61ea42fd04a74c7485a9ccf3bd0e2414 P cea1b782e1434dcab466af734d5a089a [term 0 FOLLOWER]: Becoming Follower/Learner. State: Replica: cea1b782e1434dcab466af734d5a089a, State: Initialized, Role: FOLLOWER
I20260630 12:11:44.570482  5097 consensus_queue.cc:260] T 61ea42fd04a74c7485a9ccf3bd0e2414 P cea1b782e1434dcab466af734d5a089a [NON_LEADER]: Queue going to NON_LEADER mode. State: All replicated index: 0, Majority replicated index: 0, Committed index: 0, Last appended: 0.0, Last appended by leader: 0, Current term: 0, Majority size: -1, State: 0, Mode: NON_LEADER, active raft config: opid_index: -1 OBSOLETE_local: false peers { permanent_uuid: "cea1b782e1434dcab466af734d5a089a" member_type: VOTER last_known_addr { host: "127.1.199.132" port: 43293 } } peers { permanent_uuid: "9ba5e100cee4410e9c6a9fd1167752ee" member_type: VOTER last_known_addr { host: "127.1.199.130" port: 39863 } } peers { permanent_uuid: "b839f69b83e2412085d1ac8c16bb7942" member_type: VOTER last_known_addr { host: "127.1.199.129" port: 36127 } }
I20260630 12:11:44.572384  5097 ts_tablet_manager.cc:1434] T 61ea42fd04a74c7485a9ccf3bd0e2414 P cea1b782e1434dcab466af734d5a089a: Time spent starting tablet: real 0.006s	user 0.006s	sys 0.001s
I20260630 12:11:44.574451  5097 tablet_bootstrap.cc:492] T 4bdacfc26fd64d6db1edffd444a5dbb1 P cea1b782e1434dcab466af734d5a089a: Bootstrap starting.
I20260630 12:11:44.574545  4902 raft_consensus.cc:2468] T 9e16f6b0a6d14a8b953a321f1133a42c P 6a933b1abb834ce693d5984e6be6eb47 [term 1 FOLLOWER]: Leader election vote request: Granting yes vote for candidate cea1b782e1434dcab466af734d5a089a in term 1.
I20260630 12:11:44.574543  4751 raft_consensus.cc:2468] T 9e16f6b0a6d14a8b953a321f1133a42c P b839f69b83e2412085d1ac8c16bb7942 [term 1 FOLLOWER]: Leader election vote request: Granting yes vote for candidate cea1b782e1434dcab466af734d5a089a in term 1.
I20260630 12:11:44.575966  5012 leader_election.cc:304] T 9e16f6b0a6d14a8b953a321f1133a42c P cea1b782e1434dcab466af734d5a089a [CANDIDATE]: Term 1 election: Election decided. Result: candidate won. Election summary: received 2 responses out of 3 voters: 2 yes votes; 0 no votes. yes voters: 6a933b1abb834ce693d5984e6be6eb47, cea1b782e1434dcab466af734d5a089a; no voters: 
I20260630 12:11:44.576655  5117 raft_consensus.cc:2804] T 9e16f6b0a6d14a8b953a321f1133a42c P cea1b782e1434dcab466af734d5a089a [term 1 FOLLOWER]: Leader election won for term 1
I20260630 12:11:44.577055  5117 raft_consensus.cc:697] T 9e16f6b0a6d14a8b953a321f1133a42c P cea1b782e1434dcab466af734d5a089a [term 1 LEADER]: Becoming Leader. State: Replica: cea1b782e1434dcab466af734d5a089a, State: Running, Role: LEADER
I20260630 12:11:44.577715  5117 consensus_queue.cc:237] T 9e16f6b0a6d14a8b953a321f1133a42c P cea1b782e1434dcab466af734d5a089a [LEADER]: Queue going to LEADER mode. State: All replicated index: 0, Majority replicated index: 0, Committed index: 0, Last appended: 0.0, Last appended by leader: 0, Current term: 1, Majority size: 2, State: 0, Mode: LEADER, active raft config: opid_index: -1 OBSOLETE_local: false peers { permanent_uuid: "b839f69b83e2412085d1ac8c16bb7942" member_type: VOTER last_known_addr { host: "127.1.199.129" port: 36127 } } peers { permanent_uuid: "cea1b782e1434dcab466af734d5a089a" member_type: VOTER last_known_addr { host: "127.1.199.132" port: 43293 } } peers { permanent_uuid: "6a933b1abb834ce693d5984e6be6eb47" member_type: VOTER last_known_addr { host: "127.1.199.131" port: 45151 } }
I20260630 12:11:44.584666  5097 tablet_bootstrap.cc:654] T 4bdacfc26fd64d6db1edffd444a5dbb1 P cea1b782e1434dcab466af734d5a089a: Neither blocks nor log segments found. Creating new log.
I20260630 12:11:44.589244  5097 tablet_bootstrap.cc:492] T 4bdacfc26fd64d6db1edffd444a5dbb1 P cea1b782e1434dcab466af734d5a089a: No bootstrap required, opened a new log
I20260630 12:11:44.589691  5097 ts_tablet_manager.cc:1403] T 4bdacfc26fd64d6db1edffd444a5dbb1 P cea1b782e1434dcab466af734d5a089a: Time spent bootstrapping tablet: real 0.015s	user 0.003s	sys 0.006s
I20260630 12:11:44.588951  4647 catalog_manager.cc:5697] T 9e16f6b0a6d14a8b953a321f1133a42c P cea1b782e1434dcab466af734d5a089a reported cstate change: term changed from 0 to 1, leader changed from <none> to cea1b782e1434dcab466af734d5a089a (127.1.199.132). New cstate: current_term: 1 leader_uuid: "cea1b782e1434dcab466af734d5a089a" committed_config { opid_index: -1 OBSOLETE_local: false peers { permanent_uuid: "b839f69b83e2412085d1ac8c16bb7942" member_type: VOTER last_known_addr { host: "127.1.199.129" port: 36127 } health_report { overall_health: UNKNOWN } } peers { permanent_uuid: "cea1b782e1434dcab466af734d5a089a" member_type: VOTER last_known_addr { host: "127.1.199.132" port: 43293 } health_report { overall_health: HEALTHY } } peers { permanent_uuid: "6a933b1abb834ce693d5984e6be6eb47" member_type: VOTER last_known_addr { host: "127.1.199.131" port: 45151 } health_report { overall_health: UNKNOWN } } }
I20260630 12:11:44.592159  5097 raft_consensus.cc:359] T 4bdacfc26fd64d6db1edffd444a5dbb1 P cea1b782e1434dcab466af734d5a089a [term 0 FOLLOWER]: Replica starting. Triggering 0 pending ops. Active config: opid_index: -1 OBSOLETE_local: false peers { permanent_uuid: "cea1b782e1434dcab466af734d5a089a" member_type: VOTER last_known_addr { host: "127.1.199.132" port: 43293 } } peers { permanent_uuid: "b839f69b83e2412085d1ac8c16bb7942" member_type: VOTER last_known_addr { host: "127.1.199.129" port: 36127 } } peers { permanent_uuid: "9ba5e100cee4410e9c6a9fd1167752ee" member_type: VOTER last_known_addr { host: "127.1.199.130" port: 39863 } }
I20260630 12:11:44.592630  5097 raft_consensus.cc:385] T 4bdacfc26fd64d6db1edffd444a5dbb1 P cea1b782e1434dcab466af734d5a089a [term 0 FOLLOWER]: Consensus starting up: Expiring failure detector timer to make a prompt election more likely
I20260630 12:11:44.592823  5097 raft_consensus.cc:740] T 4bdacfc26fd64d6db1edffd444a5dbb1 P cea1b782e1434dcab466af734d5a089a [term 0 FOLLOWER]: Becoming Follower/Learner. State: Replica: cea1b782e1434dcab466af734d5a089a, State: Initialized, Role: FOLLOWER
I20260630 12:11:44.592902  5091 raft_consensus.cc:493] T 8ad2ef86fed04c9193a7c382a385f825 P 6a933b1abb834ce693d5984e6be6eb47 [term 0 FOLLOWER]: Starting pre-election (no leader contacted us within the election timeout)
I20260630 12:11:44.593343  5091 raft_consensus.cc:515] T 8ad2ef86fed04c9193a7c382a385f825 P 6a933b1abb834ce693d5984e6be6eb47 [term 0 FOLLOWER]: Starting pre-election with config: opid_index: -1 OBSOLETE_local: false peers { permanent_uuid: "cea1b782e1434dcab466af734d5a089a" member_type: VOTER last_known_addr { host: "127.1.199.132" port: 43293 } } peers { permanent_uuid: "b839f69b83e2412085d1ac8c16bb7942" member_type: VOTER last_known_addr { host: "127.1.199.129" port: 36127 } } peers { permanent_uuid: "6a933b1abb834ce693d5984e6be6eb47" member_type: VOTER last_known_addr { host: "127.1.199.131" port: 45151 } }
I20260630 12:11:44.593608  5097 consensus_queue.cc:260] T 4bdacfc26fd64d6db1edffd444a5dbb1 P cea1b782e1434dcab466af734d5a089a [NON_LEADER]: Queue going to NON_LEADER mode. State: All replicated index: 0, Majority replicated index: 0, Committed index: 0, Last appended: 0.0, Last appended by leader: 0, Current term: 0, Majority size: -1, State: 0, Mode: NON_LEADER, active raft config: opid_index: -1 OBSOLETE_local: false peers { permanent_uuid: "cea1b782e1434dcab466af734d5a089a" member_type: VOTER last_known_addr { host: "127.1.199.132" port: 43293 } } peers { permanent_uuid: "b839f69b83e2412085d1ac8c16bb7942" member_type: VOTER last_known_addr { host: "127.1.199.129" port: 36127 } } peers { permanent_uuid: "9ba5e100cee4410e9c6a9fd1167752ee" member_type: VOTER last_known_addr { host: "127.1.199.130" port: 39863 } }
I20260630 12:11:44.595216  5091 leader_election.cc:290] T 8ad2ef86fed04c9193a7c382a385f825 P 6a933b1abb834ce693d5984e6be6eb47 [CANDIDATE]: Term 1 pre-election: Requested pre-vote from peers cea1b782e1434dcab466af734d5a089a (127.1.199.132:43293), b839f69b83e2412085d1ac8c16bb7942 (127.1.199.129:36127)
I20260630 12:11:44.596943  5097 ts_tablet_manager.cc:1434] T 4bdacfc26fd64d6db1edffd444a5dbb1 P cea1b782e1434dcab466af734d5a089a: Time spent starting tablet: real 0.007s	user 0.003s	sys 0.003s
I20260630 12:11:44.597898  5045 tablet_service.cc:1917] Received RequestConsensusVote() RPC: tablet_id: "8ad2ef86fed04c9193a7c382a385f825" candidate_uuid: "6a933b1abb834ce693d5984e6be6eb47" candidate_term: 1 candidate_status { last_received { term: 0 index: 0 } } ignore_live_leader: false dest_uuid: "cea1b782e1434dcab466af734d5a089a" is_pre_election: true
I20260630 12:11:44.597894  4751 tablet_service.cc:1917] Received RequestConsensusVote() RPC: tablet_id: "8ad2ef86fed04c9193a7c382a385f825" candidate_uuid: "6a933b1abb834ce693d5984e6be6eb47" candidate_term: 1 candidate_status { last_received { term: 0 index: 0 } } ignore_live_leader: false dest_uuid: "b839f69b83e2412085d1ac8c16bb7942" is_pre_election: true
I20260630 12:11:44.598577  5097 tablet_bootstrap.cc:492] T 8ad2ef86fed04c9193a7c382a385f825 P cea1b782e1434dcab466af734d5a089a: Bootstrap starting.
I20260630 12:11:44.598770  4751 raft_consensus.cc:2468] T 8ad2ef86fed04c9193a7c382a385f825 P b839f69b83e2412085d1ac8c16bb7942 [term 0 FOLLOWER]: Leader pre-election vote request: Granting yes vote for candidate 6a933b1abb834ce693d5984e6be6eb47 in term 0.
W20260630 12:11:44.599334  4865 leader_election.cc:343] T 8ad2ef86fed04c9193a7c382a385f825 P 6a933b1abb834ce693d5984e6be6eb47 [CANDIDATE]: Term 1 pre-election: Tablet error from VoteRequest() call to peer cea1b782e1434dcab466af734d5a089a (127.1.199.132:43293): Illegal state: must be running to vote when last-logged opid is not known
I20260630 12:11:44.600076  4865 leader_election.cc:304] T 8ad2ef86fed04c9193a7c382a385f825 P 6a933b1abb834ce693d5984e6be6eb47 [CANDIDATE]: Term 1 pre-election: Election decided. Result: candidate won. Election summary: received 3 responses out of 3 voters: 2 yes votes; 1 no votes. yes voters: 6a933b1abb834ce693d5984e6be6eb47, b839f69b83e2412085d1ac8c16bb7942; no voters: cea1b782e1434dcab466af734d5a089a
I20260630 12:11:44.600919  5091 raft_consensus.cc:2804] T 8ad2ef86fed04c9193a7c382a385f825 P 6a933b1abb834ce693d5984e6be6eb47 [term 0 FOLLOWER]: Leader pre-election won for term 1
I20260630 12:11:44.601281  5091 raft_consensus.cc:493] T 8ad2ef86fed04c9193a7c382a385f825 P 6a933b1abb834ce693d5984e6be6eb47 [term 0 FOLLOWER]: Starting leader election (no leader contacted us within the election timeout)
I20260630 12:11:44.601613  5091 raft_consensus.cc:3060] T 8ad2ef86fed04c9193a7c382a385f825 P 6a933b1abb834ce693d5984e6be6eb47 [term 0 FOLLOWER]: Advancing to term 1
I20260630 12:11:44.604780  5097 tablet_bootstrap.cc:654] T 8ad2ef86fed04c9193a7c382a385f825 P cea1b782e1434dcab466af734d5a089a: Neither blocks nor log segments found. Creating new log.
I20260630 12:11:44.609011  5091 raft_consensus.cc:515] T 8ad2ef86fed04c9193a7c382a385f825 P 6a933b1abb834ce693d5984e6be6eb47 [term 1 FOLLOWER]: Starting leader election with config: opid_index: -1 OBSOLETE_local: false peers { permanent_uuid: "cea1b782e1434dcab466af734d5a089a" member_type: VOTER last_known_addr { host: "127.1.199.132" port: 43293 } } peers { permanent_uuid: "b839f69b83e2412085d1ac8c16bb7942" member_type: VOTER last_known_addr { host: "127.1.199.129" port: 36127 } } peers { permanent_uuid: "6a933b1abb834ce693d5984e6be6eb47" member_type: VOTER last_known_addr { host: "127.1.199.131" port: 45151 } }
I20260630 12:11:44.609658  5097 tablet_bootstrap.cc:492] T 8ad2ef86fed04c9193a7c382a385f825 P cea1b782e1434dcab466af734d5a089a: No bootstrap required, opened a new log
I20260630 12:11:44.610071  5097 ts_tablet_manager.cc:1403] T 8ad2ef86fed04c9193a7c382a385f825 P cea1b782e1434dcab466af734d5a089a: Time spent bootstrapping tablet: real 0.012s	user 0.006s	sys 0.003s
I20260630 12:11:44.612020  5045 tablet_service.cc:1917] Received RequestConsensusVote() RPC: tablet_id: "8ad2ef86fed04c9193a7c382a385f825" candidate_uuid: "6a933b1abb834ce693d5984e6be6eb47" candidate_term: 1 candidate_status { last_received { term: 0 index: 0 } } ignore_live_leader: false dest_uuid: "cea1b782e1434dcab466af734d5a089a"
I20260630 12:11:44.612192  4751 tablet_service.cc:1917] Received RequestConsensusVote() RPC: tablet_id: "8ad2ef86fed04c9193a7c382a385f825" candidate_uuid: "6a933b1abb834ce693d5984e6be6eb47" candidate_term: 1 candidate_status { last_received { term: 0 index: 0 } } ignore_live_leader: false dest_uuid: "b839f69b83e2412085d1ac8c16bb7942"
I20260630 12:11:44.611006  5091 leader_election.cc:290] T 8ad2ef86fed04c9193a7c382a385f825 P 6a933b1abb834ce693d5984e6be6eb47 [CANDIDATE]: Term 1 election: Requested vote from peers cea1b782e1434dcab466af734d5a089a (127.1.199.132:43293), b839f69b83e2412085d1ac8c16bb7942 (127.1.199.129:36127)
I20260630 12:11:44.612740  5097 raft_consensus.cc:359] T 8ad2ef86fed04c9193a7c382a385f825 P cea1b782e1434dcab466af734d5a089a [term 0 FOLLOWER]: Replica starting. Triggering 0 pending ops. Active config: opid_index: -1 OBSOLETE_local: false peers { permanent_uuid: "cea1b782e1434dcab466af734d5a089a" member_type: VOTER last_known_addr { host: "127.1.199.132" port: 43293 } } peers { permanent_uuid: "b839f69b83e2412085d1ac8c16bb7942" member_type: VOTER last_known_addr { host: "127.1.199.129" port: 36127 } } peers { permanent_uuid: "6a933b1abb834ce693d5984e6be6eb47" member_type: VOTER last_known_addr { host: "127.1.199.131" port: 45151 } }
I20260630 12:11:44.612739  4751 raft_consensus.cc:3060] T 8ad2ef86fed04c9193a7c382a385f825 P b839f69b83e2412085d1ac8c16bb7942 [term 0 FOLLOWER]: Advancing to term 1
W20260630 12:11:44.613353  4865 leader_election.cc:343] T 8ad2ef86fed04c9193a7c382a385f825 P 6a933b1abb834ce693d5984e6be6eb47 [CANDIDATE]: Term 1 election: Tablet error from VoteRequest() call to peer cea1b782e1434dcab466af734d5a089a (127.1.199.132:43293): Illegal state: must be running to vote when last-logged opid is not known
I20260630 12:11:44.613480  5097 raft_consensus.cc:385] T 8ad2ef86fed04c9193a7c382a385f825 P cea1b782e1434dcab466af734d5a089a [term 0 FOLLOWER]: Consensus starting up: Expiring failure detector timer to make a prompt election more likely
I20260630 12:11:44.613848  5097 raft_consensus.cc:740] T 8ad2ef86fed04c9193a7c382a385f825 P cea1b782e1434dcab466af734d5a089a [term 0 FOLLOWER]: Becoming Follower/Learner. State: Replica: cea1b782e1434dcab466af734d5a089a, State: Initialized, Role: FOLLOWER
I20260630 12:11:44.614408  5097 consensus_queue.cc:260] T 8ad2ef86fed04c9193a7c382a385f825 P cea1b782e1434dcab466af734d5a089a [NON_LEADER]: Queue going to NON_LEADER mode. State: All replicated index: 0, Majority replicated index: 0, Committed index: 0, Last appended: 0.0, Last appended by leader: 0, Current term: 0, Majority size: -1, State: 0, Mode: NON_LEADER, active raft config: opid_index: -1 OBSOLETE_local: false peers { permanent_uuid: "cea1b782e1434dcab466af734d5a089a" member_type: VOTER last_known_addr { host: "127.1.199.132" port: 43293 } } peers { permanent_uuid: "b839f69b83e2412085d1ac8c16bb7942" member_type: VOTER last_known_addr { host: "127.1.199.129" port: 36127 } } peers { permanent_uuid: "6a933b1abb834ce693d5984e6be6eb47" member_type: VOTER last_known_addr { host: "127.1.199.131" port: 45151 } }
I20260630 12:11:44.616021  5097 ts_tablet_manager.cc:1434] T 8ad2ef86fed04c9193a7c382a385f825 P cea1b782e1434dcab466af734d5a089a: Time spent starting tablet: real 0.006s	user 0.002s	sys 0.005s
I20260630 12:11:44.619109  4751 raft_consensus.cc:2468] T 8ad2ef86fed04c9193a7c382a385f825 P b839f69b83e2412085d1ac8c16bb7942 [term 1 FOLLOWER]: Leader election vote request: Granting yes vote for candidate 6a933b1abb834ce693d5984e6be6eb47 in term 1.
I20260630 12:11:44.619992  4865 leader_election.cc:304] T 8ad2ef86fed04c9193a7c382a385f825 P 6a933b1abb834ce693d5984e6be6eb47 [CANDIDATE]: Term 1 election: Election decided. Result: candidate won. Election summary: received 3 responses out of 3 voters: 2 yes votes; 1 no votes. yes voters: 6a933b1abb834ce693d5984e6be6eb47, b839f69b83e2412085d1ac8c16bb7942; no voters: cea1b782e1434dcab466af734d5a089a
I20260630 12:11:44.620719  5091 raft_consensus.cc:2804] T 8ad2ef86fed04c9193a7c382a385f825 P 6a933b1abb834ce693d5984e6be6eb47 [term 1 FOLLOWER]: Leader election won for term 1
I20260630 12:11:44.621080  5091 raft_consensus.cc:697] T 8ad2ef86fed04c9193a7c382a385f825 P 6a933b1abb834ce693d5984e6be6eb47 [term 1 LEADER]: Becoming Leader. State: Replica: 6a933b1abb834ce693d5984e6be6eb47, State: Running, Role: LEADER
I20260630 12:11:44.621762  5091 consensus_queue.cc:237] T 8ad2ef86fed04c9193a7c382a385f825 P 6a933b1abb834ce693d5984e6be6eb47 [LEADER]: Queue going to LEADER mode. State: All replicated index: 0, Majority replicated index: 0, Committed index: 0, Last appended: 0.0, Last appended by leader: 0, Current term: 1, Majority size: 2, State: 0, Mode: LEADER, active raft config: opid_index: -1 OBSOLETE_local: false peers { permanent_uuid: "cea1b782e1434dcab466af734d5a089a" member_type: VOTER last_known_addr { host: "127.1.199.132" port: 43293 } } peers { permanent_uuid: "b839f69b83e2412085d1ac8c16bb7942" member_type: VOTER last_known_addr { host: "127.1.199.129" port: 36127 } } peers { permanent_uuid: "6a933b1abb834ce693d5984e6be6eb47" member_type: VOTER last_known_addr { host: "127.1.199.131" port: 45151 } }
I20260630 12:11:44.628670  5117 raft_consensus.cc:493] T a5b837f38e004b81903406036a43e794 P cea1b782e1434dcab466af734d5a089a [term 0 FOLLOWER]: Starting pre-election (no leader contacted us within the election timeout)
I20260630 12:11:44.629127  5117 raft_consensus.cc:515] T a5b837f38e004b81903406036a43e794 P cea1b782e1434dcab466af734d5a089a [term 0 FOLLOWER]: Starting pre-election with config: opid_index: -1 OBSOLETE_local: false peers { permanent_uuid: "b839f69b83e2412085d1ac8c16bb7942" member_type: VOTER last_known_addr { host: "127.1.199.129" port: 36127 } } peers { permanent_uuid: "9ba5e100cee4410e9c6a9fd1167752ee" member_type: VOTER last_known_addr { host: "127.1.199.130" port: 39863 } } peers { permanent_uuid: "cea1b782e1434dcab466af734d5a089a" member_type: VOTER last_known_addr { host: "127.1.199.132" port: 43293 } }
I20260630 12:11:44.628942  4647 catalog_manager.cc:5697] T 8ad2ef86fed04c9193a7c382a385f825 P 6a933b1abb834ce693d5984e6be6eb47 reported cstate change: term changed from 0 to 1, leader changed from <none> to 6a933b1abb834ce693d5984e6be6eb47 (127.1.199.131). New cstate: current_term: 1 leader_uuid: "6a933b1abb834ce693d5984e6be6eb47" committed_config { opid_index: -1 OBSOLETE_local: false peers { permanent_uuid: "cea1b782e1434dcab466af734d5a089a" member_type: VOTER last_known_addr { host: "127.1.199.132" port: 43293 } health_report { overall_health: UNKNOWN } } peers { permanent_uuid: "b839f69b83e2412085d1ac8c16bb7942" member_type: VOTER last_known_addr { host: "127.1.199.129" port: 36127 } health_report { overall_health: UNKNOWN } } peers { permanent_uuid: "6a933b1abb834ce693d5984e6be6eb47" member_type: VOTER last_known_addr { host: "127.1.199.131" port: 45151 } health_report { overall_health: HEALTHY } } }
I20260630 12:11:44.631855  5117 leader_election.cc:290] T a5b837f38e004b81903406036a43e794 P cea1b782e1434dcab466af734d5a089a [CANDIDATE]: Term 1 pre-election: Requested pre-vote from peers b839f69b83e2412085d1ac8c16bb7942 (127.1.199.129:36127), 9ba5e100cee4410e9c6a9fd1167752ee (127.1.199.130:39863)
I20260630 12:11:44.632550  4751 tablet_service.cc:1917] Received RequestConsensusVote() RPC: tablet_id: "a5b837f38e004b81903406036a43e794" candidate_uuid: "cea1b782e1434dcab466af734d5a089a" candidate_term: 1 candidate_status { last_received { term: 0 index: 0 } } ignore_live_leader: false dest_uuid: "b839f69b83e2412085d1ac8c16bb7942" is_pre_election: true
I20260630 12:11:44.633286  4751 raft_consensus.cc:2393] T a5b837f38e004b81903406036a43e794 P b839f69b83e2412085d1ac8c16bb7942 [term 1 FOLLOWER]: Leader pre-election vote request: Denying vote to candidate cea1b782e1434dcab466af734d5a089a in current term 1: Already voted for candidate 9ba5e100cee4410e9c6a9fd1167752ee in this term.
W20260630 12:11:44.634778  4636 catalog_manager.cc:4810] Async tablet task AlterTable RPC for tablet 96e0800d7bb94d8983dc2b7b5f650a5d (table range_aware_rebalance_new_range [id=56093a58d50d4ec98fd8ab6ffe0b247c], current schema version=0) failed: Not found: failed to reset TS proxy: No leader found: Tablet 96e0800d7bb94d8983dc2b7b5f650a5d consensus state has no leader
I20260630 12:11:44.643021  4826 tablet_service.cc:1917] Received RequestConsensusVote() RPC: tablet_id: "a5b837f38e004b81903406036a43e794" candidate_uuid: "cea1b782e1434dcab466af734d5a089a" candidate_term: 1 candidate_status { last_received { term: 0 index: 0 } } ignore_live_leader: false dest_uuid: "9ba5e100cee4410e9c6a9fd1167752ee" is_pre_election: true
I20260630 12:11:44.644129  5012 leader_election.cc:304] T a5b837f38e004b81903406036a43e794 P cea1b782e1434dcab466af734d5a089a [CANDIDATE]: Term 1 pre-election: Election decided. Result: candidate lost. Election summary: received 3 responses out of 3 voters: 1 yes votes; 2 no votes. yes voters: cea1b782e1434dcab466af734d5a089a; no voters: 9ba5e100cee4410e9c6a9fd1167752ee, b839f69b83e2412085d1ac8c16bb7942
I20260630 12:11:44.644732  5117 raft_consensus.cc:3060] T a5b837f38e004b81903406036a43e794 P cea1b782e1434dcab466af734d5a089a [term 0 FOLLOWER]: Advancing to term 1
I20260630 12:11:44.649569  5117 raft_consensus.cc:2749] T a5b837f38e004b81903406036a43e794 P cea1b782e1434dcab466af734d5a089a [term 1 FOLLOWER]: Leader pre-election lost for term 1. Reason: could not achieve majority
I20260630 12:11:44.657251  5117 raft_consensus.cc:493] T f6c50ece2f0e454c8a70e66a45d58c0f P cea1b782e1434dcab466af734d5a089a [term 0 FOLLOWER]: Starting pre-election (no leader contacted us within the election timeout)
I20260630 12:11:44.657629  5117 raft_consensus.cc:515] T f6c50ece2f0e454c8a70e66a45d58c0f P cea1b782e1434dcab466af734d5a089a [term 0 FOLLOWER]: Starting pre-election with config: opid_index: -1 OBSOLETE_local: false peers { permanent_uuid: "9ba5e100cee4410e9c6a9fd1167752ee" member_type: VOTER last_known_addr { host: "127.1.199.130" port: 39863 } } peers { permanent_uuid: "cea1b782e1434dcab466af734d5a089a" member_type: VOTER last_known_addr { host: "127.1.199.132" port: 43293 } } peers { permanent_uuid: "6a933b1abb834ce693d5984e6be6eb47" member_type: VOTER last_known_addr { host: "127.1.199.131" port: 45151 } }
I20260630 12:11:44.659169  5117 leader_election.cc:290] T f6c50ece2f0e454c8a70e66a45d58c0f P cea1b782e1434dcab466af734d5a089a [CANDIDATE]: Term 1 pre-election: Requested pre-vote from peers 9ba5e100cee4410e9c6a9fd1167752ee (127.1.199.130:39863), 6a933b1abb834ce693d5984e6be6eb47 (127.1.199.131:45151)
I20260630 12:11:44.659790  4826 tablet_service.cc:1917] Received RequestConsensusVote() RPC: tablet_id: "f6c50ece2f0e454c8a70e66a45d58c0f" candidate_uuid: "cea1b782e1434dcab466af734d5a089a" candidate_term: 1 candidate_status { last_received { term: 0 index: 0 } } ignore_live_leader: false dest_uuid: "9ba5e100cee4410e9c6a9fd1167752ee" is_pre_election: true
I20260630 12:11:44.660221  4902 tablet_service.cc:1917] Received RequestConsensusVote() RPC: tablet_id: "f6c50ece2f0e454c8a70e66a45d58c0f" candidate_uuid: "cea1b782e1434dcab466af734d5a089a" candidate_term: 1 candidate_status { last_received { term: 0 index: 0 } } ignore_live_leader: false dest_uuid: "6a933b1abb834ce693d5984e6be6eb47" is_pre_election: true
I20260630 12:11:44.660530  4826 raft_consensus.cc:2393] T f6c50ece2f0e454c8a70e66a45d58c0f P 9ba5e100cee4410e9c6a9fd1167752ee [term 1 FOLLOWER]: Leader pre-election vote request: Denying vote to candidate cea1b782e1434dcab466af734d5a089a in current term 1: Already voted for candidate 6a933b1abb834ce693d5984e6be6eb47 in this term.
I20260630 12:11:44.661578  5012 leader_election.cc:304] T f6c50ece2f0e454c8a70e66a45d58c0f P cea1b782e1434dcab466af734d5a089a [CANDIDATE]: Term 1 pre-election: Election decided. Result: candidate lost. Election summary: received 3 responses out of 3 voters: 1 yes votes; 2 no votes. yes voters: cea1b782e1434dcab466af734d5a089a; no voters: 6a933b1abb834ce693d5984e6be6eb47, 9ba5e100cee4410e9c6a9fd1167752ee
I20260630 12:11:44.662106  5117 raft_consensus.cc:3060] T f6c50ece2f0e454c8a70e66a45d58c0f P cea1b782e1434dcab466af734d5a089a [term 0 FOLLOWER]: Advancing to term 1
I20260630 12:11:44.666569  5117 raft_consensus.cc:2749] T f6c50ece2f0e454c8a70e66a45d58c0f P cea1b782e1434dcab466af734d5a089a [term 1 FOLLOWER]: Leader pre-election lost for term 1. Reason: could not achieve majority
I20260630 12:11:44.716007  5117 raft_consensus.cc:493] T 96e0800d7bb94d8983dc2b7b5f650a5d P cea1b782e1434dcab466af734d5a089a [term 0 FOLLOWER]: Starting pre-election (no leader contacted us within the election timeout)
I20260630 12:11:44.717564  5117 raft_consensus.cc:515] T 96e0800d7bb94d8983dc2b7b5f650a5d P cea1b782e1434dcab466af734d5a089a [term 0 FOLLOWER]: Starting pre-election with config: opid_index: -1 OBSOLETE_local: false peers { permanent_uuid: "6a933b1abb834ce693d5984e6be6eb47" member_type: VOTER last_known_addr { host: "127.1.199.131" port: 45151 } } peers { permanent_uuid: "cea1b782e1434dcab466af734d5a089a" member_type: VOTER last_known_addr { host: "127.1.199.132" port: 43293 } } peers { permanent_uuid: "b839f69b83e2412085d1ac8c16bb7942" member_type: VOTER last_known_addr { host: "127.1.199.129" port: 36127 } }
I20260630 12:11:44.720963  5091 consensus_queue.cc:1048] T f6c50ece2f0e454c8a70e66a45d58c0f P 6a933b1abb834ce693d5984e6be6eb47 [LEADER]: Connected to new peer: Peer: permanent_uuid: "9ba5e100cee4410e9c6a9fd1167752ee" member_type: VOTER last_known_addr { host: "127.1.199.130" port: 39863 }, Status: LMP_MISMATCH, Last received: 0.0, Next index: 1, Last known committed idx: 0, Time since last communication: 0.001s
I20260630 12:11:44.723079  5117 leader_election.cc:290] T 96e0800d7bb94d8983dc2b7b5f650a5d P cea1b782e1434dcab466af734d5a089a [CANDIDATE]: Term 1 pre-election: Requested pre-vote from peers 6a933b1abb834ce693d5984e6be6eb47 (127.1.199.131:45151), b839f69b83e2412085d1ac8c16bb7942 (127.1.199.129:36127)
I20260630 12:11:44.724462  4902 tablet_service.cc:1917] Received RequestConsensusVote() RPC: tablet_id: "96e0800d7bb94d8983dc2b7b5f650a5d" candidate_uuid: "cea1b782e1434dcab466af734d5a089a" candidate_term: 1 candidate_status { last_received { term: 0 index: 0 } } ignore_live_leader: false dest_uuid: "6a933b1abb834ce693d5984e6be6eb47" is_pre_election: true
I20260630 12:11:44.724555  4751 tablet_service.cc:1917] Received RequestConsensusVote() RPC: tablet_id: "96e0800d7bb94d8983dc2b7b5f650a5d" candidate_uuid: "cea1b782e1434dcab466af734d5a089a" candidate_term: 1 candidate_status { last_received { term: 0 index: 0 } } ignore_live_leader: false dest_uuid: "b839f69b83e2412085d1ac8c16bb7942" is_pre_election: true
I20260630 12:11:44.725723  4751 raft_consensus.cc:2468] T 96e0800d7bb94d8983dc2b7b5f650a5d P b839f69b83e2412085d1ac8c16bb7942 [term 0 FOLLOWER]: Leader pre-election vote request: Granting yes vote for candidate cea1b782e1434dcab466af734d5a089a in term 0.
I20260630 12:11:44.725649  4902 raft_consensus.cc:2468] T 96e0800d7bb94d8983dc2b7b5f650a5d P 6a933b1abb834ce693d5984e6be6eb47 [term 0 FOLLOWER]: Leader pre-election vote request: Granting yes vote for candidate cea1b782e1434dcab466af734d5a089a in term 0.
I20260630 12:11:44.727600  5009 leader_election.cc:304] T 96e0800d7bb94d8983dc2b7b5f650a5d P cea1b782e1434dcab466af734d5a089a [CANDIDATE]: Term 1 pre-election: Election decided. Result: candidate won. Election summary: received 2 responses out of 3 voters: 2 yes votes; 0 no votes. yes voters: b839f69b83e2412085d1ac8c16bb7942, cea1b782e1434dcab466af734d5a089a; no voters: 
I20260630 12:11:44.728688  5117 raft_consensus.cc:2804] T 96e0800d7bb94d8983dc2b7b5f650a5d P cea1b782e1434dcab466af734d5a089a [term 0 FOLLOWER]: Leader pre-election won for term 1
I20260630 12:11:44.729274  5117 raft_consensus.cc:493] T 96e0800d7bb94d8983dc2b7b5f650a5d P cea1b782e1434dcab466af734d5a089a [term 0 FOLLOWER]: Starting leader election (no leader contacted us within the election timeout)
I20260630 12:11:44.730052  5117 raft_consensus.cc:3060] T 96e0800d7bb94d8983dc2b7b5f650a5d P cea1b782e1434dcab466af734d5a089a [term 0 FOLLOWER]: Advancing to term 1
I20260630 12:11:44.746332  5139 raft_consensus.cc:493] T 32ce5122228e4664990a42a4c7b11a16 P cea1b782e1434dcab466af734d5a089a [term 0 FOLLOWER]: Starting pre-election (no leader contacted us within the election timeout)
