I20260630 12:13:24.459897  5132 raft_consensus.cc:515] T 1eca3407e5d74f749c8a03e55499a2c3 P bcc00232cc3246c0a33485fa16be9fb0 [term 0 FOLLOWER]: Starting pre-election with config: opid_index: -1 OBSOLETE_local: false peers { permanent_uuid: "bcc00232cc3246c0a33485fa16be9fb0" member_type: VOTER last_known_addr { host: "127.0.107.193" port: 39839 } } peers { permanent_uuid: "738c556d97cb4f86ba19163e1184761f" member_type: VOTER last_known_addr { host: "127.0.107.194" port: 46031 } } peers { permanent_uuid: "d843c31c5a6c46db95cd5433c118ec0a" member_type: VOTER last_known_addr { host: "127.0.107.195" port: 36463 } }
I20260630 12:13:24.464515  5131 raft_consensus.cc:515] T f54d2d9964bf479aa19f8f8a3b89faa8 P 738c556d97cb4f86ba19163e1184761f [term 1 FOLLOWER]: Starting leader election with config: opid_index: -1 OBSOLETE_local: false peers { permanent_uuid: "d843c31c5a6c46db95cd5433c118ec0a" member_type: VOTER last_known_addr { host: "127.0.107.195" port: 36463 } } peers { permanent_uuid: "738c556d97cb4f86ba19163e1184761f" member_type: VOTER last_known_addr { host: "127.0.107.194" port: 46031 } } peers { permanent_uuid: "bcc00232cc3246c0a33485fa16be9fb0" member_type: VOTER last_known_addr { host: "127.0.107.193" port: 39839 } }
I20260630 12:13:24.466475  5004 raft_consensus.cc:2393] T f54d2d9964bf479aa19f8f8a3b89faa8 P 738c556d97cb4f86ba19163e1184761f [term 1 FOLLOWER]: Leader pre-election vote request: Denying vote to candidate d843c31c5a6c46db95cd5433c118ec0a in current term 1: Already voted for candidate 738c556d97cb4f86ba19163e1184761f in this term.
I20260630 12:13:24.477718  5132 leader_election.cc:290] T 1eca3407e5d74f749c8a03e55499a2c3 P bcc00232cc3246c0a33485fa16be9fb0 [CANDIDATE]: Term 1 pre-election: Requested pre-vote from peers 738c556d97cb4f86ba19163e1184761f (127.0.107.194:46031), d843c31c5a6c46db95cd5433c118ec0a (127.0.107.195:36463)
I20260630 12:13:24.478981  5004 tablet_service.cc:1917] Received RequestConsensusVote() RPC: tablet_id: "1eca3407e5d74f749c8a03e55499a2c3" candidate_uuid: "bcc00232cc3246c0a33485fa16be9fb0" candidate_term: 1 candidate_status { last_received { term: 0 index: 0 } } ignore_live_leader: false dest_uuid: "738c556d97cb4f86ba19163e1184761f" is_pre_election: true
I20260630 12:13:24.479478  5078 tablet_service.cc:1917] Received RequestConsensusVote() RPC: tablet_id: "1eca3407e5d74f749c8a03e55499a2c3" candidate_uuid: "bcc00232cc3246c0a33485fa16be9fb0" candidate_term: 1 candidate_status { last_received { term: 0 index: 0 } } ignore_live_leader: false dest_uuid: "d843c31c5a6c46db95cd5433c118ec0a" is_pre_election: true
W20260630 12:13:24.482923  4893 leader_election.cc:343] T 1eca3407e5d74f749c8a03e55499a2c3 P bcc00232cc3246c0a33485fa16be9fb0 [CANDIDATE]: Term 1 pre-election: Tablet error from VoteRequest() call to peer d843c31c5a6c46db95cd5433c118ec0a (127.0.107.195:36463): Illegal state: must be running to vote when last-logged opid is not known
W20260630 12:13:24.483614  4895 leader_election.cc:343] T 1eca3407e5d74f749c8a03e55499a2c3 P bcc00232cc3246c0a33485fa16be9fb0 [CANDIDATE]: Term 1 pre-election: Tablet error from VoteRequest() call to peer 738c556d97cb4f86ba19163e1184761f (127.0.107.194:46031): Illegal state: must be running to vote when last-logged opid is not known
I20260630 12:13:24.484077  4895 leader_election.cc:304] T 1eca3407e5d74f749c8a03e55499a2c3 P bcc00232cc3246c0a33485fa16be9fb0 [CANDIDATE]: Term 1 pre-election: Election decided. Result: candidate lost. Election summary: received 3 responses out of 3 voters: 1 yes votes; 2 no votes. yes voters: bcc00232cc3246c0a33485fa16be9fb0; no voters: 738c556d97cb4f86ba19163e1184761f, d843c31c5a6c46db95cd5433c118ec0a
I20260630 12:13:24.494459  5078 tablet_service.cc:1917] Received RequestConsensusVote() RPC: tablet_id: "f54d2d9964bf479aa19f8f8a3b89faa8" candidate_uuid: "738c556d97cb4f86ba19163e1184761f" candidate_term: 1 candidate_status { last_received { term: 0 index: 0 } } ignore_live_leader: false dest_uuid: "d843c31c5a6c46db95cd5433c118ec0a"
I20260630 12:13:24.495042  5132 raft_consensus.cc:2749] T 1eca3407e5d74f749c8a03e55499a2c3 P bcc00232cc3246c0a33485fa16be9fb0 [term 0 FOLLOWER]: Leader pre-election lost for term 1. Reason: could not achieve majority
I20260630 12:13:24.492982  5131 leader_election.cc:290] T f54d2d9964bf479aa19f8f8a3b89faa8 P 738c556d97cb4f86ba19163e1184761f [CANDIDATE]: Term 1 election: Requested vote from peers d843c31c5a6c46db95cd5433c118ec0a (127.0.107.195:36463), bcc00232cc3246c0a33485fa16be9fb0 (127.0.107.193:39839)
I20260630 12:13:24.502054  5126 raft_consensus.cc:515] T f54d2d9964bf479aa19f8f8a3b89faa8 P d843c31c5a6c46db95cd5433c118ec0a [term 1 FOLLOWER]: Starting leader election with config: opid_index: -1 OBSOLETE_local: false peers { permanent_uuid: "d843c31c5a6c46db95cd5433c118ec0a" member_type: VOTER last_known_addr { host: "127.0.107.195" port: 36463 } } peers { permanent_uuid: "738c556d97cb4f86ba19163e1184761f" member_type: VOTER last_known_addr { host: "127.0.107.194" port: 46031 } } peers { permanent_uuid: "bcc00232cc3246c0a33485fa16be9fb0" member_type: VOTER last_known_addr { host: "127.0.107.193" port: 39839 } }
I20260630 12:13:24.503199  5149 raft_consensus.cc:515] T 4935b49c6016484bb28a6b0efb7a8ab5 P 738c556d97cb4f86ba19163e1184761f [term 1 FOLLOWER]: Starting leader election with config: opid_index: -1 OBSOLETE_local: false peers { permanent_uuid: "bcc00232cc3246c0a33485fa16be9fb0" member_type: VOTER last_known_addr { host: "127.0.107.193" port: 39839 } } peers { permanent_uuid: "738c556d97cb4f86ba19163e1184761f" member_type: VOTER last_known_addr { host: "127.0.107.194" port: 46031 } } peers { permanent_uuid: "d843c31c5a6c46db95cd5433c118ec0a" member_type: VOTER last_known_addr { host: "127.0.107.195" port: 36463 } }
I20260630 12:13:24.503789  5078 raft_consensus.cc:2393] T f54d2d9964bf479aa19f8f8a3b89faa8 P d843c31c5a6c46db95cd5433c118ec0a [term 1 FOLLOWER]: Leader election vote request: Denying vote to candidate 738c556d97cb4f86ba19163e1184761f in current term 1: Already voted for candidate d843c31c5a6c46db95cd5433c118ec0a in this term.
W20260630 12:13:24.492527  4967 outbound_call.cc:321] RPC callback for RPC call kudu.consensus.ConsensusService.RequestConsensusVote -> {remote=127.0.107.193:39839, user_credentials={real_user=slave}} blocked reactor thread for 65330.7us
I20260630 12:13:24.505728  5004 tablet_service.cc:1917] Received RequestConsensusVote() RPC: tablet_id: "f54d2d9964bf479aa19f8f8a3b89faa8" candidate_uuid: "d843c31c5a6c46db95cd5433c118ec0a" candidate_term: 1 candidate_status { last_received { term: 0 index: 0 } } ignore_live_leader: false dest_uuid: "738c556d97cb4f86ba19163e1184761f"
I20260630 12:13:24.506651  5004 raft_consensus.cc:2393] T f54d2d9964bf479aa19f8f8a3b89faa8 P 738c556d97cb4f86ba19163e1184761f [term 1 FOLLOWER]: Leader election vote request: Denying vote to candidate d843c31c5a6c46db95cd5433c118ec0a in current term 1: Already voted for candidate 738c556d97cb4f86ba19163e1184761f in this term.
I20260630 12:13:24.507589  4928 tablet_service.cc:1917] Received RequestConsensusVote() RPC: tablet_id: "f54d2d9964bf479aa19f8f8a3b89faa8" candidate_uuid: "738c556d97cb4f86ba19163e1184761f" candidate_term: 1 candidate_status { last_received { term: 0 index: 0 } } ignore_live_leader: false dest_uuid: "bcc00232cc3246c0a33485fa16be9fb0"
I20260630 12:13:24.508252  4928 raft_consensus.cc:3060] T f54d2d9964bf479aa19f8f8a3b89faa8 P bcc00232cc3246c0a33485fa16be9fb0 [term 0 FOLLOWER]: Advancing to term 1
I20260630 12:13:24.507802  5078 tablet_service.cc:1917] Received RequestConsensusVote() RPC: tablet_id: "4935b49c6016484bb28a6b0efb7a8ab5" candidate_uuid: "738c556d97cb4f86ba19163e1184761f" candidate_term: 1 candidate_status { last_received { term: 0 index: 0 } } ignore_live_leader: false dest_uuid: "d843c31c5a6c46db95cd5433c118ec0a"
I20260630 12:13:24.509128  5125 tablet_bootstrap.cc:492] T c4c34e6621494dc7b298c3a97a9d7b80 P 738c556d97cb4f86ba19163e1184761f: No bootstrap required, opened a new log
I20260630 12:13:24.509055  5078 raft_consensus.cc:3060] T 4935b49c6016484bb28a6b0efb7a8ab5 P d843c31c5a6c46db95cd5433c118ec0a [term 0 FOLLOWER]: Advancing to term 1
I20260630 12:13:24.509768  5125 ts_tablet_manager.cc:1403] T c4c34e6621494dc7b298c3a97a9d7b80 P 738c556d97cb4f86ba19163e1184761f: Time spent bootstrapping tablet: real 0.125s	user 0.043s	sys 0.060s
I20260630 12:13:24.510290  4929 tablet_service.cc:1917] Received RequestConsensusVote() RPC: tablet_id: "4935b49c6016484bb28a6b0efb7a8ab5" candidate_uuid: "738c556d97cb4f86ba19163e1184761f" candidate_term: 1 candidate_status { last_received { term: 0 index: 0 } } ignore_live_leader: false dest_uuid: "bcc00232cc3246c0a33485fa16be9fb0"
I20260630 12:13:24.511009  4929 raft_consensus.cc:3060] T 4935b49c6016484bb28a6b0efb7a8ab5 P bcc00232cc3246c0a33485fa16be9fb0 [term 0 FOLLOWER]: Advancing to term 1
I20260630 12:13:24.505324  5123 tablet_bootstrap.cc:492] T 1eca3407e5d74f749c8a03e55499a2c3 P d843c31c5a6c46db95cd5433c118ec0a: No bootstrap required, opened a new log
I20260630 12:13:24.513170  5123 ts_tablet_manager.cc:1403] T 1eca3407e5d74f749c8a03e55499a2c3 P d843c31c5a6c46db95cd5433c118ec0a: Time spent bootstrapping tablet: real 0.126s	user 0.039s	sys 0.041s
I20260630 12:13:24.514647  5125 raft_consensus.cc:359] T c4c34e6621494dc7b298c3a97a9d7b80 P 738c556d97cb4f86ba19163e1184761f [term 0 FOLLOWER]: Replica starting. Triggering 0 pending ops. Active config: opid_index: -1 OBSOLETE_local: false peers { permanent_uuid: "bcc00232cc3246c0a33485fa16be9fb0" member_type: VOTER last_known_addr { host: "127.0.107.193" port: 39839 } } peers { permanent_uuid: "738c556d97cb4f86ba19163e1184761f" member_type: VOTER last_known_addr { host: "127.0.107.194" port: 46031 } } peers { permanent_uuid: "d843c31c5a6c46db95cd5433c118ec0a" member_type: VOTER last_known_addr { host: "127.0.107.195" port: 36463 } }
I20260630 12:13:24.515570  5125 raft_consensus.cc:385] T c4c34e6621494dc7b298c3a97a9d7b80 P 738c556d97cb4f86ba19163e1184761f [term 0 FOLLOWER]: Consensus starting up: Expiring failure detector timer to make a prompt election more likely
I20260630 12:13:24.515924  5125 raft_consensus.cc:740] T c4c34e6621494dc7b298c3a97a9d7b80 P 738c556d97cb4f86ba19163e1184761f [term 0 FOLLOWER]: Becoming Follower/Learner. State: Replica: 738c556d97cb4f86ba19163e1184761f, State: Initialized, Role: FOLLOWER
I20260630 12:13:24.516724  5126 leader_election.cc:290] T f54d2d9964bf479aa19f8f8a3b89faa8 P d843c31c5a6c46db95cd5433c118ec0a [CANDIDATE]: Term 1 election: Requested vote from peers 738c556d97cb4f86ba19163e1184761f (127.0.107.194:46031), bcc00232cc3246c0a33485fa16be9fb0 (127.0.107.193:39839)
I20260630 12:13:24.518714  4927 tablet_service.cc:1917] Received RequestConsensusVote() RPC: tablet_id: "f54d2d9964bf479aa19f8f8a3b89faa8" candidate_uuid: "d843c31c5a6c46db95cd5433c118ec0a" candidate_term: 1 candidate_status { last_received { term: 0 index: 0 } } ignore_live_leader: false dest_uuid: "bcc00232cc3246c0a33485fa16be9fb0"
I20260630 12:13:24.519522  5123 raft_consensus.cc:359] T 1eca3407e5d74f749c8a03e55499a2c3 P d843c31c5a6c46db95cd5433c118ec0a [term 0 FOLLOWER]: Replica starting. Triggering 0 pending ops. Active config: opid_index: -1 OBSOLETE_local: false peers { permanent_uuid: "bcc00232cc3246c0a33485fa16be9fb0" member_type: VOTER last_known_addr { host: "127.0.107.193" port: 39839 } } peers { permanent_uuid: "738c556d97cb4f86ba19163e1184761f" member_type: VOTER last_known_addr { host: "127.0.107.194" port: 46031 } } peers { permanent_uuid: "d843c31c5a6c46db95cd5433c118ec0a" member_type: VOTER last_known_addr { host: "127.0.107.195" port: 36463 } }
I20260630 12:13:24.520335  5123 raft_consensus.cc:385] T 1eca3407e5d74f749c8a03e55499a2c3 P d843c31c5a6c46db95cd5433c118ec0a [term 0 FOLLOWER]: Consensus starting up: Expiring failure detector timer to make a prompt election more likely
I20260630 12:13:24.520656  5123 raft_consensus.cc:740] T 1eca3407e5d74f749c8a03e55499a2c3 P d843c31c5a6c46db95cd5433c118ec0a [term 0 FOLLOWER]: Becoming Follower/Learner. State: Replica: d843c31c5a6c46db95cd5433c118ec0a, State: Initialized, Role: FOLLOWER
I20260630 12:13:24.520812  5041 leader_election.cc:304] T f54d2d9964bf479aa19f8f8a3b89faa8 P d843c31c5a6c46db95cd5433c118ec0a [CANDIDATE]: Term 1 election: Election decided. Result: candidate lost. Election summary: received 3 responses out of 3 voters: 1 yes votes; 2 no votes. yes voters: d843c31c5a6c46db95cd5433c118ec0a; no voters: 738c556d97cb4f86ba19163e1184761f, bcc00232cc3246c0a33485fa16be9fb0
I20260630 12:13:24.521507  5123 consensus_queue.cc:260] T 1eca3407e5d74f749c8a03e55499a2c3 P d843c31c5a6c46db95cd5433c118ec0a [NON_LEADER]: Queue going to NON_LEADER mode. State: All replicated index: 0, Majority replicated index: 0, Committed index: 0, Last appended: 0.0, Last appended by leader: 0, Current term: 0, Majority size: -1, State: 0, Mode: NON_LEADER, active raft config: opid_index: -1 OBSOLETE_local: false peers { permanent_uuid: "bcc00232cc3246c0a33485fa16be9fb0" member_type: VOTER last_known_addr { host: "127.0.107.193" port: 39839 } } peers { permanent_uuid: "738c556d97cb4f86ba19163e1184761f" member_type: VOTER last_known_addr { host: "127.0.107.194" port: 46031 } } peers { permanent_uuid: "d843c31c5a6c46db95cd5433c118ec0a" member_type: VOTER last_known_addr { host: "127.0.107.195" port: 36463 } }
I20260630 12:13:24.505972  5003 raft_consensus.cc:2468] T aa8f89447fad4eb79daa4b05089b225a P 738c556d97cb4f86ba19163e1184761f [term 1 FOLLOWER]: Leader election vote request: Granting yes vote for candidate bcc00232cc3246c0a33485fa16be9fb0 in term 1.
I20260630 12:13:24.505574  5149 leader_election.cc:290] T 4935b49c6016484bb28a6b0efb7a8ab5 P 738c556d97cb4f86ba19163e1184761f [CANDIDATE]: Term 1 election: Requested vote from peers bcc00232cc3246c0a33485fa16be9fb0 (127.0.107.193:39839), d843c31c5a6c46db95cd5433c118ec0a (127.0.107.195:36463)
I20260630 12:13:24.528689  5127 ts_tablet_manager.cc:1434] T 1eca3407e5d74f749c8a03e55499a2c3 P bcc00232cc3246c0a33485fa16be9fb0: Time spent starting tablet: real 0.123s	user 0.014s	sys 0.006s
I20260630 12:13:24.529847  5127 tablet_bootstrap.cc:492] T 8be16f965fcf4eeda7f8f9e876e73c58 P bcc00232cc3246c0a33485fa16be9fb0: Bootstrap starting.
I20260630 12:13:24.524645  5125 consensus_queue.cc:260] T c4c34e6621494dc7b298c3a97a9d7b80 P 738c556d97cb4f86ba19163e1184761f [NON_LEADER]: Queue going to NON_LEADER mode. State: All replicated index: 0, Majority replicated index: 0, Committed index: 0, Last appended: 0.0, Last appended by leader: 0, Current term: 0, Majority size: -1, State: 0, Mode: NON_LEADER, active raft config: opid_index: -1 OBSOLETE_local: false peers { permanent_uuid: "bcc00232cc3246c0a33485fa16be9fb0" member_type: VOTER last_known_addr { host: "127.0.107.193" port: 39839 } } peers { permanent_uuid: "738c556d97cb4f86ba19163e1184761f" member_type: VOTER last_known_addr { host: "127.0.107.194" port: 46031 } } peers { permanent_uuid: "d843c31c5a6c46db95cd5433c118ec0a" member_type: VOTER last_known_addr { host: "127.0.107.195" port: 36463 } }
I20260630 12:13:24.532369  5125 ts_tablet_manager.cc:1434] T c4c34e6621494dc7b298c3a97a9d7b80 P 738c556d97cb4f86ba19163e1184761f: Time spent starting tablet: real 0.022s	user 0.004s	sys 0.005s
I20260630 12:13:24.533528  5125 tablet_bootstrap.cc:492] T 8be16f965fcf4eeda7f8f9e876e73c58 P 738c556d97cb4f86ba19163e1184761f: Bootstrap starting.
I20260630 12:13:24.534205  5126 raft_consensus.cc:2749] T f54d2d9964bf479aa19f8f8a3b89faa8 P d843c31c5a6c46db95cd5433c118ec0a [term 1 FOLLOWER]: Leader election lost for term 1. Reason: could not achieve majority
I20260630 12:13:24.534849  4895 leader_election.cc:304] T aa8f89447fad4eb79daa4b05089b225a P bcc00232cc3246c0a33485fa16be9fb0 [CANDIDATE]: Term 1 election: Election decided. Result: candidate won. Election summary: received 3 responses out of 3 voters: 2 yes votes; 1 no votes. yes voters: 738c556d97cb4f86ba19163e1184761f, bcc00232cc3246c0a33485fa16be9fb0; no voters: d843c31c5a6c46db95cd5433c118ec0a
I20260630 12:13:24.536067  5132 raft_consensus.cc:2804] T aa8f89447fad4eb79daa4b05089b225a P bcc00232cc3246c0a33485fa16be9fb0 [term 1 FOLLOWER]: Leader election won for term 1
I20260630 12:13:24.536566  5132 raft_consensus.cc:697] T aa8f89447fad4eb79daa4b05089b225a P bcc00232cc3246c0a33485fa16be9fb0 [term 1 LEADER]: Becoming Leader. State: Replica: bcc00232cc3246c0a33485fa16be9fb0, State: Running, Role: LEADER
I20260630 12:13:24.537290  5132 consensus_queue.cc:237] T aa8f89447fad4eb79daa4b05089b225a P bcc00232cc3246c0a33485fa16be9fb0 [LEADER]: Queue going to LEADER mode. State: All replicated index: 0, Majority replicated index: 0, Committed index: 0, Last appended: 0.0, Last appended by leader: 0, Current term: 1, Majority size: 2, State: 0, Mode: LEADER, active raft config: opid_index: -1 OBSOLETE_local: false peers { permanent_uuid: "bcc00232cc3246c0a33485fa16be9fb0" member_type: VOTER last_known_addr { host: "127.0.107.193" port: 39839 } } peers { permanent_uuid: "738c556d97cb4f86ba19163e1184761f" member_type: VOTER last_known_addr { host: "127.0.107.194" port: 46031 } } peers { permanent_uuid: "d843c31c5a6c46db95cd5433c118ec0a" member_type: VOTER last_known_addr { host: "127.0.107.195" port: 36463 } }
I20260630 12:13:24.540141  5125 tablet_bootstrap.cc:654] T 8be16f965fcf4eeda7f8f9e876e73c58 P 738c556d97cb4f86ba19163e1184761f: Neither blocks nor log segments found. Creating new log.
I20260630 12:13:24.542018  5123 ts_tablet_manager.cc:1434] T 1eca3407e5d74f749c8a03e55499a2c3 P d843c31c5a6c46db95cd5433c118ec0a: Time spent starting tablet: real 0.028s	user 0.007s	sys 0.001s
I20260630 12:13:24.543203  5123 tablet_bootstrap.cc:492] T 8be16f965fcf4eeda7f8f9e876e73c58 P d843c31c5a6c46db95cd5433c118ec0a: Bootstrap starting.
I20260630 12:13:24.543649  5127 tablet_bootstrap.cc:654] T 8be16f965fcf4eeda7f8f9e876e73c58 P bcc00232cc3246c0a33485fa16be9fb0: Neither blocks nor log segments found. Creating new log.
I20260630 12:13:24.551201  4929 raft_consensus.cc:2468] T 4935b49c6016484bb28a6b0efb7a8ab5 P bcc00232cc3246c0a33485fa16be9fb0 [term 1 FOLLOWER]: Leader election vote request: Granting yes vote for candidate 738c556d97cb4f86ba19163e1184761f in term 1.
I20260630 12:13:24.544404  4928 raft_consensus.cc:2468] T f54d2d9964bf479aa19f8f8a3b89faa8 P bcc00232cc3246c0a33485fa16be9fb0 [term 1 FOLLOWER]: Leader election vote request: Granting yes vote for candidate 738c556d97cb4f86ba19163e1184761f in term 1.
I20260630 12:13:24.554863  4967 leader_election.cc:304] T 4935b49c6016484bb28a6b0efb7a8ab5 P 738c556d97cb4f86ba19163e1184761f [CANDIDATE]: Term 1 election: Election decided. Result: candidate won. Election summary: received 2 responses out of 3 voters: 2 yes votes; 0 no votes. yes voters: 738c556d97cb4f86ba19163e1184761f, bcc00232cc3246c0a33485fa16be9fb0; no voters: 
I20260630 12:13:24.556562  5148 raft_consensus.cc:2804] T 4935b49c6016484bb28a6b0efb7a8ab5 P 738c556d97cb4f86ba19163e1184761f [term 1 FOLLOWER]: Leader election won for term 1
I20260630 12:13:24.557107  5148 raft_consensus.cc:697] T 4935b49c6016484bb28a6b0efb7a8ab5 P 738c556d97cb4f86ba19163e1184761f [term 1 LEADER]: Becoming Leader. State: Replica: 738c556d97cb4f86ba19163e1184761f, State: Running, Role: LEADER
I20260630 12:13:24.557600  5123 tablet_bootstrap.cc:654] T 8be16f965fcf4eeda7f8f9e876e73c58 P d843c31c5a6c46db95cd5433c118ec0a: Neither blocks nor log segments found. Creating new log.
I20260630 12:13:24.555943  4967 leader_election.cc:304] T f54d2d9964bf479aa19f8f8a3b89faa8 P 738c556d97cb4f86ba19163e1184761f [CANDIDATE]: Term 1 election: Election decided. Result: candidate won. Election summary: received 3 responses out of 3 voters: 2 yes votes; 1 no votes. yes voters: 738c556d97cb4f86ba19163e1184761f, bcc00232cc3246c0a33485fa16be9fb0; no voters: d843c31c5a6c46db95cd5433c118ec0a
I20260630 12:13:24.557981  5148 consensus_queue.cc:237] T 4935b49c6016484bb28a6b0efb7a8ab5 P 738c556d97cb4f86ba19163e1184761f [LEADER]: Queue going to LEADER mode. State: All replicated index: 0, Majority replicated index: 0, Committed index: 0, Last appended: 0.0, Last appended by leader: 0, Current term: 1, Majority size: 2, State: 0, Mode: LEADER, active raft config: opid_index: -1 OBSOLETE_local: false peers { permanent_uuid: "bcc00232cc3246c0a33485fa16be9fb0" member_type: VOTER last_known_addr { host: "127.0.107.193" port: 39839 } } peers { permanent_uuid: "738c556d97cb4f86ba19163e1184761f" member_type: VOTER last_known_addr { host: "127.0.107.194" port: 46031 } } peers { permanent_uuid: "d843c31c5a6c46db95cd5433c118ec0a" member_type: VOTER last_known_addr { host: "127.0.107.195" port: 36463 } }
I20260630 12:13:24.558998  5131 raft_consensus.cc:2804] T f54d2d9964bf479aa19f8f8a3b89faa8 P 738c556d97cb4f86ba19163e1184761f [term 1 FOLLOWER]: Leader election won for term 1
I20260630 12:13:24.559525  5131 raft_consensus.cc:697] T f54d2d9964bf479aa19f8f8a3b89faa8 P 738c556d97cb4f86ba19163e1184761f [term 1 LEADER]: Becoming Leader. State: Replica: 738c556d97cb4f86ba19163e1184761f, State: Running, Role: LEADER
I20260630 12:13:24.560348  5131 consensus_queue.cc:237] T f54d2d9964bf479aa19f8f8a3b89faa8 P 738c556d97cb4f86ba19163e1184761f [LEADER]: Queue going to LEADER mode. State: All replicated index: 0, Majority replicated index: 0, Committed index: 0, Last appended: 0.0, Last appended by leader: 0, Current term: 1, Majority size: 2, State: 0, Mode: LEADER, active raft config: opid_index: -1 OBSOLETE_local: false peers { permanent_uuid: "d843c31c5a6c46db95cd5433c118ec0a" member_type: VOTER last_known_addr { host: "127.0.107.195" port: 36463 } } peers { permanent_uuid: "738c556d97cb4f86ba19163e1184761f" member_type: VOTER last_known_addr { host: "127.0.107.194" port: 46031 } } peers { permanent_uuid: "bcc00232cc3246c0a33485fa16be9fb0" member_type: VOTER last_known_addr { host: "127.0.107.193" port: 39839 } }
I20260630 12:13:24.566816  4824 catalog_manager.cc:5697] T a5b14d149de44c65a165106185fca550 P 738c556d97cb4f86ba19163e1184761f reported cstate change: term changed from 0 to 1, leader changed from <none> to 738c556d97cb4f86ba19163e1184761f (127.0.107.194). New cstate: current_term: 1 leader_uuid: "738c556d97cb4f86ba19163e1184761f" committed_config { opid_index: -1 OBSOLETE_local: false peers { permanent_uuid: "bcc00232cc3246c0a33485fa16be9fb0" member_type: VOTER last_known_addr { host: "127.0.107.193" port: 39839 } health_report { overall_health: UNKNOWN } } peers { permanent_uuid: "738c556d97cb4f86ba19163e1184761f" member_type: VOTER last_known_addr { host: "127.0.107.194" port: 46031 } health_report { overall_health: HEALTHY } } peers { permanent_uuid: "d843c31c5a6c46db95cd5433c118ec0a" member_type: VOTER last_known_addr { host: "127.0.107.195" port: 36463 } health_report { overall_health: UNKNOWN } } }
I20260630 12:13:24.570070  5125 tablet_bootstrap.cc:492] T 8be16f965fcf4eeda7f8f9e876e73c58 P 738c556d97cb4f86ba19163e1184761f: No bootstrap required, opened a new log
I20260630 12:13:24.570560  5125 ts_tablet_manager.cc:1403] T 8be16f965fcf4eeda7f8f9e876e73c58 P 738c556d97cb4f86ba19163e1184761f: Time spent bootstrapping tablet: real 0.037s	user 0.013s	sys 0.004s
I20260630 12:13:24.572855  5125 raft_consensus.cc:359] T 8be16f965fcf4eeda7f8f9e876e73c58 P 738c556d97cb4f86ba19163e1184761f [term 0 FOLLOWER]: Replica starting. Triggering 0 pending ops. Active config: opid_index: -1 OBSOLETE_local: false peers { permanent_uuid: "bcc00232cc3246c0a33485fa16be9fb0" member_type: VOTER last_known_addr { host: "127.0.107.193" port: 39839 } } peers { permanent_uuid: "738c556d97cb4f86ba19163e1184761f" member_type: VOTER last_known_addr { host: "127.0.107.194" port: 46031 } } peers { permanent_uuid: "d843c31c5a6c46db95cd5433c118ec0a" member_type: VOTER last_known_addr { host: "127.0.107.195" port: 36463 } }
I20260630 12:13:24.573587  5078 raft_consensus.cc:2468] T 4935b49c6016484bb28a6b0efb7a8ab5 P d843c31c5a6c46db95cd5433c118ec0a [term 1 FOLLOWER]: Leader election vote request: Granting yes vote for candidate 738c556d97cb4f86ba19163e1184761f in term 1.
I20260630 12:13:24.573582  5125 raft_consensus.cc:385] T 8be16f965fcf4eeda7f8f9e876e73c58 P 738c556d97cb4f86ba19163e1184761f [term 0 FOLLOWER]: Consensus starting up: Expiring failure detector timer to make a prompt election more likely
I20260630 12:13:24.575911  5125 raft_consensus.cc:740] T 8be16f965fcf4eeda7f8f9e876e73c58 P 738c556d97cb4f86ba19163e1184761f [term 0 FOLLOWER]: Becoming Follower/Learner. State: Replica: 738c556d97cb4f86ba19163e1184761f, State: Initialized, Role: FOLLOWER
I20260630 12:13:24.576654  5125 consensus_queue.cc:260] T 8be16f965fcf4eeda7f8f9e876e73c58 P 738c556d97cb4f86ba19163e1184761f [NON_LEADER]: Queue going to NON_LEADER mode. State: All replicated index: 0, Majority replicated index: 0, Committed index: 0, Last appended: 0.0, Last appended by leader: 0, Current term: 0, Majority size: -1, State: 0, Mode: NON_LEADER, active raft config: opid_index: -1 OBSOLETE_local: false peers { permanent_uuid: "bcc00232cc3246c0a33485fa16be9fb0" member_type: VOTER last_known_addr { host: "127.0.107.193" port: 39839 } } peers { permanent_uuid: "738c556d97cb4f86ba19163e1184761f" member_type: VOTER last_known_addr { host: "127.0.107.194" port: 46031 } } peers { permanent_uuid: "d843c31c5a6c46db95cd5433c118ec0a" member_type: VOTER last_known_addr { host: "127.0.107.195" port: 36463 } }
I20260630 12:13:24.577961  5127 tablet_bootstrap.cc:492] T 8be16f965fcf4eeda7f8f9e876e73c58 P bcc00232cc3246c0a33485fa16be9fb0: No bootstrap required, opened a new log
I20260630 12:13:24.578444  5127 ts_tablet_manager.cc:1403] T 8be16f965fcf4eeda7f8f9e876e73c58 P bcc00232cc3246c0a33485fa16be9fb0: Time spent bootstrapping tablet: real 0.049s	user 0.022s	sys 0.004s
I20260630 12:13:24.578938  5125 ts_tablet_manager.cc:1434] T 8be16f965fcf4eeda7f8f9e876e73c58 P 738c556d97cb4f86ba19163e1184761f: Time spent starting tablet: real 0.008s	user 0.006s	sys 0.000s
I20260630 12:13:24.579891  5125 tablet_bootstrap.cc:492] T 1eca3407e5d74f749c8a03e55499a2c3 P 738c556d97cb4f86ba19163e1184761f: Bootstrap starting.
I20260630 12:13:24.581034  5127 raft_consensus.cc:359] T 8be16f965fcf4eeda7f8f9e876e73c58 P bcc00232cc3246c0a33485fa16be9fb0 [term 0 FOLLOWER]: Replica starting. Triggering 0 pending ops. Active config: opid_index: -1 OBSOLETE_local: false peers { permanent_uuid: "bcc00232cc3246c0a33485fa16be9fb0" member_type: VOTER last_known_addr { host: "127.0.107.193" port: 39839 } } peers { permanent_uuid: "738c556d97cb4f86ba19163e1184761f" member_type: VOTER last_known_addr { host: "127.0.107.194" port: 46031 } } peers { permanent_uuid: "d843c31c5a6c46db95cd5433c118ec0a" member_type: VOTER last_known_addr { host: "127.0.107.195" port: 36463 } }
I20260630 12:13:24.581880  5127 raft_consensus.cc:385] T 8be16f965fcf4eeda7f8f9e876e73c58 P bcc00232cc3246c0a33485fa16be9fb0 [term 0 FOLLOWER]: Consensus starting up: Expiring failure detector timer to make a prompt election more likely
I20260630 12:13:24.582176  5127 raft_consensus.cc:740] T 8be16f965fcf4eeda7f8f9e876e73c58 P bcc00232cc3246c0a33485fa16be9fb0 [term 0 FOLLOWER]: Becoming Follower/Learner. State: Replica: bcc00232cc3246c0a33485fa16be9fb0, State: Initialized, Role: FOLLOWER
I20260630 12:13:24.583096  5127 consensus_queue.cc:260] T 8be16f965fcf4eeda7f8f9e876e73c58 P bcc00232cc3246c0a33485fa16be9fb0 [NON_LEADER]: Queue going to NON_LEADER mode. State: All replicated index: 0, Majority replicated index: 0, Committed index: 0, Last appended: 0.0, Last appended by leader: 0, Current term: 0, Majority size: -1, State: 0, Mode: NON_LEADER, active raft config: opid_index: -1 OBSOLETE_local: false peers { permanent_uuid: "bcc00232cc3246c0a33485fa16be9fb0" member_type: VOTER last_known_addr { host: "127.0.107.193" port: 39839 } } peers { permanent_uuid: "738c556d97cb4f86ba19163e1184761f" member_type: VOTER last_known_addr { host: "127.0.107.194" port: 46031 } } peers { permanent_uuid: "d843c31c5a6c46db95cd5433c118ec0a" member_type: VOTER last_known_addr { host: "127.0.107.195" port: 36463 } }
I20260630 12:13:24.583568  4826 catalog_manager.cc:5697] T aa8f89447fad4eb79daa4b05089b225a P bcc00232cc3246c0a33485fa16be9fb0 reported cstate change: term changed from 0 to 1, leader changed from <none> to bcc00232cc3246c0a33485fa16be9fb0 (127.0.107.193). New cstate: current_term: 1 leader_uuid: "bcc00232cc3246c0a33485fa16be9fb0" committed_config { opid_index: -1 OBSOLETE_local: false peers { permanent_uuid: "bcc00232cc3246c0a33485fa16be9fb0" member_type: VOTER last_known_addr { host: "127.0.107.193" port: 39839 } health_report { overall_health: HEALTHY } } peers { permanent_uuid: "738c556d97cb4f86ba19163e1184761f" member_type: VOTER last_known_addr { host: "127.0.107.194" port: 46031 } health_report { overall_health: UNKNOWN } } peers { permanent_uuid: "d843c31c5a6c46db95cd5433c118ec0a" member_type: VOTER last_known_addr { host: "127.0.107.195" port: 36463 } health_report { overall_health: UNKNOWN } } }
I20260630 12:13:24.585608  5127 ts_tablet_manager.cc:1434] T 8be16f965fcf4eeda7f8f9e876e73c58 P bcc00232cc3246c0a33485fa16be9fb0: Time spent starting tablet: real 0.007s	user 0.006s	sys 0.000s
I20260630 12:13:24.586280  5125 tablet_bootstrap.cc:654] T 1eca3407e5d74f749c8a03e55499a2c3 P 738c556d97cb4f86ba19163e1184761f: Neither blocks nor log segments found. Creating new log.
I20260630 12:13:24.586614  5127 tablet_bootstrap.cc:492] T fdaa343ac039417d9acfc4fac603142b P bcc00232cc3246c0a33485fa16be9fb0: Bootstrap starting.
I20260630 12:13:24.594679  5127 tablet_bootstrap.cc:654] T fdaa343ac039417d9acfc4fac603142b P bcc00232cc3246c0a33485fa16be9fb0: Neither blocks nor log segments found. Creating new log.
I20260630 12:13:24.598053  5125 tablet_bootstrap.cc:492] T 1eca3407e5d74f749c8a03e55499a2c3 P 738c556d97cb4f86ba19163e1184761f: No bootstrap required, opened a new log
I20260630 12:13:24.598573  5125 ts_tablet_manager.cc:1403] T 1eca3407e5d74f749c8a03e55499a2c3 P 738c556d97cb4f86ba19163e1184761f: Time spent bootstrapping tablet: real 0.019s	user 0.012s	sys 0.000s
I20260630 12:13:24.601315  5125 raft_consensus.cc:359] T 1eca3407e5d74f749c8a03e55499a2c3 P 738c556d97cb4f86ba19163e1184761f [term 0 FOLLOWER]: Replica starting. Triggering 0 pending ops. Active config: opid_index: -1 OBSOLETE_local: false peers { permanent_uuid: "bcc00232cc3246c0a33485fa16be9fb0" member_type: VOTER last_known_addr { host: "127.0.107.193" port: 39839 } } peers { permanent_uuid: "738c556d97cb4f86ba19163e1184761f" member_type: VOTER last_known_addr { host: "127.0.107.194" port: 46031 } } peers { permanent_uuid: "d843c31c5a6c46db95cd5433c118ec0a" member_type: VOTER last_known_addr { host: "127.0.107.195" port: 36463 } }
I20260630 12:13:24.602099  5125 raft_consensus.cc:385] T 1eca3407e5d74f749c8a03e55499a2c3 P 738c556d97cb4f86ba19163e1184761f [term 0 FOLLOWER]: Consensus starting up: Expiring failure detector timer to make a prompt election more likely
I20260630 12:13:24.602425  5125 raft_consensus.cc:740] T 1eca3407e5d74f749c8a03e55499a2c3 P 738c556d97cb4f86ba19163e1184761f [term 0 FOLLOWER]: Becoming Follower/Learner. State: Replica: 738c556d97cb4f86ba19163e1184761f, State: Initialized, Role: FOLLOWER
I20260630 12:13:24.608744  5127 tablet_bootstrap.cc:492] T fdaa343ac039417d9acfc4fac603142b P bcc00232cc3246c0a33485fa16be9fb0: No bootstrap required, opened a new log
I20260630 12:13:24.609557  5127 ts_tablet_manager.cc:1403] T fdaa343ac039417d9acfc4fac603142b P bcc00232cc3246c0a33485fa16be9fb0: Time spent bootstrapping tablet: real 0.023s	user 0.012s	sys 0.006s
I20260630 12:13:24.609355  5125 consensus_queue.cc:260] T 1eca3407e5d74f749c8a03e55499a2c3 P 738c556d97cb4f86ba19163e1184761f [NON_LEADER]: Queue going to NON_LEADER mode. State: All replicated index: 0, Majority replicated index: 0, Committed index: 0, Last appended: 0.0, Last appended by leader: 0, Current term: 0, Majority size: -1, State: 0, Mode: NON_LEADER, active raft config: opid_index: -1 OBSOLETE_local: false peers { permanent_uuid: "bcc00232cc3246c0a33485fa16be9fb0" member_type: VOTER last_known_addr { host: "127.0.107.193" port: 39839 } } peers { permanent_uuid: "738c556d97cb4f86ba19163e1184761f" member_type: VOTER last_known_addr { host: "127.0.107.194" port: 46031 } } peers { permanent_uuid: "d843c31c5a6c46db95cd5433c118ec0a" member_type: VOTER last_known_addr { host: "127.0.107.195" port: 36463 } }
I20260630 12:13:24.614926  5125 ts_tablet_manager.cc:1434] T 1eca3407e5d74f749c8a03e55499a2c3 P 738c556d97cb4f86ba19163e1184761f: Time spent starting tablet: real 0.016s	user 0.007s	sys 0.000s
I20260630 12:13:24.615975  5125 tablet_bootstrap.cc:492] T fdaa343ac039417d9acfc4fac603142b P 738c556d97cb4f86ba19163e1184761f: Bootstrap starting.
I20260630 12:13:24.621297  5127 raft_consensus.cc:359] T fdaa343ac039417d9acfc4fac603142b P bcc00232cc3246c0a33485fa16be9fb0 [term 0 FOLLOWER]: Replica starting. Triggering 0 pending ops. Active config: opid_index: -1 OBSOLETE_local: false peers { permanent_uuid: "bcc00232cc3246c0a33485fa16be9fb0" member_type: VOTER last_known_addr { host: "127.0.107.193" port: 39839 } } peers { permanent_uuid: "738c556d97cb4f86ba19163e1184761f" member_type: VOTER last_known_addr { host: "127.0.107.194" port: 46031 } } peers { permanent_uuid: "d843c31c5a6c46db95cd5433c118ec0a" member_type: VOTER last_known_addr { host: "127.0.107.195" port: 36463 } }
I20260630 12:13:24.622088  5127 raft_consensus.cc:385] T fdaa343ac039417d9acfc4fac603142b P bcc00232cc3246c0a33485fa16be9fb0 [term 0 FOLLOWER]: Consensus starting up: Expiring failure detector timer to make a prompt election more likely
I20260630 12:13:24.622366  5127 raft_consensus.cc:740] T fdaa343ac039417d9acfc4fac603142b P bcc00232cc3246c0a33485fa16be9fb0 [term 0 FOLLOWER]: Becoming Follower/Learner. State: Replica: bcc00232cc3246c0a33485fa16be9fb0, State: Initialized, Role: FOLLOWER
I20260630 12:13:24.623304  5125 tablet_bootstrap.cc:654] T fdaa343ac039417d9acfc4fac603142b P 738c556d97cb4f86ba19163e1184761f: Neither blocks nor log segments found. Creating new log.
I20260630 12:13:24.623728  5127 consensus_queue.cc:260] T fdaa343ac039417d9acfc4fac603142b P bcc00232cc3246c0a33485fa16be9fb0 [NON_LEADER]: Queue going to NON_LEADER mode. State: All replicated index: 0, Majority replicated index: 0, Committed index: 0, Last appended: 0.0, Last appended by leader: 0, Current term: 0, Majority size: -1, State: 0, Mode: NON_LEADER, active raft config: opid_index: -1 OBSOLETE_local: false peers { permanent_uuid: "bcc00232cc3246c0a33485fa16be9fb0" member_type: VOTER last_known_addr { host: "127.0.107.193" port: 39839 } } peers { permanent_uuid: "738c556d97cb4f86ba19163e1184761f" member_type: VOTER last_known_addr { host: "127.0.107.194" port: 46031 } } peers { permanent_uuid: "d843c31c5a6c46db95cd5433c118ec0a" member_type: VOTER last_known_addr { host: "127.0.107.195" port: 36463 } }
I20260630 12:13:24.626216  5127 ts_tablet_manager.cc:1434] T fdaa343ac039417d9acfc4fac603142b P bcc00232cc3246c0a33485fa16be9fb0: Time spent starting tablet: real 0.016s	user 0.006s	sys 0.001s
I20260630 12:13:24.627219  5127 tablet_bootstrap.cc:492] T 10f5e60500114e57b16fde88fb2cbf18 P bcc00232cc3246c0a33485fa16be9fb0: Bootstrap starting.
I20260630 12:13:24.629060  4823 catalog_manager.cc:5697] T f54d2d9964bf479aa19f8f8a3b89faa8 P 738c556d97cb4f86ba19163e1184761f reported cstate change: term changed from 0 to 1, leader changed from <none> to 738c556d97cb4f86ba19163e1184761f (127.0.107.194). New cstate: current_term: 1 leader_uuid: "738c556d97cb4f86ba19163e1184761f" committed_config { opid_index: -1 OBSOLETE_local: false peers { permanent_uuid: "d843c31c5a6c46db95cd5433c118ec0a" member_type: VOTER last_known_addr { host: "127.0.107.195" port: 36463 } health_report { overall_health: UNKNOWN } } peers { permanent_uuid: "738c556d97cb4f86ba19163e1184761f" member_type: VOTER last_known_addr { host: "127.0.107.194" port: 46031 } health_report { overall_health: HEALTHY } } peers { permanent_uuid: "bcc00232cc3246c0a33485fa16be9fb0" member_type: VOTER last_known_addr { host: "127.0.107.193" port: 39839 } health_report { overall_health: UNKNOWN } } }
I20260630 12:13:24.631948  5123 tablet_bootstrap.cc:492] T 8be16f965fcf4eeda7f8f9e876e73c58 P d843c31c5a6c46db95cd5433c118ec0a: No bootstrap required, opened a new log
I20260630 12:13:24.632506  5123 ts_tablet_manager.cc:1403] T 8be16f965fcf4eeda7f8f9e876e73c58 P d843c31c5a6c46db95cd5433c118ec0a: Time spent bootstrapping tablet: real 0.090s	user 0.010s	sys 0.001s
I20260630 12:13:24.631824  4823 catalog_manager.cc:5697] T 4935b49c6016484bb28a6b0efb7a8ab5 P 738c556d97cb4f86ba19163e1184761f reported cstate change: term changed from 0 to 1, leader changed from <none> to 738c556d97cb4f86ba19163e1184761f (127.0.107.194). New cstate: current_term: 1 leader_uuid: "738c556d97cb4f86ba19163e1184761f" committed_config { opid_index: -1 OBSOLETE_local: false peers { permanent_uuid: "bcc00232cc3246c0a33485fa16be9fb0" member_type: VOTER last_known_addr { host: "127.0.107.193" port: 39839 } health_report { overall_health: UNKNOWN } } peers { permanent_uuid: "738c556d97cb4f86ba19163e1184761f" member_type: VOTER last_known_addr { host: "127.0.107.194" port: 46031 } health_report { overall_health: HEALTHY } } peers { permanent_uuid: "d843c31c5a6c46db95cd5433c118ec0a" member_type: VOTER last_known_addr { host: "127.0.107.195" port: 36463 } health_report { overall_health: UNKNOWN } } }
I20260630 12:13:24.633162  5127 tablet_bootstrap.cc:654] T 10f5e60500114e57b16fde88fb2cbf18 P bcc00232cc3246c0a33485fa16be9fb0: Neither blocks nor log segments found. Creating new log.
I20260630 12:13:24.635422  5123 raft_consensus.cc:359] T 8be16f965fcf4eeda7f8f9e876e73c58 P d843c31c5a6c46db95cd5433c118ec0a [term 0 FOLLOWER]: Replica starting. Triggering 0 pending ops. Active config: opid_index: -1 OBSOLETE_local: false peers { permanent_uuid: "bcc00232cc3246c0a33485fa16be9fb0" member_type: VOTER last_known_addr { host: "127.0.107.193" port: 39839 } } peers { permanent_uuid: "738c556d97cb4f86ba19163e1184761f" member_type: VOTER last_known_addr { host: "127.0.107.194" port: 46031 } } peers { permanent_uuid: "d843c31c5a6c46db95cd5433c118ec0a" member_type: VOTER last_known_addr { host: "127.0.107.195" port: 36463 } }
I20260630 12:13:24.636219  5123 raft_consensus.cc:385] T 8be16f965fcf4eeda7f8f9e876e73c58 P d843c31c5a6c46db95cd5433c118ec0a [term 0 FOLLOWER]: Consensus starting up: Expiring failure detector timer to make a prompt election more likely
I20260630 12:13:24.636512  5123 raft_consensus.cc:740] T 8be16f965fcf4eeda7f8f9e876e73c58 P d843c31c5a6c46db95cd5433c118ec0a [term 0 FOLLOWER]: Becoming Follower/Learner. State: Replica: d843c31c5a6c46db95cd5433c118ec0a, State: Initialized, Role: FOLLOWER
I20260630 12:13:24.642791  5123 consensus_queue.cc:260] T 8be16f965fcf4eeda7f8f9e876e73c58 P d843c31c5a6c46db95cd5433c118ec0a [NON_LEADER]: Queue going to NON_LEADER mode. State: All replicated index: 0, Majority replicated index: 0, Committed index: 0, Last appended: 0.0, Last appended by leader: 0, Current term: 0, Majority size: -1, State: 0, Mode: NON_LEADER, active raft config: opid_index: -1 OBSOLETE_local: false peers { permanent_uuid: "bcc00232cc3246c0a33485fa16be9fb0" member_type: VOTER last_known_addr { host: "127.0.107.193" port: 39839 } } peers { permanent_uuid: "738c556d97cb4f86ba19163e1184761f" member_type: VOTER last_known_addr { host: "127.0.107.194" port: 46031 } } peers { permanent_uuid: "d843c31c5a6c46db95cd5433c118ec0a" member_type: VOTER last_known_addr { host: "127.0.107.195" port: 36463 } }
I20260630 12:13:24.644964  5123 ts_tablet_manager.cc:1434] T 8be16f965fcf4eeda7f8f9e876e73c58 P d843c31c5a6c46db95cd5433c118ec0a: Time spent starting tablet: real 0.012s	user 0.005s	sys 0.001s
I20260630 12:13:24.646039  5123 tablet_bootstrap.cc:492] T e5dc64cb26bc46d4ba1db10c2a70f484 P d843c31c5a6c46db95cd5433c118ec0a: Bootstrap starting.
I20260630 12:13:24.652768  5123 tablet_bootstrap.cc:654] T e5dc64cb26bc46d4ba1db10c2a70f484 P d843c31c5a6c46db95cd5433c118ec0a: Neither blocks nor log segments found. Creating new log.
I20260630 12:13:24.653501  5127 tablet_bootstrap.cc:492] T 10f5e60500114e57b16fde88fb2cbf18 P bcc00232cc3246c0a33485fa16be9fb0: No bootstrap required, opened a new log
I20260630 12:13:24.654305  5127 ts_tablet_manager.cc:1403] T 10f5e60500114e57b16fde88fb2cbf18 P bcc00232cc3246c0a33485fa16be9fb0: Time spent bootstrapping tablet: real 0.027s	user 0.011s	sys 0.014s
I20260630 12:13:24.658044  5127 raft_consensus.cc:359] T 10f5e60500114e57b16fde88fb2cbf18 P bcc00232cc3246c0a33485fa16be9fb0 [term 0 FOLLOWER]: Replica starting. Triggering 0 pending ops. Active config: opid_index: -1 OBSOLETE_local: false peers { permanent_uuid: "bcc00232cc3246c0a33485fa16be9fb0" member_type: VOTER last_known_addr { host: "127.0.107.193" port: 39839 } } peers { permanent_uuid: "738c556d97cb4f86ba19163e1184761f" member_type: VOTER last_known_addr { host: "127.0.107.194" port: 46031 } } peers { permanent_uuid: "d843c31c5a6c46db95cd5433c118ec0a" member_type: VOTER last_known_addr { host: "127.0.107.195" port: 36463 } }
I20260630 12:13:24.659113  5127 raft_consensus.cc:385] T 10f5e60500114e57b16fde88fb2cbf18 P bcc00232cc3246c0a33485fa16be9fb0 [term 0 FOLLOWER]: Consensus starting up: Expiring failure detector timer to make a prompt election more likely
I20260630 12:13:24.659502  5127 raft_consensus.cc:740] T 10f5e60500114e57b16fde88fb2cbf18 P bcc00232cc3246c0a33485fa16be9fb0 [term 0 FOLLOWER]: Becoming Follower/Learner. State: Replica: bcc00232cc3246c0a33485fa16be9fb0, State: Initialized, Role: FOLLOWER
I20260630 12:13:24.660830  5127 consensus_queue.cc:260] T 10f5e60500114e57b16fde88fb2cbf18 P bcc00232cc3246c0a33485fa16be9fb0 [NON_LEADER]: Queue going to NON_LEADER mode. State: All replicated index: 0, Majority replicated index: 0, Committed index: 0, Last appended: 0.0, Last appended by leader: 0, Current term: 0, Majority size: -1, State: 0, Mode: NON_LEADER, active raft config: opid_index: -1 OBSOLETE_local: false peers { permanent_uuid: "bcc00232cc3246c0a33485fa16be9fb0" member_type: VOTER last_known_addr { host: "127.0.107.193" port: 39839 } } peers { permanent_uuid: "738c556d97cb4f86ba19163e1184761f" member_type: VOTER last_known_addr { host: "127.0.107.194" port: 46031 } } peers { permanent_uuid: "d843c31c5a6c46db95cd5433c118ec0a" member_type: VOTER last_known_addr { host: "127.0.107.195" port: 36463 } }
I20260630 12:13:24.664501  5127 ts_tablet_manager.cc:1434] T 10f5e60500114e57b16fde88fb2cbf18 P bcc00232cc3246c0a33485fa16be9fb0: Time spent starting tablet: real 0.010s	user 0.008s	sys 0.000s
I20260630 12:13:24.666013  5127 tablet_bootstrap.cc:492] T 6642c96862da4d3aafc6b58a7d9b0a4f P bcc00232cc3246c0a33485fa16be9fb0: Bootstrap starting.
I20260630 12:13:24.667024  5125 tablet_bootstrap.cc:492] T fdaa343ac039417d9acfc4fac603142b P 738c556d97cb4f86ba19163e1184761f: No bootstrap required, opened a new log
I20260630 12:13:24.668061  5125 ts_tablet_manager.cc:1403] T fdaa343ac039417d9acfc4fac603142b P 738c556d97cb4f86ba19163e1184761f: Time spent bootstrapping tablet: real 0.052s	user 0.015s	sys 0.021s
I20260630 12:13:24.671203  5125 raft_consensus.cc:359] T fdaa343ac039417d9acfc4fac603142b P 738c556d97cb4f86ba19163e1184761f [term 0 FOLLOWER]: Replica starting. Triggering 0 pending ops. Active config: opid_index: -1 OBSOLETE_local: false peers { permanent_uuid: "bcc00232cc3246c0a33485fa16be9fb0" member_type: VOTER last_known_addr { host: "127.0.107.193" port: 39839 } } peers { permanent_uuid: "738c556d97cb4f86ba19163e1184761f" member_type: VOTER last_known_addr { host: "127.0.107.194" port: 46031 } } peers { permanent_uuid: "d843c31c5a6c46db95cd5433c118ec0a" member_type: VOTER last_known_addr { host: "127.0.107.195" port: 36463 } }
I20260630 12:13:24.672049  5125 raft_consensus.cc:385] T fdaa343ac039417d9acfc4fac603142b P 738c556d97cb4f86ba19163e1184761f [term 0 FOLLOWER]: Consensus starting up: Expiring failure detector timer to make a prompt election more likely
I20260630 12:13:24.672380  5125 raft_consensus.cc:740] T fdaa343ac039417d9acfc4fac603142b P 738c556d97cb4f86ba19163e1184761f [term 0 FOLLOWER]: Becoming Follower/Learner. State: Replica: 738c556d97cb4f86ba19163e1184761f, State: Initialized, Role: FOLLOWER
I20260630 12:13:24.673213  5125 consensus_queue.cc:260] T fdaa343ac039417d9acfc4fac603142b P 738c556d97cb4f86ba19163e1184761f [NON_LEADER]: Queue going to NON_LEADER mode. State: All replicated index: 0, Majority replicated index: 0, Committed index: 0, Last appended: 0.0, Last appended by leader: 0, Current term: 0, Majority size: -1, State: 0, Mode: NON_LEADER, active raft config: opid_index: -1 OBSOLETE_local: false peers { permanent_uuid: "bcc00232cc3246c0a33485fa16be9fb0" member_type: VOTER last_known_addr { host: "127.0.107.193" port: 39839 } } peers { permanent_uuid: "738c556d97cb4f86ba19163e1184761f" member_type: VOTER last_known_addr { host: "127.0.107.194" port: 46031 } } peers { permanent_uuid: "d843c31c5a6c46db95cd5433c118ec0a" member_type: VOTER last_known_addr { host: "127.0.107.195" port: 36463 } }
I20260630 12:13:24.674034  5127 tablet_bootstrap.cc:654] T 6642c96862da4d3aafc6b58a7d9b0a4f P bcc00232cc3246c0a33485fa16be9fb0: Neither blocks nor log segments found. Creating new log.
I20260630 12:13:24.675654  5125 ts_tablet_manager.cc:1434] T fdaa343ac039417d9acfc4fac603142b P 738c556d97cb4f86ba19163e1184761f: Time spent starting tablet: real 0.007s	user 0.005s	sys 0.000s
I20260630 12:13:24.677574  5125 tablet_bootstrap.cc:492] T ac8f864a54884c87b69cf3fee9bc068b P 738c556d97cb4f86ba19163e1184761f: Bootstrap starting.
I20260630 12:13:24.685062  5125 tablet_bootstrap.cc:654] T ac8f864a54884c87b69cf3fee9bc068b P 738c556d97cb4f86ba19163e1184761f: Neither blocks nor log segments found. Creating new log.
I20260630 12:13:24.689714  5123 tablet_bootstrap.cc:492] T e5dc64cb26bc46d4ba1db10c2a70f484 P d843c31c5a6c46db95cd5433c118ec0a: No bootstrap required, opened a new log
I20260630 12:13:24.690397  5123 ts_tablet_manager.cc:1403] T e5dc64cb26bc46d4ba1db10c2a70f484 P d843c31c5a6c46db95cd5433c118ec0a: Time spent bootstrapping tablet: real 0.045s	user 0.014s	sys 0.021s
I20260630 12:13:24.694379  5123 raft_consensus.cc:359] T e5dc64cb26bc46d4ba1db10c2a70f484 P d843c31c5a6c46db95cd5433c118ec0a [term 0 FOLLOWER]: Replica starting. Triggering 0 pending ops. Active config: opid_index: -1 OBSOLETE_local: false peers { permanent_uuid: "bcc00232cc3246c0a33485fa16be9fb0" member_type: VOTER last_known_addr { host: "127.0.107.193" port: 39839 } } peers { permanent_uuid: "738c556d97cb4f86ba19163e1184761f" member_type: VOTER last_known_addr { host: "127.0.107.194" port: 46031 } } peers { permanent_uuid: "d843c31c5a6c46db95cd5433c118ec0a" member_type: VOTER last_known_addr { host: "127.0.107.195" port: 36463 } }
I20260630 12:13:24.695650  5123 raft_consensus.cc:385] T e5dc64cb26bc46d4ba1db10c2a70f484 P d843c31c5a6c46db95cd5433c118ec0a [term 0 FOLLOWER]: Consensus starting up: Expiring failure detector timer to make a prompt election more likely
I20260630 12:13:24.696015  5123 raft_consensus.cc:740] T e5dc64cb26bc46d4ba1db10c2a70f484 P d843c31c5a6c46db95cd5433c118ec0a [term 0 FOLLOWER]: Becoming Follower/Learner. State: Replica: d843c31c5a6c46db95cd5433c118ec0a, State: Initialized, Role: FOLLOWER
I20260630 12:13:24.697055  5123 consensus_queue.cc:260] T e5dc64cb26bc46d4ba1db10c2a70f484 P d843c31c5a6c46db95cd5433c118ec0a [NON_LEADER]: Queue going to NON_LEADER mode. State: All replicated index: 0, Majority replicated index: 0, Committed index: 0, Last appended: 0.0, Last appended by leader: 0, Current term: 0, Majority size: -1, State: 0, Mode: NON_LEADER, active raft config: opid_index: -1 OBSOLETE_local: false peers { permanent_uuid: "bcc00232cc3246c0a33485fa16be9fb0" member_type: VOTER last_known_addr { host: "127.0.107.193" port: 39839 } } peers { permanent_uuid: "738c556d97cb4f86ba19163e1184761f" member_type: VOTER last_known_addr { host: "127.0.107.194" port: 46031 } } peers { permanent_uuid: "d843c31c5a6c46db95cd5433c118ec0a" member_type: VOTER last_known_addr { host: "127.0.107.195" port: 36463 } }
I20260630 12:13:24.698098  5126 raft_consensus.cc:493] T e5dc64cb26bc46d4ba1db10c2a70f484 P d843c31c5a6c46db95cd5433c118ec0a [term 0 FOLLOWER]: Starting pre-election (no leader contacted us within the election timeout)
I20260630 12:13:24.698521  5126 raft_consensus.cc:515] T e5dc64cb26bc46d4ba1db10c2a70f484 P d843c31c5a6c46db95cd5433c118ec0a [term 0 FOLLOWER]: Starting pre-election with config: opid_index: -1 OBSOLETE_local: false peers { permanent_uuid: "bcc00232cc3246c0a33485fa16be9fb0" member_type: VOTER last_known_addr { host: "127.0.107.193" port: 39839 } } peers { permanent_uuid: "738c556d97cb4f86ba19163e1184761f" member_type: VOTER last_known_addr { host: "127.0.107.194" port: 46031 } } peers { permanent_uuid: "d843c31c5a6c46db95cd5433c118ec0a" member_type: VOTER last_known_addr { host: "127.0.107.195" port: 36463 } }
I20260630 12:13:24.699204  5125 tablet_bootstrap.cc:492] T ac8f864a54884c87b69cf3fee9bc068b P 738c556d97cb4f86ba19163e1184761f: No bootstrap required, opened a new log
I20260630 12:13:24.699741  5125 ts_tablet_manager.cc:1403] T ac8f864a54884c87b69cf3fee9bc068b P 738c556d97cb4f86ba19163e1184761f: Time spent bootstrapping tablet: real 0.023s	user 0.013s	sys 0.005s
I20260630 12:13:24.700206  5127 tablet_bootstrap.cc:492] T 6642c96862da4d3aafc6b58a7d9b0a4f P bcc00232cc3246c0a33485fa16be9fb0: No bootstrap required, opened a new log
I20260630 12:13:24.700583  5126 leader_election.cc:290] T e5dc64cb26bc46d4ba1db10c2a70f484 P d843c31c5a6c46db95cd5433c118ec0a [CANDIDATE]: Term 1 pre-election: Requested pre-vote from peers bcc00232cc3246c0a33485fa16be9fb0 (127.0.107.193:39839), 738c556d97cb4f86ba19163e1184761f (127.0.107.194:46031)
I20260630 12:13:24.700681  5127 ts_tablet_manager.cc:1403] T 6642c96862da4d3aafc6b58a7d9b0a4f P bcc00232cc3246c0a33485fa16be9fb0: Time spent bootstrapping tablet: real 0.035s	user 0.009s	sys 0.021s
