I20260630 12:11:44.785712  2119 raft_consensus.cc:740] T 00000000000000000000000000000000 P 78c068d119e946a09257d10e3da6585a [term 0 FOLLOWER]: Becoming Follower/Learner. State: Replica: 78c068d119e946a09257d10e3da6585a, State: Initialized, Role: FOLLOWER
I20260630 12:11:44.786407  2119 consensus_queue.cc:260] T 00000000000000000000000000000000 P 78c068d119e946a09257d10e3da6585a [NON_LEADER]: Queue going to NON_LEADER mode. State: All replicated index: 0, Majority replicated index: 0, Committed index: 0, Last appended: 0.0, Last appended by leader: 0, Current term: 0, Majority size: -1, State: 0, Mode: NON_LEADER, active raft config: opid_index: -1 OBSOLETE_local: true peers { permanent_uuid: "78c068d119e946a09257d10e3da6585a" member_type: VOTER }
I20260630 12:11:44.786890  2119 raft_consensus.cc:399] T 00000000000000000000000000000000 P 78c068d119e946a09257d10e3da6585a [term 0 FOLLOWER]: Only one voter in the Raft config. Triggering election immediately
I20260630 12:11:44.787111  2119 raft_consensus.cc:493] T 00000000000000000000000000000000 P 78c068d119e946a09257d10e3da6585a [term 0 FOLLOWER]: Starting leader election (initial election of a single-replica configuration)
I20260630 12:11:44.787382  2119 raft_consensus.cc:3060] T 00000000000000000000000000000000 P 78c068d119e946a09257d10e3da6585a [term 0 FOLLOWER]: Advancing to term 1
I20260630 12:11:44.791889  2119 raft_consensus.cc:515] T 00000000000000000000000000000000 P 78c068d119e946a09257d10e3da6585a [term 1 FOLLOWER]: Starting leader election with config: opid_index: -1 OBSOLETE_local: true peers { permanent_uuid: "78c068d119e946a09257d10e3da6585a" member_type: VOTER }
I20260630 12:11:44.792430  2119 leader_election.cc:304] T 00000000000000000000000000000000 P 78c068d119e946a09257d10e3da6585a [CANDIDATE]: Term 1 election: Election decided. Result: candidate won. Election summary: received 1 responses out of 1 voters: 1 yes votes; 0 no votes. yes voters: 78c068d119e946a09257d10e3da6585a; no voters: 
I20260630 12:11:44.793586  2119 leader_election.cc:290] T 00000000000000000000000000000000 P 78c068d119e946a09257d10e3da6585a [CANDIDATE]: Term 1 election: Requested vote from peers 
I20260630 12:11:44.793951  2122 raft_consensus.cc:2804] T 00000000000000000000000000000000 P 78c068d119e946a09257d10e3da6585a [term 1 FOLLOWER]: Leader election won for term 1
I20260630 12:11:44.795238  2122 raft_consensus.cc:697] T 00000000000000000000000000000000 P 78c068d119e946a09257d10e3da6585a [term 1 LEADER]: Becoming Leader. State: Replica: 78c068d119e946a09257d10e3da6585a, State: Running, Role: LEADER
I20260630 12:11:44.795915  2122 consensus_queue.cc:237] T 00000000000000000000000000000000 P 78c068d119e946a09257d10e3da6585a [LEADER]: Queue going to LEADER mode. State: All replicated index: 0, Majority replicated index: 0, Committed index: 0, Last appended: 0.0, Last appended by leader: 0, Current term: 1, Majority size: 1, State: 0, Mode: LEADER, active raft config: opid_index: -1 OBSOLETE_local: true peers { permanent_uuid: "78c068d119e946a09257d10e3da6585a" member_type: VOTER }
I20260630 12:11:44.796597  2119 sys_catalog.cc:565] T 00000000000000000000000000000000 P 78c068d119e946a09257d10e3da6585a [sys.catalog]: configured and running, proceeding with master startup.
I20260630 12:11:44.798991  2123 sys_catalog.cc:455] T 00000000000000000000000000000000 P 78c068d119e946a09257d10e3da6585a [sys.catalog]: SysCatalogTable state changed. Reason: RaftConsensus started. Latest consensus state: current_term: 1 leader_uuid: "78c068d119e946a09257d10e3da6585a" committed_config { opid_index: -1 OBSOLETE_local: true peers { permanent_uuid: "78c068d119e946a09257d10e3da6585a" member_type: VOTER } }
I20260630 12:11:44.799193  2124 sys_catalog.cc:455] T 00000000000000000000000000000000 P 78c068d119e946a09257d10e3da6585a [sys.catalog]: SysCatalogTable state changed. Reason: New leader 78c068d119e946a09257d10e3da6585a. Latest consensus state: current_term: 1 leader_uuid: "78c068d119e946a09257d10e3da6585a" committed_config { opid_index: -1 OBSOLETE_local: true peers { permanent_uuid: "78c068d119e946a09257d10e3da6585a" member_type: VOTER } }
I20260630 12:11:44.799707  2123 sys_catalog.cc:458] T 00000000000000000000000000000000 P 78c068d119e946a09257d10e3da6585a [sys.catalog]: This master's current role is: LEADER
I20260630 12:11:44.799746  2124 sys_catalog.cc:458] T 00000000000000000000000000000000 P 78c068d119e946a09257d10e3da6585a [sys.catalog]: This master's current role is: LEADER
I20260630 12:11:44.802425  2128 catalog_manager.cc:1511] Loading table and tablet metadata into memory...
I20260630 12:11:44.808212  2128 catalog_manager.cc:1520] Initializing Kudu cluster ID...
I20260630 12:11:44.815774   431 internal_mini_cluster.cc:184] Waiting to initialize catalog manager on master 0
I20260630 12:11:44.820176  2128 catalog_manager.cc:1383] Generated new cluster ID: f59448c0e475401fb6a71d1f66fd44b6
I20260630 12:11:44.820458  2128 catalog_manager.cc:1531] Initializing Kudu internal certificate authority...
I20260630 12:11:44.849373  2128 catalog_manager.cc:1406] Generated new certificate authority record
I20260630 12:11:44.850720  2128 catalog_manager.cc:1540] Loading token signing keys...
I20260630 12:11:44.865442  2128 catalog_manager.cc:6070] T 00000000000000000000000000000000 P 78c068d119e946a09257d10e3da6585a: Generated new TSK 0
I20260630 12:11:44.866115  2128 catalog_manager.cc:1550] Initializing in-progress tserver states...
I20260630 12:11:44.883466   431 file_cache.cc:492] Constructed file cache file cache with capacity 419430
W20260630 12:11:44.889230  2140 instance_detector.cc:116] could not retrieve AWS instance metadata: Network error: curl error: HTTP response code said error: The requested URL returned error: 404
W20260630 12:11:44.890147  2141 instance_detector.cc:116] could not retrieve Azure instance metadata: Network error: curl error: HTTP response code said error: The requested URL returned error: 404
W20260630 12:11:44.891661  2143 instance_detector.cc:116] could not retrieve OpenStack instance metadata: Network error: curl error: HTTP response code said error: The requested URL returned error: 404
I20260630 12:11:44.892524   431 server_base.cc:1061] running on GCE node
I20260630 12:11:44.893431   431 hybrid_clock.cc:584] initializing the hybrid clock with 'system_unsync' time source
W20260630 12:11:44.893635   431 system_unsync_time.cc:38] NTP support is disabled. Clock error bounds will not be accurate. This configuration is not suitable for distributed clusters.
I20260630 12:11:44.893846   431 hybrid_clock.cc:648] HybridClock initialized: now 1782821504893787 us; error 0 us; skew 500 ppm
I20260630 12:11:44.894387   431 server_base.cc:861] Flag tcmalloc_max_total_thread_cache_bytes is not working since tcmalloc is not enabled.
I20260630 12:11:44.896714   431 webserver.cc:533] Webserver started at http://127.0.107.193:35333/ using document root <none> and password file <none>
I20260630 12:11:44.897220   431 fs_manager.cc:362] Metadata directory not provided
I20260630 12:11:44.897419   431 fs_manager.cc:368] Using write-ahead log directory (fs_wal_dir) as metadata directory
I20260630 12:11:44.897738   431 server_base.cc:909] This appears to be a new deployment of Kudu; creating new FS layout
I20260630 12:11:44.899016   431 fs_manager.cc:1068] Generated new instance metadata in path /tmp/dist-test-tasknLtZKi/test-tmp/auto_rebalancer-test.0.AutoRebalancerTest.MovesScheduledIfAddTserver.1782821481266812-431-0/minicluster-data/ts-0-root/instance:
uuid: "95976962592e4da08e02bbfdc4391e5e"
format_stamp: "Formatted at 2026-06-30 12:11:44 on dist-test-slave-wl3n"
I20260630 12:11:44.903517   431 fs_manager.cc:696] Time spent creating directory manager: real 0.004s	user 0.005s	sys 0.000s
I20260630 12:11:44.906965  2148 log_block_manager.cc:4031] Time spent loading block containers with low live blocks: real 0.000s	user 0.000s	sys 0.000s
I20260630 12:11:44.907784   431 fs_manager.cc:730] Time spent opening block manager: real 0.002s	user 0.003s	sys 0.001s
I20260630 12:11:44.908090   431 fs_manager.cc:647] Opened local filesystem: /tmp/dist-test-tasknLtZKi/test-tmp/auto_rebalancer-test.0.AutoRebalancerTest.MovesScheduledIfAddTserver.1782821481266812-431-0/minicluster-data/ts-0-root
uuid: "95976962592e4da08e02bbfdc4391e5e"
format_stamp: "Formatted at 2026-06-30 12:11:44 on dist-test-slave-wl3n"
I20260630 12:11:44.908380   431 fs_report.cc:389] FS layout report
--------------------
wal directory: /tmp/dist-test-tasknLtZKi/test-tmp/auto_rebalancer-test.0.AutoRebalancerTest.MovesScheduledIfAddTserver.1782821481266812-431-0/minicluster-data/ts-0-root
metadata directory: /tmp/dist-test-tasknLtZKi/test-tmp/auto_rebalancer-test.0.AutoRebalancerTest.MovesScheduledIfAddTserver.1782821481266812-431-0/minicluster-data/ts-0-root
1 data directories: /tmp/dist-test-tasknLtZKi/test-tmp/auto_rebalancer-test.0.AutoRebalancerTest.MovesScheduledIfAddTserver.1782821481266812-431-0/minicluster-data/ts-0-root/data
Total live blocks: 0
Total live bytes: 0
Total live bytes (after alignment): 0
Total number of LBM containers: 0 (0 full)
Did not check for missing blocks
Did not check for orphaned blocks
Total full LBM containers with extra space: 0 (0 repaired)
Total full LBM container extra space in bytes: 0 (0 repaired)
Total incomplete LBM containers: 0 (0 repaired)
Total LBM partial records: 0 (0 repaired)
Total corrupted LBM metadata records in RocksDB: 0 (0 repaired)
I20260630 12:11:44.931545   431 rpc_server.cc:225] running with OpenSSL 1.1.1  11 Sep 2018
I20260630 12:11:44.932709   431 kserver.cc:163] Server-wide thread pool size limit: 3276
I20260630 12:11:44.934337   431 txn_system_client.cc:432] TxnSystemClient initialization is disabled...
I20260630 12:11:44.936669   431 ts_tablet_manager.cc:585] Loaded tablet metadata (0 total tablets, 0 live tablets)
I20260630 12:11:44.936852   431 ts_tablet_manager.cc:531] Time spent load tablet metadata: real 0.000s	user 0.000s	sys 0.000s
I20260630 12:11:44.937165   431 ts_tablet_manager.cc:616] Registered 0 tablets
I20260630 12:11:44.937341   431 ts_tablet_manager.cc:595] Time spent register tablets: real 0.000s	user 0.000s	sys 0.000s
I20260630 12:11:44.978511   431 rpc_server.cc:307] RPC server started. Bound to: 127.0.107.193:41719
I20260630 12:11:44.978609  2210 acceptor_pool.cc:272] collecting diagnostics on the listening RPC socket 127.0.107.193:41719 every 8 connection(s)
I20260630 12:11:44.983527   431 file_cache.cc:492] Constructed file cache file cache with capacity 419430
W20260630 12:11:44.991438  2215 instance_detector.cc:116] could not retrieve AWS instance metadata: Network error: curl error: HTTP response code said error: The requested URL returned error: 404
W20260630 12:11:44.991830  2216 instance_detector.cc:116] could not retrieve Azure instance metadata: Network error: curl error: HTTP response code said error: The requested URL returned error: 404
W20260630 12:11:44.996723  2218 instance_detector.cc:116] could not retrieve OpenStack instance metadata: Network error: curl error: HTTP response code said error: The requested URL returned error: 404
I20260630 12:11:44.997139   431 server_base.cc:1061] running on GCE node
I20260630 12:11:44.997938  2211 heartbeater.cc:344] Connected to a master server at 127.0.107.254:36737
I20260630 12:11:44.998329  2211 heartbeater.cc:461] Registering TS with master...
I20260630 12:11:44.998306   431 hybrid_clock.cc:584] initializing the hybrid clock with 'system_unsync' time source
W20260630 12:11:44.998780   431 system_unsync_time.cc:38] NTP support is disabled. Clock error bounds will not be accurate. This configuration is not suitable for distributed clusters.
I20260630 12:11:44.999001   431 hybrid_clock.cc:648] HybridClock initialized: now 1782821504998981 us; error 0 us; skew 500 ppm
I20260630 12:11:44.999406  2211 heartbeater.cc:507] Master 127.0.107.254:36737 requested a full tablet report, sending...
I20260630 12:11:44.999718   431 server_base.cc:861] Flag tcmalloc_max_total_thread_cache_bytes is not working since tcmalloc is not enabled.
I20260630 12:11:45.001701  2084 ts_manager.cc:194] Registered new tserver with Master: 95976962592e4da08e02bbfdc4391e5e (127.0.107.193:41719)
I20260630 12:11:45.002687   431 webserver.cc:533] Webserver started at http://127.0.107.194:45947/ using document root <none> and password file <none>
I20260630 12:11:45.003196   431 fs_manager.cc:362] Metadata directory not provided
I20260630 12:11:45.003389   431 fs_manager.cc:368] Using write-ahead log directory (fs_wal_dir) as metadata directory
I20260630 12:11:45.003671   431 server_base.cc:909] This appears to be a new deployment of Kudu; creating new FS layout
I20260630 12:11:45.003826  2084 master_service.cc:502] Signed X509 certificate for tserver {username='slave'} at 127.0.0.1:34672
I20260630 12:11:45.004802   431 fs_manager.cc:1068] Generated new instance metadata in path /tmp/dist-test-tasknLtZKi/test-tmp/auto_rebalancer-test.0.AutoRebalancerTest.MovesScheduledIfAddTserver.1782821481266812-431-0/minicluster-data/ts-1-root/instance:
uuid: "516993ea7c3945fe9c82d14af8f775c0"
format_stamp: "Formatted at 2026-06-30 12:11:44 on dist-test-slave-wl3n"
I20260630 12:11:45.009603   431 fs_manager.cc:696] Time spent creating directory manager: real 0.004s	user 0.005s	sys 0.001s
I20260630 12:11:45.012794  2223 log_block_manager.cc:4031] Time spent loading block containers with low live blocks: real 0.000s	user 0.000s	sys 0.000s
I20260630 12:11:45.013707   431 fs_manager.cc:730] Time spent opening block manager: real 0.002s	user 0.003s	sys 0.000s
I20260630 12:11:45.014019   431 fs_manager.cc:647] Opened local filesystem: /tmp/dist-test-tasknLtZKi/test-tmp/auto_rebalancer-test.0.AutoRebalancerTest.MovesScheduledIfAddTserver.1782821481266812-431-0/minicluster-data/ts-1-root
uuid: "516993ea7c3945fe9c82d14af8f775c0"
format_stamp: "Formatted at 2026-06-30 12:11:44 on dist-test-slave-wl3n"
I20260630 12:11:45.014261   431 fs_report.cc:389] FS layout report
--------------------
wal directory: /tmp/dist-test-tasknLtZKi/test-tmp/auto_rebalancer-test.0.AutoRebalancerTest.MovesScheduledIfAddTserver.1782821481266812-431-0/minicluster-data/ts-1-root
metadata directory: /tmp/dist-test-tasknLtZKi/test-tmp/auto_rebalancer-test.0.AutoRebalancerTest.MovesScheduledIfAddTserver.1782821481266812-431-0/minicluster-data/ts-1-root
1 data directories: /tmp/dist-test-tasknLtZKi/test-tmp/auto_rebalancer-test.0.AutoRebalancerTest.MovesScheduledIfAddTserver.1782821481266812-431-0/minicluster-data/ts-1-root/data
Total live blocks: 0
Total live bytes: 0
Total live bytes (after alignment): 0
Total number of LBM containers: 0 (0 full)
Did not check for missing blocks
Did not check for orphaned blocks
Total full LBM containers with extra space: 0 (0 repaired)
Total full LBM container extra space in bytes: 0 (0 repaired)
Total incomplete LBM containers: 0 (0 repaired)
Total LBM partial records: 0 (0 repaired)
Total corrupted LBM metadata records in RocksDB: 0 (0 repaired)
I20260630 12:11:45.029378   431 rpc_server.cc:225] running with OpenSSL 1.1.1  11 Sep 2018
I20260630 12:11:45.030611   431 kserver.cc:163] Server-wide thread pool size limit: 3276
I20260630 12:11:45.031967   431 txn_system_client.cc:432] TxnSystemClient initialization is disabled...
I20260630 12:11:45.034332   431 ts_tablet_manager.cc:585] Loaded tablet metadata (0 total tablets, 0 live tablets)
I20260630 12:11:45.034513   431 ts_tablet_manager.cc:531] Time spent load tablet metadata: real 0.000s	user 0.000s	sys 0.000s
I20260630 12:11:45.034811   431 ts_tablet_manager.cc:616] Registered 0 tablets
I20260630 12:11:45.034971   431 ts_tablet_manager.cc:595] Time spent register tablets: real 0.000s	user 0.000s	sys 0.000s
I20260630 12:11:45.074352   431 rpc_server.cc:307] RPC server started. Bound to: 127.0.107.194:43739
I20260630 12:11:45.074472  2285 acceptor_pool.cc:272] collecting diagnostics on the listening RPC socket 127.0.107.194:43739 every 8 connection(s)
I20260630 12:11:45.079098   431 file_cache.cc:492] Constructed file cache file cache with capacity 419430
W20260630 12:11:45.086685  2289 instance_detector.cc:116] could not retrieve AWS instance metadata: Network error: curl error: HTTP response code said error: The requested URL returned error: 404
W20260630 12:11:45.087486  2290 instance_detector.cc:116] could not retrieve Azure instance metadata: Network error: curl error: HTTP response code said error: The requested URL returned error: 404
W20260630 12:11:45.092197  2292 instance_detector.cc:116] could not retrieve OpenStack instance metadata: Network error: curl error: HTTP response code said error: The requested URL returned error: 404
I20260630 12:11:45.092754   431 server_base.cc:1061] running on GCE node
I20260630 12:11:45.093724  2286 heartbeater.cc:344] Connected to a master server at 127.0.107.254:36737
I20260630 12:11:45.094223  2286 heartbeater.cc:461] Registering TS with master...
I20260630 12:11:45.094264   431 hybrid_clock.cc:584] initializing the hybrid clock with 'system_unsync' time source
W20260630 12:11:45.094630   431 system_unsync_time.cc:38] NTP support is disabled. Clock error bounds will not be accurate. This configuration is not suitable for distributed clusters.
I20260630 12:11:45.094805   431 hybrid_clock.cc:648] HybridClock initialized: now 1782821505094771 us; error 0 us; skew 500 ppm
I20260630 12:11:45.095237  2286 heartbeater.cc:507] Master 127.0.107.254:36737 requested a full tablet report, sending...
I20260630 12:11:45.095369   431 server_base.cc:861] Flag tcmalloc_max_total_thread_cache_bytes is not working since tcmalloc is not enabled.
I20260630 12:11:45.097940  2084 ts_manager.cc:194] Registered new tserver with Master: 516993ea7c3945fe9c82d14af8f775c0 (127.0.107.194:43739)
I20260630 12:11:45.098577   431 webserver.cc:533] Webserver started at http://127.0.107.195:44027/ using document root <none> and password file <none>
I20260630 12:11:45.099120   431 fs_manager.cc:362] Metadata directory not provided
I20260630 12:11:45.099364   431 fs_manager.cc:368] Using write-ahead log directory (fs_wal_dir) as metadata directory
I20260630 12:11:45.099668   431 server_base.cc:909] This appears to be a new deployment of Kudu; creating new FS layout
I20260630 12:11:45.099637  2084 master_service.cc:502] Signed X509 certificate for tserver {username='slave'} at 127.0.0.1:34676
I20260630 12:11:45.101344   431 fs_manager.cc:1068] Generated new instance metadata in path /tmp/dist-test-tasknLtZKi/test-tmp/auto_rebalancer-test.0.AutoRebalancerTest.MovesScheduledIfAddTserver.1782821481266812-431-0/minicluster-data/ts-2-root/instance:
uuid: "6f03e7ff66594310b9a0027b14452bd5"
format_stamp: "Formatted at 2026-06-30 12:11:45 on dist-test-slave-wl3n"
I20260630 12:11:45.106117   431 fs_manager.cc:696] Time spent creating directory manager: real 0.004s	user 0.003s	sys 0.000s
I20260630 12:11:45.109228  2297 log_block_manager.cc:4031] Time spent loading block containers with low live blocks: real 0.000s	user 0.000s	sys 0.000s
I20260630 12:11:45.110224   431 fs_manager.cc:730] Time spent opening block manager: real 0.002s	user 0.002s	sys 0.001s
I20260630 12:11:45.110524   431 fs_manager.cc:647] Opened local filesystem: /tmp/dist-test-tasknLtZKi/test-tmp/auto_rebalancer-test.0.AutoRebalancerTest.MovesScheduledIfAddTserver.1782821481266812-431-0/minicluster-data/ts-2-root
uuid: "6f03e7ff66594310b9a0027b14452bd5"
format_stamp: "Formatted at 2026-06-30 12:11:45 on dist-test-slave-wl3n"
I20260630 12:11:45.110762   431 fs_report.cc:389] FS layout report
--------------------
wal directory: /tmp/dist-test-tasknLtZKi/test-tmp/auto_rebalancer-test.0.AutoRebalancerTest.MovesScheduledIfAddTserver.1782821481266812-431-0/minicluster-data/ts-2-root
metadata directory: /tmp/dist-test-tasknLtZKi/test-tmp/auto_rebalancer-test.0.AutoRebalancerTest.MovesScheduledIfAddTserver.1782821481266812-431-0/minicluster-data/ts-2-root
1 data directories: /tmp/dist-test-tasknLtZKi/test-tmp/auto_rebalancer-test.0.AutoRebalancerTest.MovesScheduledIfAddTserver.1782821481266812-431-0/minicluster-data/ts-2-root/data
Total live blocks: 0
Total live bytes: 0
Total live bytes (after alignment): 0
Total number of LBM containers: 0 (0 full)
Did not check for missing blocks
Did not check for orphaned blocks
Total full LBM containers with extra space: 0 (0 repaired)
Total full LBM container extra space in bytes: 0 (0 repaired)
Total incomplete LBM containers: 0 (0 repaired)
Total LBM partial records: 0 (0 repaired)
Total corrupted LBM metadata records in RocksDB: 0 (0 repaired)
I20260630 12:11:45.127380   431 rpc_server.cc:225] running with OpenSSL 1.1.1  11 Sep 2018
I20260630 12:11:45.128506   431 kserver.cc:163] Server-wide thread pool size limit: 3276
I20260630 12:11:45.129916   431 txn_system_client.cc:432] TxnSystemClient initialization is disabled...
I20260630 12:11:45.132150   431 ts_tablet_manager.cc:585] Loaded tablet metadata (0 total tablets, 0 live tablets)
I20260630 12:11:45.132336   431 ts_tablet_manager.cc:531] Time spent load tablet metadata: real 0.000s	user 0.000s	sys 0.000s
I20260630 12:11:45.132637   431 ts_tablet_manager.cc:616] Registered 0 tablets
I20260630 12:11:45.132797   431 ts_tablet_manager.cc:595] Time spent register tablets: real 0.000s	user 0.000s	sys 0.000s
I20260630 12:11:45.173310   431 rpc_server.cc:307] RPC server started. Bound to: 127.0.107.195:38065
I20260630 12:11:45.173409  2359 acceptor_pool.cc:272] collecting diagnostics on the listening RPC socket 127.0.107.195:38065 every 8 connection(s)
I20260630 12:11:45.187939  2360 heartbeater.cc:344] Connected to a master server at 127.0.107.254:36737
I20260630 12:11:45.188316  2360 heartbeater.cc:461] Registering TS with master...
I20260630 12:11:45.189047  2360 heartbeater.cc:507] Master 127.0.107.254:36737 requested a full tablet report, sending...
I20260630 12:11:45.191215  2084 ts_manager.cc:194] Registered new tserver with Master: 6f03e7ff66594310b9a0027b14452bd5 (127.0.107.195:38065)
I20260630 12:11:45.191507   431 internal_mini_cluster.cc:371] 3 TS(s) registered with all masters after 0.014853999s
I20260630 12:11:45.192682  2084 master_service.cc:502] Signed X509 certificate for tserver {username='slave'} at 127.0.0.1:34688
I20260630 12:11:46.006785  2211 heartbeater.cc:499] Master 127.0.107.254:36737 was elected leader, sending a full tablet report...
I20260630 12:11:46.102439  2286 heartbeater.cc:499] Master 127.0.107.254:36737 was elected leader, sending a full tablet report...
I20260630 12:11:46.195288  2360 heartbeater.cc:499] Master 127.0.107.254:36737 was elected leader, sending a full tablet report...
I20260630 12:11:46.246592  2084 catalog_manager.cc:2283] Servicing CreateTable request from {username='slave'} at 127.0.0.1:34698:
name: "test-workload"
schema {
  columns {
    name: "key"
    type: INT32
    is_key: true
    is_nullable: false
    encoding: AUTO_ENCODING
    compression: DEFAULT_COMPRESSION
    cfile_block_size: 0
    immutable: false
  }
  columns {
    name: "int_val"
    type: INT32
    is_key: false
    is_nullable: false
    encoding: AUTO_ENCODING
    compression: DEFAULT_COMPRESSION
    cfile_block_size: 0
    immutable: false
  }
  columns {
    name: "string_val"
    type: STRING
    is_key: false
    is_nullable: true
    encoding: AUTO_ENCODING
    compression: DEFAULT_COMPRESSION
    cfile_block_size: 0
    immutable: false
  }
}
num_replicas: 3
split_rows_range_bounds {
  rows: "\004\001\000\377\377\377?""\004\001\000\377\377\377?"
  indirect_data: """"
}
partition_schema {
  range_schema {
    columns {
      name: "key"
    }
  }
}
W20260630 12:11:46.248811  2084 catalog_manager.cc:7077] The number of live tablet servers is not enough to re-replicate a tablet replica of the newly created table test-workload in case of a server failure: 4 tablet servers would be needed, 3 are available. Consider bringing up more tablet servers.
I20260630 12:11:46.302862  2251 tablet_service.cc:1511] Processing CreateTablet for tablet b27df8002dbe4daca122b364423a4af6 (DEFAULT_TABLE table=test-workload [id=19c430e73af64fdfbc07bfe8b277ab6f]), partition=RANGE (key) PARTITION VALUES < 1073741823
I20260630 12:11:46.304402  2251 data_dirs.cc:400] Could only allocate 1 dirs of requested 3 for tablet b27df8002dbe4daca122b364423a4af6. 1 dirs total, 0 dirs full, 0 dirs failed
I20260630 12:11:46.304608  2250 tablet_service.cc:1511] Processing CreateTablet for tablet 4d99a5146ccc42ffa529b911d36b78b7 (DEFAULT_TABLE table=test-workload [id=19c430e73af64fdfbc07bfe8b277ab6f]), partition=RANGE (key) PARTITION 1073741823 <= VALUES
I20260630 12:11:46.306005  2250 data_dirs.cc:400] Could only allocate 1 dirs of requested 3 for tablet 4d99a5146ccc42ffa529b911d36b78b7. 1 dirs total, 0 dirs full, 0 dirs failed
I20260630 12:11:46.310357  2176 tablet_service.cc:1511] Processing CreateTablet for tablet b27df8002dbe4daca122b364423a4af6 (DEFAULT_TABLE table=test-workload [id=19c430e73af64fdfbc07bfe8b277ab6f]), partition=RANGE (key) PARTITION VALUES < 1073741823
I20260630 12:11:46.311883  2176 data_dirs.cc:400] Could only allocate 1 dirs of requested 3 for tablet b27df8002dbe4daca122b364423a4af6. 1 dirs total, 0 dirs full, 0 dirs failed
I20260630 12:11:46.319556  2325 tablet_service.cc:1511] Processing CreateTablet for tablet b27df8002dbe4daca122b364423a4af6 (DEFAULT_TABLE table=test-workload [id=19c430e73af64fdfbc07bfe8b277ab6f]), partition=RANGE (key) PARTITION VALUES < 1073741823
I20260630 12:11:46.319734  2175 tablet_service.cc:1511] Processing CreateTablet for tablet 4d99a5146ccc42ffa529b911d36b78b7 (DEFAULT_TABLE table=test-workload [id=19c430e73af64fdfbc07bfe8b277ab6f]), partition=RANGE (key) PARTITION 1073741823 <= VALUES
I20260630 12:11:46.321192  2325 data_dirs.cc:400] Could only allocate 1 dirs of requested 3 for tablet b27df8002dbe4daca122b364423a4af6. 1 dirs total, 0 dirs full, 0 dirs failed
I20260630 12:11:46.321295  2175 data_dirs.cc:400] Could only allocate 1 dirs of requested 3 for tablet 4d99a5146ccc42ffa529b911d36b78b7. 1 dirs total, 0 dirs full, 0 dirs failed
I20260630 12:11:46.328071  2324 tablet_service.cc:1511] Processing CreateTablet for tablet 4d99a5146ccc42ffa529b911d36b78b7 (DEFAULT_TABLE table=test-workload [id=19c430e73af64fdfbc07bfe8b277ab6f]), partition=RANGE (key) PARTITION 1073741823 <= VALUES
I20260630 12:11:46.329569  2324 data_dirs.cc:400] Could only allocate 1 dirs of requested 3 for tablet 4d99a5146ccc42ffa529b911d36b78b7. 1 dirs total, 0 dirs full, 0 dirs failed
I20260630 12:11:46.350796  2382 tablet_bootstrap.cc:492] T 4d99a5146ccc42ffa529b911d36b78b7 P 6f03e7ff66594310b9a0027b14452bd5: Bootstrap starting.
I20260630 12:11:46.353037  2380 tablet_bootstrap.cc:492] T b27df8002dbe4daca122b364423a4af6 P 95976962592e4da08e02bbfdc4391e5e: Bootstrap starting.
I20260630 12:11:46.357824  2381 tablet_bootstrap.cc:492] T b27df8002dbe4daca122b364423a4af6 P 516993ea7c3945fe9c82d14af8f775c0: Bootstrap starting.
I20260630 12:11:46.357929  2382 tablet_bootstrap.cc:654] T 4d99a5146ccc42ffa529b911d36b78b7 P 6f03e7ff66594310b9a0027b14452bd5: Neither blocks nor log segments found. Creating new log.
I20260630 12:11:46.360963  2380 tablet_bootstrap.cc:654] T b27df8002dbe4daca122b364423a4af6 P 95976962592e4da08e02bbfdc4391e5e: Neither blocks nor log segments found. Creating new log.
I20260630 12:11:46.364950  2382 tablet_bootstrap.cc:492] T 4d99a5146ccc42ffa529b911d36b78b7 P 6f03e7ff66594310b9a0027b14452bd5: No bootstrap required, opened a new log
I20260630 12:11:46.365248  2381 tablet_bootstrap.cc:654] T b27df8002dbe4daca122b364423a4af6 P 516993ea7c3945fe9c82d14af8f775c0: Neither blocks nor log segments found. Creating new log.
I20260630 12:11:46.365588  2382 ts_tablet_manager.cc:1403] T 4d99a5146ccc42ffa529b911d36b78b7 P 6f03e7ff66594310b9a0027b14452bd5: Time spent bootstrapping tablet: real 0.015s	user 0.014s	sys 0.000s
I20260630 12:11:46.366343  2380 tablet_bootstrap.cc:492] T b27df8002dbe4daca122b364423a4af6 P 95976962592e4da08e02bbfdc4391e5e: No bootstrap required, opened a new log
I20260630 12:11:46.366765  2380 ts_tablet_manager.cc:1403] T b27df8002dbe4daca122b364423a4af6 P 95976962592e4da08e02bbfdc4391e5e: Time spent bootstrapping tablet: real 0.014s	user 0.006s	sys 0.006s
I20260630 12:11:46.368896  2382 raft_consensus.cc:359] T 4d99a5146ccc42ffa529b911d36b78b7 P 6f03e7ff66594310b9a0027b14452bd5 [term 0 FOLLOWER]: Replica starting. Triggering 0 pending ops. Active config: opid_index: -1 OBSOLETE_local: false peers { permanent_uuid: "95976962592e4da08e02bbfdc4391e5e" member_type: VOTER last_known_addr { host: "127.0.107.193" port: 41719 } } peers { permanent_uuid: "516993ea7c3945fe9c82d14af8f775c0" member_type: VOTER last_known_addr { host: "127.0.107.194" port: 43739 } } peers { permanent_uuid: "6f03e7ff66594310b9a0027b14452bd5" member_type: VOTER last_known_addr { host: "127.0.107.195" port: 38065 } }
I20260630 12:11:46.369555  2382 raft_consensus.cc:385] T 4d99a5146ccc42ffa529b911d36b78b7 P 6f03e7ff66594310b9a0027b14452bd5 [term 0 FOLLOWER]: Consensus starting up: Expiring failure detector timer to make a prompt election more likely
I20260630 12:11:46.369302  2380 raft_consensus.cc:359] T b27df8002dbe4daca122b364423a4af6 P 95976962592e4da08e02bbfdc4391e5e [term 0 FOLLOWER]: Replica starting. Triggering 0 pending ops. Active config: opid_index: -1 OBSOLETE_local: false peers { permanent_uuid: "516993ea7c3945fe9c82d14af8f775c0" member_type: VOTER last_known_addr { host: "127.0.107.194" port: 43739 } } peers { permanent_uuid: "95976962592e4da08e02bbfdc4391e5e" member_type: VOTER last_known_addr { host: "127.0.107.193" port: 41719 } } peers { permanent_uuid: "6f03e7ff66594310b9a0027b14452bd5" member_type: VOTER last_known_addr { host: "127.0.107.195" port: 38065 } }
I20260630 12:11:46.369936  2382 raft_consensus.cc:740] T 4d99a5146ccc42ffa529b911d36b78b7 P 6f03e7ff66594310b9a0027b14452bd5 [term 0 FOLLOWER]: Becoming Follower/Learner. State: Replica: 6f03e7ff66594310b9a0027b14452bd5, State: Initialized, Role: FOLLOWER
I20260630 12:11:46.370142  2380 raft_consensus.cc:385] T b27df8002dbe4daca122b364423a4af6 P 95976962592e4da08e02bbfdc4391e5e [term 0 FOLLOWER]: Consensus starting up: Expiring failure detector timer to make a prompt election more likely
I20260630 12:11:46.370505  2380 raft_consensus.cc:740] T b27df8002dbe4daca122b364423a4af6 P 95976962592e4da08e02bbfdc4391e5e [term 0 FOLLOWER]: Becoming Follower/Learner. State: Replica: 95976962592e4da08e02bbfdc4391e5e, State: Initialized, Role: FOLLOWER
I20260630 12:11:46.370916  2381 tablet_bootstrap.cc:492] T b27df8002dbe4daca122b364423a4af6 P 516993ea7c3945fe9c82d14af8f775c0: No bootstrap required, opened a new log
I20260630 12:11:46.370761  2382 consensus_queue.cc:260] T 4d99a5146ccc42ffa529b911d36b78b7 P 6f03e7ff66594310b9a0027b14452bd5 [NON_LEADER]: Queue going to NON_LEADER mode. State: All replicated index: 0, Majority replicated index: 0, Committed index: 0, Last appended: 0.0, Last appended by leader: 0, Current term: 0, Majority size: -1, State: 0, Mode: NON_LEADER, active raft config: opid_index: -1 OBSOLETE_local: false peers { permanent_uuid: "95976962592e4da08e02bbfdc4391e5e" member_type: VOTER last_known_addr { host: "127.0.107.193" port: 41719 } } peers { permanent_uuid: "516993ea7c3945fe9c82d14af8f775c0" member_type: VOTER last_known_addr { host: "127.0.107.194" port: 43739 } } peers { permanent_uuid: "6f03e7ff66594310b9a0027b14452bd5" member_type: VOTER last_known_addr { host: "127.0.107.195" port: 38065 } }
I20260630 12:11:46.371445  2381 ts_tablet_manager.cc:1403] T b27df8002dbe4daca122b364423a4af6 P 516993ea7c3945fe9c82d14af8f775c0: Time spent bootstrapping tablet: real 0.014s	user 0.007s	sys 0.006s
I20260630 12:11:46.371272  2380 consensus_queue.cc:260] T b27df8002dbe4daca122b364423a4af6 P 95976962592e4da08e02bbfdc4391e5e [NON_LEADER]: Queue going to NON_LEADER mode. State: All replicated index: 0, Majority replicated index: 0, Committed index: 0, Last appended: 0.0, Last appended by leader: 0, Current term: 0, Majority size: -1, State: 0, Mode: NON_LEADER, active raft config: opid_index: -1 OBSOLETE_local: false peers { permanent_uuid: "516993ea7c3945fe9c82d14af8f775c0" member_type: VOTER last_known_addr { host: "127.0.107.194" port: 43739 } } peers { permanent_uuid: "95976962592e4da08e02bbfdc4391e5e" member_type: VOTER last_known_addr { host: "127.0.107.193" port: 41719 } } peers { permanent_uuid: "6f03e7ff66594310b9a0027b14452bd5" member_type: VOTER last_known_addr { host: "127.0.107.195" port: 38065 } }
I20260630 12:11:46.373837  2382 ts_tablet_manager.cc:1434] T 4d99a5146ccc42ffa529b911d36b78b7 P 6f03e7ff66594310b9a0027b14452bd5: Time spent starting tablet: real 0.008s	user 0.007s	sys 0.000s
I20260630 12:11:46.374920  2382 tablet_bootstrap.cc:492] T b27df8002dbe4daca122b364423a4af6 P 6f03e7ff66594310b9a0027b14452bd5: Bootstrap starting.
I20260630 12:11:46.380558  2380 ts_tablet_manager.cc:1434] T b27df8002dbe4daca122b364423a4af6 P 95976962592e4da08e02bbfdc4391e5e: Time spent starting tablet: real 0.014s	user 0.010s	sys 0.003s
I20260630 12:11:46.381112  2382 tablet_bootstrap.cc:654] T b27df8002dbe4daca122b364423a4af6 P 6f03e7ff66594310b9a0027b14452bd5: Neither blocks nor log segments found. Creating new log.
I20260630 12:11:46.382438  2381 raft_consensus.cc:359] T b27df8002dbe4daca122b364423a4af6 P 516993ea7c3945fe9c82d14af8f775c0 [term 0 FOLLOWER]: Replica starting. Triggering 0 pending ops. Active config: opid_index: -1 OBSOLETE_local: false peers { permanent_uuid: "516993ea7c3945fe9c82d14af8f775c0" member_type: VOTER last_known_addr { host: "127.0.107.194" port: 43739 } } peers { permanent_uuid: "95976962592e4da08e02bbfdc4391e5e" member_type: VOTER last_known_addr { host: "127.0.107.193" port: 41719 } } peers { permanent_uuid: "6f03e7ff66594310b9a0027b14452bd5" member_type: VOTER last_known_addr { host: "127.0.107.195" port: 38065 } }
I20260630 12:11:46.383323  2381 raft_consensus.cc:385] T b27df8002dbe4daca122b364423a4af6 P 516993ea7c3945fe9c82d14af8f775c0 [term 0 FOLLOWER]: Consensus starting up: Expiring failure detector timer to make a prompt election more likely
I20260630 12:11:46.383721  2381 raft_consensus.cc:740] T b27df8002dbe4daca122b364423a4af6 P 516993ea7c3945fe9c82d14af8f775c0 [term 0 FOLLOWER]: Becoming Follower/Learner. State: Replica: 516993ea7c3945fe9c82d14af8f775c0, State: Initialized, Role: FOLLOWER
I20260630 12:11:46.385689  2380 tablet_bootstrap.cc:492] T 4d99a5146ccc42ffa529b911d36b78b7 P 95976962592e4da08e02bbfdc4391e5e: Bootstrap starting.
I20260630 12:11:46.385031  2381 consensus_queue.cc:260] T b27df8002dbe4daca122b364423a4af6 P 516993ea7c3945fe9c82d14af8f775c0 [NON_LEADER]: Queue going to NON_LEADER mode. State: All replicated index: 0, Majority replicated index: 0, Committed index: 0, Last appended: 0.0, Last appended by leader: 0, Current term: 0, Majority size: -1, State: 0, Mode: NON_LEADER, active raft config: opid_index: -1 OBSOLETE_local: false peers { permanent_uuid: "516993ea7c3945fe9c82d14af8f775c0" member_type: VOTER last_known_addr { host: "127.0.107.194" port: 43739 } } peers { permanent_uuid: "95976962592e4da08e02bbfdc4391e5e" member_type: VOTER last_known_addr { host: "127.0.107.193" port: 41719 } } peers { permanent_uuid: "6f03e7ff66594310b9a0027b14452bd5" member_type: VOTER last_known_addr { host: "127.0.107.195" port: 38065 } }
I20260630 12:11:46.391330  2381 ts_tablet_manager.cc:1434] T b27df8002dbe4daca122b364423a4af6 P 516993ea7c3945fe9c82d14af8f775c0: Time spent starting tablet: real 0.020s	user 0.007s	sys 0.002s
I20260630 12:11:46.392820  2381 tablet_bootstrap.cc:492] T 4d99a5146ccc42ffa529b911d36b78b7 P 516993ea7c3945fe9c82d14af8f775c0: Bootstrap starting.
I20260630 12:11:46.395687  2380 tablet_bootstrap.cc:654] T 4d99a5146ccc42ffa529b911d36b78b7 P 95976962592e4da08e02bbfdc4391e5e: Neither blocks nor log segments found. Creating new log.
I20260630 12:11:46.401515  2382 tablet_bootstrap.cc:492] T b27df8002dbe4daca122b364423a4af6 P 6f03e7ff66594310b9a0027b14452bd5: No bootstrap required, opened a new log
I20260630 12:11:46.402179  2382 ts_tablet_manager.cc:1403] T b27df8002dbe4daca122b364423a4af6 P 6f03e7ff66594310b9a0027b14452bd5: Time spent bootstrapping tablet: real 0.027s	user 0.010s	sys 0.015s
I20260630 12:11:46.403460  2381 tablet_bootstrap.cc:654] T 4d99a5146ccc42ffa529b911d36b78b7 P 516993ea7c3945fe9c82d14af8f775c0: Neither blocks nor log segments found. Creating new log.
I20260630 12:11:46.405238  2382 raft_consensus.cc:359] T b27df8002dbe4daca122b364423a4af6 P 6f03e7ff66594310b9a0027b14452bd5 [term 0 FOLLOWER]: Replica starting. Triggering 0 pending ops. Active config: opid_index: -1 OBSOLETE_local: false peers { permanent_uuid: "516993ea7c3945fe9c82d14af8f775c0" member_type: VOTER last_known_addr { host: "127.0.107.194" port: 43739 } } peers { permanent_uuid: "95976962592e4da08e02bbfdc4391e5e" member_type: VOTER last_known_addr { host: "127.0.107.193" port: 41719 } } peers { permanent_uuid: "6f03e7ff66594310b9a0027b14452bd5" member_type: VOTER last_known_addr { host: "127.0.107.195" port: 38065 } }
I20260630 12:11:46.406128  2382 raft_consensus.cc:385] T b27df8002dbe4daca122b364423a4af6 P 6f03e7ff66594310b9a0027b14452bd5 [term 0 FOLLOWER]: Consensus starting up: Expiring failure detector timer to make a prompt election more likely
I20260630 12:11:46.406514  2382 raft_consensus.cc:740] T b27df8002dbe4daca122b364423a4af6 P 6f03e7ff66594310b9a0027b14452bd5 [term 0 FOLLOWER]: Becoming Follower/Learner. State: Replica: 6f03e7ff66594310b9a0027b14452bd5, State: Initialized, Role: FOLLOWER
I20260630 12:11:46.407774  2382 consensus_queue.cc:260] T b27df8002dbe4daca122b364423a4af6 P 6f03e7ff66594310b9a0027b14452bd5 [NON_LEADER]: Queue going to NON_LEADER mode. State: All replicated index: 0, Majority replicated index: 0, Committed index: 0, Last appended: 0.0, Last appended by leader: 0, Current term: 0, Majority size: -1, State: 0, Mode: NON_LEADER, active raft config: opid_index: -1 OBSOLETE_local: false peers { permanent_uuid: "516993ea7c3945fe9c82d14af8f775c0" member_type: VOTER last_known_addr { host: "127.0.107.194" port: 43739 } } peers { permanent_uuid: "95976962592e4da08e02bbfdc4391e5e" member_type: VOTER last_known_addr { host: "127.0.107.193" port: 41719 } } peers { permanent_uuid: "6f03e7ff66594310b9a0027b14452bd5" member_type: VOTER last_known_addr { host: "127.0.107.195" port: 38065 } }
I20260630 12:11:46.412899  2382 ts_tablet_manager.cc:1434] T b27df8002dbe4daca122b364423a4af6 P 6f03e7ff66594310b9a0027b14452bd5: Time spent starting tablet: real 0.010s	user 0.006s	sys 0.001s
I20260630 12:11:46.413755  2380 tablet_bootstrap.cc:492] T 4d99a5146ccc42ffa529b911d36b78b7 P 95976962592e4da08e02bbfdc4391e5e: No bootstrap required, opened a new log
I20260630 12:11:46.414270  2380 ts_tablet_manager.cc:1403] T 4d99a5146ccc42ffa529b911d36b78b7 P 95976962592e4da08e02bbfdc4391e5e: Time spent bootstrapping tablet: real 0.029s	user 0.016s	sys 0.008s
I20260630 12:11:46.415587  2381 tablet_bootstrap.cc:492] T 4d99a5146ccc42ffa529b911d36b78b7 P 516993ea7c3945fe9c82d14af8f775c0: No bootstrap required, opened a new log
I20260630 12:11:46.416155  2381 ts_tablet_manager.cc:1403] T 4d99a5146ccc42ffa529b911d36b78b7 P 516993ea7c3945fe9c82d14af8f775c0: Time spent bootstrapping tablet: real 0.024s	user 0.012s	sys 0.007s
I20260630 12:11:46.416764  2380 raft_consensus.cc:359] T 4d99a5146ccc42ffa529b911d36b78b7 P 95976962592e4da08e02bbfdc4391e5e [term 0 FOLLOWER]: Replica starting. Triggering 0 pending ops. Active config: opid_index: -1 OBSOLETE_local: false peers { permanent_uuid: "95976962592e4da08e02bbfdc4391e5e" member_type: VOTER last_known_addr { host: "127.0.107.193" port: 41719 } } peers { permanent_uuid: "516993ea7c3945fe9c82d14af8f775c0" member_type: VOTER last_known_addr { host: "127.0.107.194" port: 43739 } } peers { permanent_uuid: "6f03e7ff66594310b9a0027b14452bd5" member_type: VOTER last_known_addr { host: "127.0.107.195" port: 38065 } }
I20260630 12:11:46.417356  2380 raft_consensus.cc:385] T 4d99a5146ccc42ffa529b911d36b78b7 P 95976962592e4da08e02bbfdc4391e5e [term 0 FOLLOWER]: Consensus starting up: Expiring failure detector timer to make a prompt election more likely
I20260630 12:11:46.417619  2380 raft_consensus.cc:740] T 4d99a5146ccc42ffa529b911d36b78b7 P 95976962592e4da08e02bbfdc4391e5e [term 0 FOLLOWER]: Becoming Follower/Learner. State: Replica: 95976962592e4da08e02bbfdc4391e5e, State: Initialized, Role: FOLLOWER
I20260630 12:11:46.418388  2380 consensus_queue.cc:260] T 4d99a5146ccc42ffa529b911d36b78b7 P 95976962592e4da08e02bbfdc4391e5e [NON_LEADER]: Queue going to NON_LEADER mode. State: All replicated index: 0, Majority replicated index: 0, Committed index: 0, Last appended: 0.0, Last appended by leader: 0, Current term: 0, Majority size: -1, State: 0, Mode: NON_LEADER, active raft config: opid_index: -1 OBSOLETE_local: false peers { permanent_uuid: "95976962592e4da08e02bbfdc4391e5e" member_type: VOTER last_known_addr { host: "127.0.107.193" port: 41719 } } peers { permanent_uuid: "516993ea7c3945fe9c82d14af8f775c0" member_type: VOTER last_known_addr { host: "127.0.107.194" port: 43739 } } peers { permanent_uuid: "6f03e7ff66594310b9a0027b14452bd5" member_type: VOTER last_known_addr { host: "127.0.107.195" port: 38065 } }
I20260630 12:11:46.419091  2381 raft_consensus.cc:359] T 4d99a5146ccc42ffa529b911d36b78b7 P 516993ea7c3945fe9c82d14af8f775c0 [term 0 FOLLOWER]: Replica starting. Triggering 0 pending ops. Active config: opid_index: -1 OBSOLETE_local: false peers { permanent_uuid: "95976962592e4da08e02bbfdc4391e5e" member_type: VOTER last_known_addr { host: "127.0.107.193" port: 41719 } } peers { permanent_uuid: "516993ea7c3945fe9c82d14af8f775c0" member_type: VOTER last_known_addr { host: "127.0.107.194" port: 43739 } } peers { permanent_uuid: "6f03e7ff66594310b9a0027b14452bd5" member_type: VOTER last_known_addr { host: "127.0.107.195" port: 38065 } }
I20260630 12:11:46.419896  2381 raft_consensus.cc:385] T 4d99a5146ccc42ffa529b911d36b78b7 P 516993ea7c3945fe9c82d14af8f775c0 [term 0 FOLLOWER]: Consensus starting up: Expiring failure detector timer to make a prompt election more likely
I20260630 12:11:46.420270  2381 raft_consensus.cc:740] T 4d99a5146ccc42ffa529b911d36b78b7 P 516993ea7c3945fe9c82d14af8f775c0 [term 0 FOLLOWER]: Becoming Follower/Learner. State: Replica: 516993ea7c3945fe9c82d14af8f775c0, State: Initialized, Role: FOLLOWER
I20260630 12:11:46.420606  2380 ts_tablet_manager.cc:1434] T 4d99a5146ccc42ffa529b911d36b78b7 P 95976962592e4da08e02bbfdc4391e5e: Time spent starting tablet: real 0.006s	user 0.003s	sys 0.002s
I20260630 12:11:46.421270  2381 consensus_queue.cc:260] T 4d99a5146ccc42ffa529b911d36b78b7 P 516993ea7c3945fe9c82d14af8f775c0 [NON_LEADER]: Queue going to NON_LEADER mode. State: All replicated index: 0, Majority replicated index: 0, Committed index: 0, Last appended: 0.0, Last appended by leader: 0, Current term: 0, Majority size: -1, State: 0, Mode: NON_LEADER, active raft config: opid_index: -1 OBSOLETE_local: false peers { permanent_uuid: "95976962592e4da08e02bbfdc4391e5e" member_type: VOTER last_known_addr { host: "127.0.107.193" port: 41719 } } peers { permanent_uuid: "516993ea7c3945fe9c82d14af8f775c0" member_type: VOTER last_known_addr { host: "127.0.107.194" port: 43739 } } peers { permanent_uuid: "6f03e7ff66594310b9a0027b14452bd5" member_type: VOTER last_known_addr { host: "127.0.107.195" port: 38065 } }
I20260630 12:11:46.424227  2381 ts_tablet_manager.cc:1434] T 4d99a5146ccc42ffa529b911d36b78b7 P 516993ea7c3945fe9c82d14af8f775c0: Time spent starting tablet: real 0.008s	user 0.006s	sys 0.000s
I20260630 12:11:46.492856  2387 raft_consensus.cc:493] T b27df8002dbe4daca122b364423a4af6 P 95976962592e4da08e02bbfdc4391e5e [term 0 FOLLOWER]: Starting pre-election (no leader contacted us within the election timeout)
I20260630 12:11:46.493319  2387 raft_consensus.cc:515] T b27df8002dbe4daca122b364423a4af6 P 95976962592e4da08e02bbfdc4391e5e [term 0 FOLLOWER]: Starting pre-election with config: opid_index: -1 OBSOLETE_local: false peers { permanent_uuid: "516993ea7c3945fe9c82d14af8f775c0" member_type: VOTER last_known_addr { host: "127.0.107.194" port: 43739 } } peers { permanent_uuid: "95976962592e4da08e02bbfdc4391e5e" member_type: VOTER last_known_addr { host: "127.0.107.193" port: 41719 } } peers { permanent_uuid: "6f03e7ff66594310b9a0027b14452bd5" member_type: VOTER last_known_addr { host: "127.0.107.195" port: 38065 } }
I20260630 12:11:46.495282  2387 leader_election.cc:290] T b27df8002dbe4daca122b364423a4af6 P 95976962592e4da08e02bbfdc4391e5e [CANDIDATE]: Term 1 pre-election: Requested pre-vote from peers 516993ea7c3945fe9c82d14af8f775c0 (127.0.107.194:43739), 6f03e7ff66594310b9a0027b14452bd5 (127.0.107.195:38065)
I20260630 12:11:46.508541  2261 tablet_service.cc:1917] Received RequestConsensusVote() RPC: tablet_id: "b27df8002dbe4daca122b364423a4af6" candidate_uuid: "95976962592e4da08e02bbfdc4391e5e" candidate_term: 1 candidate_status { last_received { term: 0 index: 0 } } ignore_live_leader: false dest_uuid: "516993ea7c3945fe9c82d14af8f775c0" is_pre_election: true
I20260630 12:11:46.508541  2335 tablet_service.cc:1917] Received RequestConsensusVote() RPC: tablet_id: "b27df8002dbe4daca122b364423a4af6" candidate_uuid: "95976962592e4da08e02bbfdc4391e5e" candidate_term: 1 candidate_status { last_received { term: 0 index: 0 } } ignore_live_leader: false dest_uuid: "6f03e7ff66594310b9a0027b14452bd5" is_pre_election: true
I20260630 12:11:46.509398  2261 raft_consensus.cc:2468] T b27df8002dbe4daca122b364423a4af6 P 516993ea7c3945fe9c82d14af8f775c0 [term 0 FOLLOWER]: Leader pre-election vote request: Granting yes vote for candidate 95976962592e4da08e02bbfdc4391e5e in term 0.
I20260630 12:11:46.509501  2335 raft_consensus.cc:2468] T b27df8002dbe4daca122b364423a4af6 P 6f03e7ff66594310b9a0027b14452bd5 [term 0 FOLLOWER]: Leader pre-election vote request: Granting yes vote for candidate 95976962592e4da08e02bbfdc4391e5e in term 0.
I20260630 12:11:46.510799  2152 leader_election.cc:304] T b27df8002dbe4daca122b364423a4af6 P 95976962592e4da08e02bbfdc4391e5e [CANDIDATE]: Term 1 pre-election: Election decided. Result: candidate won. Election summary: received 2 responses out of 3 voters: 2 yes votes; 0 no votes. yes voters: 516993ea7c3945fe9c82d14af8f775c0, 95976962592e4da08e02bbfdc4391e5e; no voters: 
I20260630 12:11:46.511528  2387 raft_consensus.cc:2804] T b27df8002dbe4daca122b364423a4af6 P 95976962592e4da08e02bbfdc4391e5e [term 0 FOLLOWER]: Leader pre-election won for term 1
I20260630 12:11:46.511873  2387 raft_consensus.cc:493] T b27df8002dbe4daca122b364423a4af6 P 95976962592e4da08e02bbfdc4391e5e [term 0 FOLLOWER]: Starting leader election (no leader contacted us within the election timeout)
I20260630 12:11:46.512192  2387 raft_consensus.cc:3060] T b27df8002dbe4daca122b364423a4af6 P 95976962592e4da08e02bbfdc4391e5e [term 0 FOLLOWER]: Advancing to term 1
I20260630 12:11:46.516717  2387 raft_consensus.cc:515] T b27df8002dbe4daca122b364423a4af6 P 95976962592e4da08e02bbfdc4391e5e [term 1 FOLLOWER]: Starting leader election with config: opid_index: -1 OBSOLETE_local: false peers { permanent_uuid: "516993ea7c3945fe9c82d14af8f775c0" member_type: VOTER last_known_addr { host: "127.0.107.194" port: 43739 } } peers { permanent_uuid: "95976962592e4da08e02bbfdc4391e5e" member_type: VOTER last_known_addr { host: "127.0.107.193" port: 41719 } } peers { permanent_uuid: "6f03e7ff66594310b9a0027b14452bd5" member_type: VOTER last_known_addr { host: "127.0.107.195" port: 38065 } }
I20260630 12:11:46.518369  2387 leader_election.cc:290] T b27df8002dbe4daca122b364423a4af6 P 95976962592e4da08e02bbfdc4391e5e [CANDIDATE]: Term 1 election: Requested vote from peers 516993ea7c3945fe9c82d14af8f775c0 (127.0.107.194:43739), 6f03e7ff66594310b9a0027b14452bd5 (127.0.107.195:38065)
I20260630 12:11:46.519057  2389 raft_consensus.cc:493] T 4d99a5146ccc42ffa529b911d36b78b7 P 516993ea7c3945fe9c82d14af8f775c0 [term 0 FOLLOWER]: Starting pre-election (no leader contacted us within the election timeout)
I20260630 12:11:46.519277  2261 tablet_service.cc:1917] Received RequestConsensusVote() RPC: tablet_id: "b27df8002dbe4daca122b364423a4af6" candidate_uuid: "95976962592e4da08e02bbfdc4391e5e" candidate_term: 1 candidate_status { last_received { term: 0 index: 0 } } ignore_live_leader: false dest_uuid: "516993ea7c3945fe9c82d14af8f775c0"
I20260630 12:11:46.519572  2335 tablet_service.cc:1917] Received RequestConsensusVote() RPC: tablet_id: "b27df8002dbe4daca122b364423a4af6" candidate_uuid: "95976962592e4da08e02bbfdc4391e5e" candidate_term: 1 candidate_status { last_received { term: 0 index: 0 } } ignore_live_leader: false dest_uuid: "6f03e7ff66594310b9a0027b14452bd5"
I20260630 12:11:46.519881  2261 raft_consensus.cc:3060] T b27df8002dbe4daca122b364423a4af6 P 516993ea7c3945fe9c82d14af8f775c0 [term 0 FOLLOWER]: Advancing to term 1
I20260630 12:11:46.519552  2389 raft_consensus.cc:515] T 4d99a5146ccc42ffa529b911d36b78b7 P 516993ea7c3945fe9c82d14af8f775c0 [term 0 FOLLOWER]: Starting pre-election with config: opid_index: -1 OBSOLETE_local: false peers { permanent_uuid: "95976962592e4da08e02bbfdc4391e5e" member_type: VOTER last_known_addr { host: "127.0.107.193" port: 41719 } } peers { permanent_uuid: "516993ea7c3945fe9c82d14af8f775c0" member_type: VOTER last_known_addr { host: "127.0.107.194" port: 43739 } } peers { permanent_uuid: "6f03e7ff66594310b9a0027b14452bd5" member_type: VOTER last_known_addr { host: "127.0.107.195" port: 38065 } }
I20260630 12:11:46.520399  2335 raft_consensus.cc:3060] T b27df8002dbe4daca122b364423a4af6 P 6f03e7ff66594310b9a0027b14452bd5 [term 0 FOLLOWER]: Advancing to term 1
I20260630 12:11:46.525053  2389 leader_election.cc:290] T 4d99a5146ccc42ffa529b911d36b78b7 P 516993ea7c3945fe9c82d14af8f775c0 [CANDIDATE]: Term 1 pre-election: Requested pre-vote from peers 95976962592e4da08e02bbfdc4391e5e (127.0.107.193:41719), 6f03e7ff66594310b9a0027b14452bd5 (127.0.107.195:38065)
