I20260630 12:12:41.922857  3605 raft_consensus.cc:515] T 89bf965628b04341bd66bb1d0e516f2d P a35fdc0bc4d941429ea3a5e9b76aeb1b [term 1 FOLLOWER]: Starting leader election with config: opid_index: -1 OBSOLETE_local: false peers { permanent_uuid: "a35fdc0bc4d941429ea3a5e9b76aeb1b" member_type: VOTER last_known_addr { host: "127.0.107.194" port: 39237 } } peers { permanent_uuid: "3c61b03e90b74c6c8c2b380da097b6ff" member_type: VOTER last_known_addr { host: "127.0.107.195" port: 46633 } } peers { permanent_uuid: "377ff8185d1f482f9b516c8c30567b18" member_type: VOTER last_known_addr { host: "127.0.107.193" port: 39671 } }
I20260630 12:12:41.924292  3475 raft_consensus.cc:2393] T 89bf965628b04341bd66bb1d0e516f2d P a35fdc0bc4d941429ea3a5e9b76aeb1b [term 1 FOLLOWER]: Leader pre-election vote request: Denying vote to candidate 377ff8185d1f482f9b516c8c30567b18 in current term 1: Already voted for candidate a35fdc0bc4d941429ea3a5e9b76aeb1b in this term.
I20260630 12:12:41.926280  3628 leader_election.cc:290] T 0ba7fbf0c4f34168b0a9aa029d7810fa P 377ff8185d1f482f9b516c8c30567b18 [CANDIDATE]: Term 1 election: Requested vote from peers a35fdc0bc4d941429ea3a5e9b76aeb1b (127.0.107.194:39237), 3c61b03e90b74c6c8c2b380da097b6ff (127.0.107.195:46633)
I20260630 12:12:41.927280  3476 tablet_service.cc:1917] Received RequestConsensusVote() RPC: tablet_id: "89bf965628b04341bd66bb1d0e516f2d" candidate_uuid: "377ff8185d1f482f9b516c8c30567b18" candidate_term: 1 candidate_status { last_received { term: 0 index: 0 } } ignore_live_leader: false dest_uuid: "a35fdc0bc4d941429ea3a5e9b76aeb1b"
I20260630 12:12:41.927645  3550 tablet_service.cc:1917] Received RequestConsensusVote() RPC: tablet_id: "89bf965628b04341bd66bb1d0e516f2d" candidate_uuid: "a35fdc0bc4d941429ea3a5e9b76aeb1b" candidate_term: 1 candidate_status { last_received { term: 0 index: 0 } } ignore_live_leader: false dest_uuid: "3c61b03e90b74c6c8c2b380da097b6ff"
I20260630 12:12:41.927934  3596 tablet_bootstrap.cc:492] T 26b25005293342da960dbba7396cded8 P 377ff8185d1f482f9b516c8c30567b18: No bootstrap required, opened a new log
I20260630 12:12:41.928412  3627 leader_election.cc:290] T 89bf965628b04341bd66bb1d0e516f2d P 377ff8185d1f482f9b516c8c30567b18 [CANDIDATE]: Term 1 election: Requested vote from peers a35fdc0bc4d941429ea3a5e9b76aeb1b (127.0.107.194:39237), 3c61b03e90b74c6c8c2b380da097b6ff (127.0.107.195:46633)
I20260630 12:12:41.928663  3596 ts_tablet_manager.cc:1403] T 26b25005293342da960dbba7396cded8 P 377ff8185d1f482f9b516c8c30567b18: Time spent bootstrapping tablet: real 0.104s	user 0.004s	sys 0.016s
I20260630 12:12:41.928241  3550 raft_consensus.cc:3060] T 89bf965628b04341bd66bb1d0e516f2d P 3c61b03e90b74c6c8c2b380da097b6ff [term 0 FOLLOWER]: Advancing to term 1
I20260630 12:12:41.929936  3549 tablet_service.cc:1917] Received RequestConsensusVote() RPC: tablet_id: "0ba7fbf0c4f34168b0a9aa029d7810fa" candidate_uuid: "377ff8185d1f482f9b516c8c30567b18" candidate_term: 1 candidate_status { last_received { term: 0 index: 0 } } ignore_live_leader: false dest_uuid: "3c61b03e90b74c6c8c2b380da097b6ff"
I20260630 12:12:41.930897  3605 leader_election.cc:290] T 89bf965628b04341bd66bb1d0e516f2d P a35fdc0bc4d941429ea3a5e9b76aeb1b [CANDIDATE]: Term 1 election: Requested vote from peers 3c61b03e90b74c6c8c2b380da097b6ff (127.0.107.195:46633), 377ff8185d1f482f9b516c8c30567b18 (127.0.107.193:39671)
I20260630 12:12:41.931210  3548 tablet_service.cc:1917] Received RequestConsensusVote() RPC: tablet_id: "89bf965628b04341bd66bb1d0e516f2d" candidate_uuid: "377ff8185d1f482f9b516c8c30567b18" candidate_term: 1 candidate_status { last_received { term: 0 index: 0 } } ignore_live_leader: false dest_uuid: "3c61b03e90b74c6c8c2b380da097b6ff"
I20260630 12:12:41.933284  3549 raft_consensus.cc:3060] T 0ba7fbf0c4f34168b0a9aa029d7810fa P 3c61b03e90b74c6c8c2b380da097b6ff [term 0 FOLLOWER]: Advancing to term 1
I20260630 12:12:41.933782  3367 leader_election.cc:304] T 89bf965628b04341bd66bb1d0e516f2d P 377ff8185d1f482f9b516c8c30567b18 [CANDIDATE]: Term 1 election: Election decided. Result: candidate lost. Election summary: received 3 responses out of 3 voters: 1 yes votes; 2 no votes. yes voters: 377ff8185d1f482f9b516c8c30567b18; no voters: 3c61b03e90b74c6c8c2b380da097b6ff, a35fdc0bc4d941429ea3a5e9b76aeb1b
I20260630 12:12:41.935815  3627 raft_consensus.cc:2749] T 89bf965628b04341bd66bb1d0e516f2d P 377ff8185d1f482f9b516c8c30567b18 [term 1 FOLLOWER]: Leader election lost for term 1. Reason: could not achieve majority
I20260630 12:12:41.938215  3401 tablet_service.cc:1917] Received RequestConsensusVote() RPC: tablet_id: "89bf965628b04341bd66bb1d0e516f2d" candidate_uuid: "a35fdc0bc4d941429ea3a5e9b76aeb1b" candidate_term: 1 candidate_status { last_received { term: 0 index: 0 } } ignore_live_leader: false dest_uuid: "377ff8185d1f482f9b516c8c30567b18"
I20260630 12:12:41.938886  3401 raft_consensus.cc:2393] T 89bf965628b04341bd66bb1d0e516f2d P 377ff8185d1f482f9b516c8c30567b18 [term 1 FOLLOWER]: Leader election vote request: Denying vote to candidate a35fdc0bc4d941429ea3a5e9b76aeb1b in current term 1: Already voted for candidate 377ff8185d1f482f9b516c8c30567b18 in this term.
I20260630 12:12:41.941453  3596 raft_consensus.cc:359] T 26b25005293342da960dbba7396cded8 P 377ff8185d1f482f9b516c8c30567b18 [term 0 FOLLOWER]: Replica starting. Triggering 0 pending ops. Active config: opid_index: -1 OBSOLETE_local: false peers { permanent_uuid: "377ff8185d1f482f9b516c8c30567b18" member_type: VOTER last_known_addr { host: "127.0.107.193" port: 39671 } } peers { permanent_uuid: "a35fdc0bc4d941429ea3a5e9b76aeb1b" member_type: VOTER last_known_addr { host: "127.0.107.194" port: 39237 } } peers { permanent_uuid: "3c61b03e90b74c6c8c2b380da097b6ff" member_type: VOTER last_known_addr { host: "127.0.107.195" port: 46633 } }
I20260630 12:12:41.941938  3549 raft_consensus.cc:2468] T 0ba7fbf0c4f34168b0a9aa029d7810fa P 3c61b03e90b74c6c8c2b380da097b6ff [term 1 FOLLOWER]: Leader election vote request: Granting yes vote for candidate 377ff8185d1f482f9b516c8c30567b18 in term 1.
I20260630 12:12:41.942374  3596 raft_consensus.cc:385] T 26b25005293342da960dbba7396cded8 P 377ff8185d1f482f9b516c8c30567b18 [term 0 FOLLOWER]: Consensus starting up: Expiring failure detector timer to make a prompt election more likely
I20260630 12:12:41.942708  3596 raft_consensus.cc:740] T 26b25005293342da960dbba7396cded8 P 377ff8185d1f482f9b516c8c30567b18 [term 0 FOLLOWER]: Becoming Follower/Learner. State: Replica: 377ff8185d1f482f9b516c8c30567b18, State: Initialized, Role: FOLLOWER
I20260630 12:12:41.943147  3367 leader_election.cc:304] T 0ba7fbf0c4f34168b0a9aa029d7810fa P 377ff8185d1f482f9b516c8c30567b18 [CANDIDATE]: Term 1 election: Election decided. Result: candidate won. Election summary: received 3 responses out of 3 voters: 2 yes votes; 1 no votes. yes voters: 377ff8185d1f482f9b516c8c30567b18, 3c61b03e90b74c6c8c2b380da097b6ff; no voters: a35fdc0bc4d941429ea3a5e9b76aeb1b
I20260630 12:12:41.943553  3596 consensus_queue.cc:260] T 26b25005293342da960dbba7396cded8 P 377ff8185d1f482f9b516c8c30567b18 [NON_LEADER]: Queue going to NON_LEADER mode. State: All replicated index: 0, Majority replicated index: 0, Committed index: 0, Last appended: 0.0, Last appended by leader: 0, Current term: 0, Majority size: -1, State: 0, Mode: NON_LEADER, active raft config: opid_index: -1 OBSOLETE_local: false peers { permanent_uuid: "377ff8185d1f482f9b516c8c30567b18" member_type: VOTER last_known_addr { host: "127.0.107.193" port: 39671 } } peers { permanent_uuid: "a35fdc0bc4d941429ea3a5e9b76aeb1b" member_type: VOTER last_known_addr { host: "127.0.107.194" port: 39237 } } peers { permanent_uuid: "3c61b03e90b74c6c8c2b380da097b6ff" member_type: VOTER last_known_addr { host: "127.0.107.195" port: 46633 } }
I20260630 12:12:41.944051  3627 raft_consensus.cc:2804] T 0ba7fbf0c4f34168b0a9aa029d7810fa P 377ff8185d1f482f9b516c8c30567b18 [term 1 FOLLOWER]: Leader election won for term 1
I20260630 12:12:41.943791  3299 catalog_manager.cc:5697] T f657f6a4fce44a53926470e98484b428 P 377ff8185d1f482f9b516c8c30567b18 reported cstate change: term changed from 0 to 1, leader changed from <none> to 377ff8185d1f482f9b516c8c30567b18 (127.0.107.193). New cstate: current_term: 1 leader_uuid: "377ff8185d1f482f9b516c8c30567b18" committed_config { opid_index: -1 OBSOLETE_local: false peers { permanent_uuid: "a35fdc0bc4d941429ea3a5e9b76aeb1b" member_type: VOTER last_known_addr { host: "127.0.107.194" port: 39237 } health_report { overall_health: UNKNOWN } } peers { permanent_uuid: "377ff8185d1f482f9b516c8c30567b18" member_type: VOTER last_known_addr { host: "127.0.107.193" port: 39671 } health_report { overall_health: HEALTHY } } peers { permanent_uuid: "3c61b03e90b74c6c8c2b380da097b6ff" member_type: VOTER last_known_addr { host: "127.0.107.195" port: 46633 } health_report { overall_health: UNKNOWN } } }
I20260630 12:12:41.944875  3627 raft_consensus.cc:697] T 0ba7fbf0c4f34168b0a9aa029d7810fa P 377ff8185d1f482f9b516c8c30567b18 [term 1 LEADER]: Becoming Leader. State: Replica: 377ff8185d1f482f9b516c8c30567b18, State: Running, Role: LEADER
I20260630 12:12:41.946153  3627 consensus_queue.cc:237] T 0ba7fbf0c4f34168b0a9aa029d7810fa P 377ff8185d1f482f9b516c8c30567b18 [LEADER]: Queue going to LEADER mode. State: All replicated index: 0, Majority replicated index: 0, Committed index: 0, Last appended: 0.0, Last appended by leader: 0, Current term: 1, Majority size: 2, State: 0, Mode: LEADER, active raft config: opid_index: -1 OBSOLETE_local: false peers { permanent_uuid: "377ff8185d1f482f9b516c8c30567b18" member_type: VOTER last_known_addr { host: "127.0.107.193" port: 39671 } } peers { permanent_uuid: "a35fdc0bc4d941429ea3a5e9b76aeb1b" member_type: VOTER last_known_addr { host: "127.0.107.194" port: 39237 } } peers { permanent_uuid: "3c61b03e90b74c6c8c2b380da097b6ff" member_type: VOTER last_known_addr { host: "127.0.107.195" port: 46633 } }
I20260630 12:12:41.946918  3596 ts_tablet_manager.cc:1434] T 26b25005293342da960dbba7396cded8 P 377ff8185d1f482f9b516c8c30567b18: Time spent starting tablet: real 0.018s	user 0.008s	sys 0.002s
I20260630 12:12:41.948096  3597 tablet_bootstrap.cc:492] T 0ba7fbf0c4f34168b0a9aa029d7810fa P a35fdc0bc4d941429ea3a5e9b76aeb1b: No bootstrap required, opened a new log
I20260630 12:12:41.948808  3597 ts_tablet_manager.cc:1403] T 0ba7fbf0c4f34168b0a9aa029d7810fa P a35fdc0bc4d941429ea3a5e9b76aeb1b: Time spent bootstrapping tablet: real 0.109s	user 0.021s	sys 0.011s
I20260630 12:12:41.949645  3595 ts_tablet_manager.cc:1434] T a621b117e3594c1ba394dc6fc6b07833 P 3c61b03e90b74c6c8c2b380da097b6ff: Time spent starting tablet: real 0.113s	user 0.007s	sys 0.005s
I20260630 12:12:41.952726  3597 raft_consensus.cc:359] T 0ba7fbf0c4f34168b0a9aa029d7810fa P a35fdc0bc4d941429ea3a5e9b76aeb1b [term 0 FOLLOWER]: Replica starting. Triggering 0 pending ops. Active config: opid_index: -1 OBSOLETE_local: false peers { permanent_uuid: "377ff8185d1f482f9b516c8c30567b18" member_type: VOTER last_known_addr { host: "127.0.107.193" port: 39671 } } peers { permanent_uuid: "a35fdc0bc4d941429ea3a5e9b76aeb1b" member_type: VOTER last_known_addr { host: "127.0.107.194" port: 39237 } } peers { permanent_uuid: "3c61b03e90b74c6c8c2b380da097b6ff" member_type: VOTER last_known_addr { host: "127.0.107.195" port: 46633 } }
I20260630 12:12:41.954685  3597 raft_consensus.cc:385] T 0ba7fbf0c4f34168b0a9aa029d7810fa P a35fdc0bc4d941429ea3a5e9b76aeb1b [term 0 FOLLOWER]: Consensus starting up: Expiring failure detector timer to make a prompt election more likely
I20260630 12:12:41.955049  3597 raft_consensus.cc:740] T 0ba7fbf0c4f34168b0a9aa029d7810fa P a35fdc0bc4d941429ea3a5e9b76aeb1b [term 0 FOLLOWER]: Becoming Follower/Learner. State: Replica: a35fdc0bc4d941429ea3a5e9b76aeb1b, State: Initialized, Role: FOLLOWER
I20260630 12:12:41.956466  3550 raft_consensus.cc:2468] T 89bf965628b04341bd66bb1d0e516f2d P 3c61b03e90b74c6c8c2b380da097b6ff [term 1 FOLLOWER]: Leader election vote request: Granting yes vote for candidate a35fdc0bc4d941429ea3a5e9b76aeb1b in term 1.
I20260630 12:12:41.956089  3597 consensus_queue.cc:260] T 0ba7fbf0c4f34168b0a9aa029d7810fa P a35fdc0bc4d941429ea3a5e9b76aeb1b [NON_LEADER]: Queue going to NON_LEADER mode. State: All replicated index: 0, Majority replicated index: 0, Committed index: 0, Last appended: 0.0, Last appended by leader: 0, Current term: 0, Majority size: -1, State: 0, Mode: NON_LEADER, active raft config: opid_index: -1 OBSOLETE_local: false peers { permanent_uuid: "377ff8185d1f482f9b516c8c30567b18" member_type: VOTER last_known_addr { host: "127.0.107.193" port: 39671 } } peers { permanent_uuid: "a35fdc0bc4d941429ea3a5e9b76aeb1b" member_type: VOTER last_known_addr { host: "127.0.107.194" port: 39237 } } peers { permanent_uuid: "3c61b03e90b74c6c8c2b380da097b6ff" member_type: VOTER last_known_addr { host: "127.0.107.195" port: 46633 } }
I20260630 12:12:41.957995  3442 leader_election.cc:304] T 89bf965628b04341bd66bb1d0e516f2d P a35fdc0bc4d941429ea3a5e9b76aeb1b [CANDIDATE]: Term 1 election: Election decided. Result: candidate won. Election summary: received 3 responses out of 3 voters: 2 yes votes; 1 no votes. yes voters: 3c61b03e90b74c6c8c2b380da097b6ff, a35fdc0bc4d941429ea3a5e9b76aeb1b; no voters: 377ff8185d1f482f9b516c8c30567b18
I20260630 12:12:41.959872  3605 raft_consensus.cc:2804] T 89bf965628b04341bd66bb1d0e516f2d P a35fdc0bc4d941429ea3a5e9b76aeb1b [term 1 FOLLOWER]: Leader election won for term 1
I20260630 12:12:41.960335  3605 raft_consensus.cc:697] T 89bf965628b04341bd66bb1d0e516f2d P a35fdc0bc4d941429ea3a5e9b76aeb1b [term 1 LEADER]: Becoming Leader. State: Replica: a35fdc0bc4d941429ea3a5e9b76aeb1b, State: Running, Role: LEADER
I20260630 12:12:41.959502  3597 ts_tablet_manager.cc:1434] T 0ba7fbf0c4f34168b0a9aa029d7810fa P a35fdc0bc4d941429ea3a5e9b76aeb1b: Time spent starting tablet: real 0.010s	user 0.009s	sys 0.000s
I20260630 12:12:41.961341  3605 consensus_queue.cc:237] T 89bf965628b04341bd66bb1d0e516f2d P a35fdc0bc4d941429ea3a5e9b76aeb1b [LEADER]: Queue going to LEADER mode. State: All replicated index: 0, Majority replicated index: 0, Committed index: 0, Last appended: 0.0, Last appended by leader: 0, Current term: 1, Majority size: 2, State: 0, Mode: LEADER, active raft config: opid_index: -1 OBSOLETE_local: false peers { permanent_uuid: "a35fdc0bc4d941429ea3a5e9b76aeb1b" member_type: VOTER last_known_addr { host: "127.0.107.194" port: 39237 } } peers { permanent_uuid: "3c61b03e90b74c6c8c2b380da097b6ff" member_type: VOTER last_known_addr { host: "127.0.107.195" port: 46633 } } peers { permanent_uuid: "377ff8185d1f482f9b516c8c30567b18" member_type: VOTER last_known_addr { host: "127.0.107.193" port: 39671 } }
I20260630 12:12:41.963289  3597 tablet_bootstrap.cc:492] T 26b25005293342da960dbba7396cded8 P a35fdc0bc4d941429ea3a5e9b76aeb1b: Bootstrap starting.
I20260630 12:12:41.966045  3595 tablet_bootstrap.cc:492] T f657f6a4fce44a53926470e98484b428 P 3c61b03e90b74c6c8c2b380da097b6ff: Bootstrap starting.
I20260630 12:12:41.973737  3595 tablet_bootstrap.cc:654] T f657f6a4fce44a53926470e98484b428 P 3c61b03e90b74c6c8c2b380da097b6ff: Neither blocks nor log segments found. Creating new log.
I20260630 12:12:41.974870  3597 tablet_bootstrap.cc:654] T 26b25005293342da960dbba7396cded8 P a35fdc0bc4d941429ea3a5e9b76aeb1b: Neither blocks nor log segments found. Creating new log.
I20260630 12:12:41.977463  3298 catalog_manager.cc:5697] T 0ba7fbf0c4f34168b0a9aa029d7810fa P 377ff8185d1f482f9b516c8c30567b18 reported cstate change: term changed from 0 to 1, leader changed from <none> to 377ff8185d1f482f9b516c8c30567b18 (127.0.107.193). New cstate: current_term: 1 leader_uuid: "377ff8185d1f482f9b516c8c30567b18" committed_config { opid_index: -1 OBSOLETE_local: false peers { permanent_uuid: "377ff8185d1f482f9b516c8c30567b18" member_type: VOTER last_known_addr { host: "127.0.107.193" port: 39671 } health_report { overall_health: HEALTHY } } peers { permanent_uuid: "a35fdc0bc4d941429ea3a5e9b76aeb1b" member_type: VOTER last_known_addr { host: "127.0.107.194" port: 39237 } health_report { overall_health: UNKNOWN } } peers { permanent_uuid: "3c61b03e90b74c6c8c2b380da097b6ff" member_type: VOTER last_known_addr { host: "127.0.107.195" port: 46633 } health_report { overall_health: UNKNOWN } } }
I20260630 12:12:41.984874  3595 tablet_bootstrap.cc:492] T f657f6a4fce44a53926470e98484b428 P 3c61b03e90b74c6c8c2b380da097b6ff: No bootstrap required, opened a new log
I20260630 12:12:41.985146  3597 tablet_bootstrap.cc:492] T 26b25005293342da960dbba7396cded8 P a35fdc0bc4d941429ea3a5e9b76aeb1b: No bootstrap required, opened a new log
I20260630 12:12:41.985335  3595 ts_tablet_manager.cc:1403] T f657f6a4fce44a53926470e98484b428 P 3c61b03e90b74c6c8c2b380da097b6ff: Time spent bootstrapping tablet: real 0.020s	user 0.010s	sys 0.006s
I20260630 12:12:41.985646  3597 ts_tablet_manager.cc:1403] T 26b25005293342da960dbba7396cded8 P a35fdc0bc4d941429ea3a5e9b76aeb1b: Time spent bootstrapping tablet: real 0.023s	user 0.017s	sys 0.000s
I20260630 12:12:41.986137  3616 raft_consensus.cc:493] T d0231f596ed54acb95686943a276fe58 P 3c61b03e90b74c6c8c2b380da097b6ff [term 0 FOLLOWER]: Starting pre-election (no leader contacted us within the election timeout)
I20260630 12:12:41.986752  3616 raft_consensus.cc:515] T d0231f596ed54acb95686943a276fe58 P 3c61b03e90b74c6c8c2b380da097b6ff [term 0 FOLLOWER]: Starting pre-election with config: opid_index: -1 OBSOLETE_local: false peers { permanent_uuid: "377ff8185d1f482f9b516c8c30567b18" member_type: VOTER last_known_addr { host: "127.0.107.193" port: 39671 } } peers { permanent_uuid: "a35fdc0bc4d941429ea3a5e9b76aeb1b" member_type: VOTER last_known_addr { host: "127.0.107.194" port: 39237 } } peers { permanent_uuid: "3c61b03e90b74c6c8c2b380da097b6ff" member_type: VOTER last_known_addr { host: "127.0.107.195" port: 46633 } }
I20260630 12:12:41.988234  3595 raft_consensus.cc:359] T f657f6a4fce44a53926470e98484b428 P 3c61b03e90b74c6c8c2b380da097b6ff [term 0 FOLLOWER]: Replica starting. Triggering 0 pending ops. Active config: opid_index: -1 OBSOLETE_local: false peers { permanent_uuid: "a35fdc0bc4d941429ea3a5e9b76aeb1b" member_type: VOTER last_known_addr { host: "127.0.107.194" port: 39237 } } peers { permanent_uuid: "377ff8185d1f482f9b516c8c30567b18" member_type: VOTER last_known_addr { host: "127.0.107.193" port: 39671 } } peers { permanent_uuid: "3c61b03e90b74c6c8c2b380da097b6ff" member_type: VOTER last_known_addr { host: "127.0.107.195" port: 46633 } }
I20260630 12:12:41.988942  3595 raft_consensus.cc:385] T f657f6a4fce44a53926470e98484b428 P 3c61b03e90b74c6c8c2b380da097b6ff [term 0 FOLLOWER]: Consensus starting up: Expiring failure detector timer to make a prompt election more likely
I20260630 12:12:41.988754  3597 raft_consensus.cc:359] T 26b25005293342da960dbba7396cded8 P a35fdc0bc4d941429ea3a5e9b76aeb1b [term 0 FOLLOWER]: Replica starting. Triggering 0 pending ops. Active config: opid_index: -1 OBSOLETE_local: false peers { permanent_uuid: "377ff8185d1f482f9b516c8c30567b18" member_type: VOTER last_known_addr { host: "127.0.107.193" port: 39671 } } peers { permanent_uuid: "a35fdc0bc4d941429ea3a5e9b76aeb1b" member_type: VOTER last_known_addr { host: "127.0.107.194" port: 39237 } } peers { permanent_uuid: "3c61b03e90b74c6c8c2b380da097b6ff" member_type: VOTER last_known_addr { host: "127.0.107.195" port: 46633 } }
I20260630 12:12:41.989300  3595 raft_consensus.cc:740] T f657f6a4fce44a53926470e98484b428 P 3c61b03e90b74c6c8c2b380da097b6ff [term 0 FOLLOWER]: Becoming Follower/Learner. State: Replica: 3c61b03e90b74c6c8c2b380da097b6ff, State: Initialized, Role: FOLLOWER
I20260630 12:12:41.989583  3597 raft_consensus.cc:385] T 26b25005293342da960dbba7396cded8 P a35fdc0bc4d941429ea3a5e9b76aeb1b [term 0 FOLLOWER]: Consensus starting up: Expiring failure detector timer to make a prompt election more likely
I20260630 12:12:41.989969  3597 raft_consensus.cc:740] T 26b25005293342da960dbba7396cded8 P a35fdc0bc4d941429ea3a5e9b76aeb1b [term 0 FOLLOWER]: Becoming Follower/Learner. State: Replica: a35fdc0bc4d941429ea3a5e9b76aeb1b, State: Initialized, Role: FOLLOWER
I20260630 12:12:41.989974  3595 consensus_queue.cc:260] T f657f6a4fce44a53926470e98484b428 P 3c61b03e90b74c6c8c2b380da097b6ff [NON_LEADER]: Queue going to NON_LEADER mode. State: All replicated index: 0, Majority replicated index: 0, Committed index: 0, Last appended: 0.0, Last appended by leader: 0, Current term: 0, Majority size: -1, State: 0, Mode: NON_LEADER, active raft config: opid_index: -1 OBSOLETE_local: false peers { permanent_uuid: "a35fdc0bc4d941429ea3a5e9b76aeb1b" member_type: VOTER last_known_addr { host: "127.0.107.194" port: 39237 } } peers { permanent_uuid: "377ff8185d1f482f9b516c8c30567b18" member_type: VOTER last_known_addr { host: "127.0.107.193" port: 39671 } } peers { permanent_uuid: "3c61b03e90b74c6c8c2b380da097b6ff" member_type: VOTER last_known_addr { host: "127.0.107.195" port: 46633 } }
I20260630 12:12:41.991044  3597 consensus_queue.cc:260] T 26b25005293342da960dbba7396cded8 P a35fdc0bc4d941429ea3a5e9b76aeb1b [NON_LEADER]: Queue going to NON_LEADER mode. State: All replicated index: 0, Majority replicated index: 0, Committed index: 0, Last appended: 0.0, Last appended by leader: 0, Current term: 0, Majority size: -1, State: 0, Mode: NON_LEADER, active raft config: opid_index: -1 OBSOLETE_local: false peers { permanent_uuid: "377ff8185d1f482f9b516c8c30567b18" member_type: VOTER last_known_addr { host: "127.0.107.193" port: 39671 } } peers { permanent_uuid: "a35fdc0bc4d941429ea3a5e9b76aeb1b" member_type: VOTER last_known_addr { host: "127.0.107.194" port: 39237 } } peers { permanent_uuid: "3c61b03e90b74c6c8c2b380da097b6ff" member_type: VOTER last_known_addr { host: "127.0.107.195" port: 46633 } }
I20260630 12:12:41.992373  3595 ts_tablet_manager.cc:1434] T f657f6a4fce44a53926470e98484b428 P 3c61b03e90b74c6c8c2b380da097b6ff: Time spent starting tablet: real 0.007s	user 0.007s	sys 0.000s
I20260630 12:12:41.990396  3401 tablet_service.cc:1917] Received RequestConsensusVote() RPC: tablet_id: "d0231f596ed54acb95686943a276fe58" candidate_uuid: "3c61b03e90b74c6c8c2b380da097b6ff" candidate_term: 1 candidate_status { last_received { term: 0 index: 0 } } ignore_live_leader: false dest_uuid: "377ff8185d1f482f9b516c8c30567b18" is_pre_election: true
I20260630 12:12:41.993476  3597 ts_tablet_manager.cc:1434] T 26b25005293342da960dbba7396cded8 P a35fdc0bc4d941429ea3a5e9b76aeb1b: Time spent starting tablet: real 0.007s	user 0.004s	sys 0.000s
I20260630 12:12:41.994114  3401 raft_consensus.cc:2468] T d0231f596ed54acb95686943a276fe58 P 377ff8185d1f482f9b516c8c30567b18 [term 0 FOLLOWER]: Leader pre-election vote request: Granting yes vote for candidate 3c61b03e90b74c6c8c2b380da097b6ff in term 0.
I20260630 12:12:41.995020  3597 tablet_bootstrap.cc:492] T d0231f596ed54acb95686943a276fe58 P a35fdc0bc4d941429ea3a5e9b76aeb1b: Bootstrap starting.
I20260630 12:12:41.989014  3616 leader_election.cc:290] T d0231f596ed54acb95686943a276fe58 P 3c61b03e90b74c6c8c2b380da097b6ff [CANDIDATE]: Term 1 pre-election: Requested pre-vote from peers 377ff8185d1f482f9b516c8c30567b18 (127.0.107.193:39671), a35fdc0bc4d941429ea3a5e9b76aeb1b (127.0.107.194:39237)
I20260630 12:12:41.993431  3475 tablet_service.cc:1917] Received RequestConsensusVote() RPC: tablet_id: "d0231f596ed54acb95686943a276fe58" candidate_uuid: "3c61b03e90b74c6c8c2b380da097b6ff" candidate_term: 1 candidate_status { last_received { term: 0 index: 0 } } ignore_live_leader: false dest_uuid: "a35fdc0bc4d941429ea3a5e9b76aeb1b" is_pre_election: true
I20260630 12:12:41.993296  3299 catalog_manager.cc:5697] T 89bf965628b04341bd66bb1d0e516f2d P a35fdc0bc4d941429ea3a5e9b76aeb1b reported cstate change: term changed from 0 to 1, leader changed from <none> to a35fdc0bc4d941429ea3a5e9b76aeb1b (127.0.107.194). New cstate: current_term: 1 leader_uuid: "a35fdc0bc4d941429ea3a5e9b76aeb1b" committed_config { opid_index: -1 OBSOLETE_local: false peers { permanent_uuid: "a35fdc0bc4d941429ea3a5e9b76aeb1b" member_type: VOTER last_known_addr { host: "127.0.107.194" port: 39237 } health_report { overall_health: HEALTHY } } peers { permanent_uuid: "3c61b03e90b74c6c8c2b380da097b6ff" member_type: VOTER last_known_addr { host: "127.0.107.195" port: 46633 } health_report { overall_health: UNKNOWN } } peers { permanent_uuid: "377ff8185d1f482f9b516c8c30567b18" member_type: VOTER last_known_addr { host: "127.0.107.193" port: 39671 } health_report { overall_health: UNKNOWN } } }
W20260630 12:12:41.999923  3514 leader_election.cc:343] T d0231f596ed54acb95686943a276fe58 P 3c61b03e90b74c6c8c2b380da097b6ff [CANDIDATE]: Term 1 pre-election: Tablet error from VoteRequest() call to peer a35fdc0bc4d941429ea3a5e9b76aeb1b (127.0.107.194:39237): Illegal state: must be running to vote when last-logged opid is not known
I20260630 12:12:42.000762  3513 leader_election.cc:304] T d0231f596ed54acb95686943a276fe58 P 3c61b03e90b74c6c8c2b380da097b6ff [CANDIDATE]: Term 1 pre-election: Election decided. Result: candidate won. Election summary: received 3 responses out of 3 voters: 2 yes votes; 1 no votes. yes voters: 377ff8185d1f482f9b516c8c30567b18, 3c61b03e90b74c6c8c2b380da097b6ff; no voters: a35fdc0bc4d941429ea3a5e9b76aeb1b
I20260630 12:12:42.001901  3616 raft_consensus.cc:2804] T d0231f596ed54acb95686943a276fe58 P 3c61b03e90b74c6c8c2b380da097b6ff [term 0 FOLLOWER]: Leader pre-election won for term 1
I20260630 12:12:42.002265  3616 raft_consensus.cc:493] T d0231f596ed54acb95686943a276fe58 P 3c61b03e90b74c6c8c2b380da097b6ff [term 0 FOLLOWER]: Starting leader election (no leader contacted us within the election timeout)
I20260630 12:12:42.002585  3616 raft_consensus.cc:3060] T d0231f596ed54acb95686943a276fe58 P 3c61b03e90b74c6c8c2b380da097b6ff [term 0 FOLLOWER]: Advancing to term 1
I20260630 12:12:42.005056  3597 tablet_bootstrap.cc:654] T d0231f596ed54acb95686943a276fe58 P a35fdc0bc4d941429ea3a5e9b76aeb1b: Neither blocks nor log segments found. Creating new log.
I20260630 12:12:42.010578  3616 raft_consensus.cc:515] T d0231f596ed54acb95686943a276fe58 P 3c61b03e90b74c6c8c2b380da097b6ff [term 1 FOLLOWER]: Starting leader election with config: opid_index: -1 OBSOLETE_local: false peers { permanent_uuid: "377ff8185d1f482f9b516c8c30567b18" member_type: VOTER last_known_addr { host: "127.0.107.193" port: 39671 } } peers { permanent_uuid: "a35fdc0bc4d941429ea3a5e9b76aeb1b" member_type: VOTER last_known_addr { host: "127.0.107.194" port: 39237 } } peers { permanent_uuid: "3c61b03e90b74c6c8c2b380da097b6ff" member_type: VOTER last_known_addr { host: "127.0.107.195" port: 46633 } }
I20260630 12:12:42.011557  3597 tablet_bootstrap.cc:492] T d0231f596ed54acb95686943a276fe58 P a35fdc0bc4d941429ea3a5e9b76aeb1b: No bootstrap required, opened a new log
I20260630 12:12:42.012039  3597 ts_tablet_manager.cc:1403] T d0231f596ed54acb95686943a276fe58 P a35fdc0bc4d941429ea3a5e9b76aeb1b: Time spent bootstrapping tablet: real 0.017s	user 0.012s	sys 0.000s
I20260630 12:12:42.013432  3401 tablet_service.cc:1917] Received RequestConsensusVote() RPC: tablet_id: "d0231f596ed54acb95686943a276fe58" candidate_uuid: "3c61b03e90b74c6c8c2b380da097b6ff" candidate_term: 1 candidate_status { last_received { term: 0 index: 0 } } ignore_live_leader: false dest_uuid: "377ff8185d1f482f9b516c8c30567b18"
I20260630 12:12:42.014091  3401 raft_consensus.cc:3060] T d0231f596ed54acb95686943a276fe58 P 377ff8185d1f482f9b516c8c30567b18 [term 0 FOLLOWER]: Advancing to term 1
I20260630 12:12:42.014307  3475 tablet_service.cc:1917] Received RequestConsensusVote() RPC: tablet_id: "d0231f596ed54acb95686943a276fe58" candidate_uuid: "3c61b03e90b74c6c8c2b380da097b6ff" candidate_term: 1 candidate_status { last_received { term: 0 index: 0 } } ignore_live_leader: false dest_uuid: "a35fdc0bc4d941429ea3a5e9b76aeb1b"
I20260630 12:12:42.014943  3597 raft_consensus.cc:359] T d0231f596ed54acb95686943a276fe58 P a35fdc0bc4d941429ea3a5e9b76aeb1b [term 0 FOLLOWER]: Replica starting. Triggering 0 pending ops. Active config: opid_index: -1 OBSOLETE_local: false peers { permanent_uuid: "377ff8185d1f482f9b516c8c30567b18" member_type: VOTER last_known_addr { host: "127.0.107.193" port: 39671 } } peers { permanent_uuid: "a35fdc0bc4d941429ea3a5e9b76aeb1b" member_type: VOTER last_known_addr { host: "127.0.107.194" port: 39237 } } peers { permanent_uuid: "3c61b03e90b74c6c8c2b380da097b6ff" member_type: VOTER last_known_addr { host: "127.0.107.195" port: 46633 } }
I20260630 12:12:42.015683  3597 raft_consensus.cc:385] T d0231f596ed54acb95686943a276fe58 P a35fdc0bc4d941429ea3a5e9b76aeb1b [term 0 FOLLOWER]: Consensus starting up: Expiring failure detector timer to make a prompt election more likely
W20260630 12:12:42.015865  3514 leader_election.cc:343] T d0231f596ed54acb95686943a276fe58 P 3c61b03e90b74c6c8c2b380da097b6ff [CANDIDATE]: Term 1 election: Tablet error from VoteRequest() call to peer a35fdc0bc4d941429ea3a5e9b76aeb1b (127.0.107.194:39237): Illegal state: must be running to vote when last-logged opid is not known
I20260630 12:12:42.016012  3597 raft_consensus.cc:740] T d0231f596ed54acb95686943a276fe58 P a35fdc0bc4d941429ea3a5e9b76aeb1b [term 0 FOLLOWER]: Becoming Follower/Learner. State: Replica: a35fdc0bc4d941429ea3a5e9b76aeb1b, State: Initialized, Role: FOLLOWER
I20260630 12:12:42.016589  3616 leader_election.cc:290] T d0231f596ed54acb95686943a276fe58 P 3c61b03e90b74c6c8c2b380da097b6ff [CANDIDATE]: Term 1 election: Requested vote from peers 377ff8185d1f482f9b516c8c30567b18 (127.0.107.193:39671), a35fdc0bc4d941429ea3a5e9b76aeb1b (127.0.107.194:39237)
I20260630 12:12:42.017041  3597 consensus_queue.cc:260] T d0231f596ed54acb95686943a276fe58 P a35fdc0bc4d941429ea3a5e9b76aeb1b [NON_LEADER]: Queue going to NON_LEADER mode. State: All replicated index: 0, Majority replicated index: 0, Committed index: 0, Last appended: 0.0, Last appended by leader: 0, Current term: 0, Majority size: -1, State: 0, Mode: NON_LEADER, active raft config: opid_index: -1 OBSOLETE_local: false peers { permanent_uuid: "377ff8185d1f482f9b516c8c30567b18" member_type: VOTER last_known_addr { host: "127.0.107.193" port: 39671 } } peers { permanent_uuid: "a35fdc0bc4d941429ea3a5e9b76aeb1b" member_type: VOTER last_known_addr { host: "127.0.107.194" port: 39237 } } peers { permanent_uuid: "3c61b03e90b74c6c8c2b380da097b6ff" member_type: VOTER last_known_addr { host: "127.0.107.195" port: 46633 } }
I20260630 12:12:42.019186  3597 ts_tablet_manager.cc:1434] T d0231f596ed54acb95686943a276fe58 P a35fdc0bc4d941429ea3a5e9b76aeb1b: Time spent starting tablet: real 0.007s	user 0.002s	sys 0.006s
I20260630 12:12:42.020313  3597 tablet_bootstrap.cc:492] T a621b117e3594c1ba394dc6fc6b07833 P a35fdc0bc4d941429ea3a5e9b76aeb1b: Bootstrap starting.
I20260630 12:12:42.022286  3401 raft_consensus.cc:2468] T d0231f596ed54acb95686943a276fe58 P 377ff8185d1f482f9b516c8c30567b18 [term 1 FOLLOWER]: Leader election vote request: Granting yes vote for candidate 3c61b03e90b74c6c8c2b380da097b6ff in term 1.
I20260630 12:12:42.023612  3513 leader_election.cc:304] T d0231f596ed54acb95686943a276fe58 P 3c61b03e90b74c6c8c2b380da097b6ff [CANDIDATE]: Term 1 election: Election decided. Result: candidate won. Election summary: received 3 responses out of 3 voters: 2 yes votes; 1 no votes. yes voters: 377ff8185d1f482f9b516c8c30567b18, 3c61b03e90b74c6c8c2b380da097b6ff; no voters: a35fdc0bc4d941429ea3a5e9b76aeb1b
I20260630 12:12:42.024766  3616 raft_consensus.cc:2804] T d0231f596ed54acb95686943a276fe58 P 3c61b03e90b74c6c8c2b380da097b6ff [term 1 FOLLOWER]: Leader election won for term 1
I20260630 12:12:42.025274  3616 raft_consensus.cc:697] T d0231f596ed54acb95686943a276fe58 P 3c61b03e90b74c6c8c2b380da097b6ff [term 1 LEADER]: Becoming Leader. State: Replica: 3c61b03e90b74c6c8c2b380da097b6ff, State: Running, Role: LEADER
I20260630 12:12:42.026237  3616 consensus_queue.cc:237] T d0231f596ed54acb95686943a276fe58 P 3c61b03e90b74c6c8c2b380da097b6ff [LEADER]: Queue going to LEADER mode. State: All replicated index: 0, Majority replicated index: 0, Committed index: 0, Last appended: 0.0, Last appended by leader: 0, Current term: 1, Majority size: 2, State: 0, Mode: LEADER, active raft config: opid_index: -1 OBSOLETE_local: false peers { permanent_uuid: "377ff8185d1f482f9b516c8c30567b18" member_type: VOTER last_known_addr { host: "127.0.107.193" port: 39671 } } peers { permanent_uuid: "a35fdc0bc4d941429ea3a5e9b76aeb1b" member_type: VOTER last_known_addr { host: "127.0.107.194" port: 39237 } } peers { permanent_uuid: "3c61b03e90b74c6c8c2b380da097b6ff" member_type: VOTER last_known_addr { host: "127.0.107.195" port: 46633 } }
I20260630 12:12:42.028234  3597 tablet_bootstrap.cc:654] T a621b117e3594c1ba394dc6fc6b07833 P a35fdc0bc4d941429ea3a5e9b76aeb1b: Neither blocks nor log segments found. Creating new log.
I20260630 12:12:42.032758  3597 tablet_bootstrap.cc:492] T a621b117e3594c1ba394dc6fc6b07833 P a35fdc0bc4d941429ea3a5e9b76aeb1b: No bootstrap required, opened a new log
I20260630 12:12:42.033226  3597 ts_tablet_manager.cc:1403] T a621b117e3594c1ba394dc6fc6b07833 P a35fdc0bc4d941429ea3a5e9b76aeb1b: Time spent bootstrapping tablet: real 0.013s	user 0.001s	sys 0.007s
I20260630 12:12:42.035358  3597 raft_consensus.cc:359] T a621b117e3594c1ba394dc6fc6b07833 P a35fdc0bc4d941429ea3a5e9b76aeb1b [term 0 FOLLOWER]: Replica starting. Triggering 0 pending ops. Active config: opid_index: -1 OBSOLETE_local: false peers { permanent_uuid: "377ff8185d1f482f9b516c8c30567b18" member_type: VOTER last_known_addr { host: "127.0.107.193" port: 39671 } } peers { permanent_uuid: "a35fdc0bc4d941429ea3a5e9b76aeb1b" member_type: VOTER last_known_addr { host: "127.0.107.194" port: 39237 } } peers { permanent_uuid: "3c61b03e90b74c6c8c2b380da097b6ff" member_type: VOTER last_known_addr { host: "127.0.107.195" port: 46633 } }
I20260630 12:12:42.035861  3597 raft_consensus.cc:385] T a621b117e3594c1ba394dc6fc6b07833 P a35fdc0bc4d941429ea3a5e9b76aeb1b [term 0 FOLLOWER]: Consensus starting up: Expiring failure detector timer to make a prompt election more likely
I20260630 12:12:42.036077  3597 raft_consensus.cc:740] T a621b117e3594c1ba394dc6fc6b07833 P a35fdc0bc4d941429ea3a5e9b76aeb1b [term 0 FOLLOWER]: Becoming Follower/Learner. State: Replica: a35fdc0bc4d941429ea3a5e9b76aeb1b, State: Initialized, Role: FOLLOWER
I20260630 12:12:42.036592  3597 consensus_queue.cc:260] T a621b117e3594c1ba394dc6fc6b07833 P a35fdc0bc4d941429ea3a5e9b76aeb1b [NON_LEADER]: Queue going to NON_LEADER mode. State: All replicated index: 0, Majority replicated index: 0, Committed index: 0, Last appended: 0.0, Last appended by leader: 0, Current term: 0, Majority size: -1, State: 0, Mode: NON_LEADER, active raft config: opid_index: -1 OBSOLETE_local: false peers { permanent_uuid: "377ff8185d1f482f9b516c8c30567b18" member_type: VOTER last_known_addr { host: "127.0.107.193" port: 39671 } } peers { permanent_uuid: "a35fdc0bc4d941429ea3a5e9b76aeb1b" member_type: VOTER last_known_addr { host: "127.0.107.194" port: 39237 } } peers { permanent_uuid: "3c61b03e90b74c6c8c2b380da097b6ff" member_type: VOTER last_known_addr { host: "127.0.107.195" port: 46633 } }
I20260630 12:12:42.036955  3627 raft_consensus.cc:493] T 26b25005293342da960dbba7396cded8 P 377ff8185d1f482f9b516c8c30567b18 [term 0 FOLLOWER]: Starting pre-election (no leader contacted us within the election timeout)
I20260630 12:12:42.037523  3627 raft_consensus.cc:515] T 26b25005293342da960dbba7396cded8 P 377ff8185d1f482f9b516c8c30567b18 [term 0 FOLLOWER]: Starting pre-election with config: opid_index: -1 OBSOLETE_local: false peers { permanent_uuid: "377ff8185d1f482f9b516c8c30567b18" member_type: VOTER last_known_addr { host: "127.0.107.193" port: 39671 } } peers { permanent_uuid: "a35fdc0bc4d941429ea3a5e9b76aeb1b" member_type: VOTER last_known_addr { host: "127.0.107.194" port: 39237 } } peers { permanent_uuid: "3c61b03e90b74c6c8c2b380da097b6ff" member_type: VOTER last_known_addr { host: "127.0.107.195" port: 46633 } }
I20260630 12:12:42.037003  3299 catalog_manager.cc:5697] T d0231f596ed54acb95686943a276fe58 P 3c61b03e90b74c6c8c2b380da097b6ff reported cstate change: term changed from 0 to 1, leader changed from <none> to 3c61b03e90b74c6c8c2b380da097b6ff (127.0.107.195). New cstate: current_term: 1 leader_uuid: "3c61b03e90b74c6c8c2b380da097b6ff" committed_config { opid_index: -1 OBSOLETE_local: false peers { permanent_uuid: "377ff8185d1f482f9b516c8c30567b18" member_type: VOTER last_known_addr { host: "127.0.107.193" port: 39671 } health_report { overall_health: UNKNOWN } } peers { permanent_uuid: "a35fdc0bc4d941429ea3a5e9b76aeb1b" member_type: VOTER last_known_addr { host: "127.0.107.194" port: 39237 } health_report { overall_health: UNKNOWN } } peers { permanent_uuid: "3c61b03e90b74c6c8c2b380da097b6ff" member_type: VOTER last_known_addr { host: "127.0.107.195" port: 46633 } health_report { overall_health: HEALTHY } } }
I20260630 12:12:42.038583  3597 ts_tablet_manager.cc:1434] T a621b117e3594c1ba394dc6fc6b07833 P a35fdc0bc4d941429ea3a5e9b76aeb1b: Time spent starting tablet: real 0.005s	user 0.006s	sys 0.000s
I20260630 12:12:42.039666  3627 leader_election.cc:290] T 26b25005293342da960dbba7396cded8 P 377ff8185d1f482f9b516c8c30567b18 [CANDIDATE]: Term 1 pre-election: Requested pre-vote from peers a35fdc0bc4d941429ea3a5e9b76aeb1b (127.0.107.194:39237), 3c61b03e90b74c6c8c2b380da097b6ff (127.0.107.195:46633)
I20260630 12:12:42.042353  3475 tablet_service.cc:1917] Received RequestConsensusVote() RPC: tablet_id: "26b25005293342da960dbba7396cded8" candidate_uuid: "377ff8185d1f482f9b516c8c30567b18" candidate_term: 1 candidate_status { last_received { term: 0 index: 0 } } ignore_live_leader: false dest_uuid: "a35fdc0bc4d941429ea3a5e9b76aeb1b" is_pre_election: true
I20260630 12:12:42.042780  3550 tablet_service.cc:1917] Received RequestConsensusVote() RPC: tablet_id: "26b25005293342da960dbba7396cded8" candidate_uuid: "377ff8185d1f482f9b516c8c30567b18" candidate_term: 1 candidate_status { last_received { term: 0 index: 0 } } ignore_live_leader: false dest_uuid: "3c61b03e90b74c6c8c2b380da097b6ff" is_pre_election: true
I20260630 12:12:42.043081  3475 raft_consensus.cc:2468] T 26b25005293342da960dbba7396cded8 P a35fdc0bc4d941429ea3a5e9b76aeb1b [term 0 FOLLOWER]: Leader pre-election vote request: Granting yes vote for candidate 377ff8185d1f482f9b516c8c30567b18 in term 0.
I20260630 12:12:42.043478  3550 raft_consensus.cc:2468] T 26b25005293342da960dbba7396cded8 P 3c61b03e90b74c6c8c2b380da097b6ff [term 0 FOLLOWER]: Leader pre-election vote request: Granting yes vote for candidate 377ff8185d1f482f9b516c8c30567b18 in term 0.
I20260630 12:12:42.044638  3365 leader_election.cc:304] T 26b25005293342da960dbba7396cded8 P 377ff8185d1f482f9b516c8c30567b18 [CANDIDATE]: Term 1 pre-election: Election decided. Result: candidate won. Election summary: received 2 responses out of 3 voters: 2 yes votes; 0 no votes. yes voters: 377ff8185d1f482f9b516c8c30567b18, a35fdc0bc4d941429ea3a5e9b76aeb1b; no voters: 
I20260630 12:12:42.045517  3627 raft_consensus.cc:2804] T 26b25005293342da960dbba7396cded8 P 377ff8185d1f482f9b516c8c30567b18 [term 0 FOLLOWER]: Leader pre-election won for term 1
I20260630 12:12:42.045943  3627 raft_consensus.cc:493] T 26b25005293342da960dbba7396cded8 P 377ff8185d1f482f9b516c8c30567b18 [term 0 FOLLOWER]: Starting leader election (no leader contacted us within the election timeout)
I20260630 12:12:42.046299  3627 raft_consensus.cc:3060] T 26b25005293342da960dbba7396cded8 P 377ff8185d1f482f9b516c8c30567b18 [term 0 FOLLOWER]: Advancing to term 1
I20260630 12:12:42.051663  3627 raft_consensus.cc:515] T 26b25005293342da960dbba7396cded8 P 377ff8185d1f482f9b516c8c30567b18 [term 1 FOLLOWER]: Starting leader election with config: opid_index: -1 OBSOLETE_local: false peers { permanent_uuid: "377ff8185d1f482f9b516c8c30567b18" member_type: VOTER last_known_addr { host: "127.0.107.193" port: 39671 } } peers { permanent_uuid: "a35fdc0bc4d941429ea3a5e9b76aeb1b" member_type: VOTER last_known_addr { host: "127.0.107.194" port: 39237 } } peers { permanent_uuid: "3c61b03e90b74c6c8c2b380da097b6ff" member_type: VOTER last_known_addr { host: "127.0.107.195" port: 46633 } }
I20260630 12:12:42.053435  3627 leader_election.cc:290] T 26b25005293342da960dbba7396cded8 P 377ff8185d1f482f9b516c8c30567b18 [CANDIDATE]: Term 1 election: Requested vote from peers a35fdc0bc4d941429ea3a5e9b76aeb1b (127.0.107.194:39237), 3c61b03e90b74c6c8c2b380da097b6ff (127.0.107.195:46633)
I20260630 12:12:42.054142  3475 tablet_service.cc:1917] Received RequestConsensusVote() RPC: tablet_id: "26b25005293342da960dbba7396cded8" candidate_uuid: "377ff8185d1f482f9b516c8c30567b18" candidate_term: 1 candidate_status { last_received { term: 0 index: 0 } } ignore_live_leader: false dest_uuid: "a35fdc0bc4d941429ea3a5e9b76aeb1b"
I20260630 12:12:42.054491  3550 tablet_service.cc:1917] Received RequestConsensusVote() RPC: tablet_id: "26b25005293342da960dbba7396cded8" candidate_uuid: "377ff8185d1f482f9b516c8c30567b18" candidate_term: 1 candidate_status { last_received { term: 0 index: 0 } } ignore_live_leader: false dest_uuid: "3c61b03e90b74c6c8c2b380da097b6ff"
I20260630 12:12:42.054684  3475 raft_consensus.cc:3060] T 26b25005293342da960dbba7396cded8 P a35fdc0bc4d941429ea3a5e9b76aeb1b [term 0 FOLLOWER]: Advancing to term 1
I20260630 12:12:42.055037  3550 raft_consensus.cc:3060] T 26b25005293342da960dbba7396cded8 P 3c61b03e90b74c6c8c2b380da097b6ff [term 0 FOLLOWER]: Advancing to term 1
I20260630 12:12:42.060495  3475 raft_consensus.cc:2468] T 26b25005293342da960dbba7396cded8 P a35fdc0bc4d941429ea3a5e9b76aeb1b [term 1 FOLLOWER]: Leader election vote request: Granting yes vote for candidate 377ff8185d1f482f9b516c8c30567b18 in term 1.
I20260630 12:12:42.061282  3550 raft_consensus.cc:2468] T 26b25005293342da960dbba7396cded8 P 3c61b03e90b74c6c8c2b380da097b6ff [term 1 FOLLOWER]: Leader election vote request: Granting yes vote for candidate 377ff8185d1f482f9b516c8c30567b18 in term 1.
I20260630 12:12:42.061662  3365 leader_election.cc:304] T 26b25005293342da960dbba7396cded8 P 377ff8185d1f482f9b516c8c30567b18 [CANDIDATE]: Term 1 election: Election decided. Result: candidate won. Election summary: received 2 responses out of 3 voters: 2 yes votes; 0 no votes. yes voters: 377ff8185d1f482f9b516c8c30567b18, a35fdc0bc4d941429ea3a5e9b76aeb1b; no voters: 
I20260630 12:12:42.062470  3627 raft_consensus.cc:2804] T 26b25005293342da960dbba7396cded8 P 377ff8185d1f482f9b516c8c30567b18 [term 1 FOLLOWER]: Leader election won for term 1
I20260630 12:12:42.062922  3627 raft_consensus.cc:697] T 26b25005293342da960dbba7396cded8 P 377ff8185d1f482f9b516c8c30567b18 [term 1 LEADER]: Becoming Leader. State: Replica: 377ff8185d1f482f9b516c8c30567b18, State: Running, Role: LEADER
I20260630 12:12:42.063603  3627 consensus_queue.cc:237] T 26b25005293342da960dbba7396cded8 P 377ff8185d1f482f9b516c8c30567b18 [LEADER]: Queue going to LEADER mode. State: All replicated index: 0, Majority replicated index: 0, Committed index: 0, Last appended: 0.0, Last appended by leader: 0, Current term: 1, Majority size: 2, State: 0, Mode: LEADER, active raft config: opid_index: -1 OBSOLETE_local: false peers { permanent_uuid: "377ff8185d1f482f9b516c8c30567b18" member_type: VOTER last_known_addr { host: "127.0.107.193" port: 39671 } } peers { permanent_uuid: "a35fdc0bc4d941429ea3a5e9b76aeb1b" member_type: VOTER last_known_addr { host: "127.0.107.194" port: 39237 } } peers { permanent_uuid: "3c61b03e90b74c6c8c2b380da097b6ff" member_type: VOTER last_known_addr { host: "127.0.107.195" port: 46633 } }
I20260630 12:12:42.071246  3297 catalog_manager.cc:5697] T 26b25005293342da960dbba7396cded8 P 377ff8185d1f482f9b516c8c30567b18 reported cstate change: term changed from 0 to 1, leader changed from <none> to 377ff8185d1f482f9b516c8c30567b18 (127.0.107.193). New cstate: current_term: 1 leader_uuid: "377ff8185d1f482f9b516c8c30567b18" committed_config { opid_index: -1 OBSOLETE_local: false peers { permanent_uuid: "377ff8185d1f482f9b516c8c30567b18" member_type: VOTER last_known_addr { host: "127.0.107.193" port: 39671 } health_report { overall_health: HEALTHY } } peers { permanent_uuid: "a35fdc0bc4d941429ea3a5e9b76aeb1b" member_type: VOTER last_known_addr { host: "127.0.107.194" port: 39237 } health_report { overall_health: UNKNOWN } } peers { permanent_uuid: "3c61b03e90b74c6c8c2b380da097b6ff" member_type: VOTER last_known_addr { host: "127.0.107.195" port: 46633 } health_report { overall_health: UNKNOWN } } }
I20260630 12:12:42.133370  3475 raft_consensus.cc:3060] T b341f36b630c4ad9aeb335e4443b62fb P a35fdc0bc4d941429ea3a5e9b76aeb1b [term 0 FOLLOWER]: Advancing to term 1
I20260630 12:12:42.139555  3616 consensus_queue.cc:1048] T b341f36b630c4ad9aeb335e4443b62fb P 3c61b03e90b74c6c8c2b380da097b6ff [LEADER]: Connected to new peer: Peer: permanent_uuid: "a35fdc0bc4d941429ea3a5e9b76aeb1b" member_type: VOTER last_known_addr { host: "127.0.107.194" port: 39237 }, Status: LMP_MISMATCH, Last received: 0.0, Next index: 1, Last known committed idx: 0, Time since last communication: 0.000s
I20260630 12:12:42.152145  3616 consensus_queue.cc:1048] T b341f36b630c4ad9aeb335e4443b62fb P 3c61b03e90b74c6c8c2b380da097b6ff [LEADER]: Connected to new peer: Peer: permanent_uuid: "377ff8185d1f482f9b516c8c30567b18" member_type: VOTER last_known_addr { host: "127.0.107.193" port: 39671 }, Status: LMP_MISMATCH, Last received: 0.0, Next index: 1, Last known committed idx: 0, Time since last communication: 0.000s
I20260630 12:12:42.172012  3616 consensus_queue.cc:1048] T 5d6ba54eacff4ecda41dca9e5372826e P 3c61b03e90b74c6c8c2b380da097b6ff [LEADER]: Connected to new peer: Peer: permanent_uuid: "a35fdc0bc4d941429ea3a5e9b76aeb1b" member_type: VOTER last_known_addr { host: "127.0.107.194" port: 39237 }, Status: LMP_MISMATCH, Last received: 0.0, Next index: 1, Last known committed idx: 0, Time since last communication: 0.000s
I20260630 12:12:42.183451  3602 consensus_queue.cc:1048] T 5d6ba54eacff4ecda41dca9e5372826e P 3c61b03e90b74c6c8c2b380da097b6ff [LEADER]: Connected to new peer: Peer: permanent_uuid: "377ff8185d1f482f9b516c8c30567b18" member_type: VOTER last_known_addr { host: "127.0.107.193" port: 39671 }, Status: LMP_MISMATCH, Last received: 0.0, Next index: 1, Last known committed idx: 0, Time since last communication: 0.001s
I20260630 12:12:42.242266  3627 raft_consensus.cc:493] T a621b117e3594c1ba394dc6fc6b07833 P 377ff8185d1f482f9b516c8c30567b18 [term 0 FOLLOWER]: Starting pre-election (no leader contacted us within the election timeout)
I20260630 12:12:42.242807  3627 raft_consensus.cc:515] T a621b117e3594c1ba394dc6fc6b07833 P 377ff8185d1f482f9b516c8c30567b18 [term 0 FOLLOWER]: Starting pre-election with config: opid_index: -1 OBSOLETE_local: false peers { permanent_uuid: "377ff8185d1f482f9b516c8c30567b18" member_type: VOTER last_known_addr { host: "127.0.107.193" port: 39671 } } peers { permanent_uuid: "a35fdc0bc4d941429ea3a5e9b76aeb1b" member_type: VOTER last_known_addr { host: "127.0.107.194" port: 39237 } } peers { permanent_uuid: "3c61b03e90b74c6c8c2b380da097b6ff" member_type: VOTER last_known_addr { host: "127.0.107.195" port: 46633 } }
I20260630 12:12:42.244576  3627 leader_election.cc:290] T a621b117e3594c1ba394dc6fc6b07833 P 377ff8185d1f482f9b516c8c30567b18 [CANDIDATE]: Term 1 pre-election: Requested pre-vote from peers a35fdc0bc4d941429ea3a5e9b76aeb1b (127.0.107.194:39237), 3c61b03e90b74c6c8c2b380da097b6ff (127.0.107.195:46633)
I20260630 12:12:42.245476  3475 tablet_service.cc:1917] Received RequestConsensusVote() RPC: tablet_id: "a621b117e3594c1ba394dc6fc6b07833" candidate_uuid: "377ff8185d1f482f9b516c8c30567b18" candidate_term: 1 candidate_status { last_received { term: 0 index: 0 } } ignore_live_leader: false dest_uuid: "a35fdc0bc4d941429ea3a5e9b76aeb1b" is_pre_election: true
I20260630 12:12:42.245571  3550 tablet_service.cc:1917] Received RequestConsensusVote() RPC: tablet_id: "a621b117e3594c1ba394dc6fc6b07833" candidate_uuid: "377ff8185d1f482f9b516c8c30567b18" candidate_term: 1 candidate_status { last_received { term: 0 index: 0 } } ignore_live_leader: false dest_uuid: "3c61b03e90b74c6c8c2b380da097b6ff" is_pre_election: true
I20260630 12:12:42.246317  3475 raft_consensus.cc:2468] T a621b117e3594c1ba394dc6fc6b07833 P a35fdc0bc4d941429ea3a5e9b76aeb1b [term 0 FOLLOWER]: Leader pre-election vote request: Granting yes vote for candidate 377ff8185d1f482f9b516c8c30567b18 in term 0.
I20260630 12:12:42.246371  3550 raft_consensus.cc:2468] T a621b117e3594c1ba394dc6fc6b07833 P 3c61b03e90b74c6c8c2b380da097b6ff [term 0 FOLLOWER]: Leader pre-election vote request: Granting yes vote for candidate 377ff8185d1f482f9b516c8c30567b18 in term 0.
I20260630 12:12:42.247398  3365 leader_election.cc:304] T a621b117e3594c1ba394dc6fc6b07833 P 377ff8185d1f482f9b516c8c30567b18 [CANDIDATE]: Term 1 pre-election: Election decided. Result: candidate won. Election summary: received 2 responses out of 3 voters: 2 yes votes; 0 no votes. yes voters: 377ff8185d1f482f9b516c8c30567b18, a35fdc0bc4d941429ea3a5e9b76aeb1b; no voters: 
I20260630 12:12:42.248127  3627 raft_consensus.cc:2804] T a621b117e3594c1ba394dc6fc6b07833 P 377ff8185d1f482f9b516c8c30567b18 [term 0 FOLLOWER]: Leader pre-election won for term 1
I20260630 12:12:42.248441  3627 raft_consensus.cc:493] T a621b117e3594c1ba394dc6fc6b07833 P 377ff8185d1f482f9b516c8c30567b18 [term 0 FOLLOWER]: Starting leader election (no leader contacted us within the election timeout)
I20260630 12:12:42.248706  3627 raft_consensus.cc:3060] T a621b117e3594c1ba394dc6fc6b07833 P 377ff8185d1f482f9b516c8c30567b18 [term 0 FOLLOWER]: Advancing to term 1
