I20260630 12:12:43.220655  3744 leader_election.cc:290] T b9b0658e4a074e6b9df5dcb50926a4a0 P 60834e8c2e35411297182b5b21408c6a [CANDIDATE]: Term 1 pre-election: Requested pre-vote from peers 47d73c34be354e8891ae18d709a82917 (127.0.107.196:40021), 5c7fade7b55a434fb8026795e3d7582c (127.0.107.194:35323)
I20260630 12:12:43.223125  3730 tablet_bootstrap.cc:492] T 23ad62a6012f469ba60e2016865b3477 P 6bc1262808c74d91a3ff1299e0920322: No bootstrap required, opened a new log
I20260630 12:12:43.224015  3730 ts_tablet_manager.cc:1403] T 23ad62a6012f469ba60e2016865b3477 P 6bc1262808c74d91a3ff1299e0920322: Time spent bootstrapping tablet: real 0.039s	user 0.022s	sys 0.011s
I20260630 12:12:43.223753  3728 raft_consensus.cc:359] T 32d813aecf0b479098dd1b5c78d07672 P 60834e8c2e35411297182b5b21408c6a [term 0 FOLLOWER]: Replica starting. Triggering 0 pending ops. Active config: opid_index: -1 OBSOLETE_local: false peers { permanent_uuid: "47d73c34be354e8891ae18d709a82917" member_type: VOTER last_known_addr { host: "127.0.107.196" port: 40021 } } peers { permanent_uuid: "6bc1262808c74d91a3ff1299e0920322" member_type: VOTER last_known_addr { host: "127.0.107.195" port: 44563 } } peers { permanent_uuid: "60834e8c2e35411297182b5b21408c6a" member_type: VOTER last_known_addr { host: "127.0.107.193" port: 38613 } }
I20260630 12:12:43.224546  3728 raft_consensus.cc:385] T 32d813aecf0b479098dd1b5c78d07672 P 60834e8c2e35411297182b5b21408c6a [term 0 FOLLOWER]: Consensus starting up: Expiring failure detector timer to make a prompt election more likely
I20260630 12:12:43.227876  3728 raft_consensus.cc:740] T 32d813aecf0b479098dd1b5c78d07672 P 60834e8c2e35411297182b5b21408c6a [term 0 FOLLOWER]: Becoming Follower/Learner. State: Replica: 60834e8c2e35411297182b5b21408c6a, State: Initialized, Role: FOLLOWER
I20260630 12:12:43.227857  3730 raft_consensus.cc:359] T 23ad62a6012f469ba60e2016865b3477 P 6bc1262808c74d91a3ff1299e0920322 [term 0 FOLLOWER]: Replica starting. Triggering 0 pending ops. Active config: opid_index: -1 OBSOLETE_local: false peers { permanent_uuid: "60834e8c2e35411297182b5b21408c6a" member_type: VOTER last_known_addr { host: "127.0.107.193" port: 38613 } } peers { permanent_uuid: "6bc1262808c74d91a3ff1299e0920322" member_type: VOTER last_known_addr { host: "127.0.107.195" port: 44563 } } peers { permanent_uuid: "47d73c34be354e8891ae18d709a82917" member_type: VOTER last_known_addr { host: "127.0.107.196" port: 40021 } }
I20260630 12:12:43.228845  3730 raft_consensus.cc:385] T 23ad62a6012f469ba60e2016865b3477 P 6bc1262808c74d91a3ff1299e0920322 [term 0 FOLLOWER]: Consensus starting up: Expiring failure detector timer to make a prompt election more likely
I20260630 12:12:43.228842  3728 consensus_queue.cc:260] T 32d813aecf0b479098dd1b5c78d07672 P 60834e8c2e35411297182b5b21408c6a [NON_LEADER]: Queue going to NON_LEADER mode. State: All replicated index: 0, Majority replicated index: 0, Committed index: 0, Last appended: 0.0, Last appended by leader: 0, Current term: 0, Majority size: -1, State: 0, Mode: NON_LEADER, active raft config: opid_index: -1 OBSOLETE_local: false peers { permanent_uuid: "47d73c34be354e8891ae18d709a82917" member_type: VOTER last_known_addr { host: "127.0.107.196" port: 40021 } } peers { permanent_uuid: "6bc1262808c74d91a3ff1299e0920322" member_type: VOTER last_known_addr { host: "127.0.107.195" port: 44563 } } peers { permanent_uuid: "60834e8c2e35411297182b5b21408c6a" member_type: VOTER last_known_addr { host: "127.0.107.193" port: 38613 } }
I20260630 12:12:43.228996  3743 raft_consensus.cc:515] T b9b0658e4a074e6b9df5dcb50926a4a0 P 60834e8c2e35411297182b5b21408c6a [term 1 FOLLOWER]: Starting leader election with config: opid_index: -1 OBSOLETE_local: false peers { permanent_uuid: "47d73c34be354e8891ae18d709a82917" member_type: VOTER last_known_addr { host: "127.0.107.196" port: 40021 } } peers { permanent_uuid: "60834e8c2e35411297182b5b21408c6a" member_type: VOTER last_known_addr { host: "127.0.107.193" port: 38613 } } peers { permanent_uuid: "5c7fade7b55a434fb8026795e3d7582c" member_type: VOTER last_known_addr { host: "127.0.107.194" port: 35323 } }
I20260630 12:12:43.229490  3730 raft_consensus.cc:740] T 23ad62a6012f469ba60e2016865b3477 P 6bc1262808c74d91a3ff1299e0920322 [term 0 FOLLOWER]: Becoming Follower/Learner. State: Replica: 6bc1262808c74d91a3ff1299e0920322, State: Initialized, Role: FOLLOWER
I20260630 12:12:43.230500  3730 consensus_queue.cc:260] T 23ad62a6012f469ba60e2016865b3477 P 6bc1262808c74d91a3ff1299e0920322 [NON_LEADER]: Queue going to NON_LEADER mode. State: All replicated index: 0, Majority replicated index: 0, Committed index: 0, Last appended: 0.0, Last appended by leader: 0, Current term: 0, Majority size: -1, State: 0, Mode: NON_LEADER, active raft config: opid_index: -1 OBSOLETE_local: false peers { permanent_uuid: "60834e8c2e35411297182b5b21408c6a" member_type: VOTER last_known_addr { host: "127.0.107.193" port: 38613 } } peers { permanent_uuid: "6bc1262808c74d91a3ff1299e0920322" member_type: VOTER last_known_addr { host: "127.0.107.195" port: 44563 } } peers { permanent_uuid: "47d73c34be354e8891ae18d709a82917" member_type: VOTER last_known_addr { host: "127.0.107.196" port: 40021 } }
I20260630 12:12:43.232702  3470 tablet_service.cc:1917] Received RequestConsensusVote() RPC: tablet_id: "b9b0658e4a074e6b9df5dcb50926a4a0" candidate_uuid: "60834e8c2e35411297182b5b21408c6a" candidate_term: 1 candidate_status { last_received { term: 0 index: 0 } } ignore_live_leader: false dest_uuid: "5c7fade7b55a434fb8026795e3d7582c"
I20260630 12:12:43.233034  3730 ts_tablet_manager.cc:1434] T 23ad62a6012f469ba60e2016865b3477 P 6bc1262808c74d91a3ff1299e0920322: Time spent starting tablet: real 0.009s	user 0.008s	sys 0.000s
I20260630 12:12:43.233311  3470 raft_consensus.cc:3060] T b9b0658e4a074e6b9df5dcb50926a4a0 P 5c7fade7b55a434fb8026795e3d7582c [term 0 FOLLOWER]: Advancing to term 1
I20260630 12:12:43.234591  3730 tablet_bootstrap.cc:492] T 63b9510d68be40b1b538b6403826c659 P 6bc1262808c74d91a3ff1299e0920322: Bootstrap starting.
I20260630 12:12:43.234809  3694 tablet_service.cc:1917] Received RequestConsensusVote() RPC: tablet_id: "b9b0658e4a074e6b9df5dcb50926a4a0" candidate_uuid: "60834e8c2e35411297182b5b21408c6a" candidate_term: 1 candidate_status { last_received { term: 0 index: 0 } } ignore_live_leader: false dest_uuid: "47d73c34be354e8891ae18d709a82917"
W20260630 12:12:43.237465  3358 leader_election.cc:343] T b9b0658e4a074e6b9df5dcb50926a4a0 P 60834e8c2e35411297182b5b21408c6a [CANDIDATE]: Term 1 election: Tablet error from VoteRequest() call to peer 47d73c34be354e8891ae18d709a82917 (127.0.107.196:40021): Illegal state: must be running to vote when last-logged opid is not known
I20260630 12:12:43.240322  3470 raft_consensus.cc:2468] T b9b0658e4a074e6b9df5dcb50926a4a0 P 5c7fade7b55a434fb8026795e3d7582c [term 1 FOLLOWER]: Leader election vote request: Granting yes vote for candidate 60834e8c2e35411297182b5b21408c6a in term 1.
I20260630 12:12:43.241484  3359 leader_election.cc:304] T b9b0658e4a074e6b9df5dcb50926a4a0 P 60834e8c2e35411297182b5b21408c6a [CANDIDATE]: Term 1 election: Election decided. Result: candidate won. Election summary: received 3 responses out of 3 voters: 2 yes votes; 1 no votes. yes voters: 5c7fade7b55a434fb8026795e3d7582c, 60834e8c2e35411297182b5b21408c6a; no voters: 47d73c34be354e8891ae18d709a82917
I20260630 12:12:43.242324  3744 raft_consensus.cc:2804] T b9b0658e4a074e6b9df5dcb50926a4a0 P 60834e8c2e35411297182b5b21408c6a [term 1 FOLLOWER]: Leader election won for term 1
I20260630 12:12:43.242813  3744 raft_consensus.cc:697] T b9b0658e4a074e6b9df5dcb50926a4a0 P 60834e8c2e35411297182b5b21408c6a [term 1 LEADER]: Becoming Leader. State: Replica: 60834e8c2e35411297182b5b21408c6a, State: Running, Role: LEADER
I20260630 12:12:43.243060  3730 tablet_bootstrap.cc:654] T 63b9510d68be40b1b538b6403826c659 P 6bc1262808c74d91a3ff1299e0920322: Neither blocks nor log segments found. Creating new log.
I20260630 12:12:43.243791  3728 ts_tablet_manager.cc:1434] T 32d813aecf0b479098dd1b5c78d07672 P 60834e8c2e35411297182b5b21408c6a: Time spent starting tablet: real 0.025s	user 0.007s	sys 0.000s
I20260630 12:12:43.243582  3744 consensus_queue.cc:237] T b9b0658e4a074e6b9df5dcb50926a4a0 P 60834e8c2e35411297182b5b21408c6a [LEADER]: Queue going to LEADER mode. State: All replicated index: 0, Majority replicated index: 0, Committed index: 0, Last appended: 0.0, Last appended by leader: 0, Current term: 1, Majority size: 2, State: 0, Mode: LEADER, active raft config: opid_index: -1 OBSOLETE_local: false peers { permanent_uuid: "47d73c34be354e8891ae18d709a82917" member_type: VOTER last_known_addr { host: "127.0.107.196" port: 40021 } } peers { permanent_uuid: "60834e8c2e35411297182b5b21408c6a" member_type: VOTER last_known_addr { host: "127.0.107.193" port: 38613 } } peers { permanent_uuid: "5c7fade7b55a434fb8026795e3d7582c" member_type: VOTER last_known_addr { host: "127.0.107.194" port: 35323 } }
I20260630 12:12:43.249164  3743 leader_election.cc:290] T b9b0658e4a074e6b9df5dcb50926a4a0 P 60834e8c2e35411297182b5b21408c6a [CANDIDATE]: Term 1 election: Requested vote from peers 47d73c34be354e8891ae18d709a82917 (127.0.107.196:40021), 5c7fade7b55a434fb8026795e3d7582c (127.0.107.194:35323)
I20260630 12:12:43.250546  3742 tablet_bootstrap.cc:492] T 9e523e45e20547a1a9d11b58999bc8dd P 47d73c34be354e8891ae18d709a82917: No bootstrap required, opened a new log
I20260630 12:12:43.251241  3742 ts_tablet_manager.cc:1403] T 9e523e45e20547a1a9d11b58999bc8dd P 47d73c34be354e8891ae18d709a82917: Time spent bootstrapping tablet: real 0.061s	user 0.013s	sys 0.006s
I20260630 12:12:43.255144  3742 raft_consensus.cc:359] T 9e523e45e20547a1a9d11b58999bc8dd P 47d73c34be354e8891ae18d709a82917 [term 0 FOLLOWER]: Replica starting. Triggering 0 pending ops. Active config: opid_index: -1 OBSOLETE_local: false peers { permanent_uuid: "47d73c34be354e8891ae18d709a82917" member_type: VOTER last_known_addr { host: "127.0.107.196" port: 40021 } } peers { permanent_uuid: "6bc1262808c74d91a3ff1299e0920322" member_type: VOTER last_known_addr { host: "127.0.107.195" port: 44563 } } peers { permanent_uuid: "60834e8c2e35411297182b5b21408c6a" member_type: VOTER last_known_addr { host: "127.0.107.193" port: 38613 } }
I20260630 12:12:43.255993  3742 raft_consensus.cc:385] T 9e523e45e20547a1a9d11b58999bc8dd P 47d73c34be354e8891ae18d709a82917 [term 0 FOLLOWER]: Consensus starting up: Expiring failure detector timer to make a prompt election more likely
I20260630 12:12:43.256343  3742 raft_consensus.cc:740] T 9e523e45e20547a1a9d11b58999bc8dd P 47d73c34be354e8891ae18d709a82917 [term 0 FOLLOWER]: Becoming Follower/Learner. State: Replica: 47d73c34be354e8891ae18d709a82917, State: Initialized, Role: FOLLOWER
I20260630 12:12:43.257781  3742 consensus_queue.cc:260] T 9e523e45e20547a1a9d11b58999bc8dd P 47d73c34be354e8891ae18d709a82917 [NON_LEADER]: Queue going to NON_LEADER mode. State: All replicated index: 0, Majority replicated index: 0, Committed index: 0, Last appended: 0.0, Last appended by leader: 0, Current term: 0, Majority size: -1, State: 0, Mode: NON_LEADER, active raft config: opid_index: -1 OBSOLETE_local: false peers { permanent_uuid: "47d73c34be354e8891ae18d709a82917" member_type: VOTER last_known_addr { host: "127.0.107.196" port: 40021 } } peers { permanent_uuid: "6bc1262808c74d91a3ff1299e0920322" member_type: VOTER last_known_addr { host: "127.0.107.195" port: 44563 } } peers { permanent_uuid: "60834e8c2e35411297182b5b21408c6a" member_type: VOTER last_known_addr { host: "127.0.107.193" port: 38613 } }
I20260630 12:12:43.259469  3730 tablet_bootstrap.cc:492] T 63b9510d68be40b1b538b6403826c659 P 6bc1262808c74d91a3ff1299e0920322: No bootstrap required, opened a new log
I20260630 12:12:43.259950  3730 ts_tablet_manager.cc:1403] T 63b9510d68be40b1b538b6403826c659 P 6bc1262808c74d91a3ff1299e0920322: Time spent bootstrapping tablet: real 0.026s	user 0.017s	sys 0.007s
I20260630 12:12:43.260567  3742 ts_tablet_manager.cc:1434] T 9e523e45e20547a1a9d11b58999bc8dd P 47d73c34be354e8891ae18d709a82917: Time spent starting tablet: real 0.009s	user 0.007s	sys 0.001s
I20260630 12:12:43.261626  3742 tablet_bootstrap.cc:492] T b2a2179b3c94447f8d51d42d9281b6f4 P 47d73c34be354e8891ae18d709a82917: Bootstrap starting.
I20260630 12:12:43.261663  3728 tablet_bootstrap.cc:492] T 9e523e45e20547a1a9d11b58999bc8dd P 60834e8c2e35411297182b5b21408c6a: Bootstrap starting.
I20260630 12:12:43.263098  3755 raft_consensus.cc:493] T 4b049fef48e2439895f1ab6a63c9c513 P 47d73c34be354e8891ae18d709a82917 [term 0 FOLLOWER]: Starting pre-election (no leader contacted us within the election timeout)
I20260630 12:12:43.263582  3730 raft_consensus.cc:359] T 63b9510d68be40b1b538b6403826c659 P 6bc1262808c74d91a3ff1299e0920322 [term 0 FOLLOWER]: Replica starting. Triggering 0 pending ops. Active config: opid_index: -1 OBSOLETE_local: false peers { permanent_uuid: "5c7fade7b55a434fb8026795e3d7582c" member_type: VOTER last_known_addr { host: "127.0.107.194" port: 35323 } } peers { permanent_uuid: "47d73c34be354e8891ae18d709a82917" member_type: VOTER last_known_addr { host: "127.0.107.196" port: 40021 } } peers { permanent_uuid: "6bc1262808c74d91a3ff1299e0920322" member_type: VOTER last_known_addr { host: "127.0.107.195" port: 44563 } }
I20260630 12:12:43.263875  3755 raft_consensus.cc:515] T 4b049fef48e2439895f1ab6a63c9c513 P 47d73c34be354e8891ae18d709a82917 [term 0 FOLLOWER]: Starting pre-election with config: opid_index: -1 OBSOLETE_local: false peers { permanent_uuid: "47d73c34be354e8891ae18d709a82917" member_type: VOTER last_known_addr { host: "127.0.107.196" port: 40021 } } peers { permanent_uuid: "6bc1262808c74d91a3ff1299e0920322" member_type: VOTER last_known_addr { host: "127.0.107.195" port: 44563 } } peers { permanent_uuid: "5c7fade7b55a434fb8026795e3d7582c" member_type: VOTER last_known_addr { host: "127.0.107.194" port: 35323 } }
I20260630 12:12:43.264331  3730 raft_consensus.cc:385] T 63b9510d68be40b1b538b6403826c659 P 6bc1262808c74d91a3ff1299e0920322 [term 0 FOLLOWER]: Consensus starting up: Expiring failure detector timer to make a prompt election more likely
I20260630 12:12:43.264626  3730 raft_consensus.cc:740] T 63b9510d68be40b1b538b6403826c659 P 6bc1262808c74d91a3ff1299e0920322 [term 0 FOLLOWER]: Becoming Follower/Learner. State: Replica: 6bc1262808c74d91a3ff1299e0920322, State: Initialized, Role: FOLLOWER
I20260630 12:12:43.265537  3730 consensus_queue.cc:260] T 63b9510d68be40b1b538b6403826c659 P 6bc1262808c74d91a3ff1299e0920322 [NON_LEADER]: Queue going to NON_LEADER mode. State: All replicated index: 0, Majority replicated index: 0, Committed index: 0, Last appended: 0.0, Last appended by leader: 0, Current term: 0, Majority size: -1, State: 0, Mode: NON_LEADER, active raft config: opid_index: -1 OBSOLETE_local: false peers { permanent_uuid: "5c7fade7b55a434fb8026795e3d7582c" member_type: VOTER last_known_addr { host: "127.0.107.194" port: 35323 } } peers { permanent_uuid: "47d73c34be354e8891ae18d709a82917" member_type: VOTER last_known_addr { host: "127.0.107.196" port: 40021 } } peers { permanent_uuid: "6bc1262808c74d91a3ff1299e0920322" member_type: VOTER last_known_addr { host: "127.0.107.195" port: 44563 } }
I20260630 12:12:43.265720  3292 catalog_manager.cc:5697] T b9b0658e4a074e6b9df5dcb50926a4a0 P 60834e8c2e35411297182b5b21408c6a reported cstate change: term changed from 0 to 1, leader changed from <none> to 60834e8c2e35411297182b5b21408c6a (127.0.107.193). New cstate: current_term: 1 leader_uuid: "60834e8c2e35411297182b5b21408c6a" committed_config { opid_index: -1 OBSOLETE_local: false peers { permanent_uuid: "47d73c34be354e8891ae18d709a82917" member_type: VOTER last_known_addr { host: "127.0.107.196" port: 40021 } health_report { overall_health: UNKNOWN } } peers { permanent_uuid: "60834e8c2e35411297182b5b21408c6a" member_type: VOTER last_known_addr { host: "127.0.107.193" port: 38613 } health_report { overall_health: HEALTHY } } peers { permanent_uuid: "5c7fade7b55a434fb8026795e3d7582c" member_type: VOTER last_known_addr { host: "127.0.107.194" port: 35323 } health_report { overall_health: UNKNOWN } } }
I20260630 12:12:43.274978  3755 leader_election.cc:290] T 4b049fef48e2439895f1ab6a63c9c513 P 47d73c34be354e8891ae18d709a82917 [CANDIDATE]: Term 1 pre-election: Requested pre-vote from peers 6bc1262808c74d91a3ff1299e0920322 (127.0.107.195:44563), 5c7fade7b55a434fb8026795e3d7582c (127.0.107.194:35323)
I20260630 12:12:43.284245  3730 ts_tablet_manager.cc:1434] T 63b9510d68be40b1b538b6403826c659 P 6bc1262808c74d91a3ff1299e0920322: Time spent starting tablet: real 0.024s	user 0.007s	sys 0.001s
I20260630 12:12:43.291601  3728 tablet_bootstrap.cc:654] T 9e523e45e20547a1a9d11b58999bc8dd P 60834e8c2e35411297182b5b21408c6a: Neither blocks nor log segments found. Creating new log.
I20260630 12:12:43.294946  3742 tablet_bootstrap.cc:654] T b2a2179b3c94447f8d51d42d9281b6f4 P 47d73c34be354e8891ae18d709a82917: Neither blocks nor log segments found. Creating new log.
I20260630 12:12:43.318905  3728 tablet_bootstrap.cc:492] T 9e523e45e20547a1a9d11b58999bc8dd P 60834e8c2e35411297182b5b21408c6a: No bootstrap required, opened a new log
I20260630 12:12:43.319463  3728 ts_tablet_manager.cc:1403] T 9e523e45e20547a1a9d11b58999bc8dd P 60834e8c2e35411297182b5b21408c6a: Time spent bootstrapping tablet: real 0.058s	user 0.012s	sys 0.011s
I20260630 12:12:43.319806  3742 tablet_bootstrap.cc:492] T b2a2179b3c94447f8d51d42d9281b6f4 P 47d73c34be354e8891ae18d709a82917: No bootstrap required, opened a new log
I20260630 12:12:43.320442  3742 ts_tablet_manager.cc:1403] T b2a2179b3c94447f8d51d42d9281b6f4 P 47d73c34be354e8891ae18d709a82917: Time spent bootstrapping tablet: real 0.059s	user 0.008s	sys 0.016s
I20260630 12:12:43.323184  3728 raft_consensus.cc:359] T 9e523e45e20547a1a9d11b58999bc8dd P 60834e8c2e35411297182b5b21408c6a [term 0 FOLLOWER]: Replica starting. Triggering 0 pending ops. Active config: opid_index: -1 OBSOLETE_local: false peers { permanent_uuid: "47d73c34be354e8891ae18d709a82917" member_type: VOTER last_known_addr { host: "127.0.107.196" port: 40021 } } peers { permanent_uuid: "6bc1262808c74d91a3ff1299e0920322" member_type: VOTER last_known_addr { host: "127.0.107.195" port: 44563 } } peers { permanent_uuid: "60834e8c2e35411297182b5b21408c6a" member_type: VOTER last_known_addr { host: "127.0.107.193" port: 38613 } }
I20260630 12:12:43.323616  3544 tablet_service.cc:1917] Received RequestConsensusVote() RPC: tablet_id: "4b049fef48e2439895f1ab6a63c9c513" candidate_uuid: "47d73c34be354e8891ae18d709a82917" candidate_term: 1 candidate_status { last_received { term: 0 index: 0 } } ignore_live_leader: false dest_uuid: "6bc1262808c74d91a3ff1299e0920322" is_pre_election: true
I20260630 12:12:43.324055  3728 raft_consensus.cc:385] T 9e523e45e20547a1a9d11b58999bc8dd P 60834e8c2e35411297182b5b21408c6a [term 0 FOLLOWER]: Consensus starting up: Expiring failure detector timer to make a prompt election more likely
I20260630 12:12:43.323740  3742 raft_consensus.cc:359] T b2a2179b3c94447f8d51d42d9281b6f4 P 47d73c34be354e8891ae18d709a82917 [term 0 FOLLOWER]: Replica starting. Triggering 0 pending ops. Active config: opid_index: -1 OBSOLETE_local: false peers { permanent_uuid: "5c7fade7b55a434fb8026795e3d7582c" member_type: VOTER last_known_addr { host: "127.0.107.194" port: 35323 } } peers { permanent_uuid: "47d73c34be354e8891ae18d709a82917" member_type: VOTER last_known_addr { host: "127.0.107.196" port: 40021 } } peers { permanent_uuid: "60834e8c2e35411297182b5b21408c6a" member_type: VOTER last_known_addr { host: "127.0.107.193" port: 38613 } }
I20260630 12:12:43.324340  3544 raft_consensus.cc:2468] T 4b049fef48e2439895f1ab6a63c9c513 P 6bc1262808c74d91a3ff1299e0920322 [term 0 FOLLOWER]: Leader pre-election vote request: Granting yes vote for candidate 47d73c34be354e8891ae18d709a82917 in term 0.
I20260630 12:12:43.325177  3742 raft_consensus.cc:385] T b2a2179b3c94447f8d51d42d9281b6f4 P 47d73c34be354e8891ae18d709a82917 [term 0 FOLLOWER]: Consensus starting up: Expiring failure detector timer to make a prompt election more likely
I20260630 12:12:43.325287  3470 tablet_service.cc:1917] Received RequestConsensusVote() RPC: tablet_id: "4b049fef48e2439895f1ab6a63c9c513" candidate_uuid: "47d73c34be354e8891ae18d709a82917" candidate_term: 1 candidate_status { last_received { term: 0 index: 0 } } ignore_live_leader: false dest_uuid: "5c7fade7b55a434fb8026795e3d7582c" is_pre_election: true
I20260630 12:12:43.324437  3728 raft_consensus.cc:740] T 9e523e45e20547a1a9d11b58999bc8dd P 60834e8c2e35411297182b5b21408c6a [term 0 FOLLOWER]: Becoming Follower/Learner. State: Replica: 60834e8c2e35411297182b5b21408c6a, State: Initialized, Role: FOLLOWER
I20260630 12:12:43.325598  3742 raft_consensus.cc:740] T b2a2179b3c94447f8d51d42d9281b6f4 P 47d73c34be354e8891ae18d709a82917 [term 0 FOLLOWER]: Becoming Follower/Learner. State: Replica: 47d73c34be354e8891ae18d709a82917, State: Initialized, Role: FOLLOWER
I20260630 12:12:43.325986  3470 raft_consensus.cc:2468] T 4b049fef48e2439895f1ab6a63c9c513 P 5c7fade7b55a434fb8026795e3d7582c [term 0 FOLLOWER]: Leader pre-election vote request: Granting yes vote for candidate 47d73c34be354e8891ae18d709a82917 in term 0.
I20260630 12:12:43.325977  3655 leader_election.cc:304] T 4b049fef48e2439895f1ab6a63c9c513 P 47d73c34be354e8891ae18d709a82917 [CANDIDATE]: Term 1 pre-election: Election decided. Result: candidate won. Election summary: received 2 responses out of 3 voters: 2 yes votes; 0 no votes. yes voters: 47d73c34be354e8891ae18d709a82917, 6bc1262808c74d91a3ff1299e0920322; no voters: 
I20260630 12:12:43.326642  3728 consensus_queue.cc:260] T 9e523e45e20547a1a9d11b58999bc8dd P 60834e8c2e35411297182b5b21408c6a [NON_LEADER]: Queue going to NON_LEADER mode. State: All replicated index: 0, Majority replicated index: 0, Committed index: 0, Last appended: 0.0, Last appended by leader: 0, Current term: 0, Majority size: -1, State: 0, Mode: NON_LEADER, active raft config: opid_index: -1 OBSOLETE_local: false peers { permanent_uuid: "47d73c34be354e8891ae18d709a82917" member_type: VOTER last_known_addr { host: "127.0.107.196" port: 40021 } } peers { permanent_uuid: "6bc1262808c74d91a3ff1299e0920322" member_type: VOTER last_known_addr { host: "127.0.107.195" port: 44563 } } peers { permanent_uuid: "60834e8c2e35411297182b5b21408c6a" member_type: VOTER last_known_addr { host: "127.0.107.193" port: 38613 } }
I20260630 12:12:43.327044  3755 raft_consensus.cc:2804] T 4b049fef48e2439895f1ab6a63c9c513 P 47d73c34be354e8891ae18d709a82917 [term 0 FOLLOWER]: Leader pre-election won for term 1
I20260630 12:12:43.327574  3755 raft_consensus.cc:493] T 4b049fef48e2439895f1ab6a63c9c513 P 47d73c34be354e8891ae18d709a82917 [term 0 FOLLOWER]: Starting leader election (no leader contacted us within the election timeout)
I20260630 12:12:43.327803  3755 raft_consensus.cc:3060] T 4b049fef48e2439895f1ab6a63c9c513 P 47d73c34be354e8891ae18d709a82917 [term 0 FOLLOWER]: Advancing to term 1
I20260630 12:12:43.326660  3742 consensus_queue.cc:260] T b2a2179b3c94447f8d51d42d9281b6f4 P 47d73c34be354e8891ae18d709a82917 [NON_LEADER]: Queue going to NON_LEADER mode. State: All replicated index: 0, Majority replicated index: 0, Committed index: 0, Last appended: 0.0, Last appended by leader: 0, Current term: 0, Majority size: -1, State: 0, Mode: NON_LEADER, active raft config: opid_index: -1 OBSOLETE_local: false peers { permanent_uuid: "5c7fade7b55a434fb8026795e3d7582c" member_type: VOTER last_known_addr { host: "127.0.107.194" port: 35323 } } peers { permanent_uuid: "47d73c34be354e8891ae18d709a82917" member_type: VOTER last_known_addr { host: "127.0.107.196" port: 40021 } } peers { permanent_uuid: "60834e8c2e35411297182b5b21408c6a" member_type: VOTER last_known_addr { host: "127.0.107.193" port: 38613 } }
I20260630 12:12:43.329969  3728 ts_tablet_manager.cc:1434] T 9e523e45e20547a1a9d11b58999bc8dd P 60834e8c2e35411297182b5b21408c6a: Time spent starting tablet: real 0.010s	user 0.010s	sys 0.000s
I20260630 12:12:43.332949  3742 ts_tablet_manager.cc:1434] T b2a2179b3c94447f8d51d42d9281b6f4 P 47d73c34be354e8891ae18d709a82917: Time spent starting tablet: real 0.012s	user 0.012s	sys 0.000s
I20260630 12:12:43.333909  3742 tablet_bootstrap.cc:492] T 32d813aecf0b479098dd1b5c78d07672 P 47d73c34be354e8891ae18d709a82917: Bootstrap starting.
I20260630 12:12:43.334877  3755 raft_consensus.cc:515] T 4b049fef48e2439895f1ab6a63c9c513 P 47d73c34be354e8891ae18d709a82917 [term 1 FOLLOWER]: Starting leader election with config: opid_index: -1 OBSOLETE_local: false peers { permanent_uuid: "47d73c34be354e8891ae18d709a82917" member_type: VOTER last_known_addr { host: "127.0.107.196" port: 40021 } } peers { permanent_uuid: "6bc1262808c74d91a3ff1299e0920322" member_type: VOTER last_known_addr { host: "127.0.107.195" port: 44563 } } peers { permanent_uuid: "5c7fade7b55a434fb8026795e3d7582c" member_type: VOTER last_known_addr { host: "127.0.107.194" port: 35323 } }
I20260630 12:12:43.337854  3544 tablet_service.cc:1917] Received RequestConsensusVote() RPC: tablet_id: "4b049fef48e2439895f1ab6a63c9c513" candidate_uuid: "47d73c34be354e8891ae18d709a82917" candidate_term: 1 candidate_status { last_received { term: 0 index: 0 } } ignore_live_leader: false dest_uuid: "6bc1262808c74d91a3ff1299e0920322"
I20260630 12:12:43.338325  3544 raft_consensus.cc:3060] T 4b049fef48e2439895f1ab6a63c9c513 P 6bc1262808c74d91a3ff1299e0920322 [term 0 FOLLOWER]: Advancing to term 1
I20260630 12:12:43.342681  3742 tablet_bootstrap.cc:654] T 32d813aecf0b479098dd1b5c78d07672 P 47d73c34be354e8891ae18d709a82917: Neither blocks nor log segments found. Creating new log.
I20260630 12:12:43.343719  3544 raft_consensus.cc:2468] T 4b049fef48e2439895f1ab6a63c9c513 P 6bc1262808c74d91a3ff1299e0920322 [term 1 FOLLOWER]: Leader election vote request: Granting yes vote for candidate 47d73c34be354e8891ae18d709a82917 in term 1.
I20260630 12:12:43.346182  3655 leader_election.cc:304] T 4b049fef48e2439895f1ab6a63c9c513 P 47d73c34be354e8891ae18d709a82917 [CANDIDATE]: Term 1 election: Election decided. Result: candidate won. Election summary: received 2 responses out of 3 voters: 2 yes votes; 0 no votes. yes voters: 47d73c34be354e8891ae18d709a82917, 6bc1262808c74d91a3ff1299e0920322; no voters: 
I20260630 12:12:43.346998  3781 raft_consensus.cc:2804] T 4b049fef48e2439895f1ab6a63c9c513 P 47d73c34be354e8891ae18d709a82917 [term 1 FOLLOWER]: Leader election won for term 1
I20260630 12:12:43.346205  3755 leader_election.cc:290] T 4b049fef48e2439895f1ab6a63c9c513 P 47d73c34be354e8891ae18d709a82917 [CANDIDATE]: Term 1 election: Requested vote from peers 6bc1262808c74d91a3ff1299e0920322 (127.0.107.195:44563), 5c7fade7b55a434fb8026795e3d7582c (127.0.107.194:35323)
I20260630 12:12:43.348904  3470 tablet_service.cc:1917] Received RequestConsensusVote() RPC: tablet_id: "4b049fef48e2439895f1ab6a63c9c513" candidate_uuid: "47d73c34be354e8891ae18d709a82917" candidate_term: 1 candidate_status { last_received { term: 0 index: 0 } } ignore_live_leader: false dest_uuid: "5c7fade7b55a434fb8026795e3d7582c"
I20260630 12:12:43.349174  3781 raft_consensus.cc:697] T 4b049fef48e2439895f1ab6a63c9c513 P 47d73c34be354e8891ae18d709a82917 [term 1 LEADER]: Becoming Leader. State: Replica: 47d73c34be354e8891ae18d709a82917, State: Running, Role: LEADER
I20260630 12:12:43.349510  3470 raft_consensus.cc:3060] T 4b049fef48e2439895f1ab6a63c9c513 P 5c7fade7b55a434fb8026795e3d7582c [term 0 FOLLOWER]: Advancing to term 1
I20260630 12:12:43.350106  3781 consensus_queue.cc:237] T 4b049fef48e2439895f1ab6a63c9c513 P 47d73c34be354e8891ae18d709a82917 [LEADER]: Queue going to LEADER mode. State: All replicated index: 0, Majority replicated index: 0, Committed index: 0, Last appended: 0.0, Last appended by leader: 0, Current term: 1, Majority size: 2, State: 0, Mode: LEADER, active raft config: opid_index: -1 OBSOLETE_local: false peers { permanent_uuid: "47d73c34be354e8891ae18d709a82917" member_type: VOTER last_known_addr { host: "127.0.107.196" port: 40021 } } peers { permanent_uuid: "6bc1262808c74d91a3ff1299e0920322" member_type: VOTER last_known_addr { host: "127.0.107.195" port: 44563 } } peers { permanent_uuid: "5c7fade7b55a434fb8026795e3d7582c" member_type: VOTER last_known_addr { host: "127.0.107.194" port: 35323 } }
I20260630 12:12:43.350982  3742 tablet_bootstrap.cc:492] T 32d813aecf0b479098dd1b5c78d07672 P 47d73c34be354e8891ae18d709a82917: No bootstrap required, opened a new log
I20260630 12:12:43.351456  3742 ts_tablet_manager.cc:1403] T 32d813aecf0b479098dd1b5c78d07672 P 47d73c34be354e8891ae18d709a82917: Time spent bootstrapping tablet: real 0.018s	user 0.008s	sys 0.005s
I20260630 12:12:43.354892  3744 raft_consensus.cc:493] T 23ad62a6012f469ba60e2016865b3477 P 60834e8c2e35411297182b5b21408c6a [term 0 FOLLOWER]: Starting pre-election (no leader contacted us within the election timeout)
I20260630 12:12:43.355356  3744 raft_consensus.cc:515] T 23ad62a6012f469ba60e2016865b3477 P 60834e8c2e35411297182b5b21408c6a [term 0 FOLLOWER]: Starting pre-election with config: opid_index: -1 OBSOLETE_local: false peers { permanent_uuid: "60834e8c2e35411297182b5b21408c6a" member_type: VOTER last_known_addr { host: "127.0.107.193" port: 38613 } } peers { permanent_uuid: "6bc1262808c74d91a3ff1299e0920322" member_type: VOTER last_known_addr { host: "127.0.107.195" port: 44563 } } peers { permanent_uuid: "47d73c34be354e8891ae18d709a82917" member_type: VOTER last_known_addr { host: "127.0.107.196" port: 40021 } }
I20260630 12:12:43.356731  3470 raft_consensus.cc:2468] T 4b049fef48e2439895f1ab6a63c9c513 P 5c7fade7b55a434fb8026795e3d7582c [term 1 FOLLOWER]: Leader election vote request: Granting yes vote for candidate 47d73c34be354e8891ae18d709a82917 in term 1.
I20260630 12:12:43.357810  3744 leader_election.cc:290] T 23ad62a6012f469ba60e2016865b3477 P 60834e8c2e35411297182b5b21408c6a [CANDIDATE]: Term 1 pre-election: Requested pre-vote from peers 6bc1262808c74d91a3ff1299e0920322 (127.0.107.195:44563), 47d73c34be354e8891ae18d709a82917 (127.0.107.196:40021)
I20260630 12:12:43.357956  3293 catalog_manager.cc:5697] T 4b049fef48e2439895f1ab6a63c9c513 P 47d73c34be354e8891ae18d709a82917 reported cstate change: term changed from 0 to 1, leader changed from <none> to 47d73c34be354e8891ae18d709a82917 (127.0.107.196). New cstate: current_term: 1 leader_uuid: "47d73c34be354e8891ae18d709a82917" committed_config { opid_index: -1 OBSOLETE_local: false peers { permanent_uuid: "47d73c34be354e8891ae18d709a82917" member_type: VOTER last_known_addr { host: "127.0.107.196" port: 40021 } health_report { overall_health: HEALTHY } } peers { permanent_uuid: "6bc1262808c74d91a3ff1299e0920322" member_type: VOTER last_known_addr { host: "127.0.107.195" port: 44563 } health_report { overall_health: UNKNOWN } } peers { permanent_uuid: "5c7fade7b55a434fb8026795e3d7582c" member_type: VOTER last_known_addr { host: "127.0.107.194" port: 35323 } health_report { overall_health: UNKNOWN } } }
I20260630 12:12:43.358748  3544 tablet_service.cc:1917] Received RequestConsensusVote() RPC: tablet_id: "23ad62a6012f469ba60e2016865b3477" candidate_uuid: "60834e8c2e35411297182b5b21408c6a" candidate_term: 1 candidate_status { last_received { term: 0 index: 0 } } ignore_live_leader: false dest_uuid: "6bc1262808c74d91a3ff1299e0920322" is_pre_election: true
I20260630 12:12:43.358946  3742 raft_consensus.cc:359] T 32d813aecf0b479098dd1b5c78d07672 P 47d73c34be354e8891ae18d709a82917 [term 0 FOLLOWER]: Replica starting. Triggering 0 pending ops. Active config: opid_index: -1 OBSOLETE_local: false peers { permanent_uuid: "47d73c34be354e8891ae18d709a82917" member_type: VOTER last_known_addr { host: "127.0.107.196" port: 40021 } } peers { permanent_uuid: "6bc1262808c74d91a3ff1299e0920322" member_type: VOTER last_known_addr { host: "127.0.107.195" port: 44563 } } peers { permanent_uuid: "60834e8c2e35411297182b5b21408c6a" member_type: VOTER last_known_addr { host: "127.0.107.193" port: 38613 } }
I20260630 12:12:43.359272  3694 tablet_service.cc:1917] Received RequestConsensusVote() RPC: tablet_id: "23ad62a6012f469ba60e2016865b3477" candidate_uuid: "60834e8c2e35411297182b5b21408c6a" candidate_term: 1 candidate_status { last_received { term: 0 index: 0 } } ignore_live_leader: false dest_uuid: "47d73c34be354e8891ae18d709a82917" is_pre_election: true
I20260630 12:12:43.359694  3742 raft_consensus.cc:385] T 32d813aecf0b479098dd1b5c78d07672 P 47d73c34be354e8891ae18d709a82917 [term 0 FOLLOWER]: Consensus starting up: Expiring failure detector timer to make a prompt election more likely
I20260630 12:12:43.359519  3544 raft_consensus.cc:2468] T 23ad62a6012f469ba60e2016865b3477 P 6bc1262808c74d91a3ff1299e0920322 [term 0 FOLLOWER]: Leader pre-election vote request: Granting yes vote for candidate 60834e8c2e35411297182b5b21408c6a in term 0.
I20260630 12:12:43.360170  3742 raft_consensus.cc:740] T 32d813aecf0b479098dd1b5c78d07672 P 47d73c34be354e8891ae18d709a82917 [term 0 FOLLOWER]: Becoming Follower/Learner. State: Replica: 47d73c34be354e8891ae18d709a82917, State: Initialized, Role: FOLLOWER
W20260630 12:12:43.360610  3358 leader_election.cc:343] T 23ad62a6012f469ba60e2016865b3477 P 60834e8c2e35411297182b5b21408c6a [CANDIDATE]: Term 1 pre-election: Tablet error from VoteRequest() call to peer 47d73c34be354e8891ae18d709a82917 (127.0.107.196:40021): Illegal state: must be running to vote when last-logged opid is not known
I20260630 12:12:43.360944  3742 consensus_queue.cc:260] T 32d813aecf0b479098dd1b5c78d07672 P 47d73c34be354e8891ae18d709a82917 [NON_LEADER]: Queue going to NON_LEADER mode. State: All replicated index: 0, Majority replicated index: 0, Committed index: 0, Last appended: 0.0, Last appended by leader: 0, Current term: 0, Majority size: -1, State: 0, Mode: NON_LEADER, active raft config: opid_index: -1 OBSOLETE_local: false peers { permanent_uuid: "47d73c34be354e8891ae18d709a82917" member_type: VOTER last_known_addr { host: "127.0.107.196" port: 40021 } } peers { permanent_uuid: "6bc1262808c74d91a3ff1299e0920322" member_type: VOTER last_known_addr { host: "127.0.107.195" port: 44563 } } peers { permanent_uuid: "60834e8c2e35411297182b5b21408c6a" member_type: VOTER last_known_addr { host: "127.0.107.193" port: 38613 } }
I20260630 12:12:43.361315  3358 leader_election.cc:304] T 23ad62a6012f469ba60e2016865b3477 P 60834e8c2e35411297182b5b21408c6a [CANDIDATE]: Term 1 pre-election: Election decided. Result: candidate won. Election summary: received 3 responses out of 3 voters: 2 yes votes; 1 no votes. yes voters: 60834e8c2e35411297182b5b21408c6a, 6bc1262808c74d91a3ff1299e0920322; no voters: 47d73c34be354e8891ae18d709a82917
I20260630 12:12:43.362368  3744 raft_consensus.cc:2804] T 23ad62a6012f469ba60e2016865b3477 P 60834e8c2e35411297182b5b21408c6a [term 0 FOLLOWER]: Leader pre-election won for term 1
I20260630 12:12:43.362762  3744 raft_consensus.cc:493] T 23ad62a6012f469ba60e2016865b3477 P 60834e8c2e35411297182b5b21408c6a [term 0 FOLLOWER]: Starting leader election (no leader contacted us within the election timeout)
I20260630 12:12:43.363101  3744 raft_consensus.cc:3060] T 23ad62a6012f469ba60e2016865b3477 P 60834e8c2e35411297182b5b21408c6a [term 0 FOLLOWER]: Advancing to term 1
I20260630 12:12:43.363268  3742 ts_tablet_manager.cc:1434] T 32d813aecf0b479098dd1b5c78d07672 P 47d73c34be354e8891ae18d709a82917: Time spent starting tablet: real 0.012s	user 0.008s	sys 0.000s
I20260630 12:12:43.364336  3742 tablet_bootstrap.cc:492] T b9b0658e4a074e6b9df5dcb50926a4a0 P 47d73c34be354e8891ae18d709a82917: Bootstrap starting.
I20260630 12:12:43.370750  3742 tablet_bootstrap.cc:654] T b9b0658e4a074e6b9df5dcb50926a4a0 P 47d73c34be354e8891ae18d709a82917: Neither blocks nor log segments found. Creating new log.
I20260630 12:12:43.370450  3744 raft_consensus.cc:515] T 23ad62a6012f469ba60e2016865b3477 P 60834e8c2e35411297182b5b21408c6a [term 1 FOLLOWER]: Starting leader election with config: opid_index: -1 OBSOLETE_local: false peers { permanent_uuid: "60834e8c2e35411297182b5b21408c6a" member_type: VOTER last_known_addr { host: "127.0.107.193" port: 38613 } } peers { permanent_uuid: "6bc1262808c74d91a3ff1299e0920322" member_type: VOTER last_known_addr { host: "127.0.107.195" port: 44563 } } peers { permanent_uuid: "47d73c34be354e8891ae18d709a82917" member_type: VOTER last_known_addr { host: "127.0.107.196" port: 40021 } }
I20260630 12:12:43.373576  3544 tablet_service.cc:1917] Received RequestConsensusVote() RPC: tablet_id: "23ad62a6012f469ba60e2016865b3477" candidate_uuid: "60834e8c2e35411297182b5b21408c6a" candidate_term: 1 candidate_status { last_received { term: 0 index: 0 } } ignore_live_leader: false dest_uuid: "6bc1262808c74d91a3ff1299e0920322"
I20260630 12:12:43.374393  3544 raft_consensus.cc:3060] T 23ad62a6012f469ba60e2016865b3477 P 6bc1262808c74d91a3ff1299e0920322 [term 0 FOLLOWER]: Advancing to term 1
I20260630 12:12:43.374872  3694 tablet_service.cc:1917] Received RequestConsensusVote() RPC: tablet_id: "23ad62a6012f469ba60e2016865b3477" candidate_uuid: "60834e8c2e35411297182b5b21408c6a" candidate_term: 1 candidate_status { last_received { term: 0 index: 0 } } ignore_live_leader: false dest_uuid: "47d73c34be354e8891ae18d709a82917"
W20260630 12:12:43.376624  3358 leader_election.cc:343] T 23ad62a6012f469ba60e2016865b3477 P 60834e8c2e35411297182b5b21408c6a [CANDIDATE]: Term 1 election: Tablet error from VoteRequest() call to peer 47d73c34be354e8891ae18d709a82917 (127.0.107.196:40021): Illegal state: must be running to vote when last-logged opid is not known
I20260630 12:12:43.373605  3744 leader_election.cc:290] T 23ad62a6012f469ba60e2016865b3477 P 60834e8c2e35411297182b5b21408c6a [CANDIDATE]: Term 1 election: Requested vote from peers 6bc1262808c74d91a3ff1299e0920322 (127.0.107.195:44563), 47d73c34be354e8891ae18d709a82917 (127.0.107.196:40021)
I20260630 12:12:43.379426  3742 tablet_bootstrap.cc:492] T b9b0658e4a074e6b9df5dcb50926a4a0 P 47d73c34be354e8891ae18d709a82917: No bootstrap required, opened a new log
I20260630 12:12:43.379858  3742 ts_tablet_manager.cc:1403] T b9b0658e4a074e6b9df5dcb50926a4a0 P 47d73c34be354e8891ae18d709a82917: Time spent bootstrapping tablet: real 0.016s	user 0.003s	sys 0.011s
I20260630 12:12:43.380698  3544 raft_consensus.cc:2468] T 23ad62a6012f469ba60e2016865b3477 P 6bc1262808c74d91a3ff1299e0920322 [term 1 FOLLOWER]: Leader election vote request: Granting yes vote for candidate 60834e8c2e35411297182b5b21408c6a in term 1.
I20260630 12:12:43.381006  3781 raft_consensus.cc:493] T 32d813aecf0b479098dd1b5c78d07672 P 47d73c34be354e8891ae18d709a82917 [term 0 FOLLOWER]: Starting pre-election (no leader contacted us within the election timeout)
I20260630 12:12:43.381560  3781 raft_consensus.cc:515] T 32d813aecf0b479098dd1b5c78d07672 P 47d73c34be354e8891ae18d709a82917 [term 0 FOLLOWER]: Starting pre-election with config: opid_index: -1 OBSOLETE_local: false peers { permanent_uuid: "47d73c34be354e8891ae18d709a82917" member_type: VOTER last_known_addr { host: "127.0.107.196" port: 40021 } } peers { permanent_uuid: "6bc1262808c74d91a3ff1299e0920322" member_type: VOTER last_known_addr { host: "127.0.107.195" port: 44563 } } peers { permanent_uuid: "60834e8c2e35411297182b5b21408c6a" member_type: VOTER last_known_addr { host: "127.0.107.193" port: 38613 } }
I20260630 12:12:43.381908  3358 leader_election.cc:304] T 23ad62a6012f469ba60e2016865b3477 P 60834e8c2e35411297182b5b21408c6a [CANDIDATE]: Term 1 election: Election decided. Result: candidate won. Election summary: received 3 responses out of 3 voters: 2 yes votes; 1 no votes. yes voters: 60834e8c2e35411297182b5b21408c6a, 6bc1262808c74d91a3ff1299e0920322; no voters: 47d73c34be354e8891ae18d709a82917
I20260630 12:12:43.382714  3744 raft_consensus.cc:2804] T 23ad62a6012f469ba60e2016865b3477 P 60834e8c2e35411297182b5b21408c6a [term 1 FOLLOWER]: Leader election won for term 1
I20260630 12:12:43.382406  3742 raft_consensus.cc:359] T b9b0658e4a074e6b9df5dcb50926a4a0 P 47d73c34be354e8891ae18d709a82917 [term 0 FOLLOWER]: Replica starting. Triggering 0 pending ops. Active config: opid_index: -1 OBSOLETE_local: false peers { permanent_uuid: "47d73c34be354e8891ae18d709a82917" member_type: VOTER last_known_addr { host: "127.0.107.196" port: 40021 } } peers { permanent_uuid: "60834e8c2e35411297182b5b21408c6a" member_type: VOTER last_known_addr { host: "127.0.107.193" port: 38613 } } peers { permanent_uuid: "5c7fade7b55a434fb8026795e3d7582c" member_type: VOTER last_known_addr { host: "127.0.107.194" port: 35323 } }
I20260630 12:12:43.383277  3742 raft_consensus.cc:385] T b9b0658e4a074e6b9df5dcb50926a4a0 P 47d73c34be354e8891ae18d709a82917 [term 0 FOLLOWER]: Consensus starting up: Expiring failure detector timer to make a prompt election more likely
I20260630 12:12:43.383848  3781 leader_election.cc:290] T 32d813aecf0b479098dd1b5c78d07672 P 47d73c34be354e8891ae18d709a82917 [CANDIDATE]: Term 1 pre-election: Requested pre-vote from peers 6bc1262808c74d91a3ff1299e0920322 (127.0.107.195:44563), 60834e8c2e35411297182b5b21408c6a (127.0.107.193:38613)
I20260630 12:12:43.393914  3544 tablet_service.cc:1917] Received RequestConsensusVote() RPC: tablet_id: "32d813aecf0b479098dd1b5c78d07672" candidate_uuid: "47d73c34be354e8891ae18d709a82917" candidate_term: 1 candidate_status { last_received { term: 0 index: 0 } } ignore_live_leader: false dest_uuid: "6bc1262808c74d91a3ff1299e0920322" is_pre_election: true
I20260630 12:12:43.383277  3744 raft_consensus.cc:697] T 23ad62a6012f469ba60e2016865b3477 P 60834e8c2e35411297182b5b21408c6a [term 1 LEADER]: Becoming Leader. State: Replica: 60834e8c2e35411297182b5b21408c6a, State: Running, Role: LEADER
I20260630 12:12:43.394595  3742 raft_consensus.cc:740] T b9b0658e4a074e6b9df5dcb50926a4a0 P 47d73c34be354e8891ae18d709a82917 [term 0 FOLLOWER]: Becoming Follower/Learner. State: Replica: 47d73c34be354e8891ae18d709a82917, State: Initialized, Role: FOLLOWER
I20260630 12:12:43.395147  3544 raft_consensus.cc:2468] T 32d813aecf0b479098dd1b5c78d07672 P 6bc1262808c74d91a3ff1299e0920322 [term 0 FOLLOWER]: Leader pre-election vote request: Granting yes vote for candidate 47d73c34be354e8891ae18d709a82917 in term 0.
I20260630 12:12:43.395780  3742 consensus_queue.cc:260] T b9b0658e4a074e6b9df5dcb50926a4a0 P 47d73c34be354e8891ae18d709a82917 [NON_LEADER]: Queue going to NON_LEADER mode. State: All replicated index: 0, Majority replicated index: 0, Committed index: 0, Last appended: 0.0, Last appended by leader: 0, Current term: 0, Majority size: -1, State: 0, Mode: NON_LEADER, active raft config: opid_index: -1 OBSOLETE_local: false peers { permanent_uuid: "47d73c34be354e8891ae18d709a82917" member_type: VOTER last_known_addr { host: "127.0.107.196" port: 40021 } } peers { permanent_uuid: "60834e8c2e35411297182b5b21408c6a" member_type: VOTER last_known_addr { host: "127.0.107.193" port: 38613 } } peers { permanent_uuid: "5c7fade7b55a434fb8026795e3d7582c" member_type: VOTER last_known_addr { host: "127.0.107.194" port: 35323 } }
I20260630 12:12:43.395839  3744 consensus_queue.cc:237] T 23ad62a6012f469ba60e2016865b3477 P 60834e8c2e35411297182b5b21408c6a [LEADER]: Queue going to LEADER mode. State: All replicated index: 0, Majority replicated index: 0, Committed index: 0, Last appended: 0.0, Last appended by leader: 0, Current term: 1, Majority size: 2, State: 0, Mode: LEADER, active raft config: opid_index: -1 OBSOLETE_local: false peers { permanent_uuid: "60834e8c2e35411297182b5b21408c6a" member_type: VOTER last_known_addr { host: "127.0.107.193" port: 38613 } } peers { permanent_uuid: "6bc1262808c74d91a3ff1299e0920322" member_type: VOTER last_known_addr { host: "127.0.107.195" port: 44563 } } peers { permanent_uuid: "47d73c34be354e8891ae18d709a82917" member_type: VOTER last_known_addr { host: "127.0.107.196" port: 40021 } }
I20260630 12:12:43.396777  3655 leader_election.cc:304] T 32d813aecf0b479098dd1b5c78d07672 P 47d73c34be354e8891ae18d709a82917 [CANDIDATE]: Term 1 pre-election: Election decided. Result: candidate won. Election summary: received 2 responses out of 3 voters: 2 yes votes; 0 no votes. yes voters: 47d73c34be354e8891ae18d709a82917, 6bc1262808c74d91a3ff1299e0920322; no voters: 
I20260630 12:12:43.398017  3783 raft_consensus.cc:2804] T 32d813aecf0b479098dd1b5c78d07672 P 47d73c34be354e8891ae18d709a82917 [term 0 FOLLOWER]: Leader pre-election won for term 1
I20260630 12:12:43.398429  3783 raft_consensus.cc:493] T 32d813aecf0b479098dd1b5c78d07672 P 47d73c34be354e8891ae18d709a82917 [term 0 FOLLOWER]: Starting leader election (no leader contacted us within the election timeout)
I20260630 12:12:43.398794  3783 raft_consensus.cc:3060] T 32d813aecf0b479098dd1b5c78d07672 P 47d73c34be354e8891ae18d709a82917 [term 0 FOLLOWER]: Advancing to term 1
I20260630 12:12:43.400671  3742 ts_tablet_manager.cc:1434] T b9b0658e4a074e6b9df5dcb50926a4a0 P 47d73c34be354e8891ae18d709a82917: Time spent starting tablet: real 0.021s	user 0.009s	sys 0.009s
I20260630 12:12:43.401841  3742 tablet_bootstrap.cc:492] T 23ad62a6012f469ba60e2016865b3477 P 47d73c34be354e8891ae18d709a82917: Bootstrap starting.
I20260630 12:12:43.406687  3783 raft_consensus.cc:515] T 32d813aecf0b479098dd1b5c78d07672 P 47d73c34be354e8891ae18d709a82917 [term 1 FOLLOWER]: Starting leader election with config: opid_index: -1 OBSOLETE_local: false peers { permanent_uuid: "47d73c34be354e8891ae18d709a82917" member_type: VOTER last_known_addr { host: "127.0.107.196" port: 40021 } } peers { permanent_uuid: "6bc1262808c74d91a3ff1299e0920322" member_type: VOTER last_known_addr { host: "127.0.107.195" port: 44563 } } peers { permanent_uuid: "60834e8c2e35411297182b5b21408c6a" member_type: VOTER last_known_addr { host: "127.0.107.193" port: 38613 } }
I20260630 12:12:43.410065  3544 tablet_service.cc:1917] Received RequestConsensusVote() RPC: tablet_id: "32d813aecf0b479098dd1b5c78d07672" candidate_uuid: "47d73c34be354e8891ae18d709a82917" candidate_term: 1 candidate_status { last_received { term: 0 index: 0 } } ignore_live_leader: false dest_uuid: "6bc1262808c74d91a3ff1299e0920322"
I20260630 12:12:43.410715  3544 raft_consensus.cc:3060] T 32d813aecf0b479098dd1b5c78d07672 P 6bc1262808c74d91a3ff1299e0920322 [term 0 FOLLOWER]: Advancing to term 1
I20260630 12:12:43.411517  3742 tablet_bootstrap.cc:654] T 23ad62a6012f469ba60e2016865b3477 P 47d73c34be354e8891ae18d709a82917: Neither blocks nor log segments found. Creating new log.
I20260630 12:12:43.416006  3393 tablet_service.cc:1917] Received RequestConsensusVote() RPC: tablet_id: "32d813aecf0b479098dd1b5c78d07672" candidate_uuid: "47d73c34be354e8891ae18d709a82917" candidate_term: 1 candidate_status { last_received { term: 0 index: 0 } } ignore_live_leader: false dest_uuid: "60834e8c2e35411297182b5b21408c6a" is_pre_election: true
I20260630 12:12:43.416877  3393 raft_consensus.cc:2468] T 32d813aecf0b479098dd1b5c78d07672 P 60834e8c2e35411297182b5b21408c6a [term 0 FOLLOWER]: Leader pre-election vote request: Granting yes vote for candidate 47d73c34be354e8891ae18d709a82917 in term 0.
I20260630 12:12:43.419720  3783 leader_election.cc:290] T 32d813aecf0b479098dd1b5c78d07672 P 47d73c34be354e8891ae18d709a82917 [CANDIDATE]: Term 1 election: Requested vote from peers 6bc1262808c74d91a3ff1299e0920322 (127.0.107.195:44563), 60834e8c2e35411297182b5b21408c6a (127.0.107.193:38613)
I20260630 12:12:43.421092  3393 tablet_service.cc:1917] Received RequestConsensusVote() RPC: tablet_id: "32d813aecf0b479098dd1b5c78d07672" candidate_uuid: "47d73c34be354e8891ae18d709a82917" candidate_term: 1 candidate_status { last_received { term: 0 index: 0 } } ignore_live_leader: false dest_uuid: "60834e8c2e35411297182b5b21408c6a"
I20260630 12:12:43.421522  3544 raft_consensus.cc:2468] T 32d813aecf0b479098dd1b5c78d07672 P 6bc1262808c74d91a3ff1299e0920322 [term 1 FOLLOWER]: Leader election vote request: Granting yes vote for candidate 47d73c34be354e8891ae18d709a82917 in term 1.
I20260630 12:12:43.421911  3393 raft_consensus.cc:3060] T 32d813aecf0b479098dd1b5c78d07672 P 60834e8c2e35411297182b5b21408c6a [term 0 FOLLOWER]: Advancing to term 1
I20260630 12:12:43.422786  3655 leader_election.cc:304] T 32d813aecf0b479098dd1b5c78d07672 P 47d73c34be354e8891ae18d709a82917 [CANDIDATE]: Term 1 election: Election decided. Result: candidate won. Election summary: received 2 responses out of 3 voters: 2 yes votes; 0 no votes. yes voters: 47d73c34be354e8891ae18d709a82917, 6bc1262808c74d91a3ff1299e0920322; no voters: 
I20260630 12:12:43.423687  3783 raft_consensus.cc:2804] T 32d813aecf0b479098dd1b5c78d07672 P 47d73c34be354e8891ae18d709a82917 [term 1 FOLLOWER]: Leader election won for term 1
I20260630 12:12:43.425282  3743 raft_consensus.cc:493] T 9e523e45e20547a1a9d11b58999bc8dd P 60834e8c2e35411297182b5b21408c6a [term 0 FOLLOWER]: Starting pre-election (no leader contacted us within the election timeout)
I20260630 12:12:43.426059  3783 raft_consensus.cc:697] T 32d813aecf0b479098dd1b5c78d07672 P 47d73c34be354e8891ae18d709a82917 [term 1 LEADER]: Becoming Leader. State: Replica: 47d73c34be354e8891ae18d709a82917, State: Running, Role: LEADER
I20260630 12:12:43.427176  3783 consensus_queue.cc:237] T 32d813aecf0b479098dd1b5c78d07672 P 47d73c34be354e8891ae18d709a82917 [LEADER]: Queue going to LEADER mode. State: All replicated index: 0, Majority replicated index: 0, Committed index: 0, Last appended: 0.0, Last appended by leader: 0, Current term: 1, Majority size: 2, State: 0, Mode: LEADER, active raft config: opid_index: -1 OBSOLETE_local: false peers { permanent_uuid: "47d73c34be354e8891ae18d709a82917" member_type: VOTER last_known_addr { host: "127.0.107.196" port: 40021 } } peers { permanent_uuid: "6bc1262808c74d91a3ff1299e0920322" member_type: VOTER last_known_addr { host: "127.0.107.195" port: 44563 } } peers { permanent_uuid: "60834e8c2e35411297182b5b21408c6a" member_type: VOTER last_known_addr { host: "127.0.107.193" port: 38613 } }
