Total LBM partial records: 0 (0 repaired)
Total corrupted LBM metadata records in RocksDB: 0 (0 repaired)
I20260630 12:12:41.941304   431 rpc_server.cc:225] running with OpenSSL 1.1.1  11 Sep 2018
I20260630 12:12:41.942786   431 kserver.cc:163] Server-wide thread pool size limit: 3276
I20260630 12:12:41.944280   431 txn_system_client.cc:432] TxnSystemClient initialization is disabled...
I20260630 12:12:41.946705   431 ts_tablet_manager.cc:585] Loaded tablet metadata (0 total tablets, 0 live tablets)
I20260630 12:12:41.946949   431 ts_tablet_manager.cc:531] Time spent load tablet metadata: real 0.000s	user 0.000s	sys 0.000s
I20260630 12:12:41.947227   431 ts_tablet_manager.cc:616] Registered 0 tablets
I20260630 12:12:41.947424   431 ts_tablet_manager.cc:595] Time spent register tablets: real 0.000s	user 0.000s	sys 0.000s
I20260630 12:12:41.958876  3543 raft_consensus.cc:3060] T 72bd4fb2680543d3957add02f79e8306 P 6bc1262808c74d91a3ff1299e0920322 [term 0 FOLLOWER]: Advancing to term 1
I20260630 12:12:41.965819  3607 consensus_queue.cc:1048] T 72bd4fb2680543d3957add02f79e8306 P 5c7fade7b55a434fb8026795e3d7582c [LEADER]: Connected to new peer: Peer: permanent_uuid: "6bc1262808c74d91a3ff1299e0920322" member_type: VOTER last_known_addr { host: "127.0.107.195" port: 44563 }, Status: LMP_MISMATCH, Last received: 0.0, Next index: 1, Last known committed idx: 0, Time since last communication: 0.001s
I20260630 12:12:41.980165  3625 consensus_queue.cc:1048] T 72bd4fb2680543d3957add02f79e8306 P 5c7fade7b55a434fb8026795e3d7582c [LEADER]: Connected to new peer: Peer: permanent_uuid: "60834e8c2e35411297182b5b21408c6a" member_type: VOTER last_known_addr { host: "127.0.107.193" port: 38613 }, Status: LMP_MISMATCH, Last received: 0.0, Next index: 1, Last known committed idx: 0, Time since last communication: 0.001s
I20260630 12:12:42.010207   431 rpc_server.cc:307] RPC server started. Bound to: 127.0.107.196:40021
I20260630 12:12:42.010317  3718 acceptor_pool.cc:272] collecting diagnostics on the listening RPC socket 127.0.107.196:40021 every 8 connection(s)
I20260630 12:12:42.017205  3290 catalog_manager.cc:3570] Servicing AlterTable request from {username='slave'} at 127.0.0.1:56878:
table { table_name: "range_aware_rebalance_new_range" } alter_schema_steps { type: ADD_RANGE_PARTITION add_range_partition { range_bounds { rows: "\006\001\n\000\000\000\007\001\024\000\000\000""\006\001\n\000\000\000\007\001\024\000\000\000" indirect_data: """" } } } schema { columns { name: "key" type: INT32 is_key: true is_nullable: false encoding: AUTO_ENCODING compression: DEFAULT_COMPRESSION cfile_block_size: 0 immutable: false } } modify_external_catalogs: true
I20260630 12:12:42.027549  3719 heartbeater.cc:344] Connected to a master server at 127.0.107.254:46661
I20260630 12:12:42.027972  3719 heartbeater.cc:461] Registering TS with master...
I20260630 12:12:42.028818  3719 heartbeater.cc:507] Master 127.0.107.254:46661 requested a full tablet report, sending...
I20260630 12:12:42.030854  3293 ts_manager.cc:194] Registered new tserver with Master: 47d73c34be354e8891ae18d709a82917 (127.0.107.196:40021)
I20260630 12:12:42.032648  3293 master_service.cc:502] Signed X509 certificate for tserver {username='slave'} at 127.0.0.1:56888
W20260630 12:12:42.041713  3290 catalog_manager.cc:5957] Failed to send alter table request: Not found: failed to reset TS proxy: No leader found: Tablet b2a2179b3c94447f8d51d42d9281b6f4 has no consensus state
W20260630 12:12:42.043359  3290 catalog_manager.cc:5957] Failed to send alter table request: Not found: failed to reset TS proxy: No leader found: Tablet 23ad62a6012f469ba60e2016865b3477 has no consensus state
W20260630 12:12:42.044755  3290 catalog_manager.cc:5957] Failed to send alter table request: Not found: failed to reset TS proxy: No leader found: Tablet 63b9510d68be40b1b538b6403826c659 has no consensus state
W20260630 12:12:42.046373  3290 catalog_manager.cc:5957] Failed to send alter table request: Not found: failed to reset TS proxy: No leader found: Tablet b9b0658e4a074e6b9df5dcb50926a4a0 has no consensus state
W20260630 12:12:42.047863  3290 catalog_manager.cc:5957] Failed to send alter table request: Not found: failed to reset TS proxy: No leader found: Tablet 9e523e45e20547a1a9d11b58999bc8dd has no consensus state
W20260630 12:12:42.049332  3290 catalog_manager.cc:5957] Failed to send alter table request: Not found: failed to reset TS proxy: No leader found: Tablet 4b049fef48e2439895f1ab6a63c9c513 has no consensus state
W20260630 12:12:42.050904  3290 catalog_manager.cc:5957] Failed to send alter table request: Not found: failed to reset TS proxy: No leader found: Tablet c592069004ed4b1e813e30401cff7690 has no consensus state
W20260630 12:12:42.052428  3290 catalog_manager.cc:5957] Failed to send alter table request: Not found: failed to reset TS proxy: No leader found: Tablet 32d813aecf0b479098dd1b5c78d07672 has no consensus state
W20260630 12:12:42.060698  3277 catalog_manager.cc:4810] Async tablet task AlterTable RPC for tablet 23ad62a6012f469ba60e2016865b3477 (table range_aware_rebalance_new_range [id=f578f4901a9a4278a69a8e7eea5a20e3], current schema version=0) failed: Not found: failed to reset TS proxy: No leader found: Tablet 23ad62a6012f469ba60e2016865b3477 has no consensus state
I20260630 12:12:42.076740  3460 tablet_service.cc:1511] Processing CreateTablet for tablet b2a2179b3c94447f8d51d42d9281b6f4 (DEFAULT_TABLE table=range_aware_rebalance_new_range [id=f578f4901a9a4278a69a8e7eea5a20e3]), partition=HASH (key) PARTITION 0, RANGE (key) PARTITION 10 <= VALUES < 20
I20260630 12:12:42.078652  3460 data_dirs.cc:400] Could only allocate 1 dirs of requested 3 for tablet b2a2179b3c94447f8d51d42d9281b6f4. 1 dirs total, 0 dirs full, 0 dirs failed
I20260630 12:12:42.083719  3628 consensus_queue.cc:1048] T 25a57e7d61474dd0b53c0d2d759aacbb P 6bc1262808c74d91a3ff1299e0920322 [LEADER]: Connected to new peer: Peer: permanent_uuid: "5c7fade7b55a434fb8026795e3d7582c" member_type: VOTER last_known_addr { host: "127.0.107.194" port: 35323 }, Status: LMP_MISMATCH, Last received: 0.0, Next index: 1, Last known committed idx: 0, Time since last communication: 0.000s
I20260630 12:12:42.093909  3380 tablet_service.cc:1511] Processing CreateTablet for tablet b2a2179b3c94447f8d51d42d9281b6f4 (DEFAULT_TABLE table=range_aware_rebalance_new_range [id=f578f4901a9a4278a69a8e7eea5a20e3]), partition=HASH (key) PARTITION 0, RANGE (key) PARTITION 10 <= VALUES < 20
I20260630 12:12:42.094610  3381 tablet_service.cc:1511] Processing CreateTablet for tablet 23ad62a6012f469ba60e2016865b3477 (DEFAULT_TABLE table=range_aware_rebalance_new_range [id=f578f4901a9a4278a69a8e7eea5a20e3]), partition=HASH (key) PARTITION 1, RANGE (key) PARTITION 10 <= VALUES < 20
I20260630 12:12:42.095391  3459 tablet_service.cc:1511] Processing CreateTablet for tablet 63b9510d68be40b1b538b6403826c659 (DEFAULT_TABLE table=range_aware_rebalance_new_range [id=f578f4901a9a4278a69a8e7eea5a20e3]), partition=HASH (key) PARTITION 2, RANGE (key) PARTITION 10 <= VALUES < 20
I20260630 12:12:42.096791  3459 data_dirs.cc:400] Could only allocate 1 dirs of requested 3 for tablet 63b9510d68be40b1b538b6403826c659. 1 dirs total, 0 dirs full, 0 dirs failed
I20260630 12:12:42.095453  3380 data_dirs.cc:400] Could only allocate 1 dirs of requested 3 for tablet b2a2179b3c94447f8d51d42d9281b6f4. 1 dirs total, 0 dirs full, 0 dirs failed
I20260630 12:12:42.098265  3589 tablet_bootstrap.cc:492] T b2a2179b3c94447f8d51d42d9281b6f4 P 5c7fade7b55a434fb8026795e3d7582c: Bootstrap starting.
I20260630 12:12:42.098958  3381 data_dirs.cc:400] Could only allocate 1 dirs of requested 3 for tablet 23ad62a6012f469ba60e2016865b3477. 1 dirs total, 0 dirs full, 0 dirs failed
I20260630 12:12:42.103731  3589 tablet_bootstrap.cc:654] T b2a2179b3c94447f8d51d42d9281b6f4 P 5c7fade7b55a434fb8026795e3d7582c: Neither blocks nor log segments found. Creating new log.
I20260630 12:12:42.110445  3457 tablet_service.cc:1511] Processing CreateTablet for tablet 4b049fef48e2439895f1ab6a63c9c513 (DEFAULT_TABLE table=range_aware_rebalance_new_range [id=f578f4901a9a4278a69a8e7eea5a20e3]), partition=HASH (key) PARTITION 5, RANGE (key) PARTITION 10 <= VALUES < 20
I20260630 12:12:42.111086  3533 tablet_service.cc:1511] Processing CreateTablet for tablet 23ad62a6012f469ba60e2016865b3477 (DEFAULT_TABLE table=range_aware_rebalance_new_range [id=f578f4901a9a4278a69a8e7eea5a20e3]), partition=HASH (key) PARTITION 1, RANGE (key) PARTITION 10 <= VALUES < 20
I20260630 12:12:42.111917  3457 data_dirs.cc:400] Could only allocate 1 dirs of requested 3 for tablet 4b049fef48e2439895f1ab6a63c9c513. 1 dirs total, 0 dirs full, 0 dirs failed
I20260630 12:12:42.112488  3533 data_dirs.cc:400] Could only allocate 1 dirs of requested 3 for tablet 23ad62a6012f469ba60e2016865b3477. 1 dirs total, 0 dirs full, 0 dirs failed
I20260630 12:12:42.114673  3454 tablet_service.cc:1511] Processing CreateTablet for tablet c592069004ed4b1e813e30401cff7690 (DEFAULT_TABLE table=range_aware_rebalance_new_range [id=f578f4901a9a4278a69a8e7eea5a20e3]), partition=HASH (key) PARTITION 6, RANGE (key) PARTITION 10 <= VALUES < 20
I20260630 12:12:42.116472  3454 data_dirs.cc:400] Could only allocate 1 dirs of requested 3 for tablet c592069004ed4b1e813e30401cff7690. 1 dirs total, 0 dirs full, 0 dirs failed
I20260630 12:12:42.118969  3530 tablet_service.cc:1511] Processing CreateTablet for tablet 63b9510d68be40b1b538b6403826c659 (DEFAULT_TABLE table=range_aware_rebalance_new_range [id=f578f4901a9a4278a69a8e7eea5a20e3]), partition=HASH (key) PARTITION 2, RANGE (key) PARTITION 10 <= VALUES < 20
I20260630 12:12:42.120595  3530 data_dirs.cc:400] Could only allocate 1 dirs of requested 3 for tablet 63b9510d68be40b1b538b6403826c659. 1 dirs total, 0 dirs full, 0 dirs failed
I20260630 12:12:42.132992  3385 tablet_service.cc:1511] Processing CreateTablet for tablet b9b0658e4a074e6b9df5dcb50926a4a0 (DEFAULT_TABLE table=range_aware_rebalance_new_range [id=f578f4901a9a4278a69a8e7eea5a20e3]), partition=HASH (key) PARTITION 3, RANGE (key) PARTITION 10 <= VALUES < 20
I20260630 12:12:42.139834  3460 tablet_service.cc:1511] Processing CreateTablet for tablet b9b0658e4a074e6b9df5dcb50926a4a0 (DEFAULT_TABLE table=range_aware_rebalance_new_range [id=f578f4901a9a4278a69a8e7eea5a20e3]), partition=HASH (key) PARTITION 3, RANGE (key) PARTITION 10 <= VALUES < 20
I20260630 12:12:42.141165  3385 data_dirs.cc:400] Could only allocate 1 dirs of requested 3 for tablet b9b0658e4a074e6b9df5dcb50926a4a0. 1 dirs total, 0 dirs full, 0 dirs failed
I20260630 12:12:42.141165  3460 data_dirs.cc:400] Could only allocate 1 dirs of requested 3 for tablet b9b0658e4a074e6b9df5dcb50926a4a0. 1 dirs total, 0 dirs full, 0 dirs failed
I20260630 12:12:42.162299  3607 raft_consensus.cc:493] T 8bd50fea734a464caf06dc8c1cbe69b9 P 5c7fade7b55a434fb8026795e3d7582c [term 0 FOLLOWER]: Starting pre-election (no leader contacted us within the election timeout)
I20260630 12:12:42.171162  3383 tablet_service.cc:1511] Processing CreateTablet for tablet 9e523e45e20547a1a9d11b58999bc8dd (DEFAULT_TABLE table=range_aware_rebalance_new_range [id=f578f4901a9a4278a69a8e7eea5a20e3]), partition=HASH (key) PARTITION 4, RANGE (key) PARTITION 10 <= VALUES < 20
I20260630 12:12:42.172920  3383 data_dirs.cc:400] Could only allocate 1 dirs of requested 3 for tablet 9e523e45e20547a1a9d11b58999bc8dd. 1 dirs total, 0 dirs full, 0 dirs failed
I20260630 12:12:42.216176  3607 raft_consensus.cc:515] T 8bd50fea734a464caf06dc8c1cbe69b9 P 5c7fade7b55a434fb8026795e3d7582c [term 0 FOLLOWER]: Starting pre-election with config: opid_index: -1 OBSOLETE_local: false peers { permanent_uuid: "5c7fade7b55a434fb8026795e3d7582c" member_type: VOTER last_known_addr { host: "127.0.107.194" port: 35323 } } peers { permanent_uuid: "60834e8c2e35411297182b5b21408c6a" member_type: VOTER last_known_addr { host: "127.0.107.193" port: 38613 } } peers { permanent_uuid: "6bc1262808c74d91a3ff1299e0920322" member_type: VOTER last_known_addr { host: "127.0.107.195" port: 44563 } }
I20260630 12:12:42.219062  3534 tablet_service.cc:1511] Processing CreateTablet for tablet 9e523e45e20547a1a9d11b58999bc8dd (DEFAULT_TABLE table=range_aware_rebalance_new_range [id=f578f4901a9a4278a69a8e7eea5a20e3]), partition=HASH (key) PARTITION 4, RANGE (key) PARTITION 10 <= VALUES < 20
I20260630 12:12:42.219465  3395 tablet_service.cc:1917] Received RequestConsensusVote() RPC: tablet_id: "8bd50fea734a464caf06dc8c1cbe69b9" candidate_uuid: "5c7fade7b55a434fb8026795e3d7582c" candidate_term: 1 candidate_status { last_received { term: 0 index: 0 } } ignore_live_leader: false dest_uuid: "60834e8c2e35411297182b5b21408c6a" is_pre_election: true
I20260630 12:12:42.220561  3395 raft_consensus.cc:2393] T 8bd50fea734a464caf06dc8c1cbe69b9 P 60834e8c2e35411297182b5b21408c6a [term 1 FOLLOWER]: Leader pre-election vote request: Denying vote to candidate 5c7fade7b55a434fb8026795e3d7582c in current term 1: Already voted for candidate 6bc1262808c74d91a3ff1299e0920322 in this term.
I20260630 12:12:42.222113  3527 tablet_service.cc:1511] Processing CreateTablet for tablet 4b049fef48e2439895f1ab6a63c9c513 (DEFAULT_TABLE table=range_aware_rebalance_new_range [id=f578f4901a9a4278a69a8e7eea5a20e3]), partition=HASH (key) PARTITION 5, RANGE (key) PARTITION 10 <= VALUES < 20
I20260630 12:12:42.220558  3534 data_dirs.cc:400] Could only allocate 1 dirs of requested 3 for tablet 9e523e45e20547a1a9d11b58999bc8dd. 1 dirs total, 0 dirs full, 0 dirs failed
I20260630 12:12:42.223686  3527 data_dirs.cc:400] Could only allocate 1 dirs of requested 3 for tablet 4b049fef48e2439895f1ab6a63c9c513. 1 dirs total, 0 dirs full, 0 dirs failed
I20260630 12:12:42.231817  3382 tablet_service.cc:1511] Processing CreateTablet for tablet c592069004ed4b1e813e30401cff7690 (DEFAULT_TABLE table=range_aware_rebalance_new_range [id=f578f4901a9a4278a69a8e7eea5a20e3]), partition=HASH (key) PARTITION 6, RANGE (key) PARTITION 10 <= VALUES < 20
I20260630 12:12:42.233239  3382 data_dirs.cc:400] Could only allocate 1 dirs of requested 3 for tablet c592069004ed4b1e813e30401cff7690. 1 dirs total, 0 dirs full, 0 dirs failed
I20260630 12:12:42.235010  3384 tablet_service.cc:1511] Processing CreateTablet for tablet 32d813aecf0b479098dd1b5c78d07672 (DEFAULT_TABLE table=range_aware_rebalance_new_range [id=f578f4901a9a4278a69a8e7eea5a20e3]), partition=HASH (key) PARTITION 7, RANGE (key) PARTITION 10 <= VALUES < 20
I20260630 12:12:42.244792  3384 data_dirs.cc:400] Could only allocate 1 dirs of requested 3 for tablet 32d813aecf0b479098dd1b5c78d07672. 1 dirs total, 0 dirs full, 0 dirs failed
I20260630 12:12:42.260246  3607 leader_election.cc:290] T 8bd50fea734a464caf06dc8c1cbe69b9 P 5c7fade7b55a434fb8026795e3d7582c [CANDIDATE]: Term 1 pre-election: Requested pre-vote from peers 60834e8c2e35411297182b5b21408c6a (127.0.107.193:38613), 6bc1262808c74d91a3ff1299e0920322 (127.0.107.195:44563)
I20260630 12:12:42.270759  3727 consensus_queue.cc:1048] T 5f36b184decf426cb2d961e828752496 P 5c7fade7b55a434fb8026795e3d7582c [LEADER]: Connected to new peer: Peer: permanent_uuid: "60834e8c2e35411297182b5b21408c6a" member_type: VOTER last_known_addr { host: "127.0.107.193" port: 38613 }, Status: LMP_MISMATCH, Last received: 0.0, Next index: 1, Last known committed idx: 0, Time since last communication: 0.005s
I20260630 12:12:42.280386  3528 tablet_service.cc:1511] Processing CreateTablet for tablet 32d813aecf0b479098dd1b5c78d07672 (DEFAULT_TABLE table=range_aware_rebalance_new_range [id=f578f4901a9a4278a69a8e7eea5a20e3]), partition=HASH (key) PARTITION 7, RANGE (key) PARTITION 10 <= VALUES < 20
I20260630 12:12:42.281878  3528 data_dirs.cc:400] Could only allocate 1 dirs of requested 3 for tablet 32d813aecf0b479098dd1b5c78d07672. 1 dirs total, 0 dirs full, 0 dirs failed
I20260630 12:12:42.299044  3596 consensus_queue.cc:1048] T 6a37a1ccf03745a683ca09bdc27e676d P 6bc1262808c74d91a3ff1299e0920322 [LEADER]: Connected to new peer: Peer: permanent_uuid: "5c7fade7b55a434fb8026795e3d7582c" member_type: VOTER last_known_addr { host: "127.0.107.194" port: 35323 }, Status: LMP_MISMATCH, Last received: 0.0, Next index: 1, Last known committed idx: 0, Time since last communication: 0.001s
I20260630 12:12:42.303310  3544 tablet_service.cc:1917] Received RequestConsensusVote() RPC: tablet_id: "8bd50fea734a464caf06dc8c1cbe69b9" candidate_uuid: "5c7fade7b55a434fb8026795e3d7582c" candidate_term: 1 candidate_status { last_received { term: 0 index: 0 } } ignore_live_leader: false dest_uuid: "6bc1262808c74d91a3ff1299e0920322" is_pre_election: true
I20260630 12:12:42.307214  3589 tablet_bootstrap.cc:492] T b2a2179b3c94447f8d51d42d9281b6f4 P 5c7fade7b55a434fb8026795e3d7582c: No bootstrap required, opened a new log
I20260630 12:12:42.307734  3589 ts_tablet_manager.cc:1403] T b2a2179b3c94447f8d51d42d9281b6f4 P 5c7fade7b55a434fb8026795e3d7582c: Time spent bootstrapping tablet: real 0.210s	user 0.020s	sys 0.017s
I20260630 12:12:42.310300  3589 raft_consensus.cc:359] T b2a2179b3c94447f8d51d42d9281b6f4 P 5c7fade7b55a434fb8026795e3d7582c [term 0 FOLLOWER]: Replica starting. Triggering 0 pending ops. Active config: opid_index: -1 OBSOLETE_local: false peers { permanent_uuid: "5c7fade7b55a434fb8026795e3d7582c" member_type: VOTER last_known_addr { host: "127.0.107.194" port: 35323 } } peers { permanent_uuid: "47d73c34be354e8891ae18d709a82917" member_type: VOTER last_known_addr { host: "127.0.107.196" port: 40021 } } peers { permanent_uuid: "60834e8c2e35411297182b5b21408c6a" member_type: VOTER last_known_addr { host: "127.0.107.193" port: 38613 } }
I20260630 12:12:42.310943  3589 raft_consensus.cc:385] T b2a2179b3c94447f8d51d42d9281b6f4 P 5c7fade7b55a434fb8026795e3d7582c [term 0 FOLLOWER]: Consensus starting up: Expiring failure detector timer to make a prompt election more likely
I20260630 12:12:42.311193  3589 raft_consensus.cc:740] T b2a2179b3c94447f8d51d42d9281b6f4 P 5c7fade7b55a434fb8026795e3d7582c [term 0 FOLLOWER]: Becoming Follower/Learner. State: Replica: 5c7fade7b55a434fb8026795e3d7582c, State: Initialized, Role: FOLLOWER
I20260630 12:12:42.314380  3625 consensus_queue.cc:1048] T 18bde542e79e45e38b569fb6c4f15c47 P 5c7fade7b55a434fb8026795e3d7582c [LEADER]: Connected to new peer: Peer: permanent_uuid: "60834e8c2e35411297182b5b21408c6a" member_type: VOTER last_known_addr { host: "127.0.107.193" port: 38613 }, Status: LMP_MISMATCH, Last received: 0.0, Next index: 1, Last known committed idx: 0, Time since last communication: 0.000s
I20260630 12:12:42.313212  3596 consensus_queue.cc:1048] T 25a57e7d61474dd0b53c0d2d759aacbb P 6bc1262808c74d91a3ff1299e0920322 [LEADER]: Connected to new peer: Peer: permanent_uuid: "60834e8c2e35411297182b5b21408c6a" member_type: VOTER last_known_addr { host: "127.0.107.193" port: 38613 }, Status: LMP_MISMATCH, Last received: 0.0, Next index: 1, Last known committed idx: 0, Time since last communication: 0.003s
I20260630 12:12:42.318064  3589 consensus_queue.cc:260] T b2a2179b3c94447f8d51d42d9281b6f4 P 5c7fade7b55a434fb8026795e3d7582c [NON_LEADER]: Queue going to NON_LEADER mode. State: All replicated index: 0, Majority replicated index: 0, Committed index: 0, Last appended: 0.0, Last appended by leader: 0, Current term: 0, Majority size: -1, State: 0, Mode: NON_LEADER, active raft config: opid_index: -1 OBSOLETE_local: false peers { permanent_uuid: "5c7fade7b55a434fb8026795e3d7582c" member_type: VOTER last_known_addr { host: "127.0.107.194" port: 35323 } } peers { permanent_uuid: "47d73c34be354e8891ae18d709a82917" member_type: VOTER last_known_addr { host: "127.0.107.196" port: 40021 } } peers { permanent_uuid: "60834e8c2e35411297182b5b21408c6a" member_type: VOTER last_known_addr { host: "127.0.107.193" port: 38613 } }
I20260630 12:12:42.320106  3589 ts_tablet_manager.cc:1434] T b2a2179b3c94447f8d51d42d9281b6f4 P 5c7fade7b55a434fb8026795e3d7582c: Time spent starting tablet: real 0.012s	user 0.005s	sys 0.001s
I20260630 12:12:42.320994  3589 tablet_bootstrap.cc:492] T 63b9510d68be40b1b538b6403826c659 P 5c7fade7b55a434fb8026795e3d7582c: Bootstrap starting.
I20260630 12:12:42.321861  3433 leader_election.cc:304] T 8bd50fea734a464caf06dc8c1cbe69b9 P 5c7fade7b55a434fb8026795e3d7582c [CANDIDATE]: Term 1 pre-election: Election decided. Result: candidate lost. Election summary: received 3 responses out of 3 voters: 1 yes votes; 2 no votes. yes voters: 5c7fade7b55a434fb8026795e3d7582c; no voters: 60834e8c2e35411297182b5b21408c6a, 6bc1262808c74d91a3ff1299e0920322
I20260630 12:12:42.322027  3596 consensus_queue.cc:1048] T 8bd50fea734a464caf06dc8c1cbe69b9 P 6bc1262808c74d91a3ff1299e0920322 [LEADER]: Connected to new peer: Peer: permanent_uuid: "60834e8c2e35411297182b5b21408c6a" member_type: VOTER last_known_addr { host: "127.0.107.193" port: 38613 }, Status: LMP_MISMATCH, Last received: 0.0, Next index: 1, Last known committed idx: 0, Time since last communication: 0.001s
I20260630 12:12:42.323575  3599 consensus_queue.cc:1048] T 18bde542e79e45e38b569fb6c4f15c47 P 5c7fade7b55a434fb8026795e3d7582c [LEADER]: Connected to new peer: Peer: permanent_uuid: "6bc1262808c74d91a3ff1299e0920322" member_type: VOTER last_known_addr { host: "127.0.107.195" port: 44563 }, Status: LMP_MISMATCH, Last received: 0.0, Next index: 1, Last known committed idx: 0, Time since last communication: 0.000s
I20260630 12:12:42.324863  3599 raft_consensus.cc:3060] T 8bd50fea734a464caf06dc8c1cbe69b9 P 5c7fade7b55a434fb8026795e3d7582c [term 0 FOLLOWER]: Advancing to term 1
I20260630 12:12:42.360381  3730 tablet_bootstrap.cc:492] T 9e523e45e20547a1a9d11b58999bc8dd P 6bc1262808c74d91a3ff1299e0920322: Bootstrap starting.
I20260630 12:12:42.377251  3728 tablet_bootstrap.cc:492] T b2a2179b3c94447f8d51d42d9281b6f4 P 60834e8c2e35411297182b5b21408c6a: Bootstrap starting.
I20260630 12:12:42.381155  3594 consensus_queue.cc:1048] T d3237f86b3a24192872fde6c8124ad41 P 60834e8c2e35411297182b5b21408c6a [LEADER]: Connected to new peer: Peer: permanent_uuid: "5c7fade7b55a434fb8026795e3d7582c" member_type: VOTER last_known_addr { host: "127.0.107.194" port: 35323 }, Status: LMP_MISMATCH, Last received: 0.0, Next index: 1, Last known committed idx: 0, Time since last communication: 0.001s
I20260630 12:12:42.384059  3683 tablet_service.cc:1511] Processing CreateTablet for tablet b2a2179b3c94447f8d51d42d9281b6f4 (DEFAULT_TABLE table=range_aware_rebalance_new_range [id=f578f4901a9a4278a69a8e7eea5a20e3]), partition=HASH (key) PARTITION 0, RANGE (key) PARTITION 10 <= VALUES < 20
I20260630 12:12:42.399458  3683 data_dirs.cc:400] Could only allocate 1 dirs of requested 3 for tablet b2a2179b3c94447f8d51d42d9281b6f4. 1 dirs total, 0 dirs full, 0 dirs failed
I20260630 12:12:42.392971  3677 tablet_service.cc:1511] Processing CreateTablet for tablet 4b049fef48e2439895f1ab6a63c9c513 (DEFAULT_TABLE table=range_aware_rebalance_new_range [id=f578f4901a9a4278a69a8e7eea5a20e3]), partition=HASH (key) PARTITION 5, RANGE (key) PARTITION 10 <= VALUES < 20
I20260630 12:12:42.400645  3677 data_dirs.cc:400] Could only allocate 1 dirs of requested 3 for tablet 4b049fef48e2439895f1ab6a63c9c513. 1 dirs total, 0 dirs full, 0 dirs failed
I20260630 12:12:42.404663  3676 tablet_service.cc:1511] Processing CreateTablet for tablet c592069004ed4b1e813e30401cff7690 (DEFAULT_TABLE table=range_aware_rebalance_new_range [id=f578f4901a9a4278a69a8e7eea5a20e3]), partition=HASH (key) PARTITION 6, RANGE (key) PARTITION 10 <= VALUES < 20
I20260630 12:12:42.406140  3676 data_dirs.cc:400] Could only allocate 1 dirs of requested 3 for tablet c592069004ed4b1e813e30401cff7690. 1 dirs total, 0 dirs full, 0 dirs failed
I20260630 12:12:42.417464  3678 tablet_service.cc:1511] Processing CreateTablet for tablet 9e523e45e20547a1a9d11b58999bc8dd (DEFAULT_TABLE table=range_aware_rebalance_new_range [id=f578f4901a9a4278a69a8e7eea5a20e3]), partition=HASH (key) PARTITION 4, RANGE (key) PARTITION 10 <= VALUES < 20
I20260630 12:12:42.418972  3678 data_dirs.cc:400] Could only allocate 1 dirs of requested 3 for tablet 9e523e45e20547a1a9d11b58999bc8dd. 1 dirs total, 0 dirs full, 0 dirs failed
I20260630 12:12:42.391692  3679 tablet_service.cc:1511] Processing CreateTablet for tablet b9b0658e4a074e6b9df5dcb50926a4a0 (DEFAULT_TABLE table=range_aware_rebalance_new_range [id=f578f4901a9a4278a69a8e7eea5a20e3]), partition=HASH (key) PARTITION 3, RANGE (key) PARTITION 10 <= VALUES < 20
I20260630 12:12:42.421221  3675 tablet_service.cc:1511] Processing CreateTablet for tablet 32d813aecf0b479098dd1b5c78d07672 (DEFAULT_TABLE table=range_aware_rebalance_new_range [id=f578f4901a9a4278a69a8e7eea5a20e3]), partition=HASH (key) PARTITION 7, RANGE (key) PARTITION 10 <= VALUES < 20
I20260630 12:12:42.398921  3625 consensus_queue.cc:1048] T 5f36b184decf426cb2d961e828752496 P 5c7fade7b55a434fb8026795e3d7582c [LEADER]: Connected to new peer: Peer: permanent_uuid: "6bc1262808c74d91a3ff1299e0920322" member_type: VOTER last_known_addr { host: "127.0.107.195" port: 44563 }, Status: LMP_MISMATCH, Last received: 0.0, Next index: 1, Last known committed idx: 0, Time since last communication: 0.017s
I20260630 12:12:42.386582  3681 tablet_service.cc:1511] Processing CreateTablet for tablet 23ad62a6012f469ba60e2016865b3477 (DEFAULT_TABLE table=range_aware_rebalance_new_range [id=f578f4901a9a4278a69a8e7eea5a20e3]), partition=HASH (key) PARTITION 1, RANGE (key) PARTITION 10 <= VALUES < 20
I20260630 12:12:42.431794  3730 tablet_bootstrap.cc:654] T 9e523e45e20547a1a9d11b58999bc8dd P 6bc1262808c74d91a3ff1299e0920322: Neither blocks nor log segments found. Creating new log.
I20260630 12:12:42.411242  3680 tablet_service.cc:1511] Processing CreateTablet for tablet 63b9510d68be40b1b538b6403826c659 (DEFAULT_TABLE table=range_aware_rebalance_new_range [id=f578f4901a9a4278a69a8e7eea5a20e3]), partition=HASH (key) PARTITION 2, RANGE (key) PARTITION 10 <= VALUES < 20
I20260630 12:12:42.464022  3596 consensus_queue.cc:1048] T 6a37a1ccf03745a683ca09bdc27e676d P 6bc1262808c74d91a3ff1299e0920322 [LEADER]: Connected to new peer: Peer: permanent_uuid: "60834e8c2e35411297182b5b21408c6a" member_type: VOTER last_known_addr { host: "127.0.107.193" port: 38613 }, Status: LMP_MISMATCH, Last received: 0.0, Next index: 1, Last known committed idx: 0, Time since last communication: 0.001s
I20260630 12:12:42.467651  3599 raft_consensus.cc:2749] T 8bd50fea734a464caf06dc8c1cbe69b9 P 5c7fade7b55a434fb8026795e3d7582c [term 1 FOLLOWER]: Leader pre-election lost for term 1. Reason: could not achieve majority
I20260630 12:12:42.471995  3679 data_dirs.cc:400] Could only allocate 1 dirs of requested 3 for tablet b9b0658e4a074e6b9df5dcb50926a4a0. 1 dirs total, 0 dirs full, 0 dirs failed
I20260630 12:12:42.485562  3675 data_dirs.cc:400] Could only allocate 1 dirs of requested 3 for tablet 32d813aecf0b479098dd1b5c78d07672. 1 dirs total, 0 dirs full, 0 dirs failed
I20260630 12:12:42.489560  3681 data_dirs.cc:400] Could only allocate 1 dirs of requested 3 for tablet 23ad62a6012f469ba60e2016865b3477. 1 dirs total, 0 dirs full, 0 dirs failed
I20260630 12:12:42.489343  3596 consensus_queue.cc:1048] T 8bd50fea734a464caf06dc8c1cbe69b9 P 6bc1262808c74d91a3ff1299e0920322 [LEADER]: Connected to new peer: Peer: permanent_uuid: "5c7fade7b55a434fb8026795e3d7582c" member_type: VOTER last_known_addr { host: "127.0.107.194" port: 35323 }, Status: LMP_MISMATCH, Last received: 0.0, Next index: 1, Last known committed idx: 0, Time since last communication: 0.000s
W20260630 12:12:42.490929  3736 log.cc:927] Time spent T 8bd50fea734a464caf06dc8c1cbe69b9 P 60834e8c2e35411297182b5b21408c6a: Append to log took a long time: real 0.074s	user 0.000s	sys 0.001s
I20260630 12:12:42.491348  3680 data_dirs.cc:400] Could only allocate 1 dirs of requested 3 for tablet 63b9510d68be40b1b538b6403826c659. 1 dirs total, 0 dirs full, 0 dirs failed
I20260630 12:12:42.508282  3728 tablet_bootstrap.cc:654] T b2a2179b3c94447f8d51d42d9281b6f4 P 60834e8c2e35411297182b5b21408c6a: Neither blocks nor log segments found. Creating new log.
I20260630 12:12:42.514724  3735 consensus_queue.cc:1048] T d3237f86b3a24192872fde6c8124ad41 P 60834e8c2e35411297182b5b21408c6a [LEADER]: Connected to new peer: Peer: permanent_uuid: "6bc1262808c74d91a3ff1299e0920322" member_type: VOTER last_known_addr { host: "127.0.107.195" port: 44563 }, Status: LMP_MISMATCH, Last received: 0.0, Next index: 1, Last known committed idx: 0, Time since last communication: 0.077s
I20260630 12:12:42.590922  3729 raft_consensus.cc:493] T b2a2179b3c94447f8d51d42d9281b6f4 P 5c7fade7b55a434fb8026795e3d7582c [term 0 FOLLOWER]: Starting pre-election (no leader contacted us within the election timeout)
W20260630 12:12:42.599412  3341 auto_rebalancer.cc:298] Could not retrieve cluster info: Service unavailable: Tablet not running
I20260630 12:12:42.591482  3729 raft_consensus.cc:515] T b2a2179b3c94447f8d51d42d9281b6f4 P 5c7fade7b55a434fb8026795e3d7582c [term 0 FOLLOWER]: Starting pre-election with config: opid_index: -1 OBSOLETE_local: false peers { permanent_uuid: "5c7fade7b55a434fb8026795e3d7582c" member_type: VOTER last_known_addr { host: "127.0.107.194" port: 35323 } } peers { permanent_uuid: "47d73c34be354e8891ae18d709a82917" member_type: VOTER last_known_addr { host: "127.0.107.196" port: 40021 } } peers { permanent_uuid: "60834e8c2e35411297182b5b21408c6a" member_type: VOTER last_known_addr { host: "127.0.107.193" port: 38613 } }
I20260630 12:12:42.611877  3729 leader_election.cc:290] T b2a2179b3c94447f8d51d42d9281b6f4 P 5c7fade7b55a434fb8026795e3d7582c [CANDIDATE]: Term 1 pre-election: Requested pre-vote from peers 47d73c34be354e8891ae18d709a82917 (127.0.107.196:40021), 60834e8c2e35411297182b5b21408c6a (127.0.107.193:38613)
I20260630 12:12:42.649092  3589 tablet_bootstrap.cc:700] T 63b9510d68be40b1b538b6403826c659 P 5c7fade7b55a434fb8026795e3d7582c: Time spent opening tablet: real 0.142s	user 0.003s	sys 0.026s
I20260630 12:12:42.649824  3589 tablet_bootstrap.cc:654] T 63b9510d68be40b1b538b6403826c659 P 5c7fade7b55a434fb8026795e3d7582c: Neither blocks nor log segments found. Creating new log.
I20260630 12:12:42.707562  3742 tablet_bootstrap.cc:492] T 63b9510d68be40b1b538b6403826c659 P 47d73c34be354e8891ae18d709a82917: Bootstrap starting.
I20260630 12:12:42.746812  3728 tablet_bootstrap.cc:492] T b2a2179b3c94447f8d51d42d9281b6f4 P 60834e8c2e35411297182b5b21408c6a: No bootstrap required, opened a new log
I20260630 12:12:42.747366  3728 ts_tablet_manager.cc:1403] T b2a2179b3c94447f8d51d42d9281b6f4 P 60834e8c2e35411297182b5b21408c6a: Time spent bootstrapping tablet: real 0.389s	user 0.023s	sys 0.023s
I20260630 12:12:42.746841  3392 tablet_service.cc:1917] Received RequestConsensusVote() RPC: tablet_id: "b2a2179b3c94447f8d51d42d9281b6f4" candidate_uuid: "5c7fade7b55a434fb8026795e3d7582c" candidate_term: 1 candidate_status { last_received { term: 0 index: 0 } } ignore_live_leader: false dest_uuid: "60834e8c2e35411297182b5b21408c6a" is_pre_election: true
I20260630 12:12:42.756831  3728 raft_consensus.cc:359] T b2a2179b3c94447f8d51d42d9281b6f4 P 60834e8c2e35411297182b5b21408c6a [term 0 FOLLOWER]: Replica starting. Triggering 0 pending ops. Active config: opid_index: -1 OBSOLETE_local: false peers { permanent_uuid: "5c7fade7b55a434fb8026795e3d7582c" member_type: VOTER last_known_addr { host: "127.0.107.194" port: 35323 } } peers { permanent_uuid: "47d73c34be354e8891ae18d709a82917" member_type: VOTER last_known_addr { host: "127.0.107.196" port: 40021 } } peers { permanent_uuid: "60834e8c2e35411297182b5b21408c6a" member_type: VOTER last_known_addr { host: "127.0.107.193" port: 38613 } }
I20260630 12:12:42.757579  3728 raft_consensus.cc:385] T b2a2179b3c94447f8d51d42d9281b6f4 P 60834e8c2e35411297182b5b21408c6a [term 0 FOLLOWER]: Consensus starting up: Expiring failure detector timer to make a prompt election more likely
I20260630 12:12:42.757897  3728 raft_consensus.cc:740] T b2a2179b3c94447f8d51d42d9281b6f4 P 60834e8c2e35411297182b5b21408c6a [term 0 FOLLOWER]: Becoming Follower/Learner. State: Replica: 60834e8c2e35411297182b5b21408c6a, State: Initialized, Role: FOLLOWER
I20260630 12:12:42.760349  3728 consensus_queue.cc:260] T b2a2179b3c94447f8d51d42d9281b6f4 P 60834e8c2e35411297182b5b21408c6a [NON_LEADER]: Queue going to NON_LEADER mode. State: All replicated index: 0, Majority replicated index: 0, Committed index: 0, Last appended: 0.0, Last appended by leader: 0, Current term: 0, Majority size: -1, State: 0, Mode: NON_LEADER, active raft config: opid_index: -1 OBSOLETE_local: false peers { permanent_uuid: "5c7fade7b55a434fb8026795e3d7582c" member_type: VOTER last_known_addr { host: "127.0.107.194" port: 35323 } } peers { permanent_uuid: "47d73c34be354e8891ae18d709a82917" member_type: VOTER last_known_addr { host: "127.0.107.196" port: 40021 } } peers { permanent_uuid: "60834e8c2e35411297182b5b21408c6a" member_type: VOTER last_known_addr { host: "127.0.107.193" port: 38613 } }
W20260630 12:12:42.768297  3433 leader_election.cc:343] T b2a2179b3c94447f8d51d42d9281b6f4 P 5c7fade7b55a434fb8026795e3d7582c [CANDIDATE]: Term 1 pre-election: Tablet error from VoteRequest() call to peer 60834e8c2e35411297182b5b21408c6a (127.0.107.193:38613): Illegal state: must be running to vote when last-logged opid is not known
I20260630 12:12:42.771271  3728 ts_tablet_manager.cc:1434] T b2a2179b3c94447f8d51d42d9281b6f4 P 60834e8c2e35411297182b5b21408c6a: Time spent starting tablet: real 0.024s	user 0.007s	sys 0.001s
I20260630 12:12:42.772365  3728 tablet_bootstrap.cc:492] T b9b0658e4a074e6b9df5dcb50926a4a0 P 60834e8c2e35411297182b5b21408c6a: Bootstrap starting.
I20260630 12:12:42.849987  3589 tablet_bootstrap.cc:492] T 63b9510d68be40b1b538b6403826c659 P 5c7fade7b55a434fb8026795e3d7582c: No bootstrap required, opened a new log
I20260630 12:12:42.849818  3694 tablet_service.cc:1917] Received RequestConsensusVote() RPC: tablet_id: "b2a2179b3c94447f8d51d42d9281b6f4" candidate_uuid: "5c7fade7b55a434fb8026795e3d7582c" candidate_term: 1 candidate_status { last_received { term: 0 index: 0 } } ignore_live_leader: false dest_uuid: "47d73c34be354e8891ae18d709a82917" is_pre_election: true
I20260630 12:12:42.850469  3589 ts_tablet_manager.cc:1403] T 63b9510d68be40b1b538b6403826c659 P 5c7fade7b55a434fb8026795e3d7582c: Time spent bootstrapping tablet: real 0.530s	user 0.028s	sys 0.058s
W20260630 12:12:42.851658  3433 leader_election.cc:343] T b2a2179b3c94447f8d51d42d9281b6f4 P 5c7fade7b55a434fb8026795e3d7582c [CANDIDATE]: Term 1 pre-election: Tablet error from VoteRequest() call to peer 47d73c34be354e8891ae18d709a82917 (127.0.107.196:40021): Illegal state: must be running to vote when last-logged opid is not known
I20260630 12:12:42.852216  3730 tablet_bootstrap.cc:492] T 9e523e45e20547a1a9d11b58999bc8dd P 6bc1262808c74d91a3ff1299e0920322: No bootstrap required, opened a new log
I20260630 12:12:42.852154  3433 leader_election.cc:304] T b2a2179b3c94447f8d51d42d9281b6f4 P 5c7fade7b55a434fb8026795e3d7582c [CANDIDATE]: Term 1 pre-election: Election decided. Result: candidate lost. Election summary: received 3 responses out of 3 voters: 1 yes votes; 2 no votes. yes voters: 5c7fade7b55a434fb8026795e3d7582c; no voters: 47d73c34be354e8891ae18d709a82917, 60834e8c2e35411297182b5b21408c6a
I20260630 12:12:42.852648  3742 tablet_bootstrap.cc:654] T 63b9510d68be40b1b538b6403826c659 P 47d73c34be354e8891ae18d709a82917: Neither blocks nor log segments found. Creating new log.
I20260630 12:12:42.855283  3589 raft_consensus.cc:359] T 63b9510d68be40b1b538b6403826c659 P 5c7fade7b55a434fb8026795e3d7582c [term 0 FOLLOWER]: Replica starting. Triggering 0 pending ops. Active config: opid_index: -1 OBSOLETE_local: false peers { permanent_uuid: "5c7fade7b55a434fb8026795e3d7582c" member_type: VOTER last_known_addr { host: "127.0.107.194" port: 35323 } } peers { permanent_uuid: "47d73c34be354e8891ae18d709a82917" member_type: VOTER last_known_addr { host: "127.0.107.196" port: 40021 } } peers { permanent_uuid: "6bc1262808c74d91a3ff1299e0920322" member_type: VOTER last_known_addr { host: "127.0.107.195" port: 44563 } }
I20260630 12:12:42.855997  3589 raft_consensus.cc:385] T 63b9510d68be40b1b538b6403826c659 P 5c7fade7b55a434fb8026795e3d7582c [term 0 FOLLOWER]: Consensus starting up: Expiring failure detector timer to make a prompt election more likely
I20260630 12:12:42.856281  3589 raft_consensus.cc:740] T 63b9510d68be40b1b538b6403826c659 P 5c7fade7b55a434fb8026795e3d7582c [term 0 FOLLOWER]: Becoming Follower/Learner. State: Replica: 5c7fade7b55a434fb8026795e3d7582c, State: Initialized, Role: FOLLOWER
I20260630 12:12:42.852735  3730 ts_tablet_manager.cc:1403] T 9e523e45e20547a1a9d11b58999bc8dd P 6bc1262808c74d91a3ff1299e0920322: Time spent bootstrapping tablet: real 0.493s	user 0.040s	sys 0.032s
I20260630 12:12:42.853193  3729 raft_consensus.cc:2749] T b2a2179b3c94447f8d51d42d9281b6f4 P 5c7fade7b55a434fb8026795e3d7582c [term 0 FOLLOWER]: Leader pre-election lost for term 1. Reason: could not achieve majority
I20260630 12:12:42.859619  3730 raft_consensus.cc:359] T 9e523e45e20547a1a9d11b58999bc8dd P 6bc1262808c74d91a3ff1299e0920322 [term 0 FOLLOWER]: Replica starting. Triggering 0 pending ops. Active config: opid_index: -1 OBSOLETE_local: false peers { permanent_uuid: "47d73c34be354e8891ae18d709a82917" member_type: VOTER last_known_addr { host: "127.0.107.196" port: 40021 } } peers { permanent_uuid: "6bc1262808c74d91a3ff1299e0920322" member_type: VOTER last_known_addr { host: "127.0.107.195" port: 44563 } } peers { permanent_uuid: "60834e8c2e35411297182b5b21408c6a" member_type: VOTER last_known_addr { host: "127.0.107.193" port: 38613 } }
I20260630 12:12:42.860378  3730 raft_consensus.cc:385] T 9e523e45e20547a1a9d11b58999bc8dd P 6bc1262808c74d91a3ff1299e0920322 [term 0 FOLLOWER]: Consensus starting up: Expiring failure detector timer to make a prompt election more likely
I20260630 12:12:42.860678  3730 raft_consensus.cc:740] T 9e523e45e20547a1a9d11b58999bc8dd P 6bc1262808c74d91a3ff1299e0920322 [term 0 FOLLOWER]: Becoming Follower/Learner. State: Replica: 6bc1262808c74d91a3ff1299e0920322, State: Initialized, Role: FOLLOWER
I20260630 12:12:42.861475  3730 consensus_queue.cc:260] T 9e523e45e20547a1a9d11b58999bc8dd P 6bc1262808c74d91a3ff1299e0920322 [NON_LEADER]: Queue going to NON_LEADER mode. State: All replicated index: 0, Majority replicated index: 0, Committed index: 0, Last appended: 0.0, Last appended by leader: 0, Current term: 0, Majority size: -1, State: 0, Mode: NON_LEADER, active raft config: opid_index: -1 OBSOLETE_local: false peers { permanent_uuid: "47d73c34be354e8891ae18d709a82917" member_type: VOTER last_known_addr { host: "127.0.107.196" port: 40021 } } peers { permanent_uuid: "6bc1262808c74d91a3ff1299e0920322" member_type: VOTER last_known_addr { host: "127.0.107.195" port: 44563 } } peers { permanent_uuid: "60834e8c2e35411297182b5b21408c6a" member_type: VOTER last_known_addr { host: "127.0.107.193" port: 38613 } }
I20260630 12:12:42.853349  3728 tablet_bootstrap.cc:654] T b9b0658e4a074e6b9df5dcb50926a4a0 P 60834e8c2e35411297182b5b21408c6a: Neither blocks nor log segments found. Creating new log.
I20260630 12:12:42.866575  3589 consensus_queue.cc:260] T 63b9510d68be40b1b538b6403826c659 P 5c7fade7b55a434fb8026795e3d7582c [NON_LEADER]: Queue going to NON_LEADER mode. State: All replicated index: 0, Majority replicated index: 0, Committed index: 0, Last appended: 0.0, Last appended by leader: 0, Current term: 0, Majority size: -1, State: 0, Mode: NON_LEADER, active raft config: opid_index: -1 OBSOLETE_local: false peers { permanent_uuid: "5c7fade7b55a434fb8026795e3d7582c" member_type: VOTER last_known_addr { host: "127.0.107.194" port: 35323 } } peers { permanent_uuid: "47d73c34be354e8891ae18d709a82917" member_type: VOTER last_known_addr { host: "127.0.107.196" port: 40021 } } peers { permanent_uuid: "6bc1262808c74d91a3ff1299e0920322" member_type: VOTER last_known_addr { host: "127.0.107.195" port: 44563 } }
I20260630 12:12:42.867831  3730 ts_tablet_manager.cc:1434] T 9e523e45e20547a1a9d11b58999bc8dd P 6bc1262808c74d91a3ff1299e0920322: Time spent starting tablet: real 0.011s	user 0.005s	sys 0.002s
I20260630 12:12:42.868597  3589 ts_tablet_manager.cc:1434] T 63b9510d68be40b1b538b6403826c659 P 5c7fade7b55a434fb8026795e3d7582c: Time spent starting tablet: real 0.018s	user 0.002s	sys 0.003s
I20260630 12:12:42.869531  3589 tablet_bootstrap.cc:492] T c592069004ed4b1e813e30401cff7690 P 5c7fade7b55a434fb8026795e3d7582c: Bootstrap starting.
I20260630 12:12:42.869467  3730 tablet_bootstrap.cc:492] T 32d813aecf0b479098dd1b5c78d07672 P 6bc1262808c74d91a3ff1299e0920322: Bootstrap starting.
I20260630 12:12:42.875725  3589 tablet_bootstrap.cc:654] T c592069004ed4b1e813e30401cff7690 P 5c7fade7b55a434fb8026795e3d7582c: Neither blocks nor log segments found. Creating new log.
I20260630 12:12:42.878633  3743 raft_consensus.cc:493] T b2a2179b3c94447f8d51d42d9281b6f4 P 60834e8c2e35411297182b5b21408c6a [term 0 FOLLOWER]: Starting pre-election (no leader contacted us within the election timeout)
I20260630 12:12:42.878890  3728 tablet_bootstrap.cc:492] T b9b0658e4a074e6b9df5dcb50926a4a0 P 60834e8c2e35411297182b5b21408c6a: No bootstrap required, opened a new log
I20260630 12:12:42.879417  3728 ts_tablet_manager.cc:1403] T b9b0658e4a074e6b9df5dcb50926a4a0 P 60834e8c2e35411297182b5b21408c6a: Time spent bootstrapping tablet: real 0.107s	user 0.010s	sys 0.001s
I20260630 12:12:42.879179  3743 raft_consensus.cc:515] T b2a2179b3c94447f8d51d42d9281b6f4 P 60834e8c2e35411297182b5b21408c6a [term 0 FOLLOWER]: Starting pre-election with config: opid_index: -1 OBSOLETE_local: false peers { permanent_uuid: "5c7fade7b55a434fb8026795e3d7582c" member_type: VOTER last_known_addr { host: "127.0.107.194" port: 35323 } } peers { permanent_uuid: "47d73c34be354e8891ae18d709a82917" member_type: VOTER last_known_addr { host: "127.0.107.196" port: 40021 } } peers { permanent_uuid: "60834e8c2e35411297182b5b21408c6a" member_type: VOTER last_known_addr { host: "127.0.107.193" port: 38613 } }
I20260630 12:12:42.880133  3742 tablet_bootstrap.cc:492] T 63b9510d68be40b1b538b6403826c659 P 47d73c34be354e8891ae18d709a82917: No bootstrap required, opened a new log
I20260630 12:12:42.880580  3742 ts_tablet_manager.cc:1403] T 63b9510d68be40b1b538b6403826c659 P 47d73c34be354e8891ae18d709a82917: Time spent bootstrapping tablet: real 0.184s	user 0.017s	sys 0.036s
I20260630 12:12:42.882768  3729 raft_consensus.cc:493] T 63b9510d68be40b1b538b6403826c659 P 5c7fade7b55a434fb8026795e3d7582c [term 0 FOLLOWER]: Starting pre-election (no leader contacted us within the election timeout)
I20260630 12:12:42.883642  3743 leader_election.cc:290] T b2a2179b3c94447f8d51d42d9281b6f4 P 60834e8c2e35411297182b5b21408c6a [CANDIDATE]: Term 1 pre-election: Requested pre-vote from peers 5c7fade7b55a434fb8026795e3d7582c (127.0.107.194:35323), 47d73c34be354e8891ae18d709a82917 (127.0.107.196:40021)
I20260630 12:12:42.883493  3742 raft_consensus.cc:359] T 63b9510d68be40b1b538b6403826c659 P 47d73c34be354e8891ae18d709a82917 [term 0 FOLLOWER]: Replica starting. Triggering 0 pending ops. Active config: opid_index: -1 OBSOLETE_local: false peers { permanent_uuid: "5c7fade7b55a434fb8026795e3d7582c" member_type: VOTER last_known_addr { host: "127.0.107.194" port: 35323 } } peers { permanent_uuid: "47d73c34be354e8891ae18d709a82917" member_type: VOTER last_known_addr { host: "127.0.107.196" port: 40021 } } peers { permanent_uuid: "6bc1262808c74d91a3ff1299e0920322" member_type: VOTER last_known_addr { host: "127.0.107.195" port: 44563 } }
I20260630 12:12:42.884501  3742 raft_consensus.cc:385] T 63b9510d68be40b1b538b6403826c659 P 47d73c34be354e8891ae18d709a82917 [term 0 FOLLOWER]: Consensus starting up: Expiring failure detector timer to make a prompt election more likely
I20260630 12:12:42.884865  3742 raft_consensus.cc:740] T 63b9510d68be40b1b538b6403826c659 P 47d73c34be354e8891ae18d709a82917 [term 0 FOLLOWER]: Becoming Follower/Learner. State: Replica: 47d73c34be354e8891ae18d709a82917, State: Initialized, Role: FOLLOWER
I20260630 12:12:42.883424  3729 raft_consensus.cc:515] T 63b9510d68be40b1b538b6403826c659 P 5c7fade7b55a434fb8026795e3d7582c [term 0 FOLLOWER]: Starting pre-election with config: opid_index: -1 OBSOLETE_local: false peers { permanent_uuid: "5c7fade7b55a434fb8026795e3d7582c" member_type: VOTER last_known_addr { host: "127.0.107.194" port: 35323 } } peers { permanent_uuid: "47d73c34be354e8891ae18d709a82917" member_type: VOTER last_known_addr { host: "127.0.107.196" port: 40021 } } peers { permanent_uuid: "6bc1262808c74d91a3ff1299e0920322" member_type: VOTER last_known_addr { host: "127.0.107.195" port: 44563 } }
I20260630 12:12:42.886005  3742 consensus_queue.cc:260] T 63b9510d68be40b1b538b6403826c659 P 47d73c34be354e8891ae18d709a82917 [NON_LEADER]: Queue going to NON_LEADER mode. State: All replicated index: 0, Majority replicated index: 0, Committed index: 0, Last appended: 0.0, Last appended by leader: 0, Current term: 0, Majority size: -1, State: 0, Mode: NON_LEADER, active raft config: opid_index: -1 OBSOLETE_local: false peers { permanent_uuid: "5c7fade7b55a434fb8026795e3d7582c" member_type: VOTER last_known_addr { host: "127.0.107.194" port: 35323 } } peers { permanent_uuid: "47d73c34be354e8891ae18d709a82917" member_type: VOTER last_known_addr { host: "127.0.107.196" port: 40021 } } peers { permanent_uuid: "6bc1262808c74d91a3ff1299e0920322" member_type: VOTER last_known_addr { host: "127.0.107.195" port: 44563 } }
I20260630 12:12:42.887569  3470 tablet_service.cc:1917] Received RequestConsensusVote() RPC: tablet_id: "b2a2179b3c94447f8d51d42d9281b6f4" candidate_uuid: "60834e8c2e35411297182b5b21408c6a" candidate_term: 1 candidate_status { last_received { term: 0 index: 0 } } ignore_live_leader: false dest_uuid: "5c7fade7b55a434fb8026795e3d7582c" is_pre_election: true
I20260630 12:12:42.888990  3589 tablet_bootstrap.cc:492] T c592069004ed4b1e813e30401cff7690 P 5c7fade7b55a434fb8026795e3d7582c: No bootstrap required, opened a new log
I20260630 12:12:42.889142  3694 tablet_service.cc:1917] Received RequestConsensusVote() RPC: tablet_id: "63b9510d68be40b1b538b6403826c659" candidate_uuid: "5c7fade7b55a434fb8026795e3d7582c" candidate_term: 1 candidate_status { last_received { term: 0 index: 0 } } ignore_live_leader: false dest_uuid: "47d73c34be354e8891ae18d709a82917" is_pre_election: true
I20260630 12:12:42.887672  3729 leader_election.cc:290] T 63b9510d68be40b1b538b6403826c659 P 5c7fade7b55a434fb8026795e3d7582c [CANDIDATE]: Term 1 pre-election: Requested pre-vote from peers 47d73c34be354e8891ae18d709a82917 (127.0.107.196:40021), 6bc1262808c74d91a3ff1299e0920322 (127.0.107.195:44563)
I20260630 12:12:42.890908  3742 ts_tablet_manager.cc:1434] T 63b9510d68be40b1b538b6403826c659 P 47d73c34be354e8891ae18d709a82917: Time spent starting tablet: real 0.010s	user 0.008s	sys 0.003s
I20260630 12:12:42.890223  3719 heartbeater.cc:499] Master 127.0.107.254:46661 was elected leader, sending a full tablet report...
I20260630 12:12:42.890980  3694 raft_consensus.cc:2468] T 63b9510d68be40b1b538b6403826c659 P 47d73c34be354e8891ae18d709a82917 [term 0 FOLLOWER]: Leader pre-election vote request: Granting yes vote for candidate 5c7fade7b55a434fb8026795e3d7582c in term 0.
I20260630 12:12:42.889325  3544 tablet_service.cc:1917] Received RequestConsensusVote() RPC: tablet_id: "63b9510d68be40b1b538b6403826c659" candidate_uuid: "5c7fade7b55a434fb8026795e3d7582c" candidate_term: 1 candidate_status { last_received { term: 0 index: 0 } } ignore_live_leader: false dest_uuid: "6bc1262808c74d91a3ff1299e0920322" is_pre_election: true
I20260630 12:12:42.892302  3742 tablet_bootstrap.cc:492] T 4b049fef48e2439895f1ab6a63c9c513 P 47d73c34be354e8891ae18d709a82917: Bootstrap starting.
I20260630 12:12:42.891819  3470 raft_consensus.cc:2468] T b2a2179b3c94447f8d51d42d9281b6f4 P 5c7fade7b55a434fb8026795e3d7582c [term 0 FOLLOWER]: Leader pre-election vote request: Granting yes vote for candidate 60834e8c2e35411297182b5b21408c6a in term 0.
I20260630 12:12:42.893235  3433 leader_election.cc:304] T 63b9510d68be40b1b538b6403826c659 P 5c7fade7b55a434fb8026795e3d7582c [CANDIDATE]: Term 1 pre-election: Election decided. Result: candidate won. Election summary: received 2 responses out of 3 voters: 2 yes votes; 0 no votes. yes voters: 47d73c34be354e8891ae18d709a82917, 5c7fade7b55a434fb8026795e3d7582c; no voters: 
W20260630 12:12:42.894181  3433 leader_election.cc:343] T 63b9510d68be40b1b538b6403826c659 P 5c7fade7b55a434fb8026795e3d7582c [CANDIDATE]: Term 1 pre-election: Tablet error from VoteRequest() call to peer 6bc1262808c74d91a3ff1299e0920322 (127.0.107.195:44563): Illegal state: must be running to vote when last-logged opid is not known
I20260630 12:12:42.890950  3589 ts_tablet_manager.cc:1403] T c592069004ed4b1e813e30401cff7690 P 5c7fade7b55a434fb8026795e3d7582c: Time spent bootstrapping tablet: real 0.022s	user 0.008s	sys 0.008s
I20260630 12:12:42.895001  3729 raft_consensus.cc:2804] T 63b9510d68be40b1b538b6403826c659 P 5c7fade7b55a434fb8026795e3d7582c [term 0 FOLLOWER]: Leader pre-election won for term 1
I20260630 12:12:42.895430  3729 raft_consensus.cc:493] T 63b9510d68be40b1b538b6403826c659 P 5c7fade7b55a434fb8026795e3d7582c [term 0 FOLLOWER]: Starting leader election (no leader contacted us within the election timeout)
I20260630 12:12:42.895743  3729 raft_consensus.cc:3060] T 63b9510d68be40b1b538b6403826c659 P 5c7fade7b55a434fb8026795e3d7582c [term 0 FOLLOWER]: Advancing to term 1
