I20260630 12:12:41.293877  3093 data_dirs.cc:400] Could only allocate 1 dirs of requested 3 for tablet 7c63cf5cc91f49268b6ec6ff732a7108. 1 dirs total, 0 dirs full, 0 dirs failed
I20260630 12:12:41.295248  3096 data_dirs.cc:400] Could only allocate 1 dirs of requested 3 for tablet a65d270ba3004ebbac64f9dd0ce105c9. 1 dirs total, 0 dirs full, 0 dirs failed
I20260630 12:12:41.313282  3244 tablet_service.cc:1511] Processing CreateTablet for tablet 8ce193133e214f88a19f378a22b48500 (DEFAULT_TABLE table=range_aware_auto_rebalancer_test [id=e380ace0fe8a4e0890f9b9633dbbc309]), partition=HASH (key) PARTITION 0, RANGE (key) PARTITION 10 <= VALUES < 20
I20260630 12:12:41.314756  3244 data_dirs.cc:400] Could only allocate 1 dirs of requested 3 for tablet 8ce193133e214f88a19f378a22b48500. 1 dirs total, 0 dirs full, 0 dirs failed
I20260630 12:12:41.318033  3171 tablet_service.cc:1511] Processing CreateTablet for tablet a65d270ba3004ebbac64f9dd0ce105c9 (DEFAULT_TABLE table=range_aware_auto_rebalancer_test [id=e380ace0fe8a4e0890f9b9633dbbc309]), partition=HASH (key) PARTITION 0, RANGE (key) PARTITION 0 <= VALUES < 10
I20260630 12:12:41.318923  3169 tablet_service.cc:1511] Processing CreateTablet for tablet 3ba0bcc26c734f059ba669f5138a1c78 (DEFAULT_TABLE table=range_aware_auto_rebalancer_test [id=e380ace0fe8a4e0890f9b9633dbbc309]), partition=HASH (key) PARTITION 1, RANGE (key) PARTITION 0 <= VALUES < 10
I20260630 12:12:41.319900  3171 data_dirs.cc:400] Could only allocate 1 dirs of requested 3 for tablet a65d270ba3004ebbac64f9dd0ce105c9. 1 dirs total, 0 dirs full, 0 dirs failed
I20260630 12:12:41.320658  3243 tablet_service.cc:1511] Processing CreateTablet for tablet 3ba0bcc26c734f059ba669f5138a1c78 (DEFAULT_TABLE table=range_aware_auto_rebalancer_test [id=e380ace0fe8a4e0890f9b9633dbbc309]), partition=HASH (key) PARTITION 1, RANGE (key) PARTITION 0 <= VALUES < 10
I20260630 12:12:41.321197  3169 data_dirs.cc:400] Could only allocate 1 dirs of requested 3 for tablet 3ba0bcc26c734f059ba669f5138a1c78. 1 dirs total, 0 dirs full, 0 dirs failed
I20260630 12:12:41.322060  3168 tablet_service.cc:1511] Processing CreateTablet for tablet 7c63cf5cc91f49268b6ec6ff732a7108 (DEFAULT_TABLE table=range_aware_auto_rebalancer_test [id=e380ace0fe8a4e0890f9b9633dbbc309]), partition=HASH (key) PARTITION 1, RANGE (key) PARTITION 10 <= VALUES < 20
I20260630 12:12:41.323829  3168 data_dirs.cc:400] Could only allocate 1 dirs of requested 3 for tablet 7c63cf5cc91f49268b6ec6ff732a7108. 1 dirs total, 0 dirs full, 0 dirs failed
I20260630 12:12:41.323406  3242 tablet_service.cc:1511] Processing CreateTablet for tablet 7c63cf5cc91f49268b6ec6ff732a7108 (DEFAULT_TABLE table=range_aware_auto_rebalancer_test [id=e380ace0fe8a4e0890f9b9633dbbc309]), partition=HASH (key) PARTITION 1, RANGE (key) PARTITION 10 <= VALUES < 20
I20260630 12:12:41.322116  3243 data_dirs.cc:400] Could only allocate 1 dirs of requested 3 for tablet 3ba0bcc26c734f059ba669f5138a1c78. 1 dirs total, 0 dirs full, 0 dirs failed
I20260630 12:12:41.325917  3170 tablet_service.cc:1511] Processing CreateTablet for tablet 8ce193133e214f88a19f378a22b48500 (DEFAULT_TABLE table=range_aware_auto_rebalancer_test [id=e380ace0fe8a4e0890f9b9633dbbc309]), partition=HASH (key) PARTITION 0, RANGE (key) PARTITION 10 <= VALUES < 20
I20260630 12:12:41.327842  3170 data_dirs.cc:400] Could only allocate 1 dirs of requested 3 for tablet 8ce193133e214f88a19f378a22b48500. 1 dirs total, 0 dirs full, 0 dirs failed
I20260630 12:12:41.330729  3242 data_dirs.cc:400] Could only allocate 1 dirs of requested 3 for tablet 7c63cf5cc91f49268b6ec6ff732a7108. 1 dirs total, 0 dirs full, 0 dirs failed
I20260630 12:12:41.356112  3302 tablet_bootstrap.cc:492] T a65d270ba3004ebbac64f9dd0ce105c9 P 150cf0951ece4cf5a3143e2f8eb4fcef: Bootstrap starting.
I20260630 12:12:41.384712  3301 tablet_bootstrap.cc:492] T 3ba0bcc26c734f059ba669f5138a1c78 P e6959c7dcc464e318a2d2ca3d90c9884: Bootstrap starting.
I20260630 12:12:41.386548  3303 tablet_bootstrap.cc:492] T 3ba0bcc26c734f059ba669f5138a1c78 P 56c6ab3c806641489b35f4372f2de430: Bootstrap starting.
I20260630 12:12:41.393268  3302 tablet_bootstrap.cc:654] T a65d270ba3004ebbac64f9dd0ce105c9 P 150cf0951ece4cf5a3143e2f8eb4fcef: Neither blocks nor log segments found. Creating new log.
I20260630 12:12:41.400277  3303 tablet_bootstrap.cc:654] T 3ba0bcc26c734f059ba669f5138a1c78 P 56c6ab3c806641489b35f4372f2de430: Neither blocks nor log segments found. Creating new log.
I20260630 12:12:41.402966  3302 tablet_bootstrap.cc:492] T a65d270ba3004ebbac64f9dd0ce105c9 P 150cf0951ece4cf5a3143e2f8eb4fcef: No bootstrap required, opened a new log
I20260630 12:12:41.403261  3301 tablet_bootstrap.cc:654] T 3ba0bcc26c734f059ba669f5138a1c78 P e6959c7dcc464e318a2d2ca3d90c9884: Neither blocks nor log segments found. Creating new log.
I20260630 12:12:41.403498  3302 ts_tablet_manager.cc:1403] T a65d270ba3004ebbac64f9dd0ce105c9 P 150cf0951ece4cf5a3143e2f8eb4fcef: Time spent bootstrapping tablet: real 0.048s	user 0.012s	sys 0.003s
I20260630 12:12:41.406262  3303 tablet_bootstrap.cc:492] T 3ba0bcc26c734f059ba669f5138a1c78 P 56c6ab3c806641489b35f4372f2de430: No bootstrap required, opened a new log
I20260630 12:12:41.406873  3303 ts_tablet_manager.cc:1403] T 3ba0bcc26c734f059ba669f5138a1c78 P 56c6ab3c806641489b35f4372f2de430: Time spent bootstrapping tablet: real 0.021s	user 0.007s	sys 0.005s
I20260630 12:12:41.406618  3302 raft_consensus.cc:359] T a65d270ba3004ebbac64f9dd0ce105c9 P 150cf0951ece4cf5a3143e2f8eb4fcef [term 0 FOLLOWER]: Replica starting. Triggering 0 pending ops. Active config: opid_index: -1 OBSOLETE_local: false peers { permanent_uuid: "e6959c7dcc464e318a2d2ca3d90c9884" member_type: VOTER last_known_addr { host: "127.0.107.193" port: 44689 } } peers { permanent_uuid: "150cf0951ece4cf5a3143e2f8eb4fcef" member_type: VOTER last_known_addr { host: "127.0.107.195" port: 33197 } } peers { permanent_uuid: "56c6ab3c806641489b35f4372f2de430" member_type: VOTER last_known_addr { host: "127.0.107.194" port: 38915 } }
I20260630 12:12:41.408169  3302 raft_consensus.cc:385] T a65d270ba3004ebbac64f9dd0ce105c9 P 150cf0951ece4cf5a3143e2f8eb4fcef [term 0 FOLLOWER]: Consensus starting up: Expiring failure detector timer to make a prompt election more likely
I20260630 12:12:41.408679  3302 raft_consensus.cc:740] T a65d270ba3004ebbac64f9dd0ce105c9 P 150cf0951ece4cf5a3143e2f8eb4fcef [term 0 FOLLOWER]: Becoming Follower/Learner. State: Replica: 150cf0951ece4cf5a3143e2f8eb4fcef, State: Initialized, Role: FOLLOWER
I20260630 12:12:41.409085  3301 tablet_bootstrap.cc:492] T 3ba0bcc26c734f059ba669f5138a1c78 P e6959c7dcc464e318a2d2ca3d90c9884: No bootstrap required, opened a new log
I20260630 12:12:41.409544  3301 ts_tablet_manager.cc:1403] T 3ba0bcc26c734f059ba669f5138a1c78 P e6959c7dcc464e318a2d2ca3d90c9884: Time spent bootstrapping tablet: real 0.025s	user 0.012s	sys 0.000s
I20260630 12:12:41.410137  3302 consensus_queue.cc:260] T a65d270ba3004ebbac64f9dd0ce105c9 P 150cf0951ece4cf5a3143e2f8eb4fcef [NON_LEADER]: Queue going to NON_LEADER mode. State: All replicated index: 0, Majority replicated index: 0, Committed index: 0, Last appended: 0.0, Last appended by leader: 0, Current term: 0, Majority size: -1, State: 0, Mode: NON_LEADER, active raft config: opid_index: -1 OBSOLETE_local: false peers { permanent_uuid: "e6959c7dcc464e318a2d2ca3d90c9884" member_type: VOTER last_known_addr { host: "127.0.107.193" port: 44689 } } peers { permanent_uuid: "150cf0951ece4cf5a3143e2f8eb4fcef" member_type: VOTER last_known_addr { host: "127.0.107.195" port: 33197 } } peers { permanent_uuid: "56c6ab3c806641489b35f4372f2de430" member_type: VOTER last_known_addr { host: "127.0.107.194" port: 38915 } }
I20260630 12:12:41.411378  3303 raft_consensus.cc:359] T 3ba0bcc26c734f059ba669f5138a1c78 P 56c6ab3c806641489b35f4372f2de430 [term 0 FOLLOWER]: Replica starting. Triggering 0 pending ops. Active config: opid_index: -1 OBSOLETE_local: false peers { permanent_uuid: "e6959c7dcc464e318a2d2ca3d90c9884" member_type: VOTER last_known_addr { host: "127.0.107.193" port: 44689 } } peers { permanent_uuid: "56c6ab3c806641489b35f4372f2de430" member_type: VOTER last_known_addr { host: "127.0.107.194" port: 38915 } } peers { permanent_uuid: "150cf0951ece4cf5a3143e2f8eb4fcef" member_type: VOTER last_known_addr { host: "127.0.107.195" port: 33197 } }
I20260630 12:12:41.411790  3301 raft_consensus.cc:359] T 3ba0bcc26c734f059ba669f5138a1c78 P e6959c7dcc464e318a2d2ca3d90c9884 [term 0 FOLLOWER]: Replica starting. Triggering 0 pending ops. Active config: opid_index: -1 OBSOLETE_local: false peers { permanent_uuid: "e6959c7dcc464e318a2d2ca3d90c9884" member_type: VOTER last_known_addr { host: "127.0.107.193" port: 44689 } } peers { permanent_uuid: "56c6ab3c806641489b35f4372f2de430" member_type: VOTER last_known_addr { host: "127.0.107.194" port: 38915 } } peers { permanent_uuid: "150cf0951ece4cf5a3143e2f8eb4fcef" member_type: VOTER last_known_addr { host: "127.0.107.195" port: 33197 } }
I20260630 12:12:41.412480  3301 raft_consensus.cc:385] T 3ba0bcc26c734f059ba669f5138a1c78 P e6959c7dcc464e318a2d2ca3d90c9884 [term 0 FOLLOWER]: Consensus starting up: Expiring failure detector timer to make a prompt election more likely
I20260630 12:12:41.412885  3301 raft_consensus.cc:740] T 3ba0bcc26c734f059ba669f5138a1c78 P e6959c7dcc464e318a2d2ca3d90c9884 [term 0 FOLLOWER]: Becoming Follower/Learner. State: Replica: e6959c7dcc464e318a2d2ca3d90c9884, State: Initialized, Role: FOLLOWER
I20260630 12:12:41.413776  3302 ts_tablet_manager.cc:1434] T a65d270ba3004ebbac64f9dd0ce105c9 P 150cf0951ece4cf5a3143e2f8eb4fcef: Time spent starting tablet: real 0.010s	user 0.005s	sys 0.003s
I20260630 12:12:41.413669  3301 consensus_queue.cc:260] T 3ba0bcc26c734f059ba669f5138a1c78 P e6959c7dcc464e318a2d2ca3d90c9884 [NON_LEADER]: Queue going to NON_LEADER mode. State: All replicated index: 0, Majority replicated index: 0, Committed index: 0, Last appended: 0.0, Last appended by leader: 0, Current term: 0, Majority size: -1, State: 0, Mode: NON_LEADER, active raft config: opid_index: -1 OBSOLETE_local: false peers { permanent_uuid: "e6959c7dcc464e318a2d2ca3d90c9884" member_type: VOTER last_known_addr { host: "127.0.107.193" port: 44689 } } peers { permanent_uuid: "56c6ab3c806641489b35f4372f2de430" member_type: VOTER last_known_addr { host: "127.0.107.194" port: 38915 } } peers { permanent_uuid: "150cf0951ece4cf5a3143e2f8eb4fcef" member_type: VOTER last_known_addr { host: "127.0.107.195" port: 33197 } }
I20260630 12:12:41.416064  3303 raft_consensus.cc:385] T 3ba0bcc26c734f059ba669f5138a1c78 P 56c6ab3c806641489b35f4372f2de430 [term 0 FOLLOWER]: Consensus starting up: Expiring failure detector timer to make a prompt election more likely
I20260630 12:12:41.416535  3303 raft_consensus.cc:740] T 3ba0bcc26c734f059ba669f5138a1c78 P 56c6ab3c806641489b35f4372f2de430 [term 0 FOLLOWER]: Becoming Follower/Learner. State: Replica: 56c6ab3c806641489b35f4372f2de430, State: Initialized, Role: FOLLOWER
I20260630 12:12:41.417541  3303 consensus_queue.cc:260] T 3ba0bcc26c734f059ba669f5138a1c78 P 56c6ab3c806641489b35f4372f2de430 [NON_LEADER]: Queue going to NON_LEADER mode. State: All replicated index: 0, Majority replicated index: 0, Committed index: 0, Last appended: 0.0, Last appended by leader: 0, Current term: 0, Majority size: -1, State: 0, Mode: NON_LEADER, active raft config: opid_index: -1 OBSOLETE_local: false peers { permanent_uuid: "e6959c7dcc464e318a2d2ca3d90c9884" member_type: VOTER last_known_addr { host: "127.0.107.193" port: 44689 } } peers { permanent_uuid: "56c6ab3c806641489b35f4372f2de430" member_type: VOTER last_known_addr { host: "127.0.107.194" port: 38915 } } peers { permanent_uuid: "150cf0951ece4cf5a3143e2f8eb4fcef" member_type: VOTER last_known_addr { host: "127.0.107.195" port: 33197 } }
I20260630 12:12:41.428206  3303 ts_tablet_manager.cc:1434] T 3ba0bcc26c734f059ba669f5138a1c78 P 56c6ab3c806641489b35f4372f2de430: Time spent starting tablet: real 0.021s	user 0.014s	sys 0.000s
I20260630 12:12:41.433620  3302 tablet_bootstrap.cc:492] T 3ba0bcc26c734f059ba669f5138a1c78 P 150cf0951ece4cf5a3143e2f8eb4fcef: Bootstrap starting.
I20260630 12:12:41.433997  3301 ts_tablet_manager.cc:1434] T 3ba0bcc26c734f059ba669f5138a1c78 P e6959c7dcc464e318a2d2ca3d90c9884: Time spent starting tablet: real 0.024s	user 0.023s	sys 0.000s
I20260630 12:12:41.435081  3301 tablet_bootstrap.cc:492] T 7c63cf5cc91f49268b6ec6ff732a7108 P e6959c7dcc464e318a2d2ca3d90c9884: Bootstrap starting.
W20260630 12:12:41.440033  3132 tablet.cc:2406] T 3ba0bcc26c734f059ba669f5138a1c78 P e6959c7dcc464e318a2d2ca3d90c9884: Can't schedule compaction. Clean time has not been advanced past its initial value.
I20260630 12:12:41.441303  3301 tablet_bootstrap.cc:654] T 7c63cf5cc91f49268b6ec6ff732a7108 P e6959c7dcc464e318a2d2ca3d90c9884: Neither blocks nor log segments found. Creating new log.
I20260630 12:12:41.441725  3303 tablet_bootstrap.cc:492] T a65d270ba3004ebbac64f9dd0ce105c9 P 56c6ab3c806641489b35f4372f2de430: Bootstrap starting.
I20260630 12:12:41.441867  3302 tablet_bootstrap.cc:654] T 3ba0bcc26c734f059ba669f5138a1c78 P 150cf0951ece4cf5a3143e2f8eb4fcef: Neither blocks nor log segments found. Creating new log.
I20260630 12:12:41.448655  3302 tablet_bootstrap.cc:492] T 3ba0bcc26c734f059ba669f5138a1c78 P 150cf0951ece4cf5a3143e2f8eb4fcef: No bootstrap required, opened a new log
I20260630 12:12:41.448737  3303 tablet_bootstrap.cc:654] T a65d270ba3004ebbac64f9dd0ce105c9 P 56c6ab3c806641489b35f4372f2de430: Neither blocks nor log segments found. Creating new log.
I20260630 12:12:41.448977  3301 tablet_bootstrap.cc:492] T 7c63cf5cc91f49268b6ec6ff732a7108 P e6959c7dcc464e318a2d2ca3d90c9884: No bootstrap required, opened a new log
I20260630 12:12:41.449219  3302 ts_tablet_manager.cc:1403] T 3ba0bcc26c734f059ba669f5138a1c78 P 150cf0951ece4cf5a3143e2f8eb4fcef: Time spent bootstrapping tablet: real 0.017s	user 0.006s	sys 0.006s
I20260630 12:12:41.449460  3301 ts_tablet_manager.cc:1403] T 7c63cf5cc91f49268b6ec6ff732a7108 P e6959c7dcc464e318a2d2ca3d90c9884: Time spent bootstrapping tablet: real 0.015s	user 0.008s	sys 0.004s
I20260630 12:12:41.452226  3301 raft_consensus.cc:359] T 7c63cf5cc91f49268b6ec6ff732a7108 P e6959c7dcc464e318a2d2ca3d90c9884 [term 0 FOLLOWER]: Replica starting. Triggering 0 pending ops. Active config: opid_index: -1 OBSOLETE_local: false peers { permanent_uuid: "e6959c7dcc464e318a2d2ca3d90c9884" member_type: VOTER last_known_addr { host: "127.0.107.193" port: 44689 } } peers { permanent_uuid: "56c6ab3c806641489b35f4372f2de430" member_type: VOTER last_known_addr { host: "127.0.107.194" port: 38915 } } peers { permanent_uuid: "150cf0951ece4cf5a3143e2f8eb4fcef" member_type: VOTER last_known_addr { host: "127.0.107.195" port: 33197 } }
I20260630 12:12:41.452549  3302 raft_consensus.cc:359] T 3ba0bcc26c734f059ba669f5138a1c78 P 150cf0951ece4cf5a3143e2f8eb4fcef [term 0 FOLLOWER]: Replica starting. Triggering 0 pending ops. Active config: opid_index: -1 OBSOLETE_local: false peers { permanent_uuid: "e6959c7dcc464e318a2d2ca3d90c9884" member_type: VOTER last_known_addr { host: "127.0.107.193" port: 44689 } } peers { permanent_uuid: "56c6ab3c806641489b35f4372f2de430" member_type: VOTER last_known_addr { host: "127.0.107.194" port: 38915 } } peers { permanent_uuid: "150cf0951ece4cf5a3143e2f8eb4fcef" member_type: VOTER last_known_addr { host: "127.0.107.195" port: 33197 } }
I20260630 12:12:41.453135  3301 raft_consensus.cc:385] T 7c63cf5cc91f49268b6ec6ff732a7108 P e6959c7dcc464e318a2d2ca3d90c9884 [term 0 FOLLOWER]: Consensus starting up: Expiring failure detector timer to make a prompt election more likely
I20260630 12:12:41.453264  3302 raft_consensus.cc:385] T 3ba0bcc26c734f059ba669f5138a1c78 P 150cf0951ece4cf5a3143e2f8eb4fcef [term 0 FOLLOWER]: Consensus starting up: Expiring failure detector timer to make a prompt election more likely
I20260630 12:12:41.453337  3303 tablet_bootstrap.cc:492] T a65d270ba3004ebbac64f9dd0ce105c9 P 56c6ab3c806641489b35f4372f2de430: No bootstrap required, opened a new log
I20260630 12:12:41.453508  3301 raft_consensus.cc:740] T 7c63cf5cc91f49268b6ec6ff732a7108 P e6959c7dcc464e318a2d2ca3d90c9884 [term 0 FOLLOWER]: Becoming Follower/Learner. State: Replica: e6959c7dcc464e318a2d2ca3d90c9884, State: Initialized, Role: FOLLOWER
I20260630 12:12:41.453658  3302 raft_consensus.cc:740] T 3ba0bcc26c734f059ba669f5138a1c78 P 150cf0951ece4cf5a3143e2f8eb4fcef [term 0 FOLLOWER]: Becoming Follower/Learner. State: Replica: 150cf0951ece4cf5a3143e2f8eb4fcef, State: Initialized, Role: FOLLOWER
I20260630 12:12:41.454001  3303 ts_tablet_manager.cc:1403] T a65d270ba3004ebbac64f9dd0ce105c9 P 56c6ab3c806641489b35f4372f2de430: Time spent bootstrapping tablet: real 0.013s	user 0.012s	sys 0.000s
I20260630 12:12:41.454511  3301 consensus_queue.cc:260] T 7c63cf5cc91f49268b6ec6ff732a7108 P e6959c7dcc464e318a2d2ca3d90c9884 [NON_LEADER]: Queue going to NON_LEADER mode. State: All replicated index: 0, Majority replicated index: 0, Committed index: 0, Last appended: 0.0, Last appended by leader: 0, Current term: 0, Majority size: -1, State: 0, Mode: NON_LEADER, active raft config: opid_index: -1 OBSOLETE_local: false peers { permanent_uuid: "e6959c7dcc464e318a2d2ca3d90c9884" member_type: VOTER last_known_addr { host: "127.0.107.193" port: 44689 } } peers { permanent_uuid: "56c6ab3c806641489b35f4372f2de430" member_type: VOTER last_known_addr { host: "127.0.107.194" port: 38915 } } peers { permanent_uuid: "150cf0951ece4cf5a3143e2f8eb4fcef" member_type: VOTER last_known_addr { host: "127.0.107.195" port: 33197 } }
I20260630 12:12:41.454630  3302 consensus_queue.cc:260] T 3ba0bcc26c734f059ba669f5138a1c78 P 150cf0951ece4cf5a3143e2f8eb4fcef [NON_LEADER]: Queue going to NON_LEADER mode. State: All replicated index: 0, Majority replicated index: 0, Committed index: 0, Last appended: 0.0, Last appended by leader: 0, Current term: 0, Majority size: -1, State: 0, Mode: NON_LEADER, active raft config: opid_index: -1 OBSOLETE_local: false peers { permanent_uuid: "e6959c7dcc464e318a2d2ca3d90c9884" member_type: VOTER last_known_addr { host: "127.0.107.193" port: 44689 } } peers { permanent_uuid: "56c6ab3c806641489b35f4372f2de430" member_type: VOTER last_known_addr { host: "127.0.107.194" port: 38915 } } peers { permanent_uuid: "150cf0951ece4cf5a3143e2f8eb4fcef" member_type: VOTER last_known_addr { host: "127.0.107.195" port: 33197 } }
I20260630 12:12:41.456741  3301 ts_tablet_manager.cc:1434] T 7c63cf5cc91f49268b6ec6ff732a7108 P e6959c7dcc464e318a2d2ca3d90c9884: Time spent starting tablet: real 0.007s	user 0.007s	sys 0.000s
I20260630 12:12:41.456656  3303 raft_consensus.cc:359] T a65d270ba3004ebbac64f9dd0ce105c9 P 56c6ab3c806641489b35f4372f2de430 [term 0 FOLLOWER]: Replica starting. Triggering 0 pending ops. Active config: opid_index: -1 OBSOLETE_local: false peers { permanent_uuid: "e6959c7dcc464e318a2d2ca3d90c9884" member_type: VOTER last_known_addr { host: "127.0.107.193" port: 44689 } } peers { permanent_uuid: "150cf0951ece4cf5a3143e2f8eb4fcef" member_type: VOTER last_known_addr { host: "127.0.107.195" port: 33197 } } peers { permanent_uuid: "56c6ab3c806641489b35f4372f2de430" member_type: VOTER last_known_addr { host: "127.0.107.194" port: 38915 } }
I20260630 12:12:41.457520  3303 raft_consensus.cc:385] T a65d270ba3004ebbac64f9dd0ce105c9 P 56c6ab3c806641489b35f4372f2de430 [term 0 FOLLOWER]: Consensus starting up: Expiring failure detector timer to make a prompt election more likely
I20260630 12:12:41.457813  3301 tablet_bootstrap.cc:492] T a65d270ba3004ebbac64f9dd0ce105c9 P e6959c7dcc464e318a2d2ca3d90c9884: Bootstrap starting.
I20260630 12:12:41.457888  3303 raft_consensus.cc:740] T a65d270ba3004ebbac64f9dd0ce105c9 P 56c6ab3c806641489b35f4372f2de430 [term 0 FOLLOWER]: Becoming Follower/Learner. State: Replica: 56c6ab3c806641489b35f4372f2de430, State: Initialized, Role: FOLLOWER
I20260630 12:12:41.458884  3302 ts_tablet_manager.cc:1434] T 3ba0bcc26c734f059ba669f5138a1c78 P 150cf0951ece4cf5a3143e2f8eb4fcef: Time spent starting tablet: real 0.009s	user 0.007s	sys 0.000s
I20260630 12:12:41.459897  3302 tablet_bootstrap.cc:492] T 7c63cf5cc91f49268b6ec6ff732a7108 P 150cf0951ece4cf5a3143e2f8eb4fcef: Bootstrap starting.
I20260630 12:12:41.463567  3303 consensus_queue.cc:260] T a65d270ba3004ebbac64f9dd0ce105c9 P 56c6ab3c806641489b35f4372f2de430 [NON_LEADER]: Queue going to NON_LEADER mode. State: All replicated index: 0, Majority replicated index: 0, Committed index: 0, Last appended: 0.0, Last appended by leader: 0, Current term: 0, Majority size: -1, State: 0, Mode: NON_LEADER, active raft config: opid_index: -1 OBSOLETE_local: false peers { permanent_uuid: "e6959c7dcc464e318a2d2ca3d90c9884" member_type: VOTER last_known_addr { host: "127.0.107.193" port: 44689 } } peers { permanent_uuid: "150cf0951ece4cf5a3143e2f8eb4fcef" member_type: VOTER last_known_addr { host: "127.0.107.195" port: 33197 } } peers { permanent_uuid: "56c6ab3c806641489b35f4372f2de430" member_type: VOTER last_known_addr { host: "127.0.107.194" port: 38915 } }
I20260630 12:12:41.465090  3301 tablet_bootstrap.cc:654] T a65d270ba3004ebbac64f9dd0ce105c9 P e6959c7dcc464e318a2d2ca3d90c9884: Neither blocks nor log segments found. Creating new log.
I20260630 12:12:41.466188  3302 tablet_bootstrap.cc:654] T 7c63cf5cc91f49268b6ec6ff732a7108 P 150cf0951ece4cf5a3143e2f8eb4fcef: Neither blocks nor log segments found. Creating new log.
I20260630 12:12:41.476202  3303 ts_tablet_manager.cc:1434] T a65d270ba3004ebbac64f9dd0ce105c9 P 56c6ab3c806641489b35f4372f2de430: Time spent starting tablet: real 0.022s	user 0.002s	sys 0.004s
I20260630 12:12:41.478214  3301 tablet_bootstrap.cc:492] T a65d270ba3004ebbac64f9dd0ce105c9 P e6959c7dcc464e318a2d2ca3d90c9884: No bootstrap required, opened a new log
I20260630 12:12:41.478214  3302 tablet_bootstrap.cc:492] T 7c63cf5cc91f49268b6ec6ff732a7108 P 150cf0951ece4cf5a3143e2f8eb4fcef: No bootstrap required, opened a new log
I20260630 12:12:41.478586  3303 tablet_bootstrap.cc:492] T 8ce193133e214f88a19f378a22b48500 P 56c6ab3c806641489b35f4372f2de430: Bootstrap starting.
I20260630 12:12:41.478996  3301 ts_tablet_manager.cc:1403] T a65d270ba3004ebbac64f9dd0ce105c9 P e6959c7dcc464e318a2d2ca3d90c9884: Time spent bootstrapping tablet: real 0.021s	user 0.015s	sys 0.004s
I20260630 12:12:41.479108  3302 ts_tablet_manager.cc:1403] T 7c63cf5cc91f49268b6ec6ff732a7108 P 150cf0951ece4cf5a3143e2f8eb4fcef: Time spent bootstrapping tablet: real 0.019s	user 0.018s	sys 0.000s
I20260630 12:12:41.482046  3301 raft_consensus.cc:359] T a65d270ba3004ebbac64f9dd0ce105c9 P e6959c7dcc464e318a2d2ca3d90c9884 [term 0 FOLLOWER]: Replica starting. Triggering 0 pending ops. Active config: opid_index: -1 OBSOLETE_local: false peers { permanent_uuid: "e6959c7dcc464e318a2d2ca3d90c9884" member_type: VOTER last_known_addr { host: "127.0.107.193" port: 44689 } } peers { permanent_uuid: "150cf0951ece4cf5a3143e2f8eb4fcef" member_type: VOTER last_known_addr { host: "127.0.107.195" port: 33197 } } peers { permanent_uuid: "56c6ab3c806641489b35f4372f2de430" member_type: VOTER last_known_addr { host: "127.0.107.194" port: 38915 } }
I20260630 12:12:41.482256  3302 raft_consensus.cc:359] T 7c63cf5cc91f49268b6ec6ff732a7108 P 150cf0951ece4cf5a3143e2f8eb4fcef [term 0 FOLLOWER]: Replica starting. Triggering 0 pending ops. Active config: opid_index: -1 OBSOLETE_local: false peers { permanent_uuid: "e6959c7dcc464e318a2d2ca3d90c9884" member_type: VOTER last_known_addr { host: "127.0.107.193" port: 44689 } } peers { permanent_uuid: "56c6ab3c806641489b35f4372f2de430" member_type: VOTER last_known_addr { host: "127.0.107.194" port: 38915 } } peers { permanent_uuid: "150cf0951ece4cf5a3143e2f8eb4fcef" member_type: VOTER last_known_addr { host: "127.0.107.195" port: 33197 } }
I20260630 12:12:41.483131  3301 raft_consensus.cc:385] T a65d270ba3004ebbac64f9dd0ce105c9 P e6959c7dcc464e318a2d2ca3d90c9884 [term 0 FOLLOWER]: Consensus starting up: Expiring failure detector timer to make a prompt election more likely
I20260630 12:12:41.483228  3302 raft_consensus.cc:385] T 7c63cf5cc91f49268b6ec6ff732a7108 P 150cf0951ece4cf5a3143e2f8eb4fcef [term 0 FOLLOWER]: Consensus starting up: Expiring failure detector timer to make a prompt election more likely
I20260630 12:12:41.483580  3301 raft_consensus.cc:740] T a65d270ba3004ebbac64f9dd0ce105c9 P e6959c7dcc464e318a2d2ca3d90c9884 [term 0 FOLLOWER]: Becoming Follower/Learner. State: Replica: e6959c7dcc464e318a2d2ca3d90c9884, State: Initialized, Role: FOLLOWER
I20260630 12:12:41.483624  3302 raft_consensus.cc:740] T 7c63cf5cc91f49268b6ec6ff732a7108 P 150cf0951ece4cf5a3143e2f8eb4fcef [term 0 FOLLOWER]: Becoming Follower/Learner. State: Replica: 150cf0951ece4cf5a3143e2f8eb4fcef, State: Initialized, Role: FOLLOWER
I20260630 12:12:41.484647  3301 consensus_queue.cc:260] T a65d270ba3004ebbac64f9dd0ce105c9 P e6959c7dcc464e318a2d2ca3d90c9884 [NON_LEADER]: Queue going to NON_LEADER mode. State: All replicated index: 0, Majority replicated index: 0, Committed index: 0, Last appended: 0.0, Last appended by leader: 0, Current term: 0, Majority size: -1, State: 0, Mode: NON_LEADER, active raft config: opid_index: -1 OBSOLETE_local: false peers { permanent_uuid: "e6959c7dcc464e318a2d2ca3d90c9884" member_type: VOTER last_known_addr { host: "127.0.107.193" port: 44689 } } peers { permanent_uuid: "150cf0951ece4cf5a3143e2f8eb4fcef" member_type: VOTER last_known_addr { host: "127.0.107.195" port: 33197 } } peers { permanent_uuid: "56c6ab3c806641489b35f4372f2de430" member_type: VOTER last_known_addr { host: "127.0.107.194" port: 38915 } }
I20260630 12:12:41.485255  3303 tablet_bootstrap.cc:654] T 8ce193133e214f88a19f378a22b48500 P 56c6ab3c806641489b35f4372f2de430: Neither blocks nor log segments found. Creating new log.
I20260630 12:12:41.484809  3302 consensus_queue.cc:260] T 7c63cf5cc91f49268b6ec6ff732a7108 P 150cf0951ece4cf5a3143e2f8eb4fcef [NON_LEADER]: Queue going to NON_LEADER mode. State: All replicated index: 0, Majority replicated index: 0, Committed index: 0, Last appended: 0.0, Last appended by leader: 0, Current term: 0, Majority size: -1, State: 0, Mode: NON_LEADER, active raft config: opid_index: -1 OBSOLETE_local: false peers { permanent_uuid: "e6959c7dcc464e318a2d2ca3d90c9884" member_type: VOTER last_known_addr { host: "127.0.107.193" port: 44689 } } peers { permanent_uuid: "56c6ab3c806641489b35f4372f2de430" member_type: VOTER last_known_addr { host: "127.0.107.194" port: 38915 } } peers { permanent_uuid: "150cf0951ece4cf5a3143e2f8eb4fcef" member_type: VOTER last_known_addr { host: "127.0.107.195" port: 33197 } }
I20260630 12:12:41.486946  3301 ts_tablet_manager.cc:1434] T a65d270ba3004ebbac64f9dd0ce105c9 P e6959c7dcc464e318a2d2ca3d90c9884: Time spent starting tablet: real 0.008s	user 0.004s	sys 0.004s
I20260630 12:12:41.487528  3302 ts_tablet_manager.cc:1434] T 7c63cf5cc91f49268b6ec6ff732a7108 P 150cf0951ece4cf5a3143e2f8eb4fcef: Time spent starting tablet: real 0.008s	user 0.006s	sys 0.000s
I20260630 12:12:41.488363  3301 tablet_bootstrap.cc:492] T 8ce193133e214f88a19f378a22b48500 P e6959c7dcc464e318a2d2ca3d90c9884: Bootstrap starting.
I20260630 12:12:41.488581  3302 tablet_bootstrap.cc:492] T 8ce193133e214f88a19f378a22b48500 P 150cf0951ece4cf5a3143e2f8eb4fcef: Bootstrap starting.
I20260630 12:12:41.496099  3301 tablet_bootstrap.cc:654] T 8ce193133e214f88a19f378a22b48500 P e6959c7dcc464e318a2d2ca3d90c9884: Neither blocks nor log segments found. Creating new log.
I20260630 12:12:41.496160  3302 tablet_bootstrap.cc:654] T 8ce193133e214f88a19f378a22b48500 P 150cf0951ece4cf5a3143e2f8eb4fcef: Neither blocks nor log segments found. Creating new log.
I20260630 12:12:41.509002  3301 tablet_bootstrap.cc:492] T 8ce193133e214f88a19f378a22b48500 P e6959c7dcc464e318a2d2ca3d90c9884: No bootstrap required, opened a new log
I20260630 12:12:41.509047  3302 tablet_bootstrap.cc:492] T 8ce193133e214f88a19f378a22b48500 P 150cf0951ece4cf5a3143e2f8eb4fcef: No bootstrap required, opened a new log
I20260630 12:12:41.510005  3301 ts_tablet_manager.cc:1403] T 8ce193133e214f88a19f378a22b48500 P e6959c7dcc464e318a2d2ca3d90c9884: Time spent bootstrapping tablet: real 0.022s	user 0.015s	sys 0.004s
I20260630 12:12:41.510080  3302 ts_tablet_manager.cc:1403] T 8ce193133e214f88a19f378a22b48500 P 150cf0951ece4cf5a3143e2f8eb4fcef: Time spent bootstrapping tablet: real 0.022s	user 0.011s	sys 0.009s
I20260630 12:12:41.513303  3301 raft_consensus.cc:359] T 8ce193133e214f88a19f378a22b48500 P e6959c7dcc464e318a2d2ca3d90c9884 [term 0 FOLLOWER]: Replica starting. Triggering 0 pending ops. Active config: opid_index: -1 OBSOLETE_local: false peers { permanent_uuid: "e6959c7dcc464e318a2d2ca3d90c9884" member_type: VOTER last_known_addr { host: "127.0.107.193" port: 44689 } } peers { permanent_uuid: "56c6ab3c806641489b35f4372f2de430" member_type: VOTER last_known_addr { host: "127.0.107.194" port: 38915 } } peers { permanent_uuid: "150cf0951ece4cf5a3143e2f8eb4fcef" member_type: VOTER last_known_addr { host: "127.0.107.195" port: 33197 } }
I20260630 12:12:41.513880  3301 raft_consensus.cc:385] T 8ce193133e214f88a19f378a22b48500 P e6959c7dcc464e318a2d2ca3d90c9884 [term 0 FOLLOWER]: Consensus starting up: Expiring failure detector timer to make a prompt election more likely
I20260630 12:12:41.513947  3303 tablet_bootstrap.cc:492] T 8ce193133e214f88a19f378a22b48500 P 56c6ab3c806641489b35f4372f2de430: No bootstrap required, opened a new log
I20260630 12:12:41.513639  3302 raft_consensus.cc:359] T 8ce193133e214f88a19f378a22b48500 P 150cf0951ece4cf5a3143e2f8eb4fcef [term 0 FOLLOWER]: Replica starting. Triggering 0 pending ops. Active config: opid_index: -1 OBSOLETE_local: false peers { permanent_uuid: "e6959c7dcc464e318a2d2ca3d90c9884" member_type: VOTER last_known_addr { host: "127.0.107.193" port: 44689 } } peers { permanent_uuid: "56c6ab3c806641489b35f4372f2de430" member_type: VOTER last_known_addr { host: "127.0.107.194" port: 38915 } } peers { permanent_uuid: "150cf0951ece4cf5a3143e2f8eb4fcef" member_type: VOTER last_known_addr { host: "127.0.107.195" port: 33197 } }
I20260630 12:12:41.514232  3301 raft_consensus.cc:740] T 8ce193133e214f88a19f378a22b48500 P e6959c7dcc464e318a2d2ca3d90c9884 [term 0 FOLLOWER]: Becoming Follower/Learner. State: Replica: e6959c7dcc464e318a2d2ca3d90c9884, State: Initialized, Role: FOLLOWER
I20260630 12:12:41.514376  3302 raft_consensus.cc:385] T 8ce193133e214f88a19f378a22b48500 P 150cf0951ece4cf5a3143e2f8eb4fcef [term 0 FOLLOWER]: Consensus starting up: Expiring failure detector timer to make a prompt election more likely
I20260630 12:12:41.514525  3303 ts_tablet_manager.cc:1403] T 8ce193133e214f88a19f378a22b48500 P 56c6ab3c806641489b35f4372f2de430: Time spent bootstrapping tablet: real 0.036s	user 0.020s	sys 0.011s
I20260630 12:12:41.514909  3302 raft_consensus.cc:740] T 8ce193133e214f88a19f378a22b48500 P 150cf0951ece4cf5a3143e2f8eb4fcef [term 0 FOLLOWER]: Becoming Follower/Learner. State: Replica: 150cf0951ece4cf5a3143e2f8eb4fcef, State: Initialized, Role: FOLLOWER
I20260630 12:12:41.514986  3301 consensus_queue.cc:260] T 8ce193133e214f88a19f378a22b48500 P e6959c7dcc464e318a2d2ca3d90c9884 [NON_LEADER]: Queue going to NON_LEADER mode. State: All replicated index: 0, Majority replicated index: 0, Committed index: 0, Last appended: 0.0, Last appended by leader: 0, Current term: 0, Majority size: -1, State: 0, Mode: NON_LEADER, active raft config: opid_index: -1 OBSOLETE_local: false peers { permanent_uuid: "e6959c7dcc464e318a2d2ca3d90c9884" member_type: VOTER last_known_addr { host: "127.0.107.193" port: 44689 } } peers { permanent_uuid: "56c6ab3c806641489b35f4372f2de430" member_type: VOTER last_known_addr { host: "127.0.107.194" port: 38915 } } peers { permanent_uuid: "150cf0951ece4cf5a3143e2f8eb4fcef" member_type: VOTER last_known_addr { host: "127.0.107.195" port: 33197 } }
I20260630 12:12:41.516996  3301 ts_tablet_manager.cc:1434] T 8ce193133e214f88a19f378a22b48500 P e6959c7dcc464e318a2d2ca3d90c9884: Time spent starting tablet: real 0.006s	user 0.004s	sys 0.000s
I20260630 12:12:41.517268  3302 consensus_queue.cc:260] T 8ce193133e214f88a19f378a22b48500 P 150cf0951ece4cf5a3143e2f8eb4fcef [NON_LEADER]: Queue going to NON_LEADER mode. State: All replicated index: 0, Majority replicated index: 0, Committed index: 0, Last appended: 0.0, Last appended by leader: 0, Current term: 0, Majority size: -1, State: 0, Mode: NON_LEADER, active raft config: opid_index: -1 OBSOLETE_local: false peers { permanent_uuid: "e6959c7dcc464e318a2d2ca3d90c9884" member_type: VOTER last_known_addr { host: "127.0.107.193" port: 44689 } } peers { permanent_uuid: "56c6ab3c806641489b35f4372f2de430" member_type: VOTER last_known_addr { host: "127.0.107.194" port: 38915 } } peers { permanent_uuid: "150cf0951ece4cf5a3143e2f8eb4fcef" member_type: VOTER last_known_addr { host: "127.0.107.195" port: 33197 } }
I20260630 12:12:41.517463  3303 raft_consensus.cc:359] T 8ce193133e214f88a19f378a22b48500 P 56c6ab3c806641489b35f4372f2de430 [term 0 FOLLOWER]: Replica starting. Triggering 0 pending ops. Active config: opid_index: -1 OBSOLETE_local: false peers { permanent_uuid: "e6959c7dcc464e318a2d2ca3d90c9884" member_type: VOTER last_known_addr { host: "127.0.107.193" port: 44689 } } peers { permanent_uuid: "56c6ab3c806641489b35f4372f2de430" member_type: VOTER last_known_addr { host: "127.0.107.194" port: 38915 } } peers { permanent_uuid: "150cf0951ece4cf5a3143e2f8eb4fcef" member_type: VOTER last_known_addr { host: "127.0.107.195" port: 33197 } }
I20260630 12:12:41.518227  3303 raft_consensus.cc:385] T 8ce193133e214f88a19f378a22b48500 P 56c6ab3c806641489b35f4372f2de430 [term 0 FOLLOWER]: Consensus starting up: Expiring failure detector timer to make a prompt election more likely
I20260630 12:12:41.518591  3303 raft_consensus.cc:740] T 8ce193133e214f88a19f378a22b48500 P 56c6ab3c806641489b35f4372f2de430 [term 0 FOLLOWER]: Becoming Follower/Learner. State: Replica: 56c6ab3c806641489b35f4372f2de430, State: Initialized, Role: FOLLOWER
I20260630 12:12:41.519469  3303 consensus_queue.cc:260] T 8ce193133e214f88a19f378a22b48500 P 56c6ab3c806641489b35f4372f2de430 [NON_LEADER]: Queue going to NON_LEADER mode. State: All replicated index: 0, Majority replicated index: 0, Committed index: 0, Last appended: 0.0, Last appended by leader: 0, Current term: 0, Majority size: -1, State: 0, Mode: NON_LEADER, active raft config: opid_index: -1 OBSOLETE_local: false peers { permanent_uuid: "e6959c7dcc464e318a2d2ca3d90c9884" member_type: VOTER last_known_addr { host: "127.0.107.193" port: 44689 } } peers { permanent_uuid: "56c6ab3c806641489b35f4372f2de430" member_type: VOTER last_known_addr { host: "127.0.107.194" port: 38915 } } peers { permanent_uuid: "150cf0951ece4cf5a3143e2f8eb4fcef" member_type: VOTER last_known_addr { host: "127.0.107.195" port: 33197 } }
I20260630 12:12:41.520519  3302 ts_tablet_manager.cc:1434] T 8ce193133e214f88a19f378a22b48500 P 150cf0951ece4cf5a3143e2f8eb4fcef: Time spent starting tablet: real 0.010s	user 0.007s	sys 0.001s
I20260630 12:12:41.523407  3303 ts_tablet_manager.cc:1434] T 8ce193133e214f88a19f378a22b48500 P 56c6ab3c806641489b35f4372f2de430: Time spent starting tablet: real 0.008s	user 0.005s	sys 0.001s
I20260630 12:12:41.525019  3303 tablet_bootstrap.cc:492] T 7c63cf5cc91f49268b6ec6ff732a7108 P 56c6ab3c806641489b35f4372f2de430: Bootstrap starting.
I20260630 12:12:41.532905  3303 tablet_bootstrap.cc:654] T 7c63cf5cc91f49268b6ec6ff732a7108 P 56c6ab3c806641489b35f4372f2de430: Neither blocks nor log segments found. Creating new log.
I20260630 12:12:41.533087  3309 raft_consensus.cc:493] T 3ba0bcc26c734f059ba669f5138a1c78 P 56c6ab3c806641489b35f4372f2de430 [term 0 FOLLOWER]: Starting pre-election (no leader contacted us within the election timeout)
I20260630 12:12:41.533691  3309 raft_consensus.cc:515] T 3ba0bcc26c734f059ba669f5138a1c78 P 56c6ab3c806641489b35f4372f2de430 [term 0 FOLLOWER]: Starting pre-election with config: opid_index: -1 OBSOLETE_local: false peers { permanent_uuid: "e6959c7dcc464e318a2d2ca3d90c9884" member_type: VOTER last_known_addr { host: "127.0.107.193" port: 44689 } } peers { permanent_uuid: "56c6ab3c806641489b35f4372f2de430" member_type: VOTER last_known_addr { host: "127.0.107.194" port: 38915 } } peers { permanent_uuid: "150cf0951ece4cf5a3143e2f8eb4fcef" member_type: VOTER last_known_addr { host: "127.0.107.195" port: 33197 } }
I20260630 12:12:41.537263  3309 leader_election.cc:290] T 3ba0bcc26c734f059ba669f5138a1c78 P 56c6ab3c806641489b35f4372f2de430 [CANDIDATE]: Term 1 pre-election: Requested pre-vote from peers e6959c7dcc464e318a2d2ca3d90c9884 (127.0.107.193:44689), 150cf0951ece4cf5a3143e2f8eb4fcef (127.0.107.195:33197)
I20260630 12:12:41.538168  3303 tablet_bootstrap.cc:492] T 7c63cf5cc91f49268b6ec6ff732a7108 P 56c6ab3c806641489b35f4372f2de430: No bootstrap required, opened a new log
I20260630 12:12:41.538774  3303 ts_tablet_manager.cc:1403] T 7c63cf5cc91f49268b6ec6ff732a7108 P 56c6ab3c806641489b35f4372f2de430: Time spent bootstrapping tablet: real 0.014s	user 0.004s	sys 0.007s
I20260630 12:12:41.541802  3303 raft_consensus.cc:359] T 7c63cf5cc91f49268b6ec6ff732a7108 P 56c6ab3c806641489b35f4372f2de430 [term 0 FOLLOWER]: Replica starting. Triggering 0 pending ops. Active config: opid_index: -1 OBSOLETE_local: false peers { permanent_uuid: "e6959c7dcc464e318a2d2ca3d90c9884" member_type: VOTER last_known_addr { host: "127.0.107.193" port: 44689 } } peers { permanent_uuid: "56c6ab3c806641489b35f4372f2de430" member_type: VOTER last_known_addr { host: "127.0.107.194" port: 38915 } } peers { permanent_uuid: "150cf0951ece4cf5a3143e2f8eb4fcef" member_type: VOTER last_known_addr { host: "127.0.107.195" port: 33197 } }
I20260630 12:12:41.543655  3303 raft_consensus.cc:385] T 7c63cf5cc91f49268b6ec6ff732a7108 P 56c6ab3c806641489b35f4372f2de430 [term 0 FOLLOWER]: Consensus starting up: Expiring failure detector timer to make a prompt election more likely
I20260630 12:12:41.544271  3303 raft_consensus.cc:740] T 7c63cf5cc91f49268b6ec6ff732a7108 P 56c6ab3c806641489b35f4372f2de430 [term 0 FOLLOWER]: Becoming Follower/Learner. State: Replica: 56c6ab3c806641489b35f4372f2de430, State: Initialized, Role: FOLLOWER
I20260630 12:12:41.545615  3303 consensus_queue.cc:260] T 7c63cf5cc91f49268b6ec6ff732a7108 P 56c6ab3c806641489b35f4372f2de430 [NON_LEADER]: Queue going to NON_LEADER mode. State: All replicated index: 0, Majority replicated index: 0, Committed index: 0, Last appended: 0.0, Last appended by leader: 0, Current term: 0, Majority size: -1, State: 0, Mode: NON_LEADER, active raft config: opid_index: -1 OBSOLETE_local: false peers { permanent_uuid: "e6959c7dcc464e318a2d2ca3d90c9884" member_type: VOTER last_known_addr { host: "127.0.107.193" port: 44689 } } peers { permanent_uuid: "56c6ab3c806641489b35f4372f2de430" member_type: VOTER last_known_addr { host: "127.0.107.194" port: 38915 } } peers { permanent_uuid: "150cf0951ece4cf5a3143e2f8eb4fcef" member_type: VOTER last_known_addr { host: "127.0.107.195" port: 33197 } }
I20260630 12:12:41.547996  3303 ts_tablet_manager.cc:1434] T 7c63cf5cc91f49268b6ec6ff732a7108 P 56c6ab3c806641489b35f4372f2de430: Time spent starting tablet: real 0.009s	user 0.008s	sys 0.000s
I20260630 12:12:41.554359  3106 tablet_service.cc:1917] Received RequestConsensusVote() RPC: tablet_id: "3ba0bcc26c734f059ba669f5138a1c78" candidate_uuid: "56c6ab3c806641489b35f4372f2de430" candidate_term: 1 candidate_status { last_received { term: 0 index: 0 } } ignore_live_leader: false dest_uuid: "e6959c7dcc464e318a2d2ca3d90c9884" is_pre_election: true
I20260630 12:12:41.555207  3106 raft_consensus.cc:2468] T 3ba0bcc26c734f059ba669f5138a1c78 P e6959c7dcc464e318a2d2ca3d90c9884 [term 0 FOLLOWER]: Leader pre-election vote request: Granting yes vote for candidate 56c6ab3c806641489b35f4372f2de430 in term 0.
I20260630 12:12:41.556509  3255 tablet_service.cc:1917] Received RequestConsensusVote() RPC: tablet_id: "3ba0bcc26c734f059ba669f5138a1c78" candidate_uuid: "56c6ab3c806641489b35f4372f2de430" candidate_term: 1 candidate_status { last_received { term: 0 index: 0 } } ignore_live_leader: false dest_uuid: "150cf0951ece4cf5a3143e2f8eb4fcef" is_pre_election: true
I20260630 12:12:41.556566  3144 leader_election.cc:304] T 3ba0bcc26c734f059ba669f5138a1c78 P 56c6ab3c806641489b35f4372f2de430 [CANDIDATE]: Term 1 pre-election: Election decided. Result: candidate won. Election summary: received 2 responses out of 3 voters: 2 yes votes; 0 no votes. yes voters: 56c6ab3c806641489b35f4372f2de430, e6959c7dcc464e318a2d2ca3d90c9884; no voters: 
I20260630 12:12:41.557343  3255 raft_consensus.cc:2468] T 3ba0bcc26c734f059ba669f5138a1c78 P 150cf0951ece4cf5a3143e2f8eb4fcef [term 0 FOLLOWER]: Leader pre-election vote request: Granting yes vote for candidate 56c6ab3c806641489b35f4372f2de430 in term 0.
I20260630 12:12:41.557600  3309 raft_consensus.cc:2804] T 3ba0bcc26c734f059ba669f5138a1c78 P 56c6ab3c806641489b35f4372f2de430 [term 0 FOLLOWER]: Leader pre-election won for term 1
I20260630 12:12:41.558027  3309 raft_consensus.cc:493] T 3ba0bcc26c734f059ba669f5138a1c78 P 56c6ab3c806641489b35f4372f2de430 [term 0 FOLLOWER]: Starting leader election (no leader contacted us within the election timeout)
I20260630 12:12:41.558343  3309 raft_consensus.cc:3060] T 3ba0bcc26c734f059ba669f5138a1c78 P 56c6ab3c806641489b35f4372f2de430 [term 0 FOLLOWER]: Advancing to term 1
I20260630 12:12:41.563758  3309 raft_consensus.cc:515] T 3ba0bcc26c734f059ba669f5138a1c78 P 56c6ab3c806641489b35f4372f2de430 [term 1 FOLLOWER]: Starting leader election with config: opid_index: -1 OBSOLETE_local: false peers { permanent_uuid: "e6959c7dcc464e318a2d2ca3d90c9884" member_type: VOTER last_known_addr { host: "127.0.107.193" port: 44689 } } peers { permanent_uuid: "56c6ab3c806641489b35f4372f2de430" member_type: VOTER last_known_addr { host: "127.0.107.194" port: 38915 } } peers { permanent_uuid: "150cf0951ece4cf5a3143e2f8eb4fcef" member_type: VOTER last_known_addr { host: "127.0.107.195" port: 33197 } }
I20260630 12:12:41.565760  3309 leader_election.cc:290] T 3ba0bcc26c734f059ba669f5138a1c78 P 56c6ab3c806641489b35f4372f2de430 [CANDIDATE]: Term 1 election: Requested vote from peers e6959c7dcc464e318a2d2ca3d90c9884 (127.0.107.193:44689), 150cf0951ece4cf5a3143e2f8eb4fcef (127.0.107.195:33197)
I20260630 12:12:41.566326  3106 tablet_service.cc:1917] Received RequestConsensusVote() RPC: tablet_id: "3ba0bcc26c734f059ba669f5138a1c78" candidate_uuid: "56c6ab3c806641489b35f4372f2de430" candidate_term: 1 candidate_status { last_received { term: 0 index: 0 } } ignore_live_leader: false dest_uuid: "e6959c7dcc464e318a2d2ca3d90c9884"
I20260630 12:12:41.566747  3255 tablet_service.cc:1917] Received RequestConsensusVote() RPC: tablet_id: "3ba0bcc26c734f059ba669f5138a1c78" candidate_uuid: "56c6ab3c806641489b35f4372f2de430" candidate_term: 1 candidate_status { last_received { term: 0 index: 0 } } ignore_live_leader: false dest_uuid: "150cf0951ece4cf5a3143e2f8eb4fcef"
I20260630 12:12:41.566946  3106 raft_consensus.cc:3060] T 3ba0bcc26c734f059ba669f5138a1c78 P e6959c7dcc464e318a2d2ca3d90c9884 [term 0 FOLLOWER]: Advancing to term 1
I20260630 12:12:41.567329  3255 raft_consensus.cc:3060] T 3ba0bcc26c734f059ba669f5138a1c78 P 150cf0951ece4cf5a3143e2f8eb4fcef [term 0 FOLLOWER]: Advancing to term 1
I20260630 12:12:41.574334  3255 raft_consensus.cc:2468] T 3ba0bcc26c734f059ba669f5138a1c78 P 150cf0951ece4cf5a3143e2f8eb4fcef [term 1 FOLLOWER]: Leader election vote request: Granting yes vote for candidate 56c6ab3c806641489b35f4372f2de430 in term 1.
I20260630 12:12:41.574334  3106 raft_consensus.cc:2468] T 3ba0bcc26c734f059ba669f5138a1c78 P e6959c7dcc464e318a2d2ca3d90c9884 [term 1 FOLLOWER]: Leader election vote request: Granting yes vote for candidate 56c6ab3c806641489b35f4372f2de430 in term 1.
I20260630 12:12:41.575580  3144 leader_election.cc:304] T 3ba0bcc26c734f059ba669f5138a1c78 P 56c6ab3c806641489b35f4372f2de430 [CANDIDATE]: Term 1 election: Election decided. Result: candidate won. Election summary: received 2 responses out of 3 voters: 2 yes votes; 0 no votes. yes voters: 56c6ab3c806641489b35f4372f2de430, e6959c7dcc464e318a2d2ca3d90c9884; no voters: 
I20260630 12:12:41.576333  3309 raft_consensus.cc:2804] T 3ba0bcc26c734f059ba669f5138a1c78 P 56c6ab3c806641489b35f4372f2de430 [term 1 FOLLOWER]: Leader election won for term 1
I20260630 12:12:41.577472  3309 raft_consensus.cc:697] T 3ba0bcc26c734f059ba669f5138a1c78 P 56c6ab3c806641489b35f4372f2de430 [term 1 LEADER]: Becoming Leader. State: Replica: 56c6ab3c806641489b35f4372f2de430, State: Running, Role: LEADER
I20260630 12:12:41.578135  3309 consensus_queue.cc:237] T 3ba0bcc26c734f059ba669f5138a1c78 P 56c6ab3c806641489b35f4372f2de430 [LEADER]: Queue going to LEADER mode. State: All replicated index: 0, Majority replicated index: 0, Committed index: 0, Last appended: 0.0, Last appended by leader: 0, Current term: 1, Majority size: 2, State: 0, Mode: LEADER, active raft config: opid_index: -1 OBSOLETE_local: false peers { permanent_uuid: "e6959c7dcc464e318a2d2ca3d90c9884" member_type: VOTER last_known_addr { host: "127.0.107.193" port: 44689 } } peers { permanent_uuid: "56c6ab3c806641489b35f4372f2de430" member_type: VOTER last_known_addr { host: "127.0.107.194" port: 38915 } } peers { permanent_uuid: "150cf0951ece4cf5a3143e2f8eb4fcef" member_type: VOTER last_known_addr { host: "127.0.107.195" port: 33197 } }
I20260630 12:12:41.585984  3307 raft_consensus.cc:493] T a65d270ba3004ebbac64f9dd0ce105c9 P 150cf0951ece4cf5a3143e2f8eb4fcef [term 0 FOLLOWER]: Starting pre-election (no leader contacted us within the election timeout)
I20260630 12:12:41.586360  3309 raft_consensus.cc:493] T 8ce193133e214f88a19f378a22b48500 P 56c6ab3c806641489b35f4372f2de430 [term 0 FOLLOWER]: Starting pre-election (no leader contacted us within the election timeout)
I20260630 12:12:41.585781  3002 catalog_manager.cc:5697] T 3ba0bcc26c734f059ba669f5138a1c78 P 56c6ab3c806641489b35f4372f2de430 reported cstate change: term changed from 0 to 1, leader changed from <none> to 56c6ab3c806641489b35f4372f2de430 (127.0.107.194). New cstate: current_term: 1 leader_uuid: "56c6ab3c806641489b35f4372f2de430" committed_config { opid_index: -1 OBSOLETE_local: false peers { permanent_uuid: "e6959c7dcc464e318a2d2ca3d90c9884" member_type: VOTER last_known_addr { host: "127.0.107.193" port: 44689 } health_report { overall_health: UNKNOWN } } peers { permanent_uuid: "56c6ab3c806641489b35f4372f2de430" member_type: VOTER last_known_addr { host: "127.0.107.194" port: 38915 } health_report { overall_health: HEALTHY } } peers { permanent_uuid: "150cf0951ece4cf5a3143e2f8eb4fcef" member_type: VOTER last_known_addr { host: "127.0.107.195" port: 33197 } health_report { overall_health: UNKNOWN } } }
I20260630 12:12:41.586433  3307 raft_consensus.cc:515] T a65d270ba3004ebbac64f9dd0ce105c9 P 150cf0951ece4cf5a3143e2f8eb4fcef [term 0 FOLLOWER]: Starting pre-election with config: opid_index: -1 OBSOLETE_local: false peers { permanent_uuid: "e6959c7dcc464e318a2d2ca3d90c9884" member_type: VOTER last_known_addr { host: "127.0.107.193" port: 44689 } } peers { permanent_uuid: "150cf0951ece4cf5a3143e2f8eb4fcef" member_type: VOTER last_known_addr { host: "127.0.107.195" port: 33197 } } peers { permanent_uuid: "56c6ab3c806641489b35f4372f2de430" member_type: VOTER last_known_addr { host: "127.0.107.194" port: 38915 } }
I20260630 12:12:41.586920  3309 raft_consensus.cc:515] T 8ce193133e214f88a19f378a22b48500 P 56c6ab3c806641489b35f4372f2de430 [term 0 FOLLOWER]: Starting pre-election with config: opid_index: -1 OBSOLETE_local: false peers { permanent_uuid: "e6959c7dcc464e318a2d2ca3d90c9884" member_type: VOTER last_known_addr { host: "127.0.107.193" port: 44689 } } peers { permanent_uuid: "56c6ab3c806641489b35f4372f2de430" member_type: VOTER last_known_addr { host: "127.0.107.194" port: 38915 } } peers { permanent_uuid: "150cf0951ece4cf5a3143e2f8eb4fcef" member_type: VOTER last_known_addr { host: "127.0.107.195" port: 33197 } }
I20260630 12:12:41.588707  3309 leader_election.cc:290] T 8ce193133e214f88a19f378a22b48500 P 56c6ab3c806641489b35f4372f2de430 [CANDIDATE]: Term 1 pre-election: Requested pre-vote from peers e6959c7dcc464e318a2d2ca3d90c9884 (127.0.107.193:44689), 150cf0951ece4cf5a3143e2f8eb4fcef (127.0.107.195:33197)
I20260630 12:12:41.589651  3255 tablet_service.cc:1917] Received RequestConsensusVote() RPC: tablet_id: "8ce193133e214f88a19f378a22b48500" candidate_uuid: "56c6ab3c806641489b35f4372f2de430" candidate_term: 1 candidate_status { last_received { term: 0 index: 0 } } ignore_live_leader: false dest_uuid: "150cf0951ece4cf5a3143e2f8eb4fcef" is_pre_election: true
I20260630 12:12:41.590401  3255 raft_consensus.cc:2468] T 8ce193133e214f88a19f378a22b48500 P 150cf0951ece4cf5a3143e2f8eb4fcef [term 0 FOLLOWER]: Leader pre-election vote request: Granting yes vote for candidate 56c6ab3c806641489b35f4372f2de430 in term 0.
I20260630 12:12:41.590864  3307 leader_election.cc:290] T a65d270ba3004ebbac64f9dd0ce105c9 P 150cf0951ece4cf5a3143e2f8eb4fcef [CANDIDATE]: Term 1 pre-election: Requested pre-vote from peers e6959c7dcc464e318a2d2ca3d90c9884 (127.0.107.193:44689), 56c6ab3c806641489b35f4372f2de430 (127.0.107.194:38915)
I20260630 12:12:41.589401  3106 tablet_service.cc:1917] Received RequestConsensusVote() RPC: tablet_id: "8ce193133e214f88a19f378a22b48500" candidate_uuid: "56c6ab3c806641489b35f4372f2de430" candidate_term: 1 candidate_status { last_received { term: 0 index: 0 } } ignore_live_leader: false dest_uuid: "e6959c7dcc464e318a2d2ca3d90c9884" is_pre_election: true
I20260630 12:12:41.593701  3106 raft_consensus.cc:2468] T 8ce193133e214f88a19f378a22b48500 P e6959c7dcc464e318a2d2ca3d90c9884 [term 0 FOLLOWER]: Leader pre-election vote request: Granting yes vote for candidate 56c6ab3c806641489b35f4372f2de430 in term 0.
