I20260630 12:11:09.129585  1292 raft_consensus.cc:740] T c0143d2b7b9a49ddb21179a8c31e603a P f2211db0bc7745d0bb042ce641cdeca2 [term 0 FOLLOWER]: Becoming Follower/Learner. State: Replica: f2211db0bc7745d0bb042ce641cdeca2, State: Initialized, Role: FOLLOWER
I20260630 12:11:09.130301  1292 consensus_queue.cc:260] T c0143d2b7b9a49ddb21179a8c31e603a P f2211db0bc7745d0bb042ce641cdeca2 [NON_LEADER]: Queue going to NON_LEADER mode. State: All replicated index: 0, Majority replicated index: 0, Committed index: 0, Last appended: 0.0, Last appended by leader: 0, Current term: 0, Majority size: -1, State: 0, Mode: NON_LEADER, active raft config: opid_index: -1 OBSOLETE_local: false peers { permanent_uuid: "762ffd29440b4d71b1450afd536d0cdc" member_type: VOTER last_known_addr { host: "127.0.107.193" port: 43073 } } peers { permanent_uuid: "f2211db0bc7745d0bb042ce641cdeca2" member_type: VOTER last_known_addr { host: "127.0.107.194" port: 41445 } } peers { permanent_uuid: "1555e76419b04a84a854196a12633428" member_type: VOTER last_known_addr { host: "127.0.107.195" port: 38057 } }
I20260630 12:11:09.124749  1322 raft_consensus.cc:493] T 88fa3f5de299436baf712ac79f5401fe P f2211db0bc7745d0bb042ce641cdeca2 [term 0 FOLLOWER]: Starting pre-election (no leader contacted us within the election timeout)
I20260630 12:11:09.125788  1099 tablet_service.cc:1917] Received RequestConsensusVote() RPC: tablet_id: "b2ebd3a7a72a49f9b19a6d7f56bfe1c7" candidate_uuid: "f2211db0bc7745d0bb042ce641cdeca2" candidate_term: 1 candidate_status { last_received { term: 0 index: 0 } } ignore_live_leader: false dest_uuid: "762ffd29440b4d71b1450afd536d0cdc"
I20260630 12:11:09.132885  1292 ts_tablet_manager.cc:1434] T c0143d2b7b9a49ddb21179a8c31e603a P f2211db0bc7745d0bb042ce641cdeca2: Time spent starting tablet: real 0.012s	user 0.001s	sys 0.002s
I20260630 12:11:09.125027  1248 raft_consensus.cc:2468] T 834339ecce21452e90f3351a25ab8c7c P 1555e76419b04a84a854196a12633428 [term 1 FOLLOWER]: Leader election vote request: Granting yes vote for candidate 762ffd29440b4d71b1450afd536d0cdc in term 1.
I20260630 12:11:09.133848  1292 tablet_bootstrap.cc:492] T 34fbada5eef04f8c9761c1472b726354 P f2211db0bc7745d0bb042ce641cdeca2: Bootstrap starting.
I20260630 12:11:09.126730  1294 raft_consensus.cc:3060] T e2dd52b68bf544a58e0041b373058f9d P f2211db0bc7745d0bb042ce641cdeca2 [term 0 FOLLOWER]: Advancing to term 1
I20260630 12:11:09.128239  1050 auto_leader_rebalancer.cc:141] leader rebalance for table test-workload
W20260630 12:11:09.135906  1050 auto_leader_rebalancer.cc:524] the master instance isn't leader: Service unavailable: Tablet not running
I20260630 12:11:09.126883  1247 tablet_service.cc:1917] Received RequestConsensusVote() RPC: tablet_id: "b2ebd3a7a72a49f9b19a6d7f56bfe1c7" candidate_uuid: "f2211db0bc7745d0bb042ce641cdeca2" candidate_term: 1 candidate_status { last_received { term: 0 index: 0 } } ignore_live_leader: false dest_uuid: "1555e76419b04a84a854196a12633428"
I20260630 12:11:09.136550  1247 raft_consensus.cc:3060] T b2ebd3a7a72a49f9b19a6d7f56bfe1c7 P 1555e76419b04a84a854196a12633428 [term 0 FOLLOWER]: Advancing to term 1
W20260630 12:11:09.137547  1139 leader_election.cc:343] T b2ebd3a7a72a49f9b19a6d7f56bfe1c7 P f2211db0bc7745d0bb042ce641cdeca2 [CANDIDATE]: Term 1 election: Tablet error from VoteRequest() call to peer 762ffd29440b4d71b1450afd536d0cdc (127.0.107.193:43073): Illegal state: must be running to vote when last-logged opid is not known
I20260630 12:11:09.133811  1322 raft_consensus.cc:515] T 88fa3f5de299436baf712ac79f5401fe P f2211db0bc7745d0bb042ce641cdeca2 [term 0 FOLLOWER]: Starting pre-election with config: opid_index: -1 OBSOLETE_local: false peers { permanent_uuid: "762ffd29440b4d71b1450afd536d0cdc" member_type: VOTER last_known_addr { host: "127.0.107.193" port: 43073 } } peers { permanent_uuid: "f2211db0bc7745d0bb042ce641cdeca2" member_type: VOTER last_known_addr { host: "127.0.107.194" port: 41445 } } peers { permanent_uuid: "1555e76419b04a84a854196a12633428" member_type: VOTER last_known_addr { host: "127.0.107.195" port: 38057 } }
I20260630 12:11:09.126111  1173 tablet_service.cc:1917] Received RequestConsensusVote() RPC: tablet_id: "b2ebd3a7a72a49f9b19a6d7f56bfe1c7" candidate_uuid: "1555e76419b04a84a854196a12633428" candidate_term: 1 candidate_status { last_received { term: 0 index: 0 } } ignore_live_leader: false dest_uuid: "f2211db0bc7745d0bb042ce641cdeca2" is_pre_election: true
I20260630 12:11:09.138952  1173 raft_consensus.cc:2393] T b2ebd3a7a72a49f9b19a6d7f56bfe1c7 P f2211db0bc7745d0bb042ce641cdeca2 [term 1 FOLLOWER]: Leader pre-election vote request: Denying vote to candidate 1555e76419b04a84a854196a12633428 in current term 1: Already voted for candidate f2211db0bc7745d0bb042ce641cdeca2 in this term.
I20260630 12:11:09.126526  1174 tablet_service.cc:1917] Received RequestConsensusVote() RPC: tablet_id: "834339ecce21452e90f3351a25ab8c7c" candidate_uuid: "1555e76419b04a84a854196a12633428" candidate_term: 1 candidate_status { last_received { term: 0 index: 0 } } ignore_live_leader: false dest_uuid: "f2211db0bc7745d0bb042ce641cdeca2" is_pre_election: true
I20260630 12:11:09.155059  1097 tablet_service.cc:1917] Received RequestConsensusVote() RPC: tablet_id: "88fa3f5de299436baf712ac79f5401fe" candidate_uuid: "f2211db0bc7745d0bb042ce641cdeca2" candidate_term: 1 candidate_status { last_received { term: 0 index: 0 } } ignore_live_leader: false dest_uuid: "762ffd29440b4d71b1450afd536d0cdc" is_pre_election: true
I20260630 12:11:09.153947  1248 tablet_service.cc:1917] Received RequestConsensusVote() RPC: tablet_id: "88fa3f5de299436baf712ac79f5401fe" candidate_uuid: "f2211db0bc7745d0bb042ce641cdeca2" candidate_term: 1 candidate_status { last_received { term: 0 index: 0 } } ignore_live_leader: false dest_uuid: "1555e76419b04a84a854196a12633428" is_pre_election: true
I20260630 12:11:09.148097  1292 tablet_bootstrap.cc:654] T 34fbada5eef04f8c9761c1472b726354 P f2211db0bc7745d0bb042ce641cdeca2: Neither blocks nor log segments found. Creating new log.
I20260630 12:11:09.133217  1323 raft_consensus.cc:493] T 90fe35b7b5fc4c5aa868f7a122f6bd3b P f2211db0bc7745d0bb042ce641cdeca2 [term 0 FOLLOWER]: Starting pre-election (no leader contacted us within the election timeout)
I20260630 12:11:09.157450  1097 raft_consensus.cc:2468] T 88fa3f5de299436baf712ac79f5401fe P 762ffd29440b4d71b1450afd536d0cdc [term 0 FOLLOWER]: Leader pre-election vote request: Granting yes vote for candidate f2211db0bc7745d0bb042ce641cdeca2 in term 0.
I20260630 12:11:09.146622  1247 raft_consensus.cc:2468] T b2ebd3a7a72a49f9b19a6d7f56bfe1c7 P 1555e76419b04a84a854196a12633428 [term 1 FOLLOWER]: Leader election vote request: Granting yes vote for candidate f2211db0bc7745d0bb042ce641cdeca2 in term 1.
W20260630 12:11:09.158416  1139 leader_election.cc:343] T 88fa3f5de299436baf712ac79f5401fe P f2211db0bc7745d0bb042ce641cdeca2 [CANDIDATE]: Term 1 pre-election: Tablet error from VoteRequest() call to peer 1555e76419b04a84a854196a12633428 (127.0.107.195:38057): Illegal state: must be running to vote when last-logged opid is not known
I20260630 12:11:09.159150  1139 leader_election.cc:304] T 88fa3f5de299436baf712ac79f5401fe P f2211db0bc7745d0bb042ce641cdeca2 [CANDIDATE]: Term 1 pre-election: Election decided. Result: candidate won. Election summary: received 3 responses out of 3 voters: 2 yes votes; 1 no votes. yes voters: 762ffd29440b4d71b1450afd536d0cdc, f2211db0bc7745d0bb042ce641cdeca2; no voters: 1555e76419b04a84a854196a12633428
I20260630 12:11:09.144706  1294 raft_consensus.cc:515] T e2dd52b68bf544a58e0041b373058f9d P f2211db0bc7745d0bb042ce641cdeca2 [term 1 FOLLOWER]: Starting leader election with config: opid_index: -1 OBSOLETE_local: false peers { permanent_uuid: "762ffd29440b4d71b1450afd536d0cdc" member_type: VOTER last_known_addr { host: "127.0.107.193" port: 43073 } } peers { permanent_uuid: "f2211db0bc7745d0bb042ce641cdeca2" member_type: VOTER last_known_addr { host: "127.0.107.194" port: 41445 } } peers { permanent_uuid: "1555e76419b04a84a854196a12633428" member_type: VOTER last_known_addr { host: "127.0.107.195" port: 38057 } }
I20260630 12:11:09.156955  1174 raft_consensus.cc:2393] T 834339ecce21452e90f3351a25ab8c7c P f2211db0bc7745d0bb042ce641cdeca2 [term 1 FOLLOWER]: Leader pre-election vote request: Denying vote to candidate 1555e76419b04a84a854196a12633428 in current term 1: Already voted for candidate 762ffd29440b4d71b1450afd536d0cdc in this term.
I20260630 12:11:09.157800  1323 raft_consensus.cc:515] T 90fe35b7b5fc4c5aa868f7a122f6bd3b P f2211db0bc7745d0bb042ce641cdeca2 [term 0 FOLLOWER]: Starting pre-election with config: opid_index: -1 OBSOLETE_local: false peers { permanent_uuid: "762ffd29440b4d71b1450afd536d0cdc" member_type: VOTER last_known_addr { host: "127.0.107.193" port: 43073 } } peers { permanent_uuid: "f2211db0bc7745d0bb042ce641cdeca2" member_type: VOTER last_known_addr { host: "127.0.107.194" port: 41445 } } peers { permanent_uuid: "1555e76419b04a84a854196a12633428" member_type: VOTER last_known_addr { host: "127.0.107.195" port: 38057 } }
I20260630 12:11:09.152737  1322 leader_election.cc:290] T 88fa3f5de299436baf712ac79f5401fe P f2211db0bc7745d0bb042ce641cdeca2 [CANDIDATE]: Term 1 pre-election: Requested pre-vote from peers 762ffd29440b4d71b1450afd536d0cdc (127.0.107.193:43073), 1555e76419b04a84a854196a12633428 (127.0.107.195:38057)
I20260630 12:11:09.153462  1099 tablet_service.cc:1917] Received RequestConsensusVote() RPC: tablet_id: "834339ecce21452e90f3351a25ab8c7c" candidate_uuid: "1555e76419b04a84a854196a12633428" candidate_term: 1 candidate_status { last_received { term: 0 index: 0 } } ignore_live_leader: false dest_uuid: "762ffd29440b4d71b1450afd536d0cdc" is_pre_election: true
I20260630 12:11:09.162693  1322 raft_consensus.cc:2804] T 88fa3f5de299436baf712ac79f5401fe P f2211db0bc7745d0bb042ce641cdeca2 [term 0 FOLLOWER]: Leader pre-election won for term 1
I20260630 12:11:09.162863  1294 leader_election.cc:290] T e2dd52b68bf544a58e0041b373058f9d P f2211db0bc7745d0bb042ce641cdeca2 [CANDIDATE]: Term 1 election: Requested vote from peers 762ffd29440b4d71b1450afd536d0cdc (127.0.107.193:43073), 1555e76419b04a84a854196a12633428 (127.0.107.195:38057)
I20260630 12:11:09.153963  1098 tablet_service.cc:1917] Received RequestConsensusVote() RPC: tablet_id: "b2ebd3a7a72a49f9b19a6d7f56bfe1c7" candidate_uuid: "1555e76419b04a84a854196a12633428" candidate_term: 1 candidate_status { last_received { term: 0 index: 0 } } ignore_live_leader: false dest_uuid: "762ffd29440b4d71b1450afd536d0cdc" is_pre_election: true
I20260630 12:11:09.171216  1213 leader_election.cc:304] T 834339ecce21452e90f3351a25ab8c7c P 1555e76419b04a84a854196a12633428 [CANDIDATE]: Term 1 pre-election: Election decided. Result: candidate lost. Election summary: received 3 responses out of 3 voters: 1 yes votes; 2 no votes. yes voters: 1555e76419b04a84a854196a12633428; no voters: 762ffd29440b4d71b1450afd536d0cdc, f2211db0bc7745d0bb042ce641cdeca2
I20260630 12:11:09.163061  1322 raft_consensus.cc:493] T 88fa3f5de299436baf712ac79f5401fe P f2211db0bc7745d0bb042ce641cdeca2 [term 0 FOLLOWER]: Starting leader election (no leader contacted us within the election timeout)
W20260630 12:11:09.184180  1213 leader_election.cc:343] T b2ebd3a7a72a49f9b19a6d7f56bfe1c7 P 1555e76419b04a84a854196a12633428 [CANDIDATE]: Term 1 pre-election: Tablet error from VoteRequest() call to peer 762ffd29440b4d71b1450afd536d0cdc (127.0.107.193:43073): Illegal state: must be running to vote when last-logged opid is not known
I20260630 12:11:09.178045  1318 raft_consensus.cc:2749] T 834339ecce21452e90f3351a25ab8c7c P 1555e76419b04a84a854196a12633428 [term 1 FOLLOWER]: Leader pre-election lost for term 1. Reason: could not achieve majority
I20260630 12:11:09.184859  1213 leader_election.cc:304] T b2ebd3a7a72a49f9b19a6d7f56bfe1c7 P 1555e76419b04a84a854196a12633428 [CANDIDATE]: Term 1 pre-election: Election decided. Result: candidate lost. Election summary: received 3 responses out of 3 voters: 1 yes votes; 2 no votes. yes voters: 1555e76419b04a84a854196a12633428; no voters: 762ffd29440b4d71b1450afd536d0cdc, f2211db0bc7745d0bb042ce641cdeca2
I20260630 12:11:09.186674  1322 raft_consensus.cc:3060] T 88fa3f5de299436baf712ac79f5401fe P f2211db0bc7745d0bb042ce641cdeca2 [term 0 FOLLOWER]: Advancing to term 1
I20260630 12:11:09.187698  1311 raft_consensus.cc:493] T 90fe35b7b5fc4c5aa868f7a122f6bd3b P 762ffd29440b4d71b1450afd536d0cdc [term 0 FOLLOWER]: Starting pre-election (no leader contacted us within the election timeout)
I20260630 12:11:09.188406  1311 raft_consensus.cc:515] T 90fe35b7b5fc4c5aa868f7a122f6bd3b P 762ffd29440b4d71b1450afd536d0cdc [term 0 FOLLOWER]: Starting pre-election with config: opid_index: -1 OBSOLETE_local: false peers { permanent_uuid: "762ffd29440b4d71b1450afd536d0cdc" member_type: VOTER last_known_addr { host: "127.0.107.193" port: 43073 } } peers { permanent_uuid: "f2211db0bc7745d0bb042ce641cdeca2" member_type: VOTER last_known_addr { host: "127.0.107.194" port: 41445 } } peers { permanent_uuid: "1555e76419b04a84a854196a12633428" member_type: VOTER last_known_addr { host: "127.0.107.195" port: 38057 } }
I20260630 12:11:09.192709  1295 tablet_bootstrap.cc:492] T 90fe35b7b5fc4c5aa868f7a122f6bd3b P 1555e76419b04a84a854196a12633428: No bootstrap required, opened a new log
I20260630 12:11:09.186533  1318 raft_consensus.cc:2749] T b2ebd3a7a72a49f9b19a6d7f56bfe1c7 P 1555e76419b04a84a854196a12633428 [term 1 FOLLOWER]: Leader pre-election lost for term 1. Reason: could not achieve majority
I20260630 12:11:09.193413  1295 ts_tablet_manager.cc:1403] T 90fe35b7b5fc4c5aa868f7a122f6bd3b P 1555e76419b04a84a854196a12633428: Time spent bootstrapping tablet: real 0.122s	user 0.018s	sys 0.019s
I20260630 12:11:09.186566  1323 leader_election.cc:290] T 90fe35b7b5fc4c5aa868f7a122f6bd3b P f2211db0bc7745d0bb042ce641cdeca2 [CANDIDATE]: Term 1 pre-election: Requested pre-vote from peers 762ffd29440b4d71b1450afd536d0cdc (127.0.107.193:43073), 1555e76419b04a84a854196a12633428 (127.0.107.195:38057)
I20260630 12:11:09.196652  1139 leader_election.cc:304] T b2ebd3a7a72a49f9b19a6d7f56bfe1c7 P f2211db0bc7745d0bb042ce641cdeca2 [CANDIDATE]: Term 1 election: Election decided. Result: candidate won. Election summary: received 3 responses out of 3 voters: 2 yes votes; 1 no votes. yes voters: 1555e76419b04a84a854196a12633428, f2211db0bc7745d0bb042ce641cdeca2; no voters: 762ffd29440b4d71b1450afd536d0cdc
I20260630 12:11:09.198319  1247 tablet_service.cc:1917] Received RequestConsensusVote() RPC: tablet_id: "90fe35b7b5fc4c5aa868f7a122f6bd3b" candidate_uuid: "762ffd29440b4d71b1450afd536d0cdc" candidate_term: 1 candidate_status { last_received { term: 0 index: 0 } } ignore_live_leader: false dest_uuid: "1555e76419b04a84a854196a12633428" is_pre_election: true
I20260630 12:11:09.199252  1098 tablet_service.cc:1917] Received RequestConsensusVote() RPC: tablet_id: "e2dd52b68bf544a58e0041b373058f9d" candidate_uuid: "f2211db0bc7745d0bb042ce641cdeca2" candidate_term: 1 candidate_status { last_received { term: 0 index: 0 } } ignore_live_leader: false dest_uuid: "762ffd29440b4d71b1450afd536d0cdc"
I20260630 12:11:09.200434  1099 tablet_service.cc:1917] Received RequestConsensusVote() RPC: tablet_id: "90fe35b7b5fc4c5aa868f7a122f6bd3b" candidate_uuid: "f2211db0bc7745d0bb042ce641cdeca2" candidate_term: 1 candidate_status { last_received { term: 0 index: 0 } } ignore_live_leader: false dest_uuid: "762ffd29440b4d71b1450afd536d0cdc" is_pre_election: true
I20260630 12:11:09.200623  1248 tablet_service.cc:1917] Received RequestConsensusVote() RPC: tablet_id: "e2dd52b68bf544a58e0041b373058f9d" candidate_uuid: "f2211db0bc7745d0bb042ce641cdeca2" candidate_term: 1 candidate_status { last_received { term: 0 index: 0 } } ignore_live_leader: false dest_uuid: "1555e76419b04a84a854196a12633428"
I20260630 12:11:09.201040  1099 raft_consensus.cc:2468] T 90fe35b7b5fc4c5aa868f7a122f6bd3b P 762ffd29440b4d71b1450afd536d0cdc [term 0 FOLLOWER]: Leader pre-election vote request: Granting yes vote for candidate f2211db0bc7745d0bb042ce641cdeca2 in term 0.
I20260630 12:11:09.200961  1322 raft_consensus.cc:515] T 88fa3f5de299436baf712ac79f5401fe P f2211db0bc7745d0bb042ce641cdeca2 [term 1 FOLLOWER]: Starting leader election with config: opid_index: -1 OBSOLETE_local: false peers { permanent_uuid: "762ffd29440b4d71b1450afd536d0cdc" member_type: VOTER last_known_addr { host: "127.0.107.193" port: 43073 } } peers { permanent_uuid: "f2211db0bc7745d0bb042ce641cdeca2" member_type: VOTER last_known_addr { host: "127.0.107.194" port: 41445 } } peers { permanent_uuid: "1555e76419b04a84a854196a12633428" member_type: VOTER last_known_addr { host: "127.0.107.195" port: 38057 } }
I20260630 12:11:09.201615  1174 tablet_service.cc:1917] Received RequestConsensusVote() RPC: tablet_id: "90fe35b7b5fc4c5aa868f7a122f6bd3b" candidate_uuid: "762ffd29440b4d71b1450afd536d0cdc" candidate_term: 1 candidate_status { last_received { term: 0 index: 0 } } ignore_live_leader: false dest_uuid: "f2211db0bc7745d0bb042ce641cdeca2" is_pre_election: true
I20260630 12:11:09.202172  1174 raft_consensus.cc:2468] T 90fe35b7b5fc4c5aa868f7a122f6bd3b P f2211db0bc7745d0bb042ce641cdeca2 [term 0 FOLLOWER]: Leader pre-election vote request: Granting yes vote for candidate 762ffd29440b4d71b1450afd536d0cdc in term 0.
I20260630 12:11:09.202582  1311 leader_election.cc:290] T 90fe35b7b5fc4c5aa868f7a122f6bd3b P 762ffd29440b4d71b1450afd536d0cdc [CANDIDATE]: Term 1 pre-election: Requested pre-vote from peers f2211db0bc7745d0bb042ce641cdeca2 (127.0.107.194:41445), 1555e76419b04a84a854196a12633428 (127.0.107.195:38057)
W20260630 12:11:09.202937  1139 leader_election.cc:343] T e2dd52b68bf544a58e0041b373058f9d P f2211db0bc7745d0bb042ce641cdeca2 [CANDIDATE]: Term 1 election: Tablet error from VoteRequest() call to peer 762ffd29440b4d71b1450afd536d0cdc (127.0.107.193:43073): Illegal state: must be running to vote when last-logged opid is not known
I20260630 12:11:09.204604  1246 tablet_service.cc:1917] Received RequestConsensusVote() RPC: tablet_id: "90fe35b7b5fc4c5aa868f7a122f6bd3b" candidate_uuid: "f2211db0bc7745d0bb042ce641cdeca2" candidate_term: 1 candidate_status { last_received { term: 0 index: 0 } } ignore_live_leader: false dest_uuid: "1555e76419b04a84a854196a12633428" is_pre_election: true
I20260630 12:11:09.206493  1292 tablet_bootstrap.cc:492] T 34fbada5eef04f8c9761c1472b726354 P f2211db0bc7745d0bb042ce641cdeca2: No bootstrap required, opened a new log
I20260630 12:11:09.206969  1292 ts_tablet_manager.cc:1403] T 34fbada5eef04f8c9761c1472b726354 P f2211db0bc7745d0bb042ce641cdeca2: Time spent bootstrapping tablet: real 0.073s	user 0.012s	sys 0.007s
I20260630 12:11:09.203542  1248 raft_consensus.cc:3060] T e2dd52b68bf544a58e0041b373058f9d P 1555e76419b04a84a854196a12633428 [term 0 FOLLOWER]: Advancing to term 1
I20260630 12:11:09.204063  1323 raft_consensus.cc:2804] T b2ebd3a7a72a49f9b19a6d7f56bfe1c7 P f2211db0bc7745d0bb042ce641cdeca2 [term 1 FOLLOWER]: Leader election won for term 1
I20260630 12:11:09.209422  1323 raft_consensus.cc:697] T b2ebd3a7a72a49f9b19a6d7f56bfe1c7 P f2211db0bc7745d0bb042ce641cdeca2 [term 1 LEADER]: Becoming Leader. State: Replica: f2211db0bc7745d0bb042ce641cdeca2, State: Running, Role: LEADER
I20260630 12:11:09.210121  1292 raft_consensus.cc:359] T 34fbada5eef04f8c9761c1472b726354 P f2211db0bc7745d0bb042ce641cdeca2 [term 0 FOLLOWER]: Replica starting. Triggering 0 pending ops. Active config: opid_index: -1 OBSOLETE_local: false peers { permanent_uuid: "762ffd29440b4d71b1450afd536d0cdc" member_type: VOTER last_known_addr { host: "127.0.107.193" port: 43073 } } peers { permanent_uuid: "f2211db0bc7745d0bb042ce641cdeca2" member_type: VOTER last_known_addr { host: "127.0.107.194" port: 41445 } } peers { permanent_uuid: "1555e76419b04a84a854196a12633428" member_type: VOTER last_known_addr { host: "127.0.107.195" port: 38057 } }
I20260630 12:11:09.210548  1292 raft_consensus.cc:385] T 34fbada5eef04f8c9761c1472b726354 P f2211db0bc7745d0bb042ce641cdeca2 [term 0 FOLLOWER]: Consensus starting up: Expiring failure detector timer to make a prompt election more likely
I20260630 12:11:09.210718  1292 raft_consensus.cc:740] T 34fbada5eef04f8c9761c1472b726354 P f2211db0bc7745d0bb042ce641cdeca2 [term 0 FOLLOWER]: Becoming Follower/Learner. State: Replica: f2211db0bc7745d0bb042ce641cdeca2, State: Initialized, Role: FOLLOWER
I20260630 12:11:09.209807  1062 leader_election.cc:304] T 90fe35b7b5fc4c5aa868f7a122f6bd3b P 762ffd29440b4d71b1450afd536d0cdc [CANDIDATE]: Term 1 pre-election: Election decided. Result: candidate won. Election summary: received 2 responses out of 3 voters: 2 yes votes; 0 no votes. yes voters: 762ffd29440b4d71b1450afd536d0cdc, f2211db0bc7745d0bb042ce641cdeca2; no voters: 
I20260630 12:11:09.212261  1323 consensus_queue.cc:237] T b2ebd3a7a72a49f9b19a6d7f56bfe1c7 P f2211db0bc7745d0bb042ce641cdeca2 [LEADER]: Queue going to LEADER mode. State: All replicated index: 0, Majority replicated index: 0, Committed index: 0, Last appended: 0.0, Last appended by leader: 0, Current term: 1, Majority size: 2, State: 0, Mode: LEADER, active raft config: opid_index: -1 OBSOLETE_local: false peers { permanent_uuid: "f2211db0bc7745d0bb042ce641cdeca2" member_type: VOTER last_known_addr { host: "127.0.107.194" port: 41445 } } peers { permanent_uuid: "762ffd29440b4d71b1450afd536d0cdc" member_type: VOTER last_known_addr { host: "127.0.107.193" port: 43073 } } peers { permanent_uuid: "1555e76419b04a84a854196a12633428" member_type: VOTER last_known_addr { host: "127.0.107.195" port: 38057 } }
I20260630 12:11:09.212538  1311 raft_consensus.cc:2804] T 90fe35b7b5fc4c5aa868f7a122f6bd3b P 762ffd29440b4d71b1450afd536d0cdc [term 0 FOLLOWER]: Leader pre-election won for term 1
I20260630 12:11:09.213016  1311 raft_consensus.cc:493] T 90fe35b7b5fc4c5aa868f7a122f6bd3b P 762ffd29440b4d71b1450afd536d0cdc [term 0 FOLLOWER]: Starting leader election (no leader contacted us within the election timeout)
I20260630 12:11:09.213779  1292 consensus_queue.cc:260] T 34fbada5eef04f8c9761c1472b726354 P f2211db0bc7745d0bb042ce641cdeca2 [NON_LEADER]: Queue going to NON_LEADER mode. State: All replicated index: 0, Majority replicated index: 0, Committed index: 0, Last appended: 0.0, Last appended by leader: 0, Current term: 0, Majority size: -1, State: 0, Mode: NON_LEADER, active raft config: opid_index: -1 OBSOLETE_local: false peers { permanent_uuid: "762ffd29440b4d71b1450afd536d0cdc" member_type: VOTER last_known_addr { host: "127.0.107.193" port: 43073 } } peers { permanent_uuid: "f2211db0bc7745d0bb042ce641cdeca2" member_type: VOTER last_known_addr { host: "127.0.107.194" port: 41445 } } peers { permanent_uuid: "1555e76419b04a84a854196a12633428" member_type: VOTER last_known_addr { host: "127.0.107.195" port: 38057 } }
I20260630 12:11:09.203069  1322 leader_election.cc:290] T 88fa3f5de299436baf712ac79f5401fe P f2211db0bc7745d0bb042ce641cdeca2 [CANDIDATE]: Term 1 election: Requested vote from peers 762ffd29440b4d71b1450afd536d0cdc (127.0.107.193:43073), 1555e76419b04a84a854196a12633428 (127.0.107.195:38057)
I20260630 12:11:09.213402  1311 raft_consensus.cc:3060] T 90fe35b7b5fc4c5aa868f7a122f6bd3b P 762ffd29440b4d71b1450afd536d0cdc [term 0 FOLLOWER]: Advancing to term 1
I20260630 12:11:09.209607  1295 raft_consensus.cc:359] T 90fe35b7b5fc4c5aa868f7a122f6bd3b P 1555e76419b04a84a854196a12633428 [term 0 FOLLOWER]: Replica starting. Triggering 0 pending ops. Active config: opid_index: -1 OBSOLETE_local: false peers { permanent_uuid: "762ffd29440b4d71b1450afd536d0cdc" member_type: VOTER last_known_addr { host: "127.0.107.193" port: 43073 } } peers { permanent_uuid: "f2211db0bc7745d0bb042ce641cdeca2" member_type: VOTER last_known_addr { host: "127.0.107.194" port: 41445 } } peers { permanent_uuid: "1555e76419b04a84a854196a12633428" member_type: VOTER last_known_addr { host: "127.0.107.195" port: 38057 } }
I20260630 12:11:09.217067  1295 raft_consensus.cc:385] T 90fe35b7b5fc4c5aa868f7a122f6bd3b P 1555e76419b04a84a854196a12633428 [term 0 FOLLOWER]: Consensus starting up: Expiring failure detector timer to make a prompt election more likely
I20260630 12:11:09.217857  1292 ts_tablet_manager.cc:1434] T 34fbada5eef04f8c9761c1472b726354 P f2211db0bc7745d0bb042ce641cdeca2: Time spent starting tablet: real 0.011s	user 0.005s	sys 0.000s
I20260630 12:11:09.218031  1295 raft_consensus.cc:740] T 90fe35b7b5fc4c5aa868f7a122f6bd3b P 1555e76419b04a84a854196a12633428 [term 0 FOLLOWER]: Becoming Follower/Learner. State: Replica: 1555e76419b04a84a854196a12633428, State: Initialized, Role: FOLLOWER
I20260630 12:11:09.218969  1295 consensus_queue.cc:260] T 90fe35b7b5fc4c5aa868f7a122f6bd3b P 1555e76419b04a84a854196a12633428 [NON_LEADER]: Queue going to NON_LEADER mode. State: All replicated index: 0, Majority replicated index: 0, Committed index: 0, Last appended: 0.0, Last appended by leader: 0, Current term: 0, Majority size: -1, State: 0, Mode: NON_LEADER, active raft config: opid_index: -1 OBSOLETE_local: false peers { permanent_uuid: "762ffd29440b4d71b1450afd536d0cdc" member_type: VOTER last_known_addr { host: "127.0.107.193" port: 43073 } } peers { permanent_uuid: "f2211db0bc7745d0bb042ce641cdeca2" member_type: VOTER last_known_addr { host: "127.0.107.194" port: 41445 } } peers { permanent_uuid: "1555e76419b04a84a854196a12633428" member_type: VOTER last_known_addr { host: "127.0.107.195" port: 38057 } }
I20260630 12:11:09.219933  1247 raft_consensus.cc:2468] T 90fe35b7b5fc4c5aa868f7a122f6bd3b P 1555e76419b04a84a854196a12633428 [term 0 FOLLOWER]: Leader pre-election vote request: Granting yes vote for candidate 762ffd29440b4d71b1450afd536d0cdc in term 0.
I20260630 12:11:09.220721  1139 leader_election.cc:304] T 90fe35b7b5fc4c5aa868f7a122f6bd3b P f2211db0bc7745d0bb042ce641cdeca2 [CANDIDATE]: Term 1 pre-election: Election decided. Result: candidate won. Election summary: received 2 responses out of 3 voters: 2 yes votes; 0 no votes. yes voters: 762ffd29440b4d71b1450afd536d0cdc, f2211db0bc7745d0bb042ce641cdeca2; no voters: 
I20260630 12:11:09.222950  1296 tablet_bootstrap.cc:492] T b2ebd3a7a72a49f9b19a6d7f56bfe1c7 P 762ffd29440b4d71b1450afd536d0cdc: No bootstrap required, opened a new log
I20260630 12:11:09.223404  1296 ts_tablet_manager.cc:1403] T b2ebd3a7a72a49f9b19a6d7f56bfe1c7 P 762ffd29440b4d71b1450afd536d0cdc: Time spent bootstrapping tablet: real 0.144s	user 0.015s	sys 0.026s
I20260630 12:11:09.224588  1325 raft_consensus.cc:2804] T 90fe35b7b5fc4c5aa868f7a122f6bd3b P f2211db0bc7745d0bb042ce641cdeca2 [term 0 FOLLOWER]: Leader pre-election won for term 1
I20260630 12:11:09.225047  1325 raft_consensus.cc:493] T 90fe35b7b5fc4c5aa868f7a122f6bd3b P f2211db0bc7745d0bb042ce641cdeca2 [term 0 FOLLOWER]: Starting leader election (no leader contacted us within the election timeout)
I20260630 12:11:09.225330  1099 tablet_service.cc:1917] Received RequestConsensusVote() RPC: tablet_id: "88fa3f5de299436baf712ac79f5401fe" candidate_uuid: "f2211db0bc7745d0bb042ce641cdeca2" candidate_term: 1 candidate_status { last_received { term: 0 index: 0 } } ignore_live_leader: false dest_uuid: "762ffd29440b4d71b1450afd536d0cdc"
I20260630 12:11:09.225634  1247 tablet_service.cc:1917] Received RequestConsensusVote() RPC: tablet_id: "88fa3f5de299436baf712ac79f5401fe" candidate_uuid: "f2211db0bc7745d0bb042ce641cdeca2" candidate_term: 1 candidate_status { last_received { term: 0 index: 0 } } ignore_live_leader: false dest_uuid: "1555e76419b04a84a854196a12633428"
I20260630 12:11:09.225962  1099 raft_consensus.cc:3060] T 88fa3f5de299436baf712ac79f5401fe P 762ffd29440b4d71b1450afd536d0cdc [term 0 FOLLOWER]: Advancing to term 1
I20260630 12:11:09.225559  1325 raft_consensus.cc:3060] T 90fe35b7b5fc4c5aa868f7a122f6bd3b P f2211db0bc7745d0bb042ce641cdeca2 [term 0 FOLLOWER]: Advancing to term 1
I20260630 12:11:09.227134  1248 raft_consensus.cc:2468] T e2dd52b68bf544a58e0041b373058f9d P 1555e76419b04a84a854196a12633428 [term 1 FOLLOWER]: Leader election vote request: Granting yes vote for candidate f2211db0bc7745d0bb042ce641cdeca2 in term 1.
I20260630 12:11:09.227442  1295 ts_tablet_manager.cc:1434] T 90fe35b7b5fc4c5aa868f7a122f6bd3b P 1555e76419b04a84a854196a12633428: Time spent starting tablet: real 0.034s	user 0.005s	sys 0.003s
I20260630 12:11:09.233898  1296 raft_consensus.cc:359] T b2ebd3a7a72a49f9b19a6d7f56bfe1c7 P 762ffd29440b4d71b1450afd536d0cdc [term 0 FOLLOWER]: Replica starting. Triggering 0 pending ops. Active config: opid_index: -1 OBSOLETE_local: false peers { permanent_uuid: "f2211db0bc7745d0bb042ce641cdeca2" member_type: VOTER last_known_addr { host: "127.0.107.194" port: 41445 } } peers { permanent_uuid: "762ffd29440b4d71b1450afd536d0cdc" member_type: VOTER last_known_addr { host: "127.0.107.193" port: 43073 } } peers { permanent_uuid: "1555e76419b04a84a854196a12633428" member_type: VOTER last_known_addr { host: "127.0.107.195" port: 38057 } }
I20260630 12:11:09.234612  1296 raft_consensus.cc:385] T b2ebd3a7a72a49f9b19a6d7f56bfe1c7 P 762ffd29440b4d71b1450afd536d0cdc [term 0 FOLLOWER]: Consensus starting up: Expiring failure detector timer to make a prompt election more likely
W20260630 12:11:09.235209  1139 leader_election.cc:343] T 90fe35b7b5fc4c5aa868f7a122f6bd3b P f2211db0bc7745d0bb042ce641cdeca2 [CANDIDATE]: Term 1 pre-election: Tablet error from VoteRequest() call to peer 1555e76419b04a84a854196a12633428 (127.0.107.195:38057): Illegal state: must be running to vote when last-logged opid is not known
I20260630 12:11:09.235277   995 catalog_manager.cc:5697] T 834339ecce21452e90f3351a25ab8c7c P 762ffd29440b4d71b1450afd536d0cdc reported cstate change: term changed from 0 to 1, leader changed from <none> to 762ffd29440b4d71b1450afd536d0cdc (127.0.107.193). New cstate: current_term: 1 leader_uuid: "762ffd29440b4d71b1450afd536d0cdc" committed_config { opid_index: -1 OBSOLETE_local: false peers { permanent_uuid: "762ffd29440b4d71b1450afd536d0cdc" member_type: VOTER last_known_addr { host: "127.0.107.193" port: 43073 } health_report { overall_health: HEALTHY } } peers { permanent_uuid: "f2211db0bc7745d0bb042ce641cdeca2" member_type: VOTER last_known_addr { host: "127.0.107.194" port: 41445 } health_report { overall_health: UNKNOWN } } peers { permanent_uuid: "1555e76419b04a84a854196a12633428" member_type: VOTER last_known_addr { host: "127.0.107.195" port: 38057 } health_report { overall_health: UNKNOWN } } }
I20260630 12:11:09.232256  1295 tablet_bootstrap.cc:492] T 88fa3f5de299436baf712ac79f5401fe P 1555e76419b04a84a854196a12633428: Bootstrap starting.
I20260630 12:11:09.236454  1296 raft_consensus.cc:740] T b2ebd3a7a72a49f9b19a6d7f56bfe1c7 P 762ffd29440b4d71b1450afd536d0cdc [term 0 FOLLOWER]: Becoming Follower/Learner. State: Replica: 762ffd29440b4d71b1450afd536d0cdc, State: Initialized, Role: FOLLOWER
I20260630 12:11:09.237293  1099 raft_consensus.cc:2468] T 88fa3f5de299436baf712ac79f5401fe P 762ffd29440b4d71b1450afd536d0cdc [term 1 FOLLOWER]: Leader election vote request: Granting yes vote for candidate f2211db0bc7745d0bb042ce641cdeca2 in term 1.
I20260630 12:11:09.242440  1296 consensus_queue.cc:260] T b2ebd3a7a72a49f9b19a6d7f56bfe1c7 P 762ffd29440b4d71b1450afd536d0cdc [NON_LEADER]: Queue going to NON_LEADER mode. State: All replicated index: 0, Majority replicated index: 0, Committed index: 0, Last appended: 0.0, Last appended by leader: 0, Current term: 0, Majority size: -1, State: 0, Mode: NON_LEADER, active raft config: opid_index: -1 OBSOLETE_local: false peers { permanent_uuid: "f2211db0bc7745d0bb042ce641cdeca2" member_type: VOTER last_known_addr { host: "127.0.107.194" port: 41445 } } peers { permanent_uuid: "762ffd29440b4d71b1450afd536d0cdc" member_type: VOTER last_known_addr { host: "127.0.107.193" port: 43073 } } peers { permanent_uuid: "1555e76419b04a84a854196a12633428" member_type: VOTER last_known_addr { host: "127.0.107.195" port: 38057 } }
W20260630 12:11:09.243573  1139 leader_election.cc:343] T 88fa3f5de299436baf712ac79f5401fe P f2211db0bc7745d0bb042ce641cdeca2 [CANDIDATE]: Term 1 election: Tablet error from VoteRequest() call to peer 1555e76419b04a84a854196a12633428 (127.0.107.195:38057): Illegal state: must be running to vote when last-logged opid is not known
I20260630 12:11:09.244458  1139 leader_election.cc:304] T e2dd52b68bf544a58e0041b373058f9d P f2211db0bc7745d0bb042ce641cdeca2 [CANDIDATE]: Term 1 election: Election decided. Result: candidate won. Election summary: received 3 responses out of 3 voters: 2 yes votes; 1 no votes. yes voters: 1555e76419b04a84a854196a12633428, f2211db0bc7745d0bb042ce641cdeca2; no voters: 762ffd29440b4d71b1450afd536d0cdc
I20260630 12:11:09.245354  1296 ts_tablet_manager.cc:1434] T b2ebd3a7a72a49f9b19a6d7f56bfe1c7 P 762ffd29440b4d71b1450afd536d0cdc: Time spent starting tablet: real 0.019s	user 0.007s	sys 0.000s
I20260630 12:11:09.245898  1322 raft_consensus.cc:2804] T e2dd52b68bf544a58e0041b373058f9d P f2211db0bc7745d0bb042ce641cdeca2 [term 1 FOLLOWER]: Leader election won for term 1
I20260630 12:11:09.238942  1311 raft_consensus.cc:515] T 90fe35b7b5fc4c5aa868f7a122f6bd3b P 762ffd29440b4d71b1450afd536d0cdc [term 1 FOLLOWER]: Starting leader election with config: opid_index: -1 OBSOLETE_local: false peers { permanent_uuid: "762ffd29440b4d71b1450afd536d0cdc" member_type: VOTER last_known_addr { host: "127.0.107.193" port: 43073 } } peers { permanent_uuid: "f2211db0bc7745d0bb042ce641cdeca2" member_type: VOTER last_known_addr { host: "127.0.107.194" port: 41445 } } peers { permanent_uuid: "1555e76419b04a84a854196a12633428" member_type: VOTER last_known_addr { host: "127.0.107.195" port: 38057 } }
I20260630 12:11:09.246547  1322 raft_consensus.cc:697] T e2dd52b68bf544a58e0041b373058f9d P f2211db0bc7745d0bb042ce641cdeca2 [term 1 LEADER]: Becoming Leader. State: Replica: f2211db0bc7745d0bb042ce641cdeca2, State: Running, Role: LEADER
I20260630 12:11:09.246882  1295 tablet_bootstrap.cc:654] T 88fa3f5de299436baf712ac79f5401fe P 1555e76419b04a84a854196a12633428: Neither blocks nor log segments found. Creating new log.
I20260630 12:11:09.247624  1322 consensus_queue.cc:237] T e2dd52b68bf544a58e0041b373058f9d P f2211db0bc7745d0bb042ce641cdeca2 [LEADER]: Queue going to LEADER mode. State: All replicated index: 0, Majority replicated index: 0, Committed index: 0, Last appended: 0.0, Last appended by leader: 0, Current term: 1, Majority size: 2, State: 0, Mode: LEADER, active raft config: opid_index: -1 OBSOLETE_local: false peers { permanent_uuid: "762ffd29440b4d71b1450afd536d0cdc" member_type: VOTER last_known_addr { host: "127.0.107.193" port: 43073 } } peers { permanent_uuid: "f2211db0bc7745d0bb042ce641cdeca2" member_type: VOTER last_known_addr { host: "127.0.107.194" port: 41445 } } peers { permanent_uuid: "1555e76419b04a84a854196a12633428" member_type: VOTER last_known_addr { host: "127.0.107.195" port: 38057 } }
I20260630 12:11:09.248865  1174 tablet_service.cc:1917] Received RequestConsensusVote() RPC: tablet_id: "90fe35b7b5fc4c5aa868f7a122f6bd3b" candidate_uuid: "762ffd29440b4d71b1450afd536d0cdc" candidate_term: 1 candidate_status { last_received { term: 0 index: 0 } } ignore_live_leader: false dest_uuid: "f2211db0bc7745d0bb042ce641cdeca2"
I20260630 12:11:09.250679  1311 leader_election.cc:290] T 90fe35b7b5fc4c5aa868f7a122f6bd3b P 762ffd29440b4d71b1450afd536d0cdc [CANDIDATE]: Term 1 election: Requested vote from peers f2211db0bc7745d0bb042ce641cdeca2 (127.0.107.194:41445), 1555e76419b04a84a854196a12633428 (127.0.107.195:38057)
I20260630 12:11:09.240641  1325 raft_consensus.cc:515] T 90fe35b7b5fc4c5aa868f7a122f6bd3b P f2211db0bc7745d0bb042ce641cdeca2 [term 1 FOLLOWER]: Starting leader election with config: opid_index: -1 OBSOLETE_local: false peers { permanent_uuid: "762ffd29440b4d71b1450afd536d0cdc" member_type: VOTER last_known_addr { host: "127.0.107.193" port: 43073 } } peers { permanent_uuid: "f2211db0bc7745d0bb042ce641cdeca2" member_type: VOTER last_known_addr { host: "127.0.107.194" port: 41445 } } peers { permanent_uuid: "1555e76419b04a84a854196a12633428" member_type: VOTER last_known_addr { host: "127.0.107.195" port: 38057 } }
I20260630 12:11:09.251662  1248 tablet_service.cc:1917] Received RequestConsensusVote() RPC: tablet_id: "90fe35b7b5fc4c5aa868f7a122f6bd3b" candidate_uuid: "762ffd29440b4d71b1450afd536d0cdc" candidate_term: 1 candidate_status { last_received { term: 0 index: 0 } } ignore_live_leader: false dest_uuid: "1555e76419b04a84a854196a12633428"
I20260630 12:11:09.252202  1174 raft_consensus.cc:2393] T 90fe35b7b5fc4c5aa868f7a122f6bd3b P f2211db0bc7745d0bb042ce641cdeca2 [term 1 FOLLOWER]: Leader election vote request: Denying vote to candidate 762ffd29440b4d71b1450afd536d0cdc in current term 1: Already voted for candidate f2211db0bc7745d0bb042ce641cdeca2 in this term.
I20260630 12:11:09.252226  1248 raft_consensus.cc:3060] T 90fe35b7b5fc4c5aa868f7a122f6bd3b P 1555e76419b04a84a854196a12633428 [term 0 FOLLOWER]: Advancing to term 1
I20260630 12:11:09.256807  1325 leader_election.cc:290] T 90fe35b7b5fc4c5aa868f7a122f6bd3b P f2211db0bc7745d0bb042ce641cdeca2 [CANDIDATE]: Term 1 election: Requested vote from peers 762ffd29440b4d71b1450afd536d0cdc (127.0.107.193:43073), 1555e76419b04a84a854196a12633428 (127.0.107.195:38057)
I20260630 12:11:09.257615  1296 tablet_bootstrap.cc:492] T e2dd52b68bf544a58e0041b373058f9d P 762ffd29440b4d71b1450afd536d0cdc: Bootstrap starting.
I20260630 12:11:09.257987  1099 tablet_service.cc:1917] Received RequestConsensusVote() RPC: tablet_id: "90fe35b7b5fc4c5aa868f7a122f6bd3b" candidate_uuid: "f2211db0bc7745d0bb042ce641cdeca2" candidate_term: 1 candidate_status { last_received { term: 0 index: 0 } } ignore_live_leader: false dest_uuid: "762ffd29440b4d71b1450afd536d0cdc"
I20260630 12:11:09.259092  1099 raft_consensus.cc:2393] T 90fe35b7b5fc4c5aa868f7a122f6bd3b P 762ffd29440b4d71b1450afd536d0cdc [term 1 FOLLOWER]: Leader election vote request: Denying vote to candidate f2211db0bc7745d0bb042ce641cdeca2 in current term 1: Already voted for candidate 762ffd29440b4d71b1450afd536d0cdc in this term.
I20260630 12:11:09.259424  1248 raft_consensus.cc:2468] T 90fe35b7b5fc4c5aa868f7a122f6bd3b P 1555e76419b04a84a854196a12633428 [term 1 FOLLOWER]: Leader election vote request: Granting yes vote for candidate 762ffd29440b4d71b1450afd536d0cdc in term 1.
I20260630 12:11:09.260699  1064 leader_election.cc:304] T 90fe35b7b5fc4c5aa868f7a122f6bd3b P 762ffd29440b4d71b1450afd536d0cdc [CANDIDATE]: Term 1 election: Election decided. Result: candidate won. Election summary: received 3 responses out of 3 voters: 2 yes votes; 1 no votes. yes voters: 1555e76419b04a84a854196a12633428, 762ffd29440b4d71b1450afd536d0cdc; no voters: f2211db0bc7745d0bb042ce641cdeca2
I20260630 12:11:09.261885  1311 raft_consensus.cc:2804] T 90fe35b7b5fc4c5aa868f7a122f6bd3b P 762ffd29440b4d71b1450afd536d0cdc [term 1 FOLLOWER]: Leader election won for term 1
I20260630 12:11:09.262408  1311 raft_consensus.cc:697] T 90fe35b7b5fc4c5aa868f7a122f6bd3b P 762ffd29440b4d71b1450afd536d0cdc [term 1 LEADER]: Becoming Leader. State: Replica: 762ffd29440b4d71b1450afd536d0cdc, State: Running, Role: LEADER
I20260630 12:11:09.262256  1139 leader_election.cc:304] T 88fa3f5de299436baf712ac79f5401fe P f2211db0bc7745d0bb042ce641cdeca2 [CANDIDATE]: Term 1 election: Election decided. Result: candidate won. Election summary: received 3 responses out of 3 voters: 2 yes votes; 1 no votes. yes voters: 762ffd29440b4d71b1450afd536d0cdc, f2211db0bc7745d0bb042ce641cdeca2; no voters: 1555e76419b04a84a854196a12633428
I20260630 12:11:09.263305  1311 consensus_queue.cc:237] T 90fe35b7b5fc4c5aa868f7a122f6bd3b P 762ffd29440b4d71b1450afd536d0cdc [LEADER]: Queue going to LEADER mode. State: All replicated index: 0, Majority replicated index: 0, Committed index: 0, Last appended: 0.0, Last appended by leader: 0, Current term: 1, Majority size: 2, State: 0, Mode: LEADER, active raft config: opid_index: -1 OBSOLETE_local: false peers { permanent_uuid: "762ffd29440b4d71b1450afd536d0cdc" member_type: VOTER last_known_addr { host: "127.0.107.193" port: 43073 } } peers { permanent_uuid: "f2211db0bc7745d0bb042ce641cdeca2" member_type: VOTER last_known_addr { host: "127.0.107.194" port: 41445 } } peers { permanent_uuid: "1555e76419b04a84a854196a12633428" member_type: VOTER last_known_addr { host: "127.0.107.195" port: 38057 } }
I20260630 12:11:09.263758  1325 raft_consensus.cc:2804] T 88fa3f5de299436baf712ac79f5401fe P f2211db0bc7745d0bb042ce641cdeca2 [term 1 FOLLOWER]: Leader election won for term 1
I20260630 12:11:09.264483  1325 raft_consensus.cc:697] T 88fa3f5de299436baf712ac79f5401fe P f2211db0bc7745d0bb042ce641cdeca2 [term 1 LEADER]: Becoming Leader. State: Replica: f2211db0bc7745d0bb042ce641cdeca2, State: Running, Role: LEADER
I20260630 12:11:09.265340  1325 consensus_queue.cc:237] T 88fa3f5de299436baf712ac79f5401fe P f2211db0bc7745d0bb042ce641cdeca2 [LEADER]: Queue going to LEADER mode. State: All replicated index: 0, Majority replicated index: 0, Committed index: 0, Last appended: 0.0, Last appended by leader: 0, Current term: 1, Majority size: 2, State: 0, Mode: LEADER, active raft config: opid_index: -1 OBSOLETE_local: false peers { permanent_uuid: "762ffd29440b4d71b1450afd536d0cdc" member_type: VOTER last_known_addr { host: "127.0.107.193" port: 43073 } } peers { permanent_uuid: "f2211db0bc7745d0bb042ce641cdeca2" member_type: VOTER last_known_addr { host: "127.0.107.194" port: 41445 } } peers { permanent_uuid: "1555e76419b04a84a854196a12633428" member_type: VOTER last_known_addr { host: "127.0.107.195" port: 38057 } }
I20260630 12:11:09.265733  1247 tablet_service.cc:1917] Received RequestConsensusVote() RPC: tablet_id: "90fe35b7b5fc4c5aa868f7a122f6bd3b" candidate_uuid: "f2211db0bc7745d0bb042ce641cdeca2" candidate_term: 1 candidate_status { last_received { term: 0 index: 0 } } ignore_live_leader: false dest_uuid: "1555e76419b04a84a854196a12633428"
I20260630 12:11:09.266748  1247 raft_consensus.cc:2393] T 90fe35b7b5fc4c5aa868f7a122f6bd3b P 1555e76419b04a84a854196a12633428 [term 1 FOLLOWER]: Leader election vote request: Denying vote to candidate f2211db0bc7745d0bb042ce641cdeca2 in current term 1: Already voted for candidate 762ffd29440b4d71b1450afd536d0cdc in this term.
I20260630 12:11:09.272125  1296 tablet_bootstrap.cc:654] T e2dd52b68bf544a58e0041b373058f9d P 762ffd29440b4d71b1450afd536d0cdc: Neither blocks nor log segments found. Creating new log.
I20260630 12:11:09.274204  1139 leader_election.cc:304] T 90fe35b7b5fc4c5aa868f7a122f6bd3b P f2211db0bc7745d0bb042ce641cdeca2 [CANDIDATE]: Term 1 election: Election decided. Result: candidate lost. Election summary: received 3 responses out of 3 voters: 1 yes votes; 2 no votes. yes voters: f2211db0bc7745d0bb042ce641cdeca2; no voters: 1555e76419b04a84a854196a12633428, 762ffd29440b4d71b1450afd536d0cdc
I20260630 12:11:09.275682  1322 raft_consensus.cc:2749] T 90fe35b7b5fc4c5aa868f7a122f6bd3b P f2211db0bc7745d0bb042ce641cdeca2 [term 1 FOLLOWER]: Leader election lost for term 1. Reason: could not achieve majority
I20260630 12:11:09.281488  1295 tablet_bootstrap.cc:492] T 88fa3f5de299436baf712ac79f5401fe P 1555e76419b04a84a854196a12633428: No bootstrap required, opened a new log
I20260630 12:11:09.282675  1295 ts_tablet_manager.cc:1403] T 88fa3f5de299436baf712ac79f5401fe P 1555e76419b04a84a854196a12633428: Time spent bootstrapping tablet: real 0.051s	user 0.016s	sys 0.002s
I20260630 12:11:09.286741  1295 raft_consensus.cc:359] T 88fa3f5de299436baf712ac79f5401fe P 1555e76419b04a84a854196a12633428 [term 0 FOLLOWER]: Replica starting. Triggering 0 pending ops. Active config: opid_index: -1 OBSOLETE_local: false peers { permanent_uuid: "762ffd29440b4d71b1450afd536d0cdc" member_type: VOTER last_known_addr { host: "127.0.107.193" port: 43073 } } peers { permanent_uuid: "f2211db0bc7745d0bb042ce641cdeca2" member_type: VOTER last_known_addr { host: "127.0.107.194" port: 41445 } } peers { permanent_uuid: "1555e76419b04a84a854196a12633428" member_type: VOTER last_known_addr { host: "127.0.107.195" port: 38057 } }
I20260630 12:11:09.287904  1295 raft_consensus.cc:385] T 88fa3f5de299436baf712ac79f5401fe P 1555e76419b04a84a854196a12633428 [term 0 FOLLOWER]: Consensus starting up: Expiring failure detector timer to make a prompt election more likely
I20260630 12:11:09.288359  1295 raft_consensus.cc:740] T 88fa3f5de299436baf712ac79f5401fe P 1555e76419b04a84a854196a12633428 [term 0 FOLLOWER]: Becoming Follower/Learner. State: Replica: 1555e76419b04a84a854196a12633428, State: Initialized, Role: FOLLOWER
I20260630 12:11:09.289544  1295 consensus_queue.cc:260] T 88fa3f5de299436baf712ac79f5401fe P 1555e76419b04a84a854196a12633428 [NON_LEADER]: Queue going to NON_LEADER mode. State: All replicated index: 0, Majority replicated index: 0, Committed index: 0, Last appended: 0.0, Last appended by leader: 0, Current term: 0, Majority size: -1, State: 0, Mode: NON_LEADER, active raft config: opid_index: -1 OBSOLETE_local: false peers { permanent_uuid: "762ffd29440b4d71b1450afd536d0cdc" member_type: VOTER last_known_addr { host: "127.0.107.193" port: 43073 } } peers { permanent_uuid: "f2211db0bc7745d0bb042ce641cdeca2" member_type: VOTER last_known_addr { host: "127.0.107.194" port: 41445 } } peers { permanent_uuid: "1555e76419b04a84a854196a12633428" member_type: VOTER last_known_addr { host: "127.0.107.195" port: 38057 } }
I20260630 12:11:09.294654  1295 ts_tablet_manager.cc:1434] T 88fa3f5de299436baf712ac79f5401fe P 1555e76419b04a84a854196a12633428: Time spent starting tablet: real 0.011s	user 0.006s	sys 0.001s
I20260630 12:11:09.295639  1295 tablet_bootstrap.cc:492] T 862618a5bca0461bbfe50c983a832917 P 1555e76419b04a84a854196a12633428: Bootstrap starting.
I20260630 12:11:09.295593  1318 raft_consensus.cc:493] T c0143d2b7b9a49ddb21179a8c31e603a P 1555e76419b04a84a854196a12633428 [term 0 FOLLOWER]: Starting pre-election (no leader contacted us within the election timeout)
I20260630 12:11:09.295173   997 catalog_manager.cc:5697] T b2ebd3a7a72a49f9b19a6d7f56bfe1c7 P f2211db0bc7745d0bb042ce641cdeca2 reported cstate change: term changed from 0 to 1, leader changed from <none> to f2211db0bc7745d0bb042ce641cdeca2 (127.0.107.194). New cstate: current_term: 1 leader_uuid: "f2211db0bc7745d0bb042ce641cdeca2" committed_config { opid_index: -1 OBSOLETE_local: false peers { permanent_uuid: "f2211db0bc7745d0bb042ce641cdeca2" member_type: VOTER last_known_addr { host: "127.0.107.194" port: 41445 } health_report { overall_health: HEALTHY } } peers { permanent_uuid: "762ffd29440b4d71b1450afd536d0cdc" member_type: VOTER last_known_addr { host: "127.0.107.193" port: 43073 } health_report { overall_health: UNKNOWN } } peers { permanent_uuid: "1555e76419b04a84a854196a12633428" member_type: VOTER last_known_addr { host: "127.0.107.195" port: 38057 } health_report { overall_health: UNKNOWN } } }
I20260630 12:11:09.296226  1318 raft_consensus.cc:515] T c0143d2b7b9a49ddb21179a8c31e603a P 1555e76419b04a84a854196a12633428 [term 0 FOLLOWER]: Starting pre-election with config: opid_index: -1 OBSOLETE_local: false peers { permanent_uuid: "762ffd29440b4d71b1450afd536d0cdc" member_type: VOTER last_known_addr { host: "127.0.107.193" port: 43073 } } peers { permanent_uuid: "f2211db0bc7745d0bb042ce641cdeca2" member_type: VOTER last_known_addr { host: "127.0.107.194" port: 41445 } } peers { permanent_uuid: "1555e76419b04a84a854196a12633428" member_type: VOTER last_known_addr { host: "127.0.107.195" port: 38057 } }
I20260630 12:11:09.297001  1296 tablet_bootstrap.cc:492] T e2dd52b68bf544a58e0041b373058f9d P 762ffd29440b4d71b1450afd536d0cdc: No bootstrap required, opened a new log
I20260630 12:11:09.297495  1296 ts_tablet_manager.cc:1403] T e2dd52b68bf544a58e0041b373058f9d P 762ffd29440b4d71b1450afd536d0cdc: Time spent bootstrapping tablet: real 0.040s	user 0.012s	sys 0.014s
I20260630 12:11:09.300237  1296 raft_consensus.cc:359] T e2dd52b68bf544a58e0041b373058f9d P 762ffd29440b4d71b1450afd536d0cdc [term 0 FOLLOWER]: Replica starting. Triggering 0 pending ops. Active config: opid_index: -1 OBSOLETE_local: false peers { permanent_uuid: "762ffd29440b4d71b1450afd536d0cdc" member_type: VOTER last_known_addr { host: "127.0.107.193" port: 43073 } } peers { permanent_uuid: "f2211db0bc7745d0bb042ce641cdeca2" member_type: VOTER last_known_addr { host: "127.0.107.194" port: 41445 } } peers { permanent_uuid: "1555e76419b04a84a854196a12633428" member_type: VOTER last_known_addr { host: "127.0.107.195" port: 38057 } }
I20260630 12:11:09.301040  1174 tablet_service.cc:1917] Received RequestConsensusVote() RPC: tablet_id: "c0143d2b7b9a49ddb21179a8c31e603a" candidate_uuid: "1555e76419b04a84a854196a12633428" candidate_term: 1 candidate_status { last_received { term: 0 index: 0 } } ignore_live_leader: false dest_uuid: "f2211db0bc7745d0bb042ce641cdeca2" is_pre_election: true
I20260630 12:11:09.300920  1296 raft_consensus.cc:385] T e2dd52b68bf544a58e0041b373058f9d P 762ffd29440b4d71b1450afd536d0cdc [term 0 FOLLOWER]: Consensus starting up: Expiring failure detector timer to make a prompt election more likely
I20260630 12:11:09.302630  1296 raft_consensus.cc:740] T e2dd52b68bf544a58e0041b373058f9d P 762ffd29440b4d71b1450afd536d0cdc [term 0 FOLLOWER]: Becoming Follower/Learner. State: Replica: 762ffd29440b4d71b1450afd536d0cdc, State: Initialized, Role: FOLLOWER
I20260630 12:11:09.302677  1174 raft_consensus.cc:2468] T c0143d2b7b9a49ddb21179a8c31e603a P f2211db0bc7745d0bb042ce641cdeca2 [term 0 FOLLOWER]: Leader pre-election vote request: Granting yes vote for candidate 1555e76419b04a84a854196a12633428 in term 0.
I20260630 12:11:09.303278  1295 tablet_bootstrap.cc:654] T 862618a5bca0461bbfe50c983a832917 P 1555e76419b04a84a854196a12633428: Neither blocks nor log segments found. Creating new log.
