I20260630 12:12:59.566296  4827 raft_consensus.cc:385] T 00000000000000000000000000000000 P 27bf801776e24fb8a6e75e144acce67b [term 0 FOLLOWER]: Consensus starting up: Expiring failure detector timer to make a prompt election more likely
I20260630 12:12:59.566560  4827 raft_consensus.cc:740] T 00000000000000000000000000000000 P 27bf801776e24fb8a6e75e144acce67b [term 0 FOLLOWER]: Becoming Follower/Learner. State: Replica: 27bf801776e24fb8a6e75e144acce67b, State: Initialized, Role: FOLLOWER
I20260630 12:12:59.567176  4827 consensus_queue.cc:260] T 00000000000000000000000000000000 P 27bf801776e24fb8a6e75e144acce67b [NON_LEADER]: Queue going to NON_LEADER mode. State: All replicated index: 0, Majority replicated index: 0, Committed index: 0, Last appended: 0.0, Last appended by leader: 0, Current term: 0, Majority size: -1, State: 0, Mode: NON_LEADER, active raft config: opid_index: -1 OBSOLETE_local: true peers { permanent_uuid: "27bf801776e24fb8a6e75e144acce67b" member_type: VOTER }
I20260630 12:12:59.567673  4827 raft_consensus.cc:399] T 00000000000000000000000000000000 P 27bf801776e24fb8a6e75e144acce67b [term 0 FOLLOWER]: Only one voter in the Raft config. Triggering election immediately
I20260630 12:12:59.567893  4827 raft_consensus.cc:493] T 00000000000000000000000000000000 P 27bf801776e24fb8a6e75e144acce67b [term 0 FOLLOWER]: Starting leader election (initial election of a single-replica configuration)
I20260630 12:12:59.568136  4827 raft_consensus.cc:3060] T 00000000000000000000000000000000 P 27bf801776e24fb8a6e75e144acce67b [term 0 FOLLOWER]: Advancing to term 1
I20260630 12:12:59.572546  4827 raft_consensus.cc:515] T 00000000000000000000000000000000 P 27bf801776e24fb8a6e75e144acce67b [term 1 FOLLOWER]: Starting leader election with config: opid_index: -1 OBSOLETE_local: true peers { permanent_uuid: "27bf801776e24fb8a6e75e144acce67b" member_type: VOTER }
I20260630 12:12:59.573127  4827 leader_election.cc:304] T 00000000000000000000000000000000 P 27bf801776e24fb8a6e75e144acce67b [CANDIDATE]: Term 1 election: Election decided. Result: candidate won. Election summary: received 1 responses out of 1 voters: 1 yes votes; 0 no votes. yes voters: 27bf801776e24fb8a6e75e144acce67b; no voters: 
I20260630 12:12:59.574244  4827 leader_election.cc:290] T 00000000000000000000000000000000 P 27bf801776e24fb8a6e75e144acce67b [CANDIDATE]: Term 1 election: Requested vote from peers 
I20260630 12:12:59.574599  4830 raft_consensus.cc:2804] T 00000000000000000000000000000000 P 27bf801776e24fb8a6e75e144acce67b [term 1 FOLLOWER]: Leader election won for term 1
I20260630 12:12:59.575865  4830 raft_consensus.cc:697] T 00000000000000000000000000000000 P 27bf801776e24fb8a6e75e144acce67b [term 1 LEADER]: Becoming Leader. State: Replica: 27bf801776e24fb8a6e75e144acce67b, State: Running, Role: LEADER
I20260630 12:12:59.576573  4830 consensus_queue.cc:237] T 00000000000000000000000000000000 P 27bf801776e24fb8a6e75e144acce67b [LEADER]: Queue going to LEADER mode. State: All replicated index: 0, Majority replicated index: 0, Committed index: 0, Last appended: 0.0, Last appended by leader: 0, Current term: 1, Majority size: 1, State: 0, Mode: LEADER, active raft config: opid_index: -1 OBSOLETE_local: true peers { permanent_uuid: "27bf801776e24fb8a6e75e144acce67b" member_type: VOTER }
I20260630 12:12:59.577224  4827 sys_catalog.cc:565] T 00000000000000000000000000000000 P 27bf801776e24fb8a6e75e144acce67b [sys.catalog]: configured and running, proceeding with master startup.
I20260630 12:12:59.579571  4832 sys_catalog.cc:455] T 00000000000000000000000000000000 P 27bf801776e24fb8a6e75e144acce67b [sys.catalog]: SysCatalogTable state changed. Reason: New leader 27bf801776e24fb8a6e75e144acce67b. Latest consensus state: current_term: 1 leader_uuid: "27bf801776e24fb8a6e75e144acce67b" committed_config { opid_index: -1 OBSOLETE_local: true peers { permanent_uuid: "27bf801776e24fb8a6e75e144acce67b" member_type: VOTER } }
I20260630 12:12:59.579555  4831 sys_catalog.cc:455] T 00000000000000000000000000000000 P 27bf801776e24fb8a6e75e144acce67b [sys.catalog]: SysCatalogTable state changed. Reason: RaftConsensus started. Latest consensus state: current_term: 1 leader_uuid: "27bf801776e24fb8a6e75e144acce67b" committed_config { opid_index: -1 OBSOLETE_local: true peers { permanent_uuid: "27bf801776e24fb8a6e75e144acce67b" member_type: VOTER } }
I20260630 12:12:59.580296  4832 sys_catalog.cc:458] T 00000000000000000000000000000000 P 27bf801776e24fb8a6e75e144acce67b [sys.catalog]: This master's current role is: LEADER
I20260630 12:12:59.580376  4831 sys_catalog.cc:458] T 00000000000000000000000000000000 P 27bf801776e24fb8a6e75e144acce67b [sys.catalog]: This master's current role is: LEADER
I20260630 12:12:59.584658  4837 catalog_manager.cc:1511] Loading table and tablet metadata into memory...
I20260630 12:12:59.591881  4837 catalog_manager.cc:1520] Initializing Kudu cluster ID...
I20260630 12:12:59.592927   431 internal_mini_cluster.cc:184] Waiting to initialize catalog manager on master 0
I20260630 12:12:59.600682  4837 catalog_manager.cc:1383] Generated new cluster ID: f681da0b780f4a219327ab1219b52b62
I20260630 12:12:59.601013  4837 catalog_manager.cc:1531] Initializing Kudu internal certificate authority...
I20260630 12:12:59.633312  4837 catalog_manager.cc:1406] Generated new certificate authority record
I20260630 12:12:59.634729  4837 catalog_manager.cc:1540] Loading token signing keys...
I20260630 12:12:59.647107  4837 catalog_manager.cc:6070] T 00000000000000000000000000000000 P 27bf801776e24fb8a6e75e144acce67b: Generated new TSK 0
I20260630 12:12:59.647761  4837 catalog_manager.cc:1550] Initializing in-progress tserver states...
I20260630 12:12:59.659896   431 file_cache.cc:492] Constructed file cache file cache with capacity 419430
W20260630 12:12:59.665999  4848 instance_detector.cc:116] could not retrieve AWS instance metadata: Network error: curl error: HTTP response code said error: The requested URL returned error: 404
W20260630 12:12:59.667254  4849 instance_detector.cc:116] could not retrieve Azure instance metadata: Network error: curl error: HTTP response code said error: The requested URL returned error: 404
W20260630 12:12:59.668787  4851 instance_detector.cc:116] could not retrieve OpenStack instance metadata: Network error: curl error: HTTP response code said error: The requested URL returned error: 404
I20260630 12:12:59.669480   431 server_base.cc:1061] running on GCE node
I20260630 12:12:59.670217   431 hybrid_clock.cc:584] initializing the hybrid clock with 'system_unsync' time source
W20260630 12:12:59.670390   431 system_unsync_time.cc:38] NTP support is disabled. Clock error bounds will not be accurate. This configuration is not suitable for distributed clusters.
I20260630 12:12:59.670511   431 hybrid_clock.cc:648] HybridClock initialized: now 1782821579670500 us; error 0 us; skew 500 ppm
I20260630 12:12:59.670946   431 server_base.cc:861] Flag tcmalloc_max_total_thread_cache_bytes is not working since tcmalloc is not enabled.
I20260630 12:12:59.673338   431 webserver.cc:533] Webserver started at http://127.0.107.193:35809/ using document root <none> and password file <none>
I20260630 12:12:59.673763   431 fs_manager.cc:362] Metadata directory not provided
I20260630 12:12:59.673911   431 fs_manager.cc:368] Using write-ahead log directory (fs_wal_dir) as metadata directory
I20260630 12:12:59.674110   431 server_base.cc:909] This appears to be a new deployment of Kudu; creating new FS layout
I20260630 12:12:59.675154   431 fs_manager.cc:1068] Generated new instance metadata in path /tmp/dist-test-taskveXQ2W/test-tmp/auto_rebalancer-test.0.AutoRebalancerTest.TestMaxMovesPerServer.1782821461931832-431-0/minicluster-data/ts-0-root/instance:
uuid: "d72993b73b9c4dc49eee0bafd06ad292"
format_stamp: "Formatted at 2026-06-30 12:12:59 on dist-test-slave-fklz"
I20260630 12:12:59.679702   431 fs_manager.cc:696] Time spent creating directory manager: real 0.004s	user 0.002s	sys 0.004s
I20260630 12:12:59.684087  4856 log_block_manager.cc:4031] Time spent loading block containers with low live blocks: real 0.000s	user 0.000s	sys 0.000s
I20260630 12:12:59.684928   431 fs_manager.cc:730] Time spent opening block manager: real 0.002s	user 0.003s	sys 0.000s
I20260630 12:12:59.685189   431 fs_manager.cc:647] Opened local filesystem: /tmp/dist-test-taskveXQ2W/test-tmp/auto_rebalancer-test.0.AutoRebalancerTest.TestMaxMovesPerServer.1782821461931832-431-0/minicluster-data/ts-0-root
uuid: "d72993b73b9c4dc49eee0bafd06ad292"
format_stamp: "Formatted at 2026-06-30 12:12:59 on dist-test-slave-fklz"
I20260630 12:12:59.685427   431 fs_report.cc:389] FS layout report
--------------------
wal directory: /tmp/dist-test-taskveXQ2W/test-tmp/auto_rebalancer-test.0.AutoRebalancerTest.TestMaxMovesPerServer.1782821461931832-431-0/minicluster-data/ts-0-root
metadata directory: /tmp/dist-test-taskveXQ2W/test-tmp/auto_rebalancer-test.0.AutoRebalancerTest.TestMaxMovesPerServer.1782821461931832-431-0/minicluster-data/ts-0-root
1 data directories: /tmp/dist-test-taskveXQ2W/test-tmp/auto_rebalancer-test.0.AutoRebalancerTest.TestMaxMovesPerServer.1782821461931832-431-0/minicluster-data/ts-0-root/data
Total live blocks: 0
Total live bytes: 0
Total live bytes (after alignment): 0
Total number of LBM containers: 0 (0 full)
Did not check for missing blocks
Did not check for orphaned blocks
Total full LBM containers with extra space: 0 (0 repaired)
Total full LBM container extra space in bytes: 0 (0 repaired)
Total incomplete LBM containers: 0 (0 repaired)
Total LBM partial records: 0 (0 repaired)
Total corrupted LBM metadata records in RocksDB: 0 (0 repaired)
I20260630 12:12:59.708300   431 rpc_server.cc:225] running with OpenSSL 1.1.1  11 Sep 2018
I20260630 12:12:59.709517   431 kserver.cc:163] Server-wide thread pool size limit: 3276
I20260630 12:12:59.710932   431 txn_system_client.cc:432] TxnSystemClient initialization is disabled...
I20260630 12:12:59.713243   431 ts_tablet_manager.cc:585] Loaded tablet metadata (0 total tablets, 0 live tablets)
I20260630 12:12:59.713413   431 ts_tablet_manager.cc:531] Time spent load tablet metadata: real 0.000s	user 0.000s	sys 0.000s
I20260630 12:12:59.713696   431 ts_tablet_manager.cc:616] Registered 0 tablets
I20260630 12:12:59.713865   431 ts_tablet_manager.cc:595] Time spent register tablets: real 0.000s	user 0.000s	sys 0.000s
I20260630 12:12:59.759333   431 rpc_server.cc:307] RPC server started. Bound to: 127.0.107.193:34467
I20260630 12:12:59.759441  4918 acceptor_pool.cc:272] collecting diagnostics on the listening RPC socket 127.0.107.193:34467 every 8 connection(s)
I20260630 12:12:59.764493   431 file_cache.cc:492] Constructed file cache file cache with capacity 419430
W20260630 12:12:59.772063  4923 instance_detector.cc:116] could not retrieve AWS instance metadata: Network error: curl error: HTTP response code said error: The requested URL returned error: 404
W20260630 12:12:59.773456  4924 instance_detector.cc:116] could not retrieve Azure instance metadata: Network error: curl error: HTTP response code said error: The requested URL returned error: 404
W20260630 12:12:59.793032  4926 instance_detector.cc:116] could not retrieve OpenStack instance metadata: Network error: curl error: HTTP response code said error: The requested URL returned error: 404
I20260630 12:12:59.793569   431 server_base.cc:1061] running on GCE node
I20260630 12:12:59.794498   431 hybrid_clock.cc:584] initializing the hybrid clock with 'system_unsync' time source
W20260630 12:12:59.794688   431 system_unsync_time.cc:38] NTP support is disabled. Clock error bounds will not be accurate. This configuration is not suitable for distributed clusters.
I20260630 12:12:59.794899   431 hybrid_clock.cc:648] HybridClock initialized: now 1782821579794885 us; error 0 us; skew 500 ppm
I20260630 12:12:59.795576   431 server_base.cc:861] Flag tcmalloc_max_total_thread_cache_bytes is not working since tcmalloc is not enabled.
I20260630 12:12:59.798519   431 webserver.cc:533] Webserver started at http://127.0.107.194:35573/ using document root <none> and password file <none>
I20260630 12:12:59.798990  4919 heartbeater.cc:344] Connected to a master server at 127.0.107.254:36269
I20260630 12:12:59.799130   431 fs_manager.cc:362] Metadata directory not provided
I20260630 12:12:59.799389  4919 heartbeater.cc:461] Registering TS with master...
I20260630 12:12:59.799459   431 fs_manager.cc:368] Using write-ahead log directory (fs_wal_dir) as metadata directory
I20260630 12:12:59.799890   431 server_base.cc:909] This appears to be a new deployment of Kudu; creating new FS layout
I20260630 12:12:59.800273  4919 heartbeater.cc:507] Master 127.0.107.254:36269 requested a full tablet report, sending...
I20260630 12:12:59.801170   431 fs_manager.cc:1068] Generated new instance metadata in path /tmp/dist-test-taskveXQ2W/test-tmp/auto_rebalancer-test.0.AutoRebalancerTest.TestMaxMovesPerServer.1782821461931832-431-0/minicluster-data/ts-1-root/instance:
uuid: "cad34932231646aea4b58cb784fd6daa"
format_stamp: "Formatted at 2026-06-30 12:12:59 on dist-test-slave-fklz"
I20260630 12:12:59.802627  4792 ts_manager.cc:194] Registered new tserver with Master: d72993b73b9c4dc49eee0bafd06ad292 (127.0.107.193:34467)
I20260630 12:12:59.805220  4792 master_service.cc:502] Signed X509 certificate for tserver {username='slave'} at 127.0.0.1:56546
I20260630 12:12:59.807339   431 fs_manager.cc:696] Time spent creating directory manager: real 0.006s	user 0.005s	sys 0.001s
I20260630 12:12:59.811110  4931 log_block_manager.cc:4031] Time spent loading block containers with low live blocks: real 0.000s	user 0.000s	sys 0.000s
I20260630 12:12:59.811980   431 fs_manager.cc:730] Time spent opening block manager: real 0.002s	user 0.002s	sys 0.000s
I20260630 12:12:59.812289   431 fs_manager.cc:647] Opened local filesystem: /tmp/dist-test-taskveXQ2W/test-tmp/auto_rebalancer-test.0.AutoRebalancerTest.TestMaxMovesPerServer.1782821461931832-431-0/minicluster-data/ts-1-root
uuid: "cad34932231646aea4b58cb784fd6daa"
format_stamp: "Formatted at 2026-06-30 12:12:59 on dist-test-slave-fklz"
I20260630 12:12:59.812528   431 fs_report.cc:389] FS layout report
--------------------
wal directory: /tmp/dist-test-taskveXQ2W/test-tmp/auto_rebalancer-test.0.AutoRebalancerTest.TestMaxMovesPerServer.1782821461931832-431-0/minicluster-data/ts-1-root
metadata directory: /tmp/dist-test-taskveXQ2W/test-tmp/auto_rebalancer-test.0.AutoRebalancerTest.TestMaxMovesPerServer.1782821461931832-431-0/minicluster-data/ts-1-root
1 data directories: /tmp/dist-test-taskveXQ2W/test-tmp/auto_rebalancer-test.0.AutoRebalancerTest.TestMaxMovesPerServer.1782821461931832-431-0/minicluster-data/ts-1-root/data
Total live blocks: 0
Total live bytes: 0
Total live bytes (after alignment): 0
Total number of LBM containers: 0 (0 full)
Did not check for missing blocks
Did not check for orphaned blocks
Total full LBM containers with extra space: 0 (0 repaired)
Total full LBM container extra space in bytes: 0 (0 repaired)
Total incomplete LBM containers: 0 (0 repaired)
Total LBM partial records: 0 (0 repaired)
Total corrupted LBM metadata records in RocksDB: 0 (0 repaired)
I20260630 12:12:59.828053   431 rpc_server.cc:225] running with OpenSSL 1.1.1  11 Sep 2018
I20260630 12:12:59.829276   431 kserver.cc:163] Server-wide thread pool size limit: 3276
I20260630 12:12:59.830683   431 txn_system_client.cc:432] TxnSystemClient initialization is disabled...
I20260630 12:12:59.832809   431 ts_tablet_manager.cc:585] Loaded tablet metadata (0 total tablets, 0 live tablets)
I20260630 12:12:59.833030   431 ts_tablet_manager.cc:531] Time spent load tablet metadata: real 0.000s	user 0.000s	sys 0.000s
I20260630 12:12:59.833261   431 ts_tablet_manager.cc:616] Registered 0 tablets
I20260630 12:12:59.833434   431 ts_tablet_manager.cc:595] Time spent register tablets: real 0.000s	user 0.000s	sys 0.000s
I20260630 12:12:59.872782   431 rpc_server.cc:307] RPC server started. Bound to: 127.0.107.194:33255
I20260630 12:12:59.872977  4993 acceptor_pool.cc:272] collecting diagnostics on the listening RPC socket 127.0.107.194:33255 every 8 connection(s)
I20260630 12:12:59.877774   431 file_cache.cc:492] Constructed file cache file cache with capacity 419430
W20260630 12:12:59.884711  4997 instance_detector.cc:116] could not retrieve AWS instance metadata: Network error: curl error: HTTP response code said error: The requested URL returned error: 404
W20260630 12:12:59.886586  4998 instance_detector.cc:116] could not retrieve Azure instance metadata: Network error: curl error: HTTP response code said error: The requested URL returned error: 404
W20260630 12:12:59.889937  5000 instance_detector.cc:116] could not retrieve OpenStack instance metadata: Network error: curl error: HTTP response code said error: The requested URL returned error: 404
I20260630 12:12:59.890625   431 server_base.cc:1061] running on GCE node
I20260630 12:12:59.890965  4994 heartbeater.cc:344] Connected to a master server at 127.0.107.254:36269
I20260630 12:12:59.891366  4994 heartbeater.cc:461] Registering TS with master...
I20260630 12:12:59.891631   431 hybrid_clock.cc:584] initializing the hybrid clock with 'system_unsync' time source
W20260630 12:12:59.891888   431 system_unsync_time.cc:38] NTP support is disabled. Clock error bounds will not be accurate. This configuration is not suitable for distributed clusters.
I20260630 12:12:59.892026  4994 heartbeater.cc:507] Master 127.0.107.254:36269 requested a full tablet report, sending...
I20260630 12:12:59.892077   431 hybrid_clock.cc:648] HybridClock initialized: now 1782821579892062 us; error 0 us; skew 500 ppm
I20260630 12:12:59.892831   431 server_base.cc:861] Flag tcmalloc_max_total_thread_cache_bytes is not working since tcmalloc is not enabled.
I20260630 12:12:59.894249  4792 ts_manager.cc:194] Registered new tserver with Master: cad34932231646aea4b58cb784fd6daa (127.0.107.194:33255)
I20260630 12:12:59.895290   431 webserver.cc:533] Webserver started at http://127.0.107.195:42449/ using document root <none> and password file <none>
I20260630 12:12:59.895789   431 fs_manager.cc:362] Metadata directory not provided
I20260630 12:12:59.895804  4792 master_service.cc:502] Signed X509 certificate for tserver {username='slave'} at 127.0.0.1:56550
I20260630 12:12:59.896224   431 fs_manager.cc:368] Using write-ahead log directory (fs_wal_dir) as metadata directory
I20260630 12:12:59.896526   431 server_base.cc:909] This appears to be a new deployment of Kudu; creating new FS layout
I20260630 12:12:59.897753   431 fs_manager.cc:1068] Generated new instance metadata in path /tmp/dist-test-taskveXQ2W/test-tmp/auto_rebalancer-test.0.AutoRebalancerTest.TestMaxMovesPerServer.1782821461931832-431-0/minicluster-data/ts-2-root/instance:
uuid: "ff73ff540bd24a29b3b68bce8a1c1ad7"
format_stamp: "Formatted at 2026-06-30 12:12:59 on dist-test-slave-fklz"
I20260630 12:12:59.902100   431 fs_manager.cc:696] Time spent creating directory manager: real 0.004s	user 0.005s	sys 0.000s
I20260630 12:12:59.905835  5005 log_block_manager.cc:4031] Time spent loading block containers with low live blocks: real 0.000s	user 0.000s	sys 0.000s
I20260630 12:12:59.906599   431 fs_manager.cc:730] Time spent opening block manager: real 0.002s	user 0.004s	sys 0.000s
I20260630 12:12:59.906906   431 fs_manager.cc:647] Opened local filesystem: /tmp/dist-test-taskveXQ2W/test-tmp/auto_rebalancer-test.0.AutoRebalancerTest.TestMaxMovesPerServer.1782821461931832-431-0/minicluster-data/ts-2-root
uuid: "ff73ff540bd24a29b3b68bce8a1c1ad7"
format_stamp: "Formatted at 2026-06-30 12:12:59 on dist-test-slave-fklz"
I20260630 12:12:59.907166   431 fs_report.cc:389] FS layout report
--------------------
wal directory: /tmp/dist-test-taskveXQ2W/test-tmp/auto_rebalancer-test.0.AutoRebalancerTest.TestMaxMovesPerServer.1782821461931832-431-0/minicluster-data/ts-2-root
metadata directory: /tmp/dist-test-taskveXQ2W/test-tmp/auto_rebalancer-test.0.AutoRebalancerTest.TestMaxMovesPerServer.1782821461931832-431-0/minicluster-data/ts-2-root
1 data directories: /tmp/dist-test-taskveXQ2W/test-tmp/auto_rebalancer-test.0.AutoRebalancerTest.TestMaxMovesPerServer.1782821461931832-431-0/minicluster-data/ts-2-root/data
Total live blocks: 0
Total live bytes: 0
Total live bytes (after alignment): 0
Total number of LBM containers: 0 (0 full)
Did not check for missing blocks
Did not check for orphaned blocks
Total full LBM containers with extra space: 0 (0 repaired)
Total full LBM container extra space in bytes: 0 (0 repaired)
Total incomplete LBM containers: 0 (0 repaired)
Total LBM partial records: 0 (0 repaired)
Total corrupted LBM metadata records in RocksDB: 0 (0 repaired)
I20260630 12:12:59.919900   431 rpc_server.cc:225] running with OpenSSL 1.1.1  11 Sep 2018
I20260630 12:12:59.921132   431 kserver.cc:163] Server-wide thread pool size limit: 3276
I20260630 12:12:59.922494   431 txn_system_client.cc:432] TxnSystemClient initialization is disabled...
I20260630 12:12:59.924569   431 ts_tablet_manager.cc:585] Loaded tablet metadata (0 total tablets, 0 live tablets)
I20260630 12:12:59.924834   431 ts_tablet_manager.cc:531] Time spent load tablet metadata: real 0.000s	user 0.000s	sys 0.000s
I20260630 12:12:59.925081   431 ts_tablet_manager.cc:616] Registered 0 tablets
I20260630 12:12:59.925263   431 ts_tablet_manager.cc:595] Time spent register tablets: real 0.000s	user 0.000s	sys 0.000s
I20260630 12:12:59.964847   431 rpc_server.cc:307] RPC server started. Bound to: 127.0.107.195:35383
I20260630 12:12:59.965023  5067 acceptor_pool.cc:272] collecting diagnostics on the listening RPC socket 127.0.107.195:35383 every 8 connection(s)
I20260630 12:12:59.979449  5068 heartbeater.cc:344] Connected to a master server at 127.0.107.254:36269
I20260630 12:12:59.979848  5068 heartbeater.cc:461] Registering TS with master...
I20260630 12:12:59.980629  5068 heartbeater.cc:507] Master 127.0.107.254:36269 requested a full tablet report, sending...
I20260630 12:12:59.982672  4792 ts_manager.cc:194] Registered new tserver with Master: ff73ff540bd24a29b3b68bce8a1c1ad7 (127.0.107.195:35383)
I20260630 12:12:59.982854   431 internal_mini_cluster.cc:371] 3 TS(s) registered with all masters after 0.014973873s
I20260630 12:12:59.984174  4792 master_service.cc:502] Signed X509 certificate for tserver {username='slave'} at 127.0.0.1:56562
I20260630 12:13:00.808434  4919 heartbeater.cc:499] Master 127.0.107.254:36269 was elected leader, sending a full tablet report...
I20260630 12:13:00.898674  4994 heartbeater.cc:499] Master 127.0.107.254:36269 was elected leader, sending a full tablet report...
I20260630 12:13:00.987191  5068 heartbeater.cc:499] Master 127.0.107.254:36269 was elected leader, sending a full tablet report...
I20260630 12:13:01.039758  4792 catalog_manager.cc:2283] Servicing CreateTable request from {username='slave'} at 127.0.0.1:56566:
name: "test-workload"
schema {
  columns {
    name: "key"
    type: INT32
    is_key: true
    is_nullable: false
    encoding: AUTO_ENCODING
    compression: DEFAULT_COMPRESSION
    cfile_block_size: 0
    immutable: false
  }
  columns {
    name: "int_val"
    type: INT32
    is_key: false
    is_nullable: false
    encoding: AUTO_ENCODING
    compression: DEFAULT_COMPRESSION
    cfile_block_size: 0
    immutable: false
  }
  columns {
    name: "string_val"
    type: STRING
    is_key: false
    is_nullable: true
    encoding: AUTO_ENCODING
    compression: DEFAULT_COMPRESSION
    cfile_block_size: 0
    immutable: false
  }
}
num_replicas: 3
split_rows_range_bounds {
  rows: "\004\001\000\252\252\252\n\004\001\000TUU\025\004\001\000\376\377\377\037\004\001\000\250\252\252*\004\001\000RUU5\004\001\000\374\377\377?\004\001\000\246\252\252J\004\001\000PUUU\004\001\000\372\377\377_\004\001\000\244\252\252j\004\001\000NUUu""\004\001\000\252\252\252\n\004\001\000TUU\025\004\001\000\376\377\377\037\004\001\000\250\252\252*\004\001\000RUU5\004\001\000\374\377\377?\004\001\000\246\252\252J\004\001\000PUUU\004\001\000\372\377\377_\004\001\000\244\252\252j\004\001\000NUUu"
  indirect_data: """"
}
partition_schema {
  range_schema {
    columns {
      name: "key"
    }
  }
}
W20260630 12:13:01.042755  4792 catalog_manager.cc:7077] The number of live tablet servers is not enough to re-replicate a tablet replica of the newly created table test-workload in case of a server failure: 4 tablet servers would be needed, 3 are available. Consider bringing up more tablet servers.
I20260630 12:13:01.152415  4959 tablet_service.cc:1511] Processing CreateTablet for tablet 7985b8aa8727462fb02d22327fafc346 (DEFAULT_TABLE table=test-workload [id=fd0fbc681072451ba96610d932c42744]), partition=RANGE (key) PARTITION VALUES < 178956970
I20260630 12:13:01.152925  5033 tablet_service.cc:1511] Processing CreateTablet for tablet 7985b8aa8727462fb02d22327fafc346 (DEFAULT_TABLE table=test-workload [id=fd0fbc681072451ba96610d932c42744]), partition=RANGE (key) PARTITION VALUES < 178956970
I20260630 12:13:01.154469  5033 data_dirs.cc:400] Could only allocate 1 dirs of requested 3 for tablet 7985b8aa8727462fb02d22327fafc346. 1 dirs total, 0 dirs full, 0 dirs failed
I20260630 12:13:01.154970  4958 tablet_service.cc:1511] Processing CreateTablet for tablet acbc5feb0ac0496a97dc54efce672d5d (DEFAULT_TABLE table=test-workload [id=fd0fbc681072451ba96610d932c42744]), partition=RANGE (key) PARTITION 178956970 <= VALUES < 357913940
I20260630 12:13:01.157130  4883 tablet_service.cc:1511] Processing CreateTablet for tablet acbc5feb0ac0496a97dc54efce672d5d (DEFAULT_TABLE table=test-workload [id=fd0fbc681072451ba96610d932c42744]), partition=RANGE (key) PARTITION 178956970 <= VALUES < 357913940
I20260630 12:13:01.157404  4957 tablet_service.cc:1511] Processing CreateTablet for tablet 5a3ce2755df544c895747097a50dae63 (DEFAULT_TABLE table=test-workload [id=fd0fbc681072451ba96610d932c42744]), partition=RANGE (key) PARTITION 357913940 <= VALUES < 536870910
I20260630 12:13:01.158613  4883 data_dirs.cc:400] Could only allocate 1 dirs of requested 3 for tablet acbc5feb0ac0496a97dc54efce672d5d. 1 dirs total, 0 dirs full, 0 dirs failed
I20260630 12:13:01.159469  4956 tablet_service.cc:1511] Processing CreateTablet for tablet ff79ac3291aa46d297e79faa0914dad1 (DEFAULT_TABLE table=test-workload [id=fd0fbc681072451ba96610d932c42744]), partition=RANGE (key) PARTITION 536870910 <= VALUES < 715827880
I20260630 12:13:01.161446  4955 tablet_service.cc:1511] Processing CreateTablet for tablet d7df36a95e6c46079e825a35c83a1ecf (DEFAULT_TABLE table=test-workload [id=fd0fbc681072451ba96610d932c42744]), partition=RANGE (key) PARTITION 715827880 <= VALUES < 894784850
I20260630 12:13:01.161890  4884 tablet_service.cc:1511] Processing CreateTablet for tablet 7985b8aa8727462fb02d22327fafc346 (DEFAULT_TABLE table=test-workload [id=fd0fbc681072451ba96610d932c42744]), partition=RANGE (key) PARTITION VALUES < 178956970
I20260630 12:13:01.163316  4884 data_dirs.cc:400] Could only allocate 1 dirs of requested 3 for tablet 7985b8aa8727462fb02d22327fafc346. 1 dirs total, 0 dirs full, 0 dirs failed
I20260630 12:13:01.163488  4954 tablet_service.cc:1511] Processing CreateTablet for tablet fda416198f184ba5be9f703fd1998317 (DEFAULT_TABLE table=test-workload [id=fd0fbc681072451ba96610d932c42744]), partition=RANGE (key) PARTITION 894784850 <= VALUES < 1073741820
I20260630 12:13:01.165660  4953 tablet_service.cc:1511] Processing CreateTablet for tablet d412541830d645628e762a9597a396cd (DEFAULT_TABLE table=test-workload [id=fd0fbc681072451ba96610d932c42744]), partition=RANGE (key) PARTITION 1073741820 <= VALUES < 1252698790
I20260630 12:13:01.166600  5029 tablet_service.cc:1511] Processing CreateTablet for tablet d7df36a95e6c46079e825a35c83a1ecf (DEFAULT_TABLE table=test-workload [id=fd0fbc681072451ba96610d932c42744]), partition=RANGE (key) PARTITION 715827880 <= VALUES < 894784850
I20260630 12:13:01.170434  5030 tablet_service.cc:1511] Processing CreateTablet for tablet ff79ac3291aa46d297e79faa0914dad1 (DEFAULT_TABLE table=test-workload [id=fd0fbc681072451ba96610d932c42744]), partition=RANGE (key) PARTITION 536870910 <= VALUES < 715827880
I20260630 12:13:01.171855  4959 data_dirs.cc:400] Could only allocate 1 dirs of requested 3 for tablet 7985b8aa8727462fb02d22327fafc346. 1 dirs total, 0 dirs full, 0 dirs failed
I20260630 12:13:01.173192  5031 tablet_service.cc:1511] Processing CreateTablet for tablet 5a3ce2755df544c895747097a50dae63 (DEFAULT_TABLE table=test-workload [id=fd0fbc681072451ba96610d932c42744]), partition=RANGE (key) PARTITION 357913940 <= VALUES < 536870910
I20260630 12:13:01.173972  4878 tablet_service.cc:1511] Processing CreateTablet for tablet d412541830d645628e762a9597a396cd (DEFAULT_TABLE table=test-workload [id=fd0fbc681072451ba96610d932c42744]), partition=RANGE (key) PARTITION 1073741820 <= VALUES < 1252698790
I20260630 12:13:01.175408  4878 data_dirs.cc:400] Could only allocate 1 dirs of requested 3 for tablet d412541830d645628e762a9597a396cd. 1 dirs total, 0 dirs full, 0 dirs failed
I20260630 12:13:01.170724  4876 tablet_service.cc:1511] Processing CreateTablet for tablet 9be0af1fad0641e8b95ce8b45a6335c8 (DEFAULT_TABLE table=test-workload [id=fd0fbc681072451ba96610d932c42744]), partition=RANGE (key) PARTITION 1431655760 <= VALUES < 1610612730
I20260630 12:13:01.177955  4879 tablet_service.cc:1511] Processing CreateTablet for tablet fda416198f184ba5be9f703fd1998317 (DEFAULT_TABLE table=test-workload [id=fd0fbc681072451ba96610d932c42744]), partition=RANGE (key) PARTITION 894784850 <= VALUES < 1073741820
I20260630 12:13:01.179086  4954 data_dirs.cc:400] Could only allocate 1 dirs of requested 3 for tablet fda416198f184ba5be9f703fd1998317. 1 dirs total, 0 dirs full, 0 dirs failed
I20260630 12:13:01.180549  5027 tablet_service.cc:1511] Processing CreateTablet for tablet d412541830d645628e762a9597a396cd (DEFAULT_TABLE table=test-workload [id=fd0fbc681072451ba96610d932c42744]), partition=RANGE (key) PARTITION 1073741820 <= VALUES < 1252698790
I20260630 12:13:01.182077  4880 tablet_service.cc:1511] Processing CreateTablet for tablet d7df36a95e6c46079e825a35c83a1ecf (DEFAULT_TABLE table=test-workload [id=fd0fbc681072451ba96610d932c42744]), partition=RANGE (key) PARTITION 715827880 <= VALUES < 894784850
I20260630 12:13:01.183287  5026 tablet_service.cc:1511] Processing CreateTablet for tablet 38c54db13289423882d5f26aeb1b7d10 (DEFAULT_TABLE table=test-workload [id=fd0fbc681072451ba96610d932c42744]), partition=RANGE (key) PARTITION 1252698790 <= VALUES < 1431655760
I20260630 12:13:01.183673  4877 tablet_service.cc:1511] Processing CreateTablet for tablet 38c54db13289423882d5f26aeb1b7d10 (DEFAULT_TABLE table=test-workload [id=fd0fbc681072451ba96610d932c42744]), partition=RANGE (key) PARTITION 1252698790 <= VALUES < 1431655760
I20260630 12:13:01.180331  5028 tablet_service.cc:1511] Processing CreateTablet for tablet fda416198f184ba5be9f703fd1998317 (DEFAULT_TABLE table=test-workload [id=fd0fbc681072451ba96610d932c42744]), partition=RANGE (key) PARTITION 894784850 <= VALUES < 1073741820
I20260630 12:13:01.175540  5032 tablet_service.cc:1511] Processing CreateTablet for tablet acbc5feb0ac0496a97dc54efce672d5d (DEFAULT_TABLE table=test-workload [id=fd0fbc681072451ba96610d932c42744]), partition=RANGE (key) PARTITION 178956970 <= VALUES < 357913940
I20260630 12:13:01.185827  5025 tablet_service.cc:1511] Processing CreateTablet for tablet 9be0af1fad0641e8b95ce8b45a6335c8 (DEFAULT_TABLE table=test-workload [id=fd0fbc681072451ba96610d932c42744]), partition=RANGE (key) PARTITION 1431655760 <= VALUES < 1610612730
I20260630 12:13:01.186661  5029 data_dirs.cc:400] Could only allocate 1 dirs of requested 3 for tablet d7df36a95e6c46079e825a35c83a1ecf. 1 dirs total, 0 dirs full, 0 dirs failed
I20260630 12:13:01.167023  4875 tablet_service.cc:1511] Processing CreateTablet for tablet b848244a9622470d833a14c7a62bafb4 (DEFAULT_TABLE table=test-workload [id=fd0fbc681072451ba96610d932c42744]), partition=RANGE (key) PARTITION 1610612730 <= VALUES < 1789569700
I20260630 12:13:01.188567  4952 tablet_service.cc:1511] Processing CreateTablet for tablet 38c54db13289423882d5f26aeb1b7d10 (DEFAULT_TABLE table=test-workload [id=fd0fbc681072451ba96610d932c42744]), partition=RANGE (key) PARTITION 1252698790 <= VALUES < 1431655760
I20260630 12:13:01.189142  5028 data_dirs.cc:400] Could only allocate 1 dirs of requested 3 for tablet fda416198f184ba5be9f703fd1998317. 1 dirs total, 0 dirs full, 0 dirs failed
I20260630 12:13:01.188429  5024 tablet_service.cc:1511] Processing CreateTablet for tablet b848244a9622470d833a14c7a62bafb4 (DEFAULT_TABLE table=test-workload [id=fd0fbc681072451ba96610d932c42744]), partition=RANGE (key) PARTITION 1610612730 <= VALUES < 1789569700
I20260630 12:13:01.190846  5024 data_dirs.cc:400] Could only allocate 1 dirs of requested 3 for tablet b848244a9622470d833a14c7a62bafb4. 1 dirs total, 0 dirs full, 0 dirs failed
I20260630 12:13:01.190927  4951 tablet_service.cc:1511] Processing CreateTablet for tablet 9be0af1fad0641e8b95ce8b45a6335c8 (DEFAULT_TABLE table=test-workload [id=fd0fbc681072451ba96610d932c42744]), partition=RANGE (key) PARTITION 1431655760 <= VALUES < 1610612730
I20260630 12:13:01.193591  4950 tablet_service.cc:1511] Processing CreateTablet for tablet b848244a9622470d833a14c7a62bafb4 (DEFAULT_TABLE table=test-workload [id=fd0fbc681072451ba96610d932c42744]), partition=RANGE (key) PARTITION 1610612730 <= VALUES < 1789569700
I20260630 12:13:01.195201  4882 tablet_service.cc:1511] Processing CreateTablet for tablet 5a3ce2755df544c895747097a50dae63 (DEFAULT_TABLE table=test-workload [id=fd0fbc681072451ba96610d932c42744]), partition=RANGE (key) PARTITION 357913940 <= VALUES < 536870910
I20260630 12:13:01.196611  4882 data_dirs.cc:400] Could only allocate 1 dirs of requested 3 for tablet 5a3ce2755df544c895747097a50dae63. 1 dirs total, 0 dirs full, 0 dirs failed
I20260630 12:13:01.197273  4879 data_dirs.cc:400] Could only allocate 1 dirs of requested 3 for tablet fda416198f184ba5be9f703fd1998317. 1 dirs total, 0 dirs full, 0 dirs failed
I20260630 12:13:01.170696  4881 tablet_service.cc:1511] Processing CreateTablet for tablet ff79ac3291aa46d297e79faa0914dad1 (DEFAULT_TABLE table=test-workload [id=fd0fbc681072451ba96610d932c42744]), partition=RANGE (key) PARTITION 536870910 <= VALUES < 715827880
I20260630 12:13:01.198742  4877 data_dirs.cc:400] Could only allocate 1 dirs of requested 3 for tablet 38c54db13289423882d5f26aeb1b7d10. 1 dirs total, 0 dirs full, 0 dirs failed
I20260630 12:13:01.200305  4880 data_dirs.cc:400] Could only allocate 1 dirs of requested 3 for tablet d7df36a95e6c46079e825a35c83a1ecf. 1 dirs total, 0 dirs full, 0 dirs failed
I20260630 12:13:01.202744  4876 data_dirs.cc:400] Could only allocate 1 dirs of requested 3 for tablet 9be0af1fad0641e8b95ce8b45a6335c8. 1 dirs total, 0 dirs full, 0 dirs failed
I20260630 12:13:01.203137  4956 data_dirs.cc:400] Could only allocate 1 dirs of requested 3 for tablet ff79ac3291aa46d297e79faa0914dad1. 1 dirs total, 0 dirs full, 0 dirs failed
I20260630 12:13:01.205202  4875 data_dirs.cc:400] Could only allocate 1 dirs of requested 3 for tablet b848244a9622470d833a14c7a62bafb4. 1 dirs total, 0 dirs full, 0 dirs failed
I20260630 12:13:01.209893  4957 data_dirs.cc:400] Could only allocate 1 dirs of requested 3 for tablet 5a3ce2755df544c895747097a50dae63. 1 dirs total, 0 dirs full, 0 dirs failed
I20260630 12:13:01.211074  4881 data_dirs.cc:400] Could only allocate 1 dirs of requested 3 for tablet ff79ac3291aa46d297e79faa0914dad1. 1 dirs total, 0 dirs full, 0 dirs failed
I20260630 12:13:01.213016  4952 data_dirs.cc:400] Could only allocate 1 dirs of requested 3 for tablet 38c54db13289423882d5f26aeb1b7d10. 1 dirs total, 0 dirs full, 0 dirs failed
I20260630 12:13:01.214422  4955 data_dirs.cc:400] Could only allocate 1 dirs of requested 3 for tablet d7df36a95e6c46079e825a35c83a1ecf. 1 dirs total, 0 dirs full, 0 dirs failed
I20260630 12:13:01.215830  4951 data_dirs.cc:400] Could only allocate 1 dirs of requested 3 for tablet 9be0af1fad0641e8b95ce8b45a6335c8. 1 dirs total, 0 dirs full, 0 dirs failed
I20260630 12:13:01.216581  4950 data_dirs.cc:400] Could only allocate 1 dirs of requested 3 for tablet b848244a9622470d833a14c7a62bafb4. 1 dirs total, 0 dirs full, 0 dirs failed
I20260630 12:13:01.217499  4958 data_dirs.cc:400] Could only allocate 1 dirs of requested 3 for tablet acbc5feb0ac0496a97dc54efce672d5d. 1 dirs total, 0 dirs full, 0 dirs failed
I20260630 12:13:01.218977  4953 data_dirs.cc:400] Could only allocate 1 dirs of requested 3 for tablet d412541830d645628e762a9597a396cd. 1 dirs total, 0 dirs full, 0 dirs failed
I20260630 12:13:01.191565  5031 data_dirs.cc:400] Could only allocate 1 dirs of requested 3 for tablet 5a3ce2755df544c895747097a50dae63. 1 dirs total, 0 dirs full, 0 dirs failed
I20260630 12:13:01.221645  5026 data_dirs.cc:400] Could only allocate 1 dirs of requested 3 for tablet 38c54db13289423882d5f26aeb1b7d10. 1 dirs total, 0 dirs full, 0 dirs failed
I20260630 12:13:01.223748  5027 data_dirs.cc:400] Could only allocate 1 dirs of requested 3 for tablet d412541830d645628e762a9597a396cd. 1 dirs total, 0 dirs full, 0 dirs failed
I20260630 12:13:01.225288  5025 data_dirs.cc:400] Could only allocate 1 dirs of requested 3 for tablet 9be0af1fad0641e8b95ce8b45a6335c8. 1 dirs total, 0 dirs full, 0 dirs failed
I20260630 12:13:01.226763  5030 data_dirs.cc:400] Could only allocate 1 dirs of requested 3 for tablet ff79ac3291aa46d297e79faa0914dad1. 1 dirs total, 0 dirs full, 0 dirs failed
I20260630 12:13:01.232438  5032 data_dirs.cc:400] Could only allocate 1 dirs of requested 3 for tablet acbc5feb0ac0496a97dc54efce672d5d. 1 dirs total, 0 dirs full, 0 dirs failed
I20260630 12:13:01.285211  5088 tablet_bootstrap.cc:492] T 5a3ce2755df544c895747097a50dae63 P d72993b73b9c4dc49eee0bafd06ad292: Bootstrap starting.
I20260630 12:13:01.289016  4882 tablet_service.cc:1511] Processing CreateTablet for tablet 685dd76319754e85833f58b3183883da (DEFAULT_TABLE table=test-workload [id=fd0fbc681072451ba96610d932c42744]), partition=RANGE (key) PARTITION 1789569700 <= VALUES < 1968526670
I20260630 12:13:01.290558  4882 data_dirs.cc:400] Could only allocate 1 dirs of requested 3 for tablet 685dd76319754e85833f58b3183883da. 1 dirs total, 0 dirs full, 0 dirs failed
I20260630 12:13:01.304198  5088 tablet_bootstrap.cc:654] T 5a3ce2755df544c895747097a50dae63 P d72993b73b9c4dc49eee0bafd06ad292: Neither blocks nor log segments found. Creating new log.
I20260630 12:13:01.311447  4884 tablet_service.cc:1511] Processing CreateTablet for tablet e47b000d71c34e539ea1f2d379f93bd4 (DEFAULT_TABLE table=test-workload [id=fd0fbc681072451ba96610d932c42744]), partition=RANGE (key) PARTITION 1968526670 <= VALUES
I20260630 12:13:01.321714  4884 data_dirs.cc:400] Could only allocate 1 dirs of requested 3 for tablet e47b000d71c34e539ea1f2d379f93bd4. 1 dirs total, 0 dirs full, 0 dirs failed
I20260630 12:13:01.343037  5025 tablet_service.cc:1511] Processing CreateTablet for tablet 685dd76319754e85833f58b3183883da (DEFAULT_TABLE table=test-workload [id=fd0fbc681072451ba96610d932c42744]), partition=RANGE (key) PARTITION 1789569700 <= VALUES < 1968526670
I20260630 12:13:01.346357  5025 data_dirs.cc:400] Could only allocate 1 dirs of requested 3 for tablet 685dd76319754e85833f58b3183883da. 1 dirs total, 0 dirs full, 0 dirs failed
I20260630 12:13:01.364043  5088 tablet_bootstrap.cc:492] T 5a3ce2755df544c895747097a50dae63 P d72993b73b9c4dc49eee0bafd06ad292: No bootstrap required, opened a new log
I20260630 12:13:01.364696  5088 ts_tablet_manager.cc:1403] T 5a3ce2755df544c895747097a50dae63 P d72993b73b9c4dc49eee0bafd06ad292: Time spent bootstrapping tablet: real 0.080s	user 0.019s	sys 0.000s
I20260630 12:13:01.373337  5088 raft_consensus.cc:359] T 5a3ce2755df544c895747097a50dae63 P d72993b73b9c4dc49eee0bafd06ad292 [term 0 FOLLOWER]: Replica starting. Triggering 0 pending ops. Active config: opid_index: -1 OBSOLETE_local: false peers { permanent_uuid: "d72993b73b9c4dc49eee0bafd06ad292" member_type: VOTER last_known_addr { host: "127.0.107.193" port: 34467 } } peers { permanent_uuid: "cad34932231646aea4b58cb784fd6daa" member_type: VOTER last_known_addr { host: "127.0.107.194" port: 33255 } } peers { permanent_uuid: "ff73ff540bd24a29b3b68bce8a1c1ad7" member_type: VOTER last_known_addr { host: "127.0.107.195" port: 35383 } }
I20260630 12:13:01.374104  5088 raft_consensus.cc:385] T 5a3ce2755df544c895747097a50dae63 P d72993b73b9c4dc49eee0bafd06ad292 [term 0 FOLLOWER]: Consensus starting up: Expiring failure detector timer to make a prompt election more likely
I20260630 12:13:01.374399  5088 raft_consensus.cc:740] T 5a3ce2755df544c895747097a50dae63 P d72993b73b9c4dc49eee0bafd06ad292 [term 0 FOLLOWER]: Becoming Follower/Learner. State: Replica: d72993b73b9c4dc49eee0bafd06ad292, State: Initialized, Role: FOLLOWER
I20260630 12:13:01.375157  5088 consensus_queue.cc:260] T 5a3ce2755df544c895747097a50dae63 P d72993b73b9c4dc49eee0bafd06ad292 [NON_LEADER]: Queue going to NON_LEADER mode. State: All replicated index: 0, Majority replicated index: 0, Committed index: 0, Last appended: 0.0, Last appended by leader: 0, Current term: 0, Majority size: -1, State: 0, Mode: NON_LEADER, active raft config: opid_index: -1 OBSOLETE_local: false peers { permanent_uuid: "d72993b73b9c4dc49eee0bafd06ad292" member_type: VOTER last_known_addr { host: "127.0.107.193" port: 34467 } } peers { permanent_uuid: "cad34932231646aea4b58cb784fd6daa" member_type: VOTER last_known_addr { host: "127.0.107.194" port: 33255 } } peers { permanent_uuid: "ff73ff540bd24a29b3b68bce8a1c1ad7" member_type: VOTER last_known_addr { host: "127.0.107.195" port: 35383 } }
I20260630 12:13:01.379009  5029 tablet_service.cc:1511] Processing CreateTablet for tablet e47b000d71c34e539ea1f2d379f93bd4 (DEFAULT_TABLE table=test-workload [id=fd0fbc681072451ba96610d932c42744]), partition=RANGE (key) PARTITION 1968526670 <= VALUES
I20260630 12:13:01.380393  5029 data_dirs.cc:400] Could only allocate 1 dirs of requested 3 for tablet e47b000d71c34e539ea1f2d379f93bd4. 1 dirs total, 0 dirs full, 0 dirs failed
I20260630 12:13:01.411162  4958 tablet_service.cc:1511] Processing CreateTablet for tablet 685dd76319754e85833f58b3183883da (DEFAULT_TABLE table=test-workload [id=fd0fbc681072451ba96610d932c42744]), partition=RANGE (key) PARTITION 1789569700 <= VALUES < 1968526670
I20260630 12:13:01.420208  5089 tablet_bootstrap.cc:492] T d7df36a95e6c46079e825a35c83a1ecf P ff73ff540bd24a29b3b68bce8a1c1ad7: Bootstrap starting.
I20260630 12:13:01.421730  4950 tablet_service.cc:1511] Processing CreateTablet for tablet e47b000d71c34e539ea1f2d379f93bd4 (DEFAULT_TABLE table=test-workload [id=fd0fbc681072451ba96610d932c42744]), partition=RANGE (key) PARTITION 1968526670 <= VALUES
I20260630 12:13:01.412601  4958 data_dirs.cc:400] Could only allocate 1 dirs of requested 3 for tablet 685dd76319754e85833f58b3183883da. 1 dirs total, 0 dirs full, 0 dirs failed
I20260630 12:13:01.441757  4950 data_dirs.cc:400] Could only allocate 1 dirs of requested 3 for tablet e47b000d71c34e539ea1f2d379f93bd4. 1 dirs total, 0 dirs full, 0 dirs failed
I20260630 12:13:01.450528  5089 tablet_bootstrap.cc:654] T d7df36a95e6c46079e825a35c83a1ecf P ff73ff540bd24a29b3b68bce8a1c1ad7: Neither blocks nor log segments found. Creating new log.
I20260630 12:13:01.454685  5088 ts_tablet_manager.cc:1434] T 5a3ce2755df544c895747097a50dae63 P d72993b73b9c4dc49eee0bafd06ad292: Time spent starting tablet: real 0.087s	user 0.000s	sys 0.018s
I20260630 12:13:01.457087  5092 tablet_bootstrap.cc:492] T d7df36a95e6c46079e825a35c83a1ecf P cad34932231646aea4b58cb784fd6daa: Bootstrap starting.
I20260630 12:13:01.462558  5088 tablet_bootstrap.cc:492] T 7985b8aa8727462fb02d22327fafc346 P d72993b73b9c4dc49eee0bafd06ad292: Bootstrap starting.
I20260630 12:13:01.471520  5088 tablet_bootstrap.cc:654] T 7985b8aa8727462fb02d22327fafc346 P d72993b73b9c4dc49eee0bafd06ad292: Neither blocks nor log segments found. Creating new log.
I20260630 12:13:01.472169  5089 tablet_bootstrap.cc:492] T d7df36a95e6c46079e825a35c83a1ecf P ff73ff540bd24a29b3b68bce8a1c1ad7: No bootstrap required, opened a new log
I20260630 12:13:01.472715  5089 ts_tablet_manager.cc:1403] T d7df36a95e6c46079e825a35c83a1ecf P ff73ff540bd24a29b3b68bce8a1c1ad7: Time spent bootstrapping tablet: real 0.053s	user 0.011s	sys 0.013s
I20260630 12:13:01.476346  5089 raft_consensus.cc:359] T d7df36a95e6c46079e825a35c83a1ecf P ff73ff540bd24a29b3b68bce8a1c1ad7 [term 0 FOLLOWER]: Replica starting. Triggering 0 pending ops. Active config: opid_index: -1 OBSOLETE_local: false peers { permanent_uuid: "d72993b73b9c4dc49eee0bafd06ad292" member_type: VOTER last_known_addr { host: "127.0.107.193" port: 34467 } } peers { permanent_uuid: "cad34932231646aea4b58cb784fd6daa" member_type: VOTER last_known_addr { host: "127.0.107.194" port: 33255 } } peers { permanent_uuid: "ff73ff540bd24a29b3b68bce8a1c1ad7" member_type: VOTER last_known_addr { host: "127.0.107.195" port: 35383 } }
I20260630 12:13:01.477317  5089 raft_consensus.cc:385] T d7df36a95e6c46079e825a35c83a1ecf P ff73ff540bd24a29b3b68bce8a1c1ad7 [term 0 FOLLOWER]: Consensus starting up: Expiring failure detector timer to make a prompt election more likely
I20260630 12:13:01.477440  5092 tablet_bootstrap.cc:654] T d7df36a95e6c46079e825a35c83a1ecf P cad34932231646aea4b58cb784fd6daa: Neither blocks nor log segments found. Creating new log.
I20260630 12:13:01.477774  5089 raft_consensus.cc:740] T d7df36a95e6c46079e825a35c83a1ecf P ff73ff540bd24a29b3b68bce8a1c1ad7 [term 0 FOLLOWER]: Becoming Follower/Learner. State: Replica: ff73ff540bd24a29b3b68bce8a1c1ad7, State: Initialized, Role: FOLLOWER
I20260630 12:13:01.479147  5088 tablet_bootstrap.cc:492] T 7985b8aa8727462fb02d22327fafc346 P d72993b73b9c4dc49eee0bafd06ad292: No bootstrap required, opened a new log
I20260630 12:13:01.478801  5089 consensus_queue.cc:260] T d7df36a95e6c46079e825a35c83a1ecf P ff73ff540bd24a29b3b68bce8a1c1ad7 [NON_LEADER]: Queue going to NON_LEADER mode. State: All replicated index: 0, Majority replicated index: 0, Committed index: 0, Last appended: 0.0, Last appended by leader: 0, Current term: 0, Majority size: -1, State: 0, Mode: NON_LEADER, active raft config: opid_index: -1 OBSOLETE_local: false peers { permanent_uuid: "d72993b73b9c4dc49eee0bafd06ad292" member_type: VOTER last_known_addr { host: "127.0.107.193" port: 34467 } } peers { permanent_uuid: "cad34932231646aea4b58cb784fd6daa" member_type: VOTER last_known_addr { host: "127.0.107.194" port: 33255 } } peers { permanent_uuid: "ff73ff540bd24a29b3b68bce8a1c1ad7" member_type: VOTER last_known_addr { host: "127.0.107.195" port: 35383 } }
I20260630 12:13:01.479638  5088 ts_tablet_manager.cc:1403] T 7985b8aa8727462fb02d22327fafc346 P d72993b73b9c4dc49eee0bafd06ad292: Time spent bootstrapping tablet: real 0.017s	user 0.006s	sys 0.008s
I20260630 12:13:01.482875  5089 ts_tablet_manager.cc:1434] T d7df36a95e6c46079e825a35c83a1ecf P ff73ff540bd24a29b3b68bce8a1c1ad7: Time spent starting tablet: real 0.010s	user 0.005s	sys 0.004s
I20260630 12:13:01.482990  5088 raft_consensus.cc:359] T 7985b8aa8727462fb02d22327fafc346 P d72993b73b9c4dc49eee0bafd06ad292 [term 0 FOLLOWER]: Replica starting. Triggering 0 pending ops. Active config: opid_index: -1 OBSOLETE_local: false peers { permanent_uuid: "d72993b73b9c4dc49eee0bafd06ad292" member_type: VOTER last_known_addr { host: "127.0.107.193" port: 34467 } } peers { permanent_uuid: "cad34932231646aea4b58cb784fd6daa" member_type: VOTER last_known_addr { host: "127.0.107.194" port: 33255 } } peers { permanent_uuid: "ff73ff540bd24a29b3b68bce8a1c1ad7" member_type: VOTER last_known_addr { host: "127.0.107.195" port: 35383 } }
I20260630 12:13:01.483832  5088 raft_consensus.cc:385] T 7985b8aa8727462fb02d22327fafc346 P d72993b73b9c4dc49eee0bafd06ad292 [term 0 FOLLOWER]: Consensus starting up: Expiring failure detector timer to make a prompt election more likely
I20260630 12:13:01.484139  5089 tablet_bootstrap.cc:492] T 9be0af1fad0641e8b95ce8b45a6335c8 P ff73ff540bd24a29b3b68bce8a1c1ad7: Bootstrap starting.
I20260630 12:13:01.484157  5088 raft_consensus.cc:740] T 7985b8aa8727462fb02d22327fafc346 P d72993b73b9c4dc49eee0bafd06ad292 [term 0 FOLLOWER]: Becoming Follower/Learner. State: Replica: d72993b73b9c4dc49eee0bafd06ad292, State: Initialized, Role: FOLLOWER
I20260630 12:13:01.484200  5092 tablet_bootstrap.cc:492] T d7df36a95e6c46079e825a35c83a1ecf P cad34932231646aea4b58cb784fd6daa: No bootstrap required, opened a new log
I20260630 12:13:01.485118  5092 ts_tablet_manager.cc:1403] T d7df36a95e6c46079e825a35c83a1ecf P cad34932231646aea4b58cb784fd6daa: Time spent bootstrapping tablet: real 0.029s	user 0.011s	sys 0.004s
I20260630 12:13:01.485345  5088 consensus_queue.cc:260] T 7985b8aa8727462fb02d22327fafc346 P d72993b73b9c4dc49eee0bafd06ad292 [NON_LEADER]: Queue going to NON_LEADER mode. State: All replicated index: 0, Majority replicated index: 0, Committed index: 0, Last appended: 0.0, Last appended by leader: 0, Current term: 0, Majority size: -1, State: 0, Mode: NON_LEADER, active raft config: opid_index: -1 OBSOLETE_local: false peers { permanent_uuid: "d72993b73b9c4dc49eee0bafd06ad292" member_type: VOTER last_known_addr { host: "127.0.107.193" port: 34467 } } peers { permanent_uuid: "cad34932231646aea4b58cb784fd6daa" member_type: VOTER last_known_addr { host: "127.0.107.194" port: 33255 } } peers { permanent_uuid: "ff73ff540bd24a29b3b68bce8a1c1ad7" member_type: VOTER last_known_addr { host: "127.0.107.195" port: 35383 } }
