I20260608 13:06:38.762172  9272 txn_system_client.cc:432] TxnSystemClient initialization is disabled...
I20260608 13:06:38.765554  9272 ts_tablet_manager.cc:585] Loaded tablet metadata (0 total tablets, 0 live tablets)
I20260608 13:06:38.765818  9272 ts_tablet_manager.cc:531] Time spent load tablet metadata: real 0.000s	user 0.000s	sys 0.000s
I20260608 13:06:38.766110  9272 ts_tablet_manager.cc:616] Registered 0 tablets
I20260608 13:06:38.766315  9272 ts_tablet_manager.cc:595] Time spent register tablets: real 0.000s	user 0.000s	sys 0.000s
I20260608 13:06:38.818429  9272 rpc_server.cc:307] RPC server started. Bound to: 127.9.14.4:37807
I20260608 13:06:38.818524 14210 acceptor_pool.cc:272] collecting diagnostics on the listening RPC socket 127.9.14.4:37807 every 8 connection(s)
I20260608 13:06:38.825244  9272 file_cache.cc:492] Constructed file cache file cache with capacity 419430
W20260608 13:06:38.840673 14215 instance_detector.cc:116] could not retrieve AWS instance metadata: Network error: curl error: HTTP response code said error: The requested URL returned error: 404
W20260608 13:06:38.850242 14216 instance_detector.cc:116] could not retrieve Azure instance metadata: Network error: curl error: HTTP response code said error: The requested URL returned error: 404
W20260608 13:06:38.858067 14218 instance_detector.cc:116] could not retrieve OpenStack instance metadata: Network error: curl error: HTTP response code said error: The requested URL returned error: 404
I20260608 13:06:38.861362 14211 heartbeater.cc:344] Connected to a master server at 127.9.14.62:38933
I20260608 13:06:38.861856 14211 heartbeater.cc:461] Registering TS with master...
I20260608 13:06:38.862790  9272 server_base.cc:1061] running on GCE node
I20260608 13:06:38.862867 14211 heartbeater.cc:507] Master 127.9.14.62:38933 requested a full tablet report, sending...
I20260608 13:06:38.865432 13624 ts_manager.cc:194] Registered new tserver with Master: 92139556e21d47f8ad599d3e673424d3 (127.9.14.4:37807)
I20260608 13:06:38.865676  9272 hybrid_clock.cc:584] initializing the hybrid clock with 'system_unsync' time source
W20260608 13:06:38.866005  9272 system_unsync_time.cc:38] NTP support is disabled. Clock error bounds will not be accurate. This configuration is not suitable for distributed clusters.
I20260608 13:06:38.866189  9272 hybrid_clock.cc:648] HybridClock initialized: now 1780923998866169 us; error 0 us; skew 500 ppm
I20260608 13:06:38.866851  9272 server_base.cc:861] Flag tcmalloc_max_total_thread_cache_bytes is not working since tcmalloc is not enabled.
I20260608 13:06:38.867285 13624 master_service.cc:502] Signed X509 certificate for tserver {username='slave'} at 127.0.0.1:56338
I20260608 13:06:38.870429  9272 webserver.cc:533] Webserver started at http://127.9.14.5:34047/ using document root <none> and password file <none>
I20260608 13:06:38.870992  9272 fs_manager.cc:362] Metadata directory not provided
I20260608 13:06:38.871186  9272 fs_manager.cc:368] Using write-ahead log directory (fs_wal_dir) as metadata directory
I20260608 13:06:38.871454  9272 server_base.cc:909] This appears to be a new deployment of Kudu; creating new FS layout
I20260608 13:06:38.872659  9272 fs_manager.cc:1068] Generated new instance metadata in path /tmp/dist-test-task6ufstS/test-tmp/auto_rebalancer-test.0.AutoRebalancerTest.TestMaxMovesPerServer.1780923871643379-9272-0/minicluster-data/ts-4-root/instance:
uuid: "b0c8dacc629643fb98635b643b702da5"
format_stamp: "Formatted at 2026-06-08 13:06:38 on dist-test-slave-bvz8"
I20260608 13:06:38.877499  9272 fs_manager.cc:696] Time spent creating directory manager: real 0.004s	user 0.001s	sys 0.003s
I20260608 13:06:38.880986 14223 log_block_manager.cc:4031] Time spent loading block containers with low live blocks: real 0.000s	user 0.000s	sys 0.000s
I20260608 13:06:38.881843  9272 fs_manager.cc:730] Time spent opening block manager: real 0.003s	user 0.002s	sys 0.002s
I20260608 13:06:38.882133  9272 fs_manager.cc:647] Opened local filesystem: /tmp/dist-test-task6ufstS/test-tmp/auto_rebalancer-test.0.AutoRebalancerTest.TestMaxMovesPerServer.1780923871643379-9272-0/minicluster-data/ts-4-root
uuid: "b0c8dacc629643fb98635b643b702da5"
format_stamp: "Formatted at 2026-06-08 13:06:38 on dist-test-slave-bvz8"
I20260608 13:06:38.882390  9272 fs_report.cc:389] FS layout report
--------------------
wal directory: /tmp/dist-test-task6ufstS/test-tmp/auto_rebalancer-test.0.AutoRebalancerTest.TestMaxMovesPerServer.1780923871643379-9272-0/minicluster-data/ts-4-root
metadata directory: /tmp/dist-test-task6ufstS/test-tmp/auto_rebalancer-test.0.AutoRebalancerTest.TestMaxMovesPerServer.1780923871643379-9272-0/minicluster-data/ts-4-root
1 data directories: /tmp/dist-test-task6ufstS/test-tmp/auto_rebalancer-test.0.AutoRebalancerTest.TestMaxMovesPerServer.1780923871643379-9272-0/minicluster-data/ts-4-root/data
Total live blocks: 0
Total live bytes: 0
Total live bytes (after alignment): 0
Total number of LBM containers: 0 (0 full)
Did not check for missing blocks
Did not check for orphaned blocks
Total full LBM containers with extra space: 0 (0 repaired)
Total full LBM container extra space in bytes: 0 (0 repaired)
Total incomplete LBM containers: 0 (0 repaired)
Total LBM partial records: 0 (0 repaired)
Total corrupted LBM metadata records in RocksDB: 0 (0 repaired)
I20260608 13:06:38.906440  9272 rpc_server.cc:225] running with OpenSSL 1.1.1  11 Sep 2018
I20260608 13:06:38.907769  9272 kserver.cc:163] Server-wide thread pool size limit: 3276
I20260608 13:06:38.909425  9272 txn_system_client.cc:432] TxnSystemClient initialization is disabled...
I20260608 13:06:38.912034  9272 ts_tablet_manager.cc:585] Loaded tablet metadata (0 total tablets, 0 live tablets)
I20260608 13:06:38.912240  9272 ts_tablet_manager.cc:531] Time spent load tablet metadata: real 0.000s	user 0.000s	sys 0.000s
I20260608 13:06:38.912499  9272 ts_tablet_manager.cc:616] Registered 0 tablets
I20260608 13:06:38.912659  9272 ts_tablet_manager.cc:595] Time spent register tablets: real 0.000s	user 0.000s	sys 0.000s
I20260608 13:06:38.977310  9272 rpc_server.cc:307] RPC server started. Bound to: 127.9.14.5:37721
I20260608 13:06:38.977608 14285 acceptor_pool.cc:272] collecting diagnostics on the listening RPC socket 127.9.14.5:37721 every 8 connection(s)
I20260608 13:06:38.983979  9272 file_cache.cc:492] Constructed file cache file cache with capacity 419430
W20260608 13:06:38.994174 14290 instance_detector.cc:116] could not retrieve Azure instance metadata: Network error: curl error: HTTP response code said error: The requested URL returned error: 404
W20260608 13:06:38.994463 14289 instance_detector.cc:116] could not retrieve AWS instance metadata: Network error: curl error: HTTP response code said error: The requested URL returned error: 404
I20260608 13:06:39.000018 14286 heartbeater.cc:344] Connected to a master server at 127.9.14.62:38933
I20260608 13:06:39.000505 14286 heartbeater.cc:461] Registering TS with master...
I20260608 13:06:39.001376 14286 heartbeater.cc:507] Master 127.9.14.62:38933 requested a full tablet report, sending...
I20260608 13:06:39.003858 13624 ts_manager.cc:194] Registered new tserver with Master: b0c8dacc629643fb98635b643b702da5 (127.9.14.5:37721)
I20260608 13:06:39.005771 13624 master_service.cc:502] Signed X509 certificate for tserver {username='slave'} at 127.0.0.1:56344
I20260608 13:06:39.006417  9272 server_base.cc:1061] running on GCE node
W20260608 13:06:39.006750 14292 instance_detector.cc:116] could not retrieve OpenStack instance metadata: Network error: curl error: HTTP response code said error: The requested URL returned error: 404
I20260608 13:06:39.013652  9272 hybrid_clock.cc:584] initializing the hybrid clock with 'system_unsync' time source
W20260608 13:06:39.013979  9272 system_unsync_time.cc:38] NTP support is disabled. Clock error bounds will not be accurate. This configuration is not suitable for distributed clusters.
I20260608 13:06:39.014217  9272 hybrid_clock.cc:648] HybridClock initialized: now 1780923999014199 us; error 0 us; skew 500 ppm
I20260608 13:06:39.014930  9272 server_base.cc:861] Flag tcmalloc_max_total_thread_cache_bytes is not working since tcmalloc is not enabled.
I20260608 13:06:39.017724  9272 webserver.cc:533] Webserver started at http://127.9.14.6:40069/ using document root <none> and password file <none>
I20260608 13:06:39.018240  9272 fs_manager.cc:362] Metadata directory not provided
I20260608 13:06:39.018416  9272 fs_manager.cc:368] Using write-ahead log directory (fs_wal_dir) as metadata directory
I20260608 13:06:39.018671  9272 server_base.cc:909] This appears to be a new deployment of Kudu; creating new FS layout
I20260608 13:06:39.019764  9272 fs_manager.cc:1068] Generated new instance metadata in path /tmp/dist-test-task6ufstS/test-tmp/auto_rebalancer-test.0.AutoRebalancerTest.TestMaxMovesPerServer.1780923871643379-9272-0/minicluster-data/ts-5-root/instance:
uuid: "ca5f605a622f4617b6f457bd4c6e33f2"
format_stamp: "Formatted at 2026-06-08 13:06:39 on dist-test-slave-bvz8"
I20260608 13:06:39.024576  9272 fs_manager.cc:696] Time spent creating directory manager: real 0.004s	user 0.006s	sys 0.000s
I20260608 13:06:39.028508 14297 log_block_manager.cc:4031] Time spent loading block containers with low live blocks: real 0.000s	user 0.000s	sys 0.000s
I20260608 13:06:39.029358  9272 fs_manager.cc:730] Time spent opening block manager: real 0.003s	user 0.004s	sys 0.000s
I20260608 13:06:39.029670  9272 fs_manager.cc:647] Opened local filesystem: /tmp/dist-test-task6ufstS/test-tmp/auto_rebalancer-test.0.AutoRebalancerTest.TestMaxMovesPerServer.1780923871643379-9272-0/minicluster-data/ts-5-root
uuid: "ca5f605a622f4617b6f457bd4c6e33f2"
format_stamp: "Formatted at 2026-06-08 13:06:39 on dist-test-slave-bvz8"
I20260608 13:06:39.029943  9272 fs_report.cc:389] FS layout report
--------------------
wal directory: /tmp/dist-test-task6ufstS/test-tmp/auto_rebalancer-test.0.AutoRebalancerTest.TestMaxMovesPerServer.1780923871643379-9272-0/minicluster-data/ts-5-root
metadata directory: /tmp/dist-test-task6ufstS/test-tmp/auto_rebalancer-test.0.AutoRebalancerTest.TestMaxMovesPerServer.1780923871643379-9272-0/minicluster-data/ts-5-root
1 data directories: /tmp/dist-test-task6ufstS/test-tmp/auto_rebalancer-test.0.AutoRebalancerTest.TestMaxMovesPerServer.1780923871643379-9272-0/minicluster-data/ts-5-root/data
Total live blocks: 0
Total live bytes: 0
Total live bytes (after alignment): 0
Total number of LBM containers: 0 (0 full)
Did not check for missing blocks
Did not check for orphaned blocks
Total full LBM containers with extra space: 0 (0 repaired)
Total full LBM container extra space in bytes: 0 (0 repaired)
Total incomplete LBM containers: 0 (0 repaired)
Total LBM partial records: 0 (0 repaired)
Total corrupted LBM metadata records in RocksDB: 0 (0 repaired)
I20260608 13:06:39.048645  9272 rpc_server.cc:225] running with OpenSSL 1.1.1  11 Sep 2018
I20260608 13:06:39.050269  9272 kserver.cc:163] Server-wide thread pool size limit: 3276
I20260608 13:06:39.052455  9272 txn_system_client.cc:432] TxnSystemClient initialization is disabled...
I20260608 13:06:39.055802  9272 ts_tablet_manager.cc:585] Loaded tablet metadata (0 total tablets, 0 live tablets)
I20260608 13:06:39.056062  9272 ts_tablet_manager.cc:531] Time spent load tablet metadata: real 0.000s	user 0.000s	sys 0.000s
I20260608 13:06:39.056370  9272 ts_tablet_manager.cc:616] Registered 0 tablets
I20260608 13:06:39.056594  9272 ts_tablet_manager.cc:595] Time spent register tablets: real 0.000s	user 0.001s	sys 0.000s
I20260608 13:06:39.099386 13723 consensus_queue.cc:237] T 345c89444a1f4bd7997b8f793fb13d4f P c8dd3563fc6a40299a21d8ed005cc65b [LEADER]: Queue going to LEADER mode. State: All replicated index: 0, Majority replicated index: 26, Committed index: 26, Last appended: 1.26, Last appended by leader: 0, Current term: 1, Majority size: 2, State: 0, Mode: LEADER, active raft config: opid_index: 27 OBSOLETE_local: false peers { permanent_uuid: "c8dd3563fc6a40299a21d8ed005cc65b" member_type: VOTER last_known_addr { host: "127.9.14.1" port: 39595 } } peers { permanent_uuid: "972163f20b854d4fb375c3a8530604cd" member_type: VOTER last_known_addr { host: "127.9.14.2" port: 33739 } } peers { permanent_uuid: "26a8574149394dd4adb0676d65943c7f" member_type: VOTER last_known_addr { host: "127.9.14.3" port: 43519 } attrs { replace: true } } peers { permanent_uuid: "92139556e21d47f8ad599d3e673424d3" member_type: NON_VOTER last_known_addr { host: "127.9.14.4" port: 37807 } attrs { promote: true } }
I20260608 13:06:39.108773 13872 raft_consensus.cc:1275] T 345c89444a1f4bd7997b8f793fb13d4f P 26a8574149394dd4adb0676d65943c7f [term 1 FOLLOWER]: Refusing update from remote peer c8dd3563fc6a40299a21d8ed005cc65b: Log matching property violated. Preceding OpId in replica: term: 1 index: 26. Preceding OpId from leader: term: 1 index: 27. (index mismatch)
I20260608 13:06:39.111270 14098 consensus_queue.cc:1048] T 345c89444a1f4bd7997b8f793fb13d4f P c8dd3563fc6a40299a21d8ed005cc65b [LEADER]: Connected to new peer: Peer: permanent_uuid: "26a8574149394dd4adb0676d65943c7f" member_type: VOTER last_known_addr { host: "127.9.14.3" port: 43519 } attrs { replace: true }, Status: LMP_MISMATCH, Last received: 0.0, Next index: 27, Last known committed idx: 26, Time since last communication: 0.001s
I20260608 13:06:39.121380 13795 raft_consensus.cc:1275] T 345c89444a1f4bd7997b8f793fb13d4f P 972163f20b854d4fb375c3a8530604cd [term 1 FOLLOWER]: Refusing update from remote peer c8dd3563fc6a40299a21d8ed005cc65b: Log matching property violated. Preceding OpId in replica: term: 1 index: 26. Preceding OpId from leader: term: 1 index: 27. (index mismatch)
I20260608 13:06:39.121236 14098 raft_consensus.cc:2955] T 345c89444a1f4bd7997b8f793fb13d4f P c8dd3563fc6a40299a21d8ed005cc65b [term 1 LEADER]: Committing config change with OpId 1.27: config changed from index -1 to 27, NON_VOTER 92139556e21d47f8ad599d3e673424d3 (127.9.14.4) added. New config: { opid_index: 27 OBSOLETE_local: false peers { permanent_uuid: "c8dd3563fc6a40299a21d8ed005cc65b" member_type: VOTER last_known_addr { host: "127.9.14.1" port: 39595 } } peers { permanent_uuid: "972163f20b854d4fb375c3a8530604cd" member_type: VOTER last_known_addr { host: "127.9.14.2" port: 33739 } } peers { permanent_uuid: "26a8574149394dd4adb0676d65943c7f" member_type: VOTER last_known_addr { host: "127.9.14.3" port: 43519 } attrs { replace: true } } peers { permanent_uuid: "92139556e21d47f8ad599d3e673424d3" member_type: NON_VOTER last_known_addr { host: "127.9.14.4" port: 37807 } attrs { promote: true } } }
I20260608 13:06:39.124631 14121 consensus_queue.cc:1048] T 345c89444a1f4bd7997b8f793fb13d4f P c8dd3563fc6a40299a21d8ed005cc65b [LEADER]: Connected to new peer: Peer: permanent_uuid: "972163f20b854d4fb375c3a8530604cd" member_type: VOTER last_known_addr { host: "127.9.14.2" port: 33739 }, Status: LMP_MISMATCH, Last received: 0.0, Next index: 27, Last known committed idx: 26, Time since last communication: 0.001s
I20260608 13:06:39.128490 13872 raft_consensus.cc:2955] T 345c89444a1f4bd7997b8f793fb13d4f P 26a8574149394dd4adb0676d65943c7f [term 1 FOLLOWER]: Committing config change with OpId 1.27: config changed from index -1 to 27, NON_VOTER 92139556e21d47f8ad599d3e673424d3 (127.9.14.4) added. New config: { opid_index: 27 OBSOLETE_local: false peers { permanent_uuid: "c8dd3563fc6a40299a21d8ed005cc65b" member_type: VOTER last_known_addr { host: "127.9.14.1" port: 39595 } } peers { permanent_uuid: "972163f20b854d4fb375c3a8530604cd" member_type: VOTER last_known_addr { host: "127.9.14.2" port: 33739 } } peers { permanent_uuid: "26a8574149394dd4adb0676d65943c7f" member_type: VOTER last_known_addr { host: "127.9.14.3" port: 43519 } attrs { replace: true } } peers { permanent_uuid: "92139556e21d47f8ad599d3e673424d3" member_type: NON_VOTER last_known_addr { host: "127.9.14.4" port: 37807 } attrs { promote: true } } }
I20260608 13:06:39.129874 13792 raft_consensus.cc:2955] T 345c89444a1f4bd7997b8f793fb13d4f P 972163f20b854d4fb375c3a8530604cd [term 1 FOLLOWER]: Committing config change with OpId 1.27: config changed from index -1 to 27, NON_VOTER 92139556e21d47f8ad599d3e673424d3 (127.9.14.4) added. New config: { opid_index: 27 OBSOLETE_local: false peers { permanent_uuid: "c8dd3563fc6a40299a21d8ed005cc65b" member_type: VOTER last_known_addr { host: "127.9.14.1" port: 39595 } } peers { permanent_uuid: "972163f20b854d4fb375c3a8530604cd" member_type: VOTER last_known_addr { host: "127.9.14.2" port: 33739 } } peers { permanent_uuid: "26a8574149394dd4adb0676d65943c7f" member_type: VOTER last_known_addr { host: "127.9.14.3" port: 43519 } attrs { replace: true } } peers { permanent_uuid: "92139556e21d47f8ad599d3e673424d3" member_type: NON_VOTER last_known_addr { host: "127.9.14.4" port: 37807 } attrs { promote: true } } }
I20260608 13:06:39.153126 13624 catalog_manager.cc:5696] T 345c89444a1f4bd7997b8f793fb13d4f P 26a8574149394dd4adb0676d65943c7f reported cstate change: config changed from index -1 to 27, NON_VOTER 92139556e21d47f8ad599d3e673424d3 (127.9.14.4) added. New cstate: current_term: 1 leader_uuid: "c8dd3563fc6a40299a21d8ed005cc65b" committed_config { opid_index: 27 OBSOLETE_local: false peers { permanent_uuid: "c8dd3563fc6a40299a21d8ed005cc65b" member_type: VOTER last_known_addr { host: "127.9.14.1" port: 39595 } } peers { permanent_uuid: "972163f20b854d4fb375c3a8530604cd" member_type: VOTER last_known_addr { host: "127.9.14.2" port: 33739 } } peers { permanent_uuid: "26a8574149394dd4adb0676d65943c7f" member_type: VOTER last_known_addr { host: "127.9.14.3" port: 43519 } attrs { replace: true } } peers { permanent_uuid: "92139556e21d47f8ad599d3e673424d3" member_type: NON_VOTER last_known_addr { host: "127.9.14.4" port: 37807 } attrs { promote: true } } }
W20260608 13:06:39.187995 13689 consensus_peers.cc:597] T 345c89444a1f4bd7997b8f793fb13d4f P c8dd3563fc6a40299a21d8ed005cc65b -> Peer 92139556e21d47f8ad599d3e673424d3 (127.9.14.4:37807): Couldn't send request to peer 92139556e21d47f8ad599d3e673424d3. Error code: TABLET_NOT_FOUND (6). Status: Not found: Tablet not found: 345c89444a1f4bd7997b8f793fb13d4f. This is attempt 1: this message will repeat every 5th retry.
I20260608 13:06:39.185149 13872 consensus_queue.cc:237] T d40870a39d654adbb4b5e88cf80e9c99 P 26a8574149394dd4adb0676d65943c7f [LEADER]: Queue going to LEADER mode. State: All replicated index: 0, Majority replicated index: 26, Committed index: 26, Last appended: 1.26, Last appended by leader: 0, Current term: 1, Majority size: 2, State: 0, Mode: LEADER, active raft config: opid_index: 27 OBSOLETE_local: false peers { permanent_uuid: "c8dd3563fc6a40299a21d8ed005cc65b" member_type: VOTER last_known_addr { host: "127.9.14.1" port: 39595 } attrs { replace: true } } peers { permanent_uuid: "972163f20b854d4fb375c3a8530604cd" member_type: VOTER last_known_addr { host: "127.9.14.2" port: 33739 } } peers { permanent_uuid: "26a8574149394dd4adb0676d65943c7f" member_type: VOTER last_known_addr { host: "127.9.14.3" port: 43519 } } peers { permanent_uuid: "b0c8dacc629643fb98635b643b702da5" member_type: NON_VOTER last_known_addr { host: "127.9.14.5" port: 37721 } attrs { promote: true } }
I20260608 13:06:39.195236 13792 raft_consensus.cc:1275] T d40870a39d654adbb4b5e88cf80e9c99 P 972163f20b854d4fb375c3a8530604cd [term 1 FOLLOWER]: Refusing update from remote peer 26a8574149394dd4adb0676d65943c7f: Log matching property violated. Preceding OpId in replica: term: 1 index: 26. Preceding OpId from leader: term: 1 index: 27. (index mismatch)
I20260608 13:06:39.196898 14138 consensus_queue.cc:1048] T d40870a39d654adbb4b5e88cf80e9c99 P 26a8574149394dd4adb0676d65943c7f [LEADER]: Connected to new peer: Peer: permanent_uuid: "972163f20b854d4fb375c3a8530604cd" member_type: VOTER last_known_addr { host: "127.9.14.2" port: 33739 }, Status: LMP_MISMATCH, Last received: 0.0, Next index: 27, Last known committed idx: 26, Time since last communication: 0.000s
I20260608 13:06:39.211236 14125 raft_consensus.cc:2955] T d40870a39d654adbb4b5e88cf80e9c99 P 26a8574149394dd4adb0676d65943c7f [term 1 LEADER]: Committing config change with OpId 1.27: config changed from index -1 to 27, NON_VOTER b0c8dacc629643fb98635b643b702da5 (127.9.14.5) added. New config: { opid_index: 27 OBSOLETE_local: false peers { permanent_uuid: "c8dd3563fc6a40299a21d8ed005cc65b" member_type: VOTER last_known_addr { host: "127.9.14.1" port: 39595 } attrs { replace: true } } peers { permanent_uuid: "972163f20b854d4fb375c3a8530604cd" member_type: VOTER last_known_addr { host: "127.9.14.2" port: 33739 } } peers { permanent_uuid: "26a8574149394dd4adb0676d65943c7f" member_type: VOTER last_known_addr { host: "127.9.14.3" port: 43519 } } peers { permanent_uuid: "b0c8dacc629643fb98635b643b702da5" member_type: NON_VOTER last_known_addr { host: "127.9.14.5" port: 37721 } attrs { promote: true } } }
I20260608 13:06:39.228286 13723 raft_consensus.cc:1275] T d40870a39d654adbb4b5e88cf80e9c99 P c8dd3563fc6a40299a21d8ed005cc65b [term 1 FOLLOWER]: Refusing update from remote peer 26a8574149394dd4adb0676d65943c7f: Log matching property violated. Preceding OpId in replica: term: 1 index: 26. Preceding OpId from leader: term: 1 index: 27. (index mismatch)
I20260608 13:06:39.236202 14329 consensus_queue.cc:1048] T d40870a39d654adbb4b5e88cf80e9c99 P 26a8574149394dd4adb0676d65943c7f [LEADER]: Connected to new peer: Peer: permanent_uuid: "c8dd3563fc6a40299a21d8ed005cc65b" member_type: VOTER last_known_addr { host: "127.9.14.1" port: 39595 } attrs { replace: true }, Status: LMP_MISMATCH, Last received: 0.0, Next index: 27, Last known committed idx: 26, Time since last communication: 0.000s
I20260608 13:06:39.241978 13723 raft_consensus.cc:2955] T d40870a39d654adbb4b5e88cf80e9c99 P c8dd3563fc6a40299a21d8ed005cc65b [term 1 FOLLOWER]: Committing config change with OpId 1.27: config changed from index -1 to 27, NON_VOTER b0c8dacc629643fb98635b643b702da5 (127.9.14.5) added. New config: { opid_index: 27 OBSOLETE_local: false peers { permanent_uuid: "c8dd3563fc6a40299a21d8ed005cc65b" member_type: VOTER last_known_addr { host: "127.9.14.1" port: 39595 } attrs { replace: true } } peers { permanent_uuid: "972163f20b854d4fb375c3a8530604cd" member_type: VOTER last_known_addr { host: "127.9.14.2" port: 33739 } } peers { permanent_uuid: "26a8574149394dd4adb0676d65943c7f" member_type: VOTER last_known_addr { host: "127.9.14.3" port: 43519 } } peers { permanent_uuid: "b0c8dacc629643fb98635b643b702da5" member_type: NON_VOTER last_known_addr { host: "127.9.14.5" port: 37721 } attrs { promote: true } } }
I20260608 13:06:39.245960 13726 consensus_queue.cc:237] T 51b36fbab8fd45189dfe9ebeae315b82 P c8dd3563fc6a40299a21d8ed005cc65b [LEADER]: Queue going to LEADER mode. State: All replicated index: 0, Majority replicated index: 25, Committed index: 25, Last appended: 1.25, Last appended by leader: 0, Current term: 1, Majority size: 2, State: 0, Mode: LEADER, active raft config: opid_index: 26 OBSOLETE_local: false peers { permanent_uuid: "c8dd3563fc6a40299a21d8ed005cc65b" member_type: VOTER last_known_addr { host: "127.9.14.1" port: 39595 } } peers { permanent_uuid: "972163f20b854d4fb375c3a8530604cd" member_type: VOTER last_known_addr { host: "127.9.14.2" port: 33739 } attrs { replace: true } } peers { permanent_uuid: "26a8574149394dd4adb0676d65943c7f" member_type: VOTER last_known_addr { host: "127.9.14.3" port: 43519 } } peers { permanent_uuid: "92139556e21d47f8ad599d3e673424d3" member_type: NON_VOTER last_known_addr { host: "127.9.14.4" port: 37807 } attrs { promote: true } }
W20260608 13:06:39.254415 13689 consensus_peers.cc:597] T 51b36fbab8fd45189dfe9ebeae315b82 P c8dd3563fc6a40299a21d8ed005cc65b -> Peer 92139556e21d47f8ad599d3e673424d3 (127.9.14.4:37807): Couldn't send request to peer 92139556e21d47f8ad599d3e673424d3. Error code: TABLET_NOT_FOUND (6). Status: Not found: Tablet not found: 51b36fbab8fd45189dfe9ebeae315b82. This is attempt 1: this message will repeat every 5th retry.
I20260608 13:06:39.257185 13872 raft_consensus.cc:1275] T 51b36fbab8fd45189dfe9ebeae315b82 P 26a8574149394dd4adb0676d65943c7f [term 1 FOLLOWER]: Refusing update from remote peer c8dd3563fc6a40299a21d8ed005cc65b: Log matching property violated. Preceding OpId in replica: term: 1 index: 25. Preceding OpId from leader: term: 1 index: 26. (index mismatch)
I20260608 13:06:39.260824 13792 raft_consensus.cc:1275] T 51b36fbab8fd45189dfe9ebeae315b82 P 972163f20b854d4fb375c3a8530604cd [term 1 FOLLOWER]: Refusing update from remote peer c8dd3563fc6a40299a21d8ed005cc65b: Log matching property violated. Preceding OpId in replica: term: 1 index: 25. Preceding OpId from leader: term: 1 index: 26. (index mismatch)
I20260608 13:06:39.262473 14098 consensus_queue.cc:1048] T 51b36fbab8fd45189dfe9ebeae315b82 P c8dd3563fc6a40299a21d8ed005cc65b [LEADER]: Connected to new peer: Peer: permanent_uuid: "972163f20b854d4fb375c3a8530604cd" member_type: VOTER last_known_addr { host: "127.9.14.2" port: 33739 } attrs { replace: true }, Status: LMP_MISMATCH, Last received: 0.0, Next index: 26, Last known committed idx: 25, Time since last communication: 0.000s
I20260608 13:06:39.264865 14124 consensus_queue.cc:1048] T 51b36fbab8fd45189dfe9ebeae315b82 P c8dd3563fc6a40299a21d8ed005cc65b [LEADER]: Connected to new peer: Peer: permanent_uuid: "26a8574149394dd4adb0676d65943c7f" member_type: VOTER last_known_addr { host: "127.9.14.3" port: 43519 }, Status: LMP_MISMATCH, Last received: 0.0, Next index: 26, Last known committed idx: 25, Time since last communication: 0.000s
I20260608 13:06:39.273437 14121 raft_consensus.cc:2955] T 51b36fbab8fd45189dfe9ebeae315b82 P c8dd3563fc6a40299a21d8ed005cc65b [term 1 LEADER]: Committing config change with OpId 1.26: config changed from index -1 to 26, NON_VOTER 92139556e21d47f8ad599d3e673424d3 (127.9.14.4) added. New config: { opid_index: 26 OBSOLETE_local: false peers { permanent_uuid: "c8dd3563fc6a40299a21d8ed005cc65b" member_type: VOTER last_known_addr { host: "127.9.14.1" port: 39595 } } peers { permanent_uuid: "972163f20b854d4fb375c3a8530604cd" member_type: VOTER last_known_addr { host: "127.9.14.2" port: 33739 } attrs { replace: true } } peers { permanent_uuid: "26a8574149394dd4adb0676d65943c7f" member_type: VOTER last_known_addr { host: "127.9.14.3" port: 43519 } } peers { permanent_uuid: "92139556e21d47f8ad599d3e673424d3" member_type: NON_VOTER last_known_addr { host: "127.9.14.4" port: 37807 } attrs { promote: true } } }
I20260608 13:06:39.278265 13795 raft_consensus.cc:2955] T 51b36fbab8fd45189dfe9ebeae315b82 P 972163f20b854d4fb375c3a8530604cd [term 1 FOLLOWER]: Committing config change with OpId 1.26: config changed from index -1 to 26, NON_VOTER 92139556e21d47f8ad599d3e673424d3 (127.9.14.4) added. New config: { opid_index: 26 OBSOLETE_local: false peers { permanent_uuid: "c8dd3563fc6a40299a21d8ed005cc65b" member_type: VOTER last_known_addr { host: "127.9.14.1" port: 39595 } } peers { permanent_uuid: "972163f20b854d4fb375c3a8530604cd" member_type: VOTER last_known_addr { host: "127.9.14.2" port: 33739 } attrs { replace: true } } peers { permanent_uuid: "26a8574149394dd4adb0676d65943c7f" member_type: VOTER last_known_addr { host: "127.9.14.3" port: 43519 } } peers { permanent_uuid: "92139556e21d47f8ad599d3e673424d3" member_type: NON_VOTER last_known_addr { host: "127.9.14.4" port: 37807 } attrs { promote: true } } }
I20260608 13:06:39.287276 13615 catalog_manager.cc:5696] T d40870a39d654adbb4b5e88cf80e9c99 P 26a8574149394dd4adb0676d65943c7f reported cstate change: config changed from index -1 to 27, NON_VOTER b0c8dacc629643fb98635b643b702da5 (127.9.14.5) added. New cstate: current_term: 1 leader_uuid: "26a8574149394dd4adb0676d65943c7f" committed_config { opid_index: 27 OBSOLETE_local: false peers { permanent_uuid: "c8dd3563fc6a40299a21d8ed005cc65b" member_type: VOTER last_known_addr { host: "127.9.14.1" port: 39595 } attrs { replace: true } health_report { overall_health: UNKNOWN } } peers { permanent_uuid: "972163f20b854d4fb375c3a8530604cd" member_type: VOTER last_known_addr { host: "127.9.14.2" port: 33739 } health_report { overall_health: HEALTHY } } peers { permanent_uuid: "26a8574149394dd4adb0676d65943c7f" member_type: VOTER last_known_addr { host: "127.9.14.3" port: 43519 } health_report { overall_health: HEALTHY } } peers { permanent_uuid: "b0c8dacc629643fb98635b643b702da5" member_type: NON_VOTER last_known_addr { host: "127.9.14.5" port: 37721 } attrs { promote: true } health_report { overall_health: UNKNOWN } } }
I20260608 13:06:39.298517 13726 consensus_queue.cc:237] T 0166b77aa7c641b79565d61e781996cf P c8dd3563fc6a40299a21d8ed005cc65b [LEADER]: Queue going to LEADER mode. State: All replicated index: 0, Majority replicated index: 25, Committed index: 25, Last appended: 1.25, Last appended by leader: 0, Current term: 1, Majority size: 2, State: 0, Mode: LEADER, active raft config: opid_index: 26 OBSOLETE_local: false peers { permanent_uuid: "c8dd3563fc6a40299a21d8ed005cc65b" member_type: VOTER last_known_addr { host: "127.9.14.1" port: 39595 } } peers { permanent_uuid: "972163f20b854d4fb375c3a8530604cd" member_type: VOTER last_known_addr { host: "127.9.14.2" port: 33739 } attrs { replace: true } } peers { permanent_uuid: "26a8574149394dd4adb0676d65943c7f" member_type: VOTER last_known_addr { host: "127.9.14.3" port: 43519 } } peers { permanent_uuid: "b0c8dacc629643fb98635b643b702da5" member_type: NON_VOTER last_known_addr { host: "127.9.14.5" port: 37721 } attrs { promote: true } }
W20260608 13:06:39.305075 13839 consensus_peers.cc:597] T d40870a39d654adbb4b5e88cf80e9c99 P 26a8574149394dd4adb0676d65943c7f -> Peer b0c8dacc629643fb98635b643b702da5 (127.9.14.5:37721): Couldn't send request to peer b0c8dacc629643fb98635b643b702da5. Error code: TABLET_NOT_FOUND (6). Status: Not found: Tablet not found: d40870a39d654adbb4b5e88cf80e9c99. This is attempt 1: this message will repeat every 5th retry.
I20260608 13:06:39.308490 13872 raft_consensus.cc:2955] T 51b36fbab8fd45189dfe9ebeae315b82 P 26a8574149394dd4adb0676d65943c7f [term 1 FOLLOWER]: Committing config change with OpId 1.26: config changed from index -1 to 26, NON_VOTER 92139556e21d47f8ad599d3e673424d3 (127.9.14.4) added. New config: { opid_index: 26 OBSOLETE_local: false peers { permanent_uuid: "c8dd3563fc6a40299a21d8ed005cc65b" member_type: VOTER last_known_addr { host: "127.9.14.1" port: 39595 } } peers { permanent_uuid: "972163f20b854d4fb375c3a8530604cd" member_type: VOTER last_known_addr { host: "127.9.14.2" port: 33739 } attrs { replace: true } } peers { permanent_uuid: "26a8574149394dd4adb0676d65943c7f" member_type: VOTER last_known_addr { host: "127.9.14.3" port: 43519 } } peers { permanent_uuid: "92139556e21d47f8ad599d3e673424d3" member_type: NON_VOTER last_known_addr { host: "127.9.14.4" port: 37807 } attrs { promote: true } } }
W20260608 13:06:39.315560 13840 outbound_call.cc:321] RPC callback for RPC call kudu.consensus.ConsensusService.UpdateConsensus -> {remote=127.9.14.2:33739, user_credentials={real_user=slave}} blocked reactor thread for 83094.9us
I20260608 13:06:39.322952 13795 raft_consensus.cc:2955] T d40870a39d654adbb4b5e88cf80e9c99 P 972163f20b854d4fb375c3a8530604cd [term 1 FOLLOWER]: Committing config change with OpId 1.27: config changed from index -1 to 27, NON_VOTER b0c8dacc629643fb98635b643b702da5 (127.9.14.5) added. New config: { opid_index: 27 OBSOLETE_local: false peers { permanent_uuid: "c8dd3563fc6a40299a21d8ed005cc65b" member_type: VOTER last_known_addr { host: "127.9.14.1" port: 39595 } attrs { replace: true } } peers { permanent_uuid: "972163f20b854d4fb375c3a8530604cd" member_type: VOTER last_known_addr { host: "127.9.14.2" port: 33739 } } peers { permanent_uuid: "26a8574149394dd4adb0676d65943c7f" member_type: VOTER last_known_addr { host: "127.9.14.3" port: 43519 } } peers { permanent_uuid: "b0c8dacc629643fb98635b643b702da5" member_type: NON_VOTER last_known_addr { host: "127.9.14.5" port: 37721 } attrs { promote: true } } }
I20260608 13:06:39.325702 13618 catalog_manager.cc:5696] T 51b36fbab8fd45189dfe9ebeae315b82 P 972163f20b854d4fb375c3a8530604cd reported cstate change: config changed from index -1 to 26, NON_VOTER 92139556e21d47f8ad599d3e673424d3 (127.9.14.4) added. New cstate: current_term: 1 leader_uuid: "c8dd3563fc6a40299a21d8ed005cc65b" committed_config { opid_index: 26 OBSOLETE_local: false peers { permanent_uuid: "c8dd3563fc6a40299a21d8ed005cc65b" member_type: VOTER last_known_addr { host: "127.9.14.1" port: 39595 } } peers { permanent_uuid: "972163f20b854d4fb375c3a8530604cd" member_type: VOTER last_known_addr { host: "127.9.14.2" port: 33739 } attrs { replace: true } } peers { permanent_uuid: "26a8574149394dd4adb0676d65943c7f" member_type: VOTER last_known_addr { host: "127.9.14.3" port: 43519 } } peers { permanent_uuid: "92139556e21d47f8ad599d3e673424d3" member_type: NON_VOTER last_known_addr { host: "127.9.14.4" port: 37807 } attrs { promote: true } } }
I20260608 13:06:39.348585 13872 raft_consensus.cc:1275] T 0166b77aa7c641b79565d61e781996cf P 26a8574149394dd4adb0676d65943c7f [term 1 FOLLOWER]: Refusing update from remote peer c8dd3563fc6a40299a21d8ed005cc65b: Log matching property violated. Preceding OpId in replica: term: 1 index: 25. Preceding OpId from leader: term: 1 index: 26. (index mismatch)
I20260608 13:06:39.350045 14124 consensus_queue.cc:1048] T 0166b77aa7c641b79565d61e781996cf P c8dd3563fc6a40299a21d8ed005cc65b [LEADER]: Connected to new peer: Peer: permanent_uuid: "26a8574149394dd4adb0676d65943c7f" member_type: VOTER last_known_addr { host: "127.9.14.3" port: 43519 }, Status: LMP_MISMATCH, Last received: 0.0, Next index: 26, Last known committed idx: 25, Time since last communication: 0.000s
W20260608 13:06:39.357275 13690 consensus_peers.cc:597] T 0166b77aa7c641b79565d61e781996cf P c8dd3563fc6a40299a21d8ed005cc65b -> Peer b0c8dacc629643fb98635b643b702da5 (127.9.14.5:37721): Couldn't send request to peer b0c8dacc629643fb98635b643b702da5. Error code: TABLET_NOT_FOUND (6). Status: Not found: Tablet not found: 0166b77aa7c641b79565d61e781996cf. This is attempt 1: this message will repeat every 5th retry.
I20260608 13:06:39.365430 13871 raft_consensus.cc:2955] T 0166b77aa7c641b79565d61e781996cf P 26a8574149394dd4adb0676d65943c7f [term 1 FOLLOWER]: Committing config change with OpId 1.26: config changed from index -1 to 26, NON_VOTER b0c8dacc629643fb98635b643b702da5 (127.9.14.5) added. New config: { opid_index: 26 OBSOLETE_local: false peers { permanent_uuid: "c8dd3563fc6a40299a21d8ed005cc65b" member_type: VOTER last_known_addr { host: "127.9.14.1" port: 39595 } } peers { permanent_uuid: "972163f20b854d4fb375c3a8530604cd" member_type: VOTER last_known_addr { host: "127.9.14.2" port: 33739 } attrs { replace: true } } peers { permanent_uuid: "26a8574149394dd4adb0676d65943c7f" member_type: VOTER last_known_addr { host: "127.9.14.3" port: 43519 } } peers { permanent_uuid: "b0c8dacc629643fb98635b643b702da5" member_type: NON_VOTER last_known_addr { host: "127.9.14.5" port: 37721 } attrs { promote: true } } }
I20260608 13:06:39.360051 14124 raft_consensus.cc:2955] T 0166b77aa7c641b79565d61e781996cf P c8dd3563fc6a40299a21d8ed005cc65b [term 1 LEADER]: Committing config change with OpId 1.26: config changed from index -1 to 26, NON_VOTER b0c8dacc629643fb98635b643b702da5 (127.9.14.5) added. New config: { opid_index: 26 OBSOLETE_local: false peers { permanent_uuid: "c8dd3563fc6a40299a21d8ed005cc65b" member_type: VOTER last_known_addr { host: "127.9.14.1" port: 39595 } } peers { permanent_uuid: "972163f20b854d4fb375c3a8530604cd" member_type: VOTER last_known_addr { host: "127.9.14.2" port: 33739 } attrs { replace: true } } peers { permanent_uuid: "26a8574149394dd4adb0676d65943c7f" member_type: VOTER last_known_addr { host: "127.9.14.3" port: 43519 } } peers { permanent_uuid: "b0c8dacc629643fb98635b643b702da5" member_type: NON_VOTER last_known_addr { host: "127.9.14.5" port: 37721 } attrs { promote: true } } }
I20260608 13:06:39.358589 13795 raft_consensus.cc:1275] T 0166b77aa7c641b79565d61e781996cf P 972163f20b854d4fb375c3a8530604cd [term 1 FOLLOWER]: Refusing update from remote peer c8dd3563fc6a40299a21d8ed005cc65b: Log matching property violated. Preceding OpId in replica: term: 1 index: 25. Preceding OpId from leader: term: 1 index: 26. (index mismatch)
I20260608 13:06:39.385087 14124 consensus_queue.cc:1048] T 0166b77aa7c641b79565d61e781996cf P c8dd3563fc6a40299a21d8ed005cc65b [LEADER]: Connected to new peer: Peer: permanent_uuid: "972163f20b854d4fb375c3a8530604cd" member_type: VOTER last_known_addr { host: "127.9.14.2" port: 33739 } attrs { replace: true }, Status: LMP_MISMATCH, Last received: 0.0, Next index: 26, Last known committed idx: 25, Time since last communication: 0.001s
I20260608 13:06:39.387039 13726 consensus_queue.cc:237] T d8e224ef41b44780b6d3d22ac67ef90d P c8dd3563fc6a40299a21d8ed005cc65b [LEADER]: Queue going to LEADER mode. State: All replicated index: 0, Majority replicated index: 25, Committed index: 25, Last appended: 1.25, Last appended by leader: 0, Current term: 1, Majority size: 2, State: 0, Mode: LEADER, active raft config: opid_index: 26 OBSOLETE_local: false peers { permanent_uuid: "c8dd3563fc6a40299a21d8ed005cc65b" member_type: VOTER last_known_addr { host: "127.9.14.1" port: 39595 } } peers { permanent_uuid: "972163f20b854d4fb375c3a8530604cd" member_type: VOTER last_known_addr { host: "127.9.14.2" port: 33739 } } peers { permanent_uuid: "26a8574149394dd4adb0676d65943c7f" member_type: VOTER last_known_addr { host: "127.9.14.3" port: 43519 } attrs { replace: true } } peers { permanent_uuid: "b0c8dacc629643fb98635b643b702da5" member_type: NON_VOTER last_known_addr { host: "127.9.14.5" port: 37721 } attrs { promote: true } }
W20260608 13:06:39.393894 13690 consensus_peers.cc:597] T d8e224ef41b44780b6d3d22ac67ef90d P c8dd3563fc6a40299a21d8ed005cc65b -> Peer b0c8dacc629643fb98635b643b702da5 (127.9.14.5:37721): Couldn't send request to peer b0c8dacc629643fb98635b643b702da5. Error code: TABLET_NOT_FOUND (6). Status: Not found: Tablet not found: d8e224ef41b44780b6d3d22ac67ef90d. This is attempt 1: this message will repeat every 5th retry.
I20260608 13:06:39.395810 13792 raft_consensus.cc:1275] T d8e224ef41b44780b6d3d22ac67ef90d P 972163f20b854d4fb375c3a8530604cd [term 1 FOLLOWER]: Refusing update from remote peer c8dd3563fc6a40299a21d8ed005cc65b: Log matching property violated. Preceding OpId in replica: term: 1 index: 25. Preceding OpId from leader: term: 1 index: 26. (index mismatch)
I20260608 13:06:39.397570 14124 consensus_queue.cc:1048] T d8e224ef41b44780b6d3d22ac67ef90d P c8dd3563fc6a40299a21d8ed005cc65b [LEADER]: Connected to new peer: Peer: permanent_uuid: "972163f20b854d4fb375c3a8530604cd" member_type: VOTER last_known_addr { host: "127.9.14.2" port: 33739 }, Status: LMP_MISMATCH, Last received: 0.0, Next index: 26, Last known committed idx: 25, Time since last communication: 0.000s
I20260608 13:06:39.397946 13795 raft_consensus.cc:2955] T 0166b77aa7c641b79565d61e781996cf P 972163f20b854d4fb375c3a8530604cd [term 1 FOLLOWER]: Committing config change with OpId 1.26: config changed from index -1 to 26, NON_VOTER b0c8dacc629643fb98635b643b702da5 (127.9.14.5) added. New config: { opid_index: 26 OBSOLETE_local: false peers { permanent_uuid: "c8dd3563fc6a40299a21d8ed005cc65b" member_type: VOTER last_known_addr { host: "127.9.14.1" port: 39595 } } peers { permanent_uuid: "972163f20b854d4fb375c3a8530604cd" member_type: VOTER last_known_addr { host: "127.9.14.2" port: 33739 } attrs { replace: true } } peers { permanent_uuid: "26a8574149394dd4adb0676d65943c7f" member_type: VOTER last_known_addr { host: "127.9.14.3" port: 43519 } } peers { permanent_uuid: "b0c8dacc629643fb98635b643b702da5" member_type: NON_VOTER last_known_addr { host: "127.9.14.5" port: 37721 } attrs { promote: true } } }
I20260608 13:06:39.391968 13624 catalog_manager.cc:5696] T 0166b77aa7c641b79565d61e781996cf P 26a8574149394dd4adb0676d65943c7f reported cstate change: config changed from index -1 to 26, NON_VOTER b0c8dacc629643fb98635b643b702da5 (127.9.14.5) added. New cstate: current_term: 1 leader_uuid: "c8dd3563fc6a40299a21d8ed005cc65b" committed_config { opid_index: 26 OBSOLETE_local: false peers { permanent_uuid: "c8dd3563fc6a40299a21d8ed005cc65b" member_type: VOTER last_known_addr { host: "127.9.14.1" port: 39595 } } peers { permanent_uuid: "972163f20b854d4fb375c3a8530604cd" member_type: VOTER last_known_addr { host: "127.9.14.2" port: 33739 } attrs { replace: true } } peers { permanent_uuid: "26a8574149394dd4adb0676d65943c7f" member_type: VOTER last_known_addr { host: "127.9.14.3" port: 43519 } } peers { permanent_uuid: "b0c8dacc629643fb98635b643b702da5" member_type: NON_VOTER last_known_addr { host: "127.9.14.5" port: 37721 } attrs { promote: true } } }
I20260608 13:06:39.397600 13871 raft_consensus.cc:1275] T d8e224ef41b44780b6d3d22ac67ef90d P 26a8574149394dd4adb0676d65943c7f [term 1 FOLLOWER]: Refusing update from remote peer c8dd3563fc6a40299a21d8ed005cc65b: Log matching property violated. Preceding OpId in replica: term: 1 index: 25. Preceding OpId from leader: term: 1 index: 26. (index mismatch)
I20260608 13:06:39.405985 14121 consensus_queue.cc:1048] T d8e224ef41b44780b6d3d22ac67ef90d P c8dd3563fc6a40299a21d8ed005cc65b [LEADER]: Connected to new peer: Peer: permanent_uuid: "26a8574149394dd4adb0676d65943c7f" member_type: VOTER last_known_addr { host: "127.9.14.3" port: 43519 } attrs { replace: true }, Status: LMP_MISMATCH, Last received: 0.0, Next index: 26, Last known committed idx: 25, Time since last communication: 0.000s
I20260608 13:06:39.414672 14124 raft_consensus.cc:2955] T d8e224ef41b44780b6d3d22ac67ef90d P c8dd3563fc6a40299a21d8ed005cc65b [term 1 LEADER]: Committing config change with OpId 1.26: config changed from index -1 to 26, NON_VOTER b0c8dacc629643fb98635b643b702da5 (127.9.14.5) added. New config: { opid_index: 26 OBSOLETE_local: false peers { permanent_uuid: "c8dd3563fc6a40299a21d8ed005cc65b" member_type: VOTER last_known_addr { host: "127.9.14.1" port: 39595 } } peers { permanent_uuid: "972163f20b854d4fb375c3a8530604cd" member_type: VOTER last_known_addr { host: "127.9.14.2" port: 33739 } } peers { permanent_uuid: "26a8574149394dd4adb0676d65943c7f" member_type: VOTER last_known_addr { host: "127.9.14.3" port: 43519 } attrs { replace: true } } peers { permanent_uuid: "b0c8dacc629643fb98635b643b702da5" member_type: NON_VOTER last_known_addr { host: "127.9.14.5" port: 37721 } attrs { promote: true } } }
I20260608 13:06:39.422894 13871 raft_consensus.cc:2955] T d8e224ef41b44780b6d3d22ac67ef90d P 26a8574149394dd4adb0676d65943c7f [term 1 FOLLOWER]: Committing config change with OpId 1.26: config changed from index -1 to 26, NON_VOTER b0c8dacc629643fb98635b643b702da5 (127.9.14.5) added. New config: { opid_index: 26 OBSOLETE_local: false peers { permanent_uuid: "c8dd3563fc6a40299a21d8ed005cc65b" member_type: VOTER last_known_addr { host: "127.9.14.1" port: 39595 } } peers { permanent_uuid: "972163f20b854d4fb375c3a8530604cd" member_type: VOTER last_known_addr { host: "127.9.14.2" port: 33739 } } peers { permanent_uuid: "26a8574149394dd4adb0676d65943c7f" member_type: VOTER last_known_addr { host: "127.9.14.3" port: 43519 } attrs { replace: true } } peers { permanent_uuid: "b0c8dacc629643fb98635b643b702da5" member_type: NON_VOTER last_known_addr { host: "127.9.14.5" port: 37721 } attrs { promote: true } } }
I20260608 13:06:39.429960 13792 raft_consensus.cc:2955] T d8e224ef41b44780b6d3d22ac67ef90d P 972163f20b854d4fb375c3a8530604cd [term 1 FOLLOWER]: Committing config change with OpId 1.26: config changed from index -1 to 26, NON_VOTER b0c8dacc629643fb98635b643b702da5 (127.9.14.5) added. New config: { opid_index: 26 OBSOLETE_local: false peers { permanent_uuid: "c8dd3563fc6a40299a21d8ed005cc65b" member_type: VOTER last_known_addr { host: "127.9.14.1" port: 39595 } } peers { permanent_uuid: "972163f20b854d4fb375c3a8530604cd" member_type: VOTER last_known_addr { host: "127.9.14.2" port: 33739 } } peers { permanent_uuid: "26a8574149394dd4adb0676d65943c7f" member_type: VOTER last_known_addr { host: "127.9.14.3" port: 43519 } attrs { replace: true } } peers { permanent_uuid: "b0c8dacc629643fb98635b643b702da5" member_type: NON_VOTER last_known_addr { host: "127.9.14.5" port: 37721 } attrs { promote: true } } }
I20260608 13:06:39.460801 13615 catalog_manager.cc:5696] T d8e224ef41b44780b6d3d22ac67ef90d P c8dd3563fc6a40299a21d8ed005cc65b reported cstate change: config changed from index -1 to 26, NON_VOTER b0c8dacc629643fb98635b643b702da5 (127.9.14.5) added. New cstate: current_term: 1 leader_uuid: "c8dd3563fc6a40299a21d8ed005cc65b" committed_config { opid_index: 26 OBSOLETE_local: false peers { permanent_uuid: "c8dd3563fc6a40299a21d8ed005cc65b" member_type: VOTER last_known_addr { host: "127.9.14.1" port: 39595 } health_report { overall_health: HEALTHY } } peers { permanent_uuid: "972163f20b854d4fb375c3a8530604cd" member_type: VOTER last_known_addr { host: "127.9.14.2" port: 33739 } health_report { overall_health: HEALTHY } } peers { permanent_uuid: "26a8574149394dd4adb0676d65943c7f" member_type: VOTER last_known_addr { host: "127.9.14.3" port: 43519 } attrs { replace: true } health_report { overall_health: HEALTHY } } peers { permanent_uuid: "b0c8dacc629643fb98635b643b702da5" member_type: NON_VOTER last_known_addr { host: "127.9.14.5" port: 37721 } attrs { promote: true } health_report { overall_health: UNKNOWN } } }
I20260608 13:06:39.510526 14374 ts_tablet_manager.cc:933] T 345c89444a1f4bd7997b8f793fb13d4f P 92139556e21d47f8ad599d3e673424d3: Initiating tablet copy from peer c8dd3563fc6a40299a21d8ed005cc65b (127.9.14.1:39595)
I20260608 13:06:39.521437 14374 tablet_copy_client.cc:323] T 345c89444a1f4bd7997b8f793fb13d4f P 92139556e21d47f8ad599d3e673424d3: tablet copy: Beginning tablet copy session from remote peer at address 127.9.14.1:39595
I20260608 13:06:39.524501  9272 rpc_server.cc:307] RPC server started. Bound to: 127.9.14.6:40621
I20260608 13:06:39.529733 14376 acceptor_pool.cc:272] collecting diagnostics on the listening RPC socket 127.9.14.6:40621 every 8 connection(s)
I20260608 13:06:39.575232 13736 tablet_copy_service.cc:140] P c8dd3563fc6a40299a21d8ed005cc65b: Received BeginTabletCopySession request for tablet 345c89444a1f4bd7997b8f793fb13d4f from peer 92139556e21d47f8ad599d3e673424d3 ({username='slave'} at 127.0.0.1:58352)
I20260608 13:06:39.575848 13736 tablet_copy_service.cc:161] P c8dd3563fc6a40299a21d8ed005cc65b: Beginning new tablet copy session on tablet 345c89444a1f4bd7997b8f793fb13d4f from peer 92139556e21d47f8ad599d3e673424d3 at {username='slave'} at 127.0.0.1:58352: session id = 92139556e21d47f8ad599d3e673424d3-345c89444a1f4bd7997b8f793fb13d4f
I20260608 13:06:39.583971 13736 tablet_copy_source_session.cc:215] T 345c89444a1f4bd7997b8f793fb13d4f P c8dd3563fc6a40299a21d8ed005cc65b: Tablet Copy: opened 0 blocks and 1 log segments
I20260608 13:06:39.589200 14374 data_dirs.cc:400] Could only allocate 1 dirs of requested 3 for tablet 345c89444a1f4bd7997b8f793fb13d4f. 1 dirs total, 0 dirs full, 0 dirs failed
I20260608 13:06:39.592531 14378 heartbeater.cc:344] Connected to a master server at 127.9.14.62:38933
I20260608 13:06:39.593024 14378 heartbeater.cc:461] Registering TS with master...
I20260608 13:06:39.594010 14378 heartbeater.cc:507] Master 127.9.14.62:38933 requested a full tablet report, sending...
I20260608 13:06:39.599330 13624 ts_manager.cc:194] Registered new tserver with Master: ca5f605a622f4617b6f457bd4c6e33f2 (127.9.14.6:40621)
I20260608 13:06:39.602924 13624 master_service.cc:502] Signed X509 certificate for tserver {username='slave'} at 127.0.0.1:56360
I20260608 13:06:39.605932 14374 tablet_copy_client.cc:806] T 345c89444a1f4bd7997b8f793fb13d4f P 92139556e21d47f8ad599d3e673424d3: tablet copy: Starting download of 0 data blocks...
I20260608 13:06:39.606556 14374 tablet_copy_client.cc:670] T 345c89444a1f4bd7997b8f793fb13d4f P 92139556e21d47f8ad599d3e673424d3: tablet copy: Starting download of 1 WAL segments...
I20260608 13:06:39.611150 14375 tablet_copy_client.cc:1025] T 345c89444a1f4bd7997b8f793fb13d4f P 92139556e21d47f8ad599d3e673424d3: tablet copy: Injecting latency into file download: 2000
I20260608 13:06:39.656014 14382 ts_tablet_manager.cc:933] T d40870a39d654adbb4b5e88cf80e9c99 P b0c8dacc629643fb98635b643b702da5: Initiating tablet copy from peer 26a8574149394dd4adb0676d65943c7f (127.9.14.3:43519)
I20260608 13:06:39.657893 14382 tablet_copy_client.cc:323] T d40870a39d654adbb4b5e88cf80e9c99 P b0c8dacc629643fb98635b643b702da5: tablet copy: Beginning tablet copy session from remote peer at address 127.9.14.3:43519
I20260608 13:06:39.679581 13885 tablet_copy_service.cc:140] P 26a8574149394dd4adb0676d65943c7f: Received BeginTabletCopySession request for tablet d40870a39d654adbb4b5e88cf80e9c99 from peer b0c8dacc629643fb98635b643b702da5 ({username='slave'} at 127.0.0.1:44702)
I20260608 13:06:39.680075 13885 tablet_copy_service.cc:161] P 26a8574149394dd4adb0676d65943c7f: Beginning new tablet copy session on tablet d40870a39d654adbb4b5e88cf80e9c99 from peer b0c8dacc629643fb98635b643b702da5 at {username='slave'} at 127.0.0.1:44702: session id = b0c8dacc629643fb98635b643b702da5-d40870a39d654adbb4b5e88cf80e9c99
I20260608 13:06:39.685750 13885 tablet_copy_source_session.cc:215] T d40870a39d654adbb4b5e88cf80e9c99 P 26a8574149394dd4adb0676d65943c7f: Tablet Copy: opened 0 blocks and 1 log segments
I20260608 13:06:39.688334 14382 data_dirs.cc:400] Could only allocate 1 dirs of requested 3 for tablet d40870a39d654adbb4b5e88cf80e9c99. 1 dirs total, 0 dirs full, 0 dirs failed
I20260608 13:06:39.698626 14382 tablet_copy_client.cc:806] T d40870a39d654adbb4b5e88cf80e9c99 P b0c8dacc629643fb98635b643b702da5: tablet copy: Starting download of 0 data blocks...
I20260608 13:06:39.699136 14382 tablet_copy_client.cc:670] T d40870a39d654adbb4b5e88cf80e9c99 P b0c8dacc629643fb98635b643b702da5: tablet copy: Starting download of 1 WAL segments...
