W20260608 13:06:29.373807 13805 tablet.cc:2404] T 5a147403305a425284ad49e1513371c4 P de1b531f94f44b86bb0ca584f36a1946: Can't schedule compaction. Clean time has not been advanced past its initial value.
I20260608 13:06:29.375092 13824 tablet_bootstrap.cc:492] T 69941948fba24674bd97e291cd161bab P de1b531f94f44b86bb0ca584f36a1946: Bootstrap starting.
I20260608 13:06:29.376070 13827 tablet_bootstrap.cc:492] T d66c8742ca714234ad16bf5c127d1ea3 P b661bef110d04662b02d144fd02a2623: No bootstrap required, opened a new log
I20260608 13:06:29.376590 13827 ts_tablet_manager.cc:1403] T d66c8742ca714234ad16bf5c127d1ea3 P b661bef110d04662b02d144fd02a2623: Time spent bootstrapping tablet: real 0.029s	user 0.011s	sys 0.014s
I20260608 13:06:29.379437 13834 raft_consensus.cc:493] T bc253e9dd49c46c1ba2493374b0987e1 P b661bef110d04662b02d144fd02a2623 [term 0 FOLLOWER]: Starting pre-election (no leader contacted us within the election timeout)
I20260608 13:06:29.379961 13834 raft_consensus.cc:515] T bc253e9dd49c46c1ba2493374b0987e1 P b661bef110d04662b02d144fd02a2623 [term 0 FOLLOWER]: Starting pre-election with config: opid_index: -1 OBSOLETE_local: false peers { permanent_uuid: "de1b531f94f44b86bb0ca584f36a1946" member_type: VOTER last_known_addr { host: "127.8.233.131" port: 38549 } } peers { permanent_uuid: "a3f74374ce8848dc8d243bc7eede19c7" member_type: VOTER last_known_addr { host: "127.8.233.130" port: 36163 } } peers { permanent_uuid: "b661bef110d04662b02d144fd02a2623" member_type: VOTER last_known_addr { host: "127.8.233.129" port: 41275 } }
I20260608 13:06:29.383387 13828 raft_consensus.cc:493] T c330d193ca344e76b16849e15cb9a33f P de1b531f94f44b86bb0ca584f36a1946 [term 0 FOLLOWER]: Starting pre-election (no leader contacted us within the election timeout)
I20260608 13:06:29.384056 13828 raft_consensus.cc:515] T c330d193ca344e76b16849e15cb9a33f P de1b531f94f44b86bb0ca584f36a1946 [term 0 FOLLOWER]: Starting pre-election with config: opid_index: -1 OBSOLETE_local: false peers { permanent_uuid: "b661bef110d04662b02d144fd02a2623" member_type: VOTER last_known_addr { host: "127.8.233.129" port: 41275 } } peers { permanent_uuid: "a3f74374ce8848dc8d243bc7eede19c7" member_type: VOTER last_known_addr { host: "127.8.233.130" port: 36163 } } peers { permanent_uuid: "de1b531f94f44b86bb0ca584f36a1946" member_type: VOTER last_known_addr { host: "127.8.233.131" port: 38549 } }
I20260608 13:06:29.385546 13826 ts_tablet_manager.cc:1434] T 5a147403305a425284ad49e1513371c4 P a3f74374ce8848dc8d243bc7eede19c7: Time spent starting tablet: real 0.020s	user 0.002s	sys 0.005s
I20260608 13:06:29.386708 13826 tablet_bootstrap.cc:492] T 8e8c51866d1f478a8009ad4ee3934fdd P a3f74374ce8848dc8d243bc7eede19c7: Bootstrap starting.
I20260608 13:06:29.387271 13824 tablet_bootstrap.cc:654] T 69941948fba24674bd97e291cd161bab P de1b531f94f44b86bb0ca584f36a1946: Neither blocks nor log segments found. Creating new log.
I20260608 13:06:29.388942 13834 leader_election.cc:290] T bc253e9dd49c46c1ba2493374b0987e1 P b661bef110d04662b02d144fd02a2623 [CANDIDATE]: Term 1 pre-election: Requested pre-vote from peers de1b531f94f44b86bb0ca584f36a1946 (127.8.233.131:38549), a3f74374ce8848dc8d243bc7eede19c7 (127.8.233.130:36163)
I20260608 13:06:29.391709 13827 raft_consensus.cc:359] T d66c8742ca714234ad16bf5c127d1ea3 P b661bef110d04662b02d144fd02a2623 [term 0 FOLLOWER]: Replica starting. Triggering 0 pending ops. Active config: opid_index: -1 OBSOLETE_local: false peers { permanent_uuid: "b661bef110d04662b02d144fd02a2623" member_type: VOTER last_known_addr { host: "127.8.233.129" port: 41275 } } peers { permanent_uuid: "a3f74374ce8848dc8d243bc7eede19c7" member_type: VOTER last_known_addr { host: "127.8.233.130" port: 36163 } } peers { permanent_uuid: "de1b531f94f44b86bb0ca584f36a1946" member_type: VOTER last_known_addr { host: "127.8.233.131" port: 38549 } }
I20260608 13:06:29.392493 13827 raft_consensus.cc:385] T d66c8742ca714234ad16bf5c127d1ea3 P b661bef110d04662b02d144fd02a2623 [term 0 FOLLOWER]: Consensus starting up: Expiring failure detector timer to make a prompt election more likely
I20260608 13:06:29.392776 13827 raft_consensus.cc:740] T d66c8742ca714234ad16bf5c127d1ea3 P b661bef110d04662b02d144fd02a2623 [term 0 FOLLOWER]: Becoming Follower/Learner. State: Replica: b661bef110d04662b02d144fd02a2623, State: Initialized, Role: FOLLOWER
I20260608 13:06:29.393553 13827 consensus_queue.cc:260] T d66c8742ca714234ad16bf5c127d1ea3 P b661bef110d04662b02d144fd02a2623 [NON_LEADER]: Queue going to NON_LEADER mode. State: All replicated index: 0, Majority replicated index: 0, Committed index: 0, Last appended: 0.0, Last appended by leader: 0, Current term: 0, Majority size: -1, State: 0, Mode: NON_LEADER, active raft config: opid_index: -1 OBSOLETE_local: false peers { permanent_uuid: "b661bef110d04662b02d144fd02a2623" member_type: VOTER last_known_addr { host: "127.8.233.129" port: 41275 } } peers { permanent_uuid: "a3f74374ce8848dc8d243bc7eede19c7" member_type: VOTER last_known_addr { host: "127.8.233.130" port: 36163 } } peers { permanent_uuid: "de1b531f94f44b86bb0ca584f36a1946" member_type: VOTER last_known_addr { host: "127.8.233.131" port: 38549 } }
I20260608 13:06:29.401105 13826 tablet_bootstrap.cc:654] T 8e8c51866d1f478a8009ad4ee3934fdd P a3f74374ce8848dc8d243bc7eede19c7: Neither blocks nor log segments found. Creating new log.
I20260608 13:06:29.406152 13827 ts_tablet_manager.cc:1434] T d66c8742ca714234ad16bf5c127d1ea3 P b661bef110d04662b02d144fd02a2623: Time spent starting tablet: real 0.029s	user 0.009s	sys 0.000s
I20260608 13:06:29.407229 13827 tablet_bootstrap.cc:492] T 69941948fba24674bd97e291cd161bab P b661bef110d04662b02d144fd02a2623: Bootstrap starting.
I20260608 13:06:29.409516 13828 leader_election.cc:290] T c330d193ca344e76b16849e15cb9a33f P de1b531f94f44b86bb0ca584f36a1946 [CANDIDATE]: Term 1 pre-election: Requested pre-vote from peers b661bef110d04662b02d144fd02a2623 (127.8.233.129:41275), a3f74374ce8848dc8d243bc7eede19c7 (127.8.233.130:36163)
I20260608 13:06:29.410315 13834 raft_consensus.cc:493] T d66c8742ca714234ad16bf5c127d1ea3 P b661bef110d04662b02d144fd02a2623 [term 0 FOLLOWER]: Starting pre-election (no leader contacted us within the election timeout)
I20260608 13:06:29.410849 13834 raft_consensus.cc:515] T d66c8742ca714234ad16bf5c127d1ea3 P b661bef110d04662b02d144fd02a2623 [term 0 FOLLOWER]: Starting pre-election with config: opid_index: -1 OBSOLETE_local: false peers { permanent_uuid: "b661bef110d04662b02d144fd02a2623" member_type: VOTER last_known_addr { host: "127.8.233.129" port: 41275 } } peers { permanent_uuid: "a3f74374ce8848dc8d243bc7eede19c7" member_type: VOTER last_known_addr { host: "127.8.233.130" port: 36163 } } peers { permanent_uuid: "de1b531f94f44b86bb0ca584f36a1946" member_type: VOTER last_known_addr { host: "127.8.233.131" port: 38549 } }
I20260608 13:06:29.413156 13834 leader_election.cc:290] T d66c8742ca714234ad16bf5c127d1ea3 P b661bef110d04662b02d144fd02a2623 [CANDIDATE]: Term 1 pre-election: Requested pre-vote from peers a3f74374ce8848dc8d243bc7eede19c7 (127.8.233.130:36163), de1b531f94f44b86bb0ca584f36a1946 (127.8.233.131:38549)
I20260608 13:06:29.414553 13827 tablet_bootstrap.cc:654] T 69941948fba24674bd97e291cd161bab P b661bef110d04662b02d144fd02a2623: Neither blocks nor log segments found. Creating new log.
I20260608 13:06:29.443322 13826 tablet_bootstrap.cc:492] T 8e8c51866d1f478a8009ad4ee3934fdd P a3f74374ce8848dc8d243bc7eede19c7: No bootstrap required, opened a new log
I20260608 13:06:29.444059 13826 ts_tablet_manager.cc:1403] T 8e8c51866d1f478a8009ad4ee3934fdd P a3f74374ce8848dc8d243bc7eede19c7: Time spent bootstrapping tablet: real 0.058s	user 0.014s	sys 0.011s
I20260608 13:06:29.448150 13826 raft_consensus.cc:359] T 8e8c51866d1f478a8009ad4ee3934fdd P a3f74374ce8848dc8d243bc7eede19c7 [term 0 FOLLOWER]: Replica starting. Triggering 0 pending ops. Active config: opid_index: -1 OBSOLETE_local: false peers { permanent_uuid: "b661bef110d04662b02d144fd02a2623" member_type: VOTER last_known_addr { host: "127.8.233.129" port: 41275 } } peers { permanent_uuid: "a3f74374ce8848dc8d243bc7eede19c7" member_type: VOTER last_known_addr { host: "127.8.233.130" port: 36163 } } peers { permanent_uuid: "de1b531f94f44b86bb0ca584f36a1946" member_type: VOTER last_known_addr { host: "127.8.233.131" port: 38549 } }
I20260608 13:06:29.449168 13826 raft_consensus.cc:385] T 8e8c51866d1f478a8009ad4ee3934fdd P a3f74374ce8848dc8d243bc7eede19c7 [term 0 FOLLOWER]: Consensus starting up: Expiring failure detector timer to make a prompt election more likely
I20260608 13:06:29.449541 13826 raft_consensus.cc:740] T 8e8c51866d1f478a8009ad4ee3934fdd P a3f74374ce8848dc8d243bc7eede19c7 [term 0 FOLLOWER]: Becoming Follower/Learner. State: Replica: a3f74374ce8848dc8d243bc7eede19c7, State: Initialized, Role: FOLLOWER
I20260608 13:06:29.450619 13826 consensus_queue.cc:260] T 8e8c51866d1f478a8009ad4ee3934fdd P a3f74374ce8848dc8d243bc7eede19c7 [NON_LEADER]: Queue going to NON_LEADER mode. State: All replicated index: 0, Majority replicated index: 0, Committed index: 0, Last appended: 0.0, Last appended by leader: 0, Current term: 0, Majority size: -1, State: 0, Mode: NON_LEADER, active raft config: opid_index: -1 OBSOLETE_local: false peers { permanent_uuid: "b661bef110d04662b02d144fd02a2623" member_type: VOTER last_known_addr { host: "127.8.233.129" port: 41275 } } peers { permanent_uuid: "a3f74374ce8848dc8d243bc7eede19c7" member_type: VOTER last_known_addr { host: "127.8.233.130" port: 36163 } } peers { permanent_uuid: "de1b531f94f44b86bb0ca584f36a1946" member_type: VOTER last_known_addr { host: "127.8.233.131" port: 38549 } }
I20260608 13:06:29.454866 13828 raft_consensus.cc:493] T 8162f5857a444b9a9dfb0364e3dfdc30 P de1b531f94f44b86bb0ca584f36a1946 [term 0 FOLLOWER]: Starting pre-election (no leader contacted us within the election timeout)
I20260608 13:06:29.455566 13828 raft_consensus.cc:515] T 8162f5857a444b9a9dfb0364e3dfdc30 P de1b531f94f44b86bb0ca584f36a1946 [term 0 FOLLOWER]: Starting pre-election with config: opid_index: -1 OBSOLETE_local: false peers { permanent_uuid: "b661bef110d04662b02d144fd02a2623" member_type: VOTER last_known_addr { host: "127.8.233.129" port: 41275 } } peers { permanent_uuid: "a3f74374ce8848dc8d243bc7eede19c7" member_type: VOTER last_known_addr { host: "127.8.233.130" port: 36163 } } peers { permanent_uuid: "de1b531f94f44b86bb0ca584f36a1946" member_type: VOTER last_known_addr { host: "127.8.233.131" port: 38549 } }
I20260608 13:06:29.459302 13828 leader_election.cc:290] T 8162f5857a444b9a9dfb0364e3dfdc30 P de1b531f94f44b86bb0ca584f36a1946 [CANDIDATE]: Term 1 pre-election: Requested pre-vote from peers b661bef110d04662b02d144fd02a2623 (127.8.233.129:41275), a3f74374ce8848dc8d243bc7eede19c7 (127.8.233.130:36163)
I20260608 13:06:29.464195 13826 ts_tablet_manager.cc:1434] T 8e8c51866d1f478a8009ad4ee3934fdd P a3f74374ce8848dc8d243bc7eede19c7: Time spent starting tablet: real 0.020s	user 0.010s	sys 0.000s
I20260608 13:06:29.467828 13826 tablet_bootstrap.cc:492] T bc253e9dd49c46c1ba2493374b0987e1 P a3f74374ce8848dc8d243bc7eede19c7: Bootstrap starting.
W20260608 13:06:29.472555 13576 auto_rebalancer.cc:259] Could not retrieve cluster info: Service unavailable: Tablet not running
I20260608 13:06:29.474072 13827 tablet_bootstrap.cc:492] T 69941948fba24674bd97e291cd161bab P b661bef110d04662b02d144fd02a2623: No bootstrap required, opened a new log
I20260608 13:06:29.474622 13827 ts_tablet_manager.cc:1403] T 69941948fba24674bd97e291cd161bab P b661bef110d04662b02d144fd02a2623: Time spent bootstrapping tablet: real 0.068s	user 0.024s	sys 0.023s
I20260608 13:06:29.477809 13704 tablet_service.cc:1917] Received RequestConsensusVote() RPC: tablet_id: "8162f5857a444b9a9dfb0364e3dfdc30" candidate_uuid: "de1b531f94f44b86bb0ca584f36a1946" candidate_term: 1 candidate_status { last_received { term: 0 index: 0 } } ignore_live_leader: false dest_uuid: "a3f74374ce8848dc8d243bc7eede19c7" is_pre_election: true
I20260608 13:06:29.477974 13827 raft_consensus.cc:359] T 69941948fba24674bd97e291cd161bab P b661bef110d04662b02d144fd02a2623 [term 0 FOLLOWER]: Replica starting. Triggering 0 pending ops. Active config: opid_index: -1 OBSOLETE_local: false peers { permanent_uuid: "b661bef110d04662b02d144fd02a2623" member_type: VOTER last_known_addr { host: "127.8.233.129" port: 41275 } } peers { permanent_uuid: "a3f74374ce8848dc8d243bc7eede19c7" member_type: VOTER last_known_addr { host: "127.8.233.130" port: 36163 } } peers { permanent_uuid: "de1b531f94f44b86bb0ca584f36a1946" member_type: VOTER last_known_addr { host: "127.8.233.131" port: 38549 } }
I20260608 13:06:29.478490 13705 tablet_service.cc:1917] Received RequestConsensusVote() RPC: tablet_id: "c330d193ca344e76b16849e15cb9a33f" candidate_uuid: "de1b531f94f44b86bb0ca584f36a1946" candidate_term: 1 candidate_status { last_received { term: 0 index: 0 } } ignore_live_leader: false dest_uuid: "a3f74374ce8848dc8d243bc7eede19c7" is_pre_election: true
I20260608 13:06:29.478660 13704 raft_consensus.cc:2468] T 8162f5857a444b9a9dfb0364e3dfdc30 P a3f74374ce8848dc8d243bc7eede19c7 [term 0 FOLLOWER]: Leader pre-election vote request: Granting yes vote for candidate de1b531f94f44b86bb0ca584f36a1946 in term 0.
I20260608 13:06:29.478964 13827 raft_consensus.cc:385] T 69941948fba24674bd97e291cd161bab P b661bef110d04662b02d144fd02a2623 [term 0 FOLLOWER]: Consensus starting up: Expiring failure detector timer to make a prompt election more likely
I20260608 13:06:29.479342 13827 raft_consensus.cc:740] T 69941948fba24674bd97e291cd161bab P b661bef110d04662b02d144fd02a2623 [term 0 FOLLOWER]: Becoming Follower/Learner. State: Replica: b661bef110d04662b02d144fd02a2623, State: Initialized, Role: FOLLOWER
I20260608 13:06:29.480994 13743 leader_election.cc:304] T 8162f5857a444b9a9dfb0364e3dfdc30 P de1b531f94f44b86bb0ca584f36a1946 [CANDIDATE]: Term 1 pre-election: Election decided. Result: candidate won. Election summary: received 2 responses out of 3 voters: 2 yes votes; 0 no votes. yes voters: a3f74374ce8848dc8d243bc7eede19c7, de1b531f94f44b86bb0ca584f36a1946; no voters: 
I20260608 13:06:29.480226 13827 consensus_queue.cc:260] T 69941948fba24674bd97e291cd161bab P b661bef110d04662b02d144fd02a2623 [NON_LEADER]: Queue going to NON_LEADER mode. State: All replicated index: 0, Majority replicated index: 0, Committed index: 0, Last appended: 0.0, Last appended by leader: 0, Current term: 0, Majority size: -1, State: 0, Mode: NON_LEADER, active raft config: opid_index: -1 OBSOLETE_local: false peers { permanent_uuid: "b661bef110d04662b02d144fd02a2623" member_type: VOTER last_known_addr { host: "127.8.233.129" port: 41275 } } peers { permanent_uuid: "a3f74374ce8848dc8d243bc7eede19c7" member_type: VOTER last_known_addr { host: "127.8.233.130" port: 36163 } } peers { permanent_uuid: "de1b531f94f44b86bb0ca584f36a1946" member_type: VOTER last_known_addr { host: "127.8.233.131" port: 38549 } }
W20260608 13:06:29.482069 13743 leader_election.cc:343] T c330d193ca344e76b16849e15cb9a33f P de1b531f94f44b86bb0ca584f36a1946 [CANDIDATE]: Term 1 pre-election: Tablet error from VoteRequest() call to peer a3f74374ce8848dc8d243bc7eede19c7 (127.8.233.130:36163): Illegal state: must be running to vote when last-logged opid is not known
I20260608 13:06:29.483800 13630 tablet_service.cc:1917] Received RequestConsensusVote() RPC: tablet_id: "c330d193ca344e76b16849e15cb9a33f" candidate_uuid: "de1b531f94f44b86bb0ca584f36a1946" candidate_term: 1 candidate_status { last_received { term: 0 index: 0 } } ignore_live_leader: false dest_uuid: "b661bef110d04662b02d144fd02a2623" is_pre_election: true
I20260608 13:06:29.478055 13824 tablet_bootstrap.cc:492] T 69941948fba24674bd97e291cd161bab P de1b531f94f44b86bb0ca584f36a1946: No bootstrap required, opened a new log
I20260608 13:06:29.484913 13824 ts_tablet_manager.cc:1403] T 69941948fba24674bd97e291cd161bab P de1b531f94f44b86bb0ca584f36a1946: Time spent bootstrapping tablet: real 0.110s	user 0.046s	sys 0.050s
I20260608 13:06:29.485400 13629 tablet_service.cc:1917] Received RequestConsensusVote() RPC: tablet_id: "8162f5857a444b9a9dfb0364e3dfdc30" candidate_uuid: "de1b531f94f44b86bb0ca584f36a1946" candidate_term: 1 candidate_status { last_received { term: 0 index: 0 } } ignore_live_leader: false dest_uuid: "b661bef110d04662b02d144fd02a2623" is_pre_election: true
W20260608 13:06:29.485572 13745 leader_election.cc:343] T c330d193ca344e76b16849e15cb9a33f P de1b531f94f44b86bb0ca584f36a1946 [CANDIDATE]: Term 1 pre-election: Tablet error from VoteRequest() call to peer b661bef110d04662b02d144fd02a2623 (127.8.233.129:41275): Illegal state: must be running to vote when last-logged opid is not known
I20260608 13:06:29.486133 13745 leader_election.cc:304] T c330d193ca344e76b16849e15cb9a33f P de1b531f94f44b86bb0ca584f36a1946 [CANDIDATE]: Term 1 pre-election: Election decided. Result: candidate lost. Election summary: received 3 responses out of 3 voters: 1 yes votes; 2 no votes. yes voters: de1b531f94f44b86bb0ca584f36a1946; no voters: a3f74374ce8848dc8d243bc7eede19c7, b661bef110d04662b02d144fd02a2623
I20260608 13:06:29.486402 13830 raft_consensus.cc:493] T 8e8c51866d1f478a8009ad4ee3934fdd P a3f74374ce8848dc8d243bc7eede19c7 [term 0 FOLLOWER]: Starting pre-election (no leader contacted us within the election timeout)
I20260608 13:06:29.486832 13828 raft_consensus.cc:2804] T 8162f5857a444b9a9dfb0364e3dfdc30 P de1b531f94f44b86bb0ca584f36a1946 [term 0 FOLLOWER]: Leader pre-election won for term 1
I20260608 13:06:29.486929 13830 raft_consensus.cc:515] T 8e8c51866d1f478a8009ad4ee3934fdd P a3f74374ce8848dc8d243bc7eede19c7 [term 0 FOLLOWER]: Starting pre-election with config: opid_index: -1 OBSOLETE_local: false peers { permanent_uuid: "b661bef110d04662b02d144fd02a2623" member_type: VOTER last_known_addr { host: "127.8.233.129" port: 41275 } } peers { permanent_uuid: "a3f74374ce8848dc8d243bc7eede19c7" member_type: VOTER last_known_addr { host: "127.8.233.130" port: 36163 } } peers { permanent_uuid: "de1b531f94f44b86bb0ca584f36a1946" member_type: VOTER last_known_addr { host: "127.8.233.131" port: 38549 } }
I20260608 13:06:29.488026 13704 tablet_service.cc:1917] Received RequestConsensusVote() RPC: tablet_id: "d66c8742ca714234ad16bf5c127d1ea3" candidate_uuid: "b661bef110d04662b02d144fd02a2623" candidate_term: 1 candidate_status { last_received { term: 0 index: 0 } } ignore_live_leader: false dest_uuid: "a3f74374ce8848dc8d243bc7eede19c7" is_pre_election: true
I20260608 13:06:29.482105 13705 tablet_service.cc:1917] Received RequestConsensusVote() RPC: tablet_id: "bc253e9dd49c46c1ba2493374b0987e1" candidate_uuid: "b661bef110d04662b02d144fd02a2623" candidate_term: 1 candidate_status { last_received { term: 0 index: 0 } } ignore_live_leader: false dest_uuid: "a3f74374ce8848dc8d243bc7eede19c7" is_pre_election: true
I20260608 13:06:29.487411 13828 raft_consensus.cc:493] T 8162f5857a444b9a9dfb0364e3dfdc30 P de1b531f94f44b86bb0ca584f36a1946 [term 0 FOLLOWER]: Starting leader election (no leader contacted us within the election timeout)
I20260608 13:06:29.489641 13828 raft_consensus.cc:3060] T 8162f5857a444b9a9dfb0364e3dfdc30 P de1b531f94f44b86bb0ca584f36a1946 [term 0 FOLLOWER]: Advancing to term 1
I20260608 13:06:29.490010 13824 raft_consensus.cc:359] T 69941948fba24674bd97e291cd161bab P de1b531f94f44b86bb0ca584f36a1946 [term 0 FOLLOWER]: Replica starting. Triggering 0 pending ops. Active config: opid_index: -1 OBSOLETE_local: false peers { permanent_uuid: "b661bef110d04662b02d144fd02a2623" member_type: VOTER last_known_addr { host: "127.8.233.129" port: 41275 } } peers { permanent_uuid: "a3f74374ce8848dc8d243bc7eede19c7" member_type: VOTER last_known_addr { host: "127.8.233.130" port: 36163 } } peers { permanent_uuid: "de1b531f94f44b86bb0ca584f36a1946" member_type: VOTER last_known_addr { host: "127.8.233.131" port: 38549 } }
I20260608 13:06:29.490972 13824 raft_consensus.cc:385] T 69941948fba24674bd97e291cd161bab P de1b531f94f44b86bb0ca584f36a1946 [term 0 FOLLOWER]: Consensus starting up: Expiring failure detector timer to make a prompt election more likely
I20260608 13:06:29.491292 13824 raft_consensus.cc:740] T 69941948fba24674bd97e291cd161bab P de1b531f94f44b86bb0ca584f36a1946 [term 0 FOLLOWER]: Becoming Follower/Learner. State: Replica: de1b531f94f44b86bb0ca584f36a1946, State: Initialized, Role: FOLLOWER
I20260608 13:06:29.486763 13826 tablet_bootstrap.cc:654] T bc253e9dd49c46c1ba2493374b0987e1 P a3f74374ce8848dc8d243bc7eede19c7: Neither blocks nor log segments found. Creating new log.
I20260608 13:06:29.492331 13827 ts_tablet_manager.cc:1434] T 69941948fba24674bd97e291cd161bab P b661bef110d04662b02d144fd02a2623: Time spent starting tablet: real 0.017s	user 0.008s	sys 0.000s
W20260608 13:06:29.493247 13594 leader_election.cc:343] T d66c8742ca714234ad16bf5c127d1ea3 P b661bef110d04662b02d144fd02a2623 [CANDIDATE]: Term 1 pre-election: Tablet error from VoteRequest() call to peer a3f74374ce8848dc8d243bc7eede19c7 (127.8.233.130:36163): Illegal state: must be running to vote when last-logged opid is not known
I20260608 13:06:29.493484 13827 tablet_bootstrap.cc:492] T 8e8c51866d1f478a8009ad4ee3934fdd P b661bef110d04662b02d144fd02a2623: Bootstrap starting.
W20260608 13:06:29.494100 13594 leader_election.cc:343] T bc253e9dd49c46c1ba2493374b0987e1 P b661bef110d04662b02d144fd02a2623 [CANDIDATE]: Term 1 pre-election: Tablet error from VoteRequest() call to peer a3f74374ce8848dc8d243bc7eede19c7 (127.8.233.130:36163): Illegal state: must be running to vote when last-logged opid is not known
I20260608 13:06:29.495381 13824 consensus_queue.cc:260] T 69941948fba24674bd97e291cd161bab P de1b531f94f44b86bb0ca584f36a1946 [NON_LEADER]: Queue going to NON_LEADER mode. State: All replicated index: 0, Majority replicated index: 0, Committed index: 0, Last appended: 0.0, Last appended by leader: 0, Current term: 0, Majority size: -1, State: 0, Mode: NON_LEADER, active raft config: opid_index: -1 OBSOLETE_local: false peers { permanent_uuid: "b661bef110d04662b02d144fd02a2623" member_type: VOTER last_known_addr { host: "127.8.233.129" port: 41275 } } peers { permanent_uuid: "a3f74374ce8848dc8d243bc7eede19c7" member_type: VOTER last_known_addr { host: "127.8.233.130" port: 36163 } } peers { permanent_uuid: "de1b531f94f44b86bb0ca584f36a1946" member_type: VOTER last_known_addr { host: "127.8.233.131" port: 38549 } }
I20260608 13:06:29.497593 13828 raft_consensus.cc:515] T 8162f5857a444b9a9dfb0364e3dfdc30 P de1b531f94f44b86bb0ca584f36a1946 [term 1 FOLLOWER]: Starting leader election with config: opid_index: -1 OBSOLETE_local: false peers { permanent_uuid: "b661bef110d04662b02d144fd02a2623" member_type: VOTER last_known_addr { host: "127.8.233.129" port: 41275 } } peers { permanent_uuid: "a3f74374ce8848dc8d243bc7eede19c7" member_type: VOTER last_known_addr { host: "127.8.233.130" port: 36163 } } peers { permanent_uuid: "de1b531f94f44b86bb0ca584f36a1946" member_type: VOTER last_known_addr { host: "127.8.233.131" port: 38549 } }
I20260608 13:06:29.506362 13830 leader_election.cc:290] T 8e8c51866d1f478a8009ad4ee3934fdd P a3f74374ce8848dc8d243bc7eede19c7 [CANDIDATE]: Term 1 pre-election: Requested pre-vote from peers b661bef110d04662b02d144fd02a2623 (127.8.233.129:41275), de1b531f94f44b86bb0ca584f36a1946 (127.8.233.131:38549)
I20260608 13:06:29.506341 13705 tablet_service.cc:1917] Received RequestConsensusVote() RPC: tablet_id: "8162f5857a444b9a9dfb0364e3dfdc30" candidate_uuid: "de1b531f94f44b86bb0ca584f36a1946" candidate_term: 1 candidate_status { last_received { term: 0 index: 0 } } ignore_live_leader: false dest_uuid: "a3f74374ce8848dc8d243bc7eede19c7"
I20260608 13:06:29.507643 13705 raft_consensus.cc:3060] T 8162f5857a444b9a9dfb0364e3dfdc30 P a3f74374ce8848dc8d243bc7eede19c7 [term 0 FOLLOWER]: Advancing to term 1
I20260608 13:06:29.509088 13828 leader_election.cc:290] T 8162f5857a444b9a9dfb0364e3dfdc30 P de1b531f94f44b86bb0ca584f36a1946 [CANDIDATE]: Term 1 election: Requested vote from peers b661bef110d04662b02d144fd02a2623 (127.8.233.129:41275), a3f74374ce8848dc8d243bc7eede19c7 (127.8.233.130:36163)
I20260608 13:06:29.509675 13828 raft_consensus.cc:2749] T c330d193ca344e76b16849e15cb9a33f P de1b531f94f44b86bb0ca584f36a1946 [term 0 FOLLOWER]: Leader pre-election lost for term 1. Reason: could not achieve majority
I20260608 13:06:29.512789 13827 tablet_bootstrap.cc:654] T 8e8c51866d1f478a8009ad4ee3934fdd P b661bef110d04662b02d144fd02a2623: Neither blocks nor log segments found. Creating new log.
I20260608 13:06:29.516810 13705 raft_consensus.cc:2468] T 8162f5857a444b9a9dfb0364e3dfdc30 P a3f74374ce8848dc8d243bc7eede19c7 [term 1 FOLLOWER]: Leader election vote request: Granting yes vote for candidate de1b531f94f44b86bb0ca584f36a1946 in term 1.
I20260608 13:06:29.518603 13779 tablet_service.cc:1917] Received RequestConsensusVote() RPC: tablet_id: "bc253e9dd49c46c1ba2493374b0987e1" candidate_uuid: "b661bef110d04662b02d144fd02a2623" candidate_term: 1 candidate_status { last_received { term: 0 index: 0 } } ignore_live_leader: false dest_uuid: "de1b531f94f44b86bb0ca584f36a1946" is_pre_election: true
I20260608 13:06:29.520211 13778 tablet_service.cc:1917] Received RequestConsensusVote() RPC: tablet_id: "d66c8742ca714234ad16bf5c127d1ea3" candidate_uuid: "b661bef110d04662b02d144fd02a2623" candidate_term: 1 candidate_status { last_received { term: 0 index: 0 } } ignore_live_leader: false dest_uuid: "de1b531f94f44b86bb0ca584f36a1946" is_pre_election: true
I20260608 13:06:29.533610 13743 leader_election.cc:304] T 8162f5857a444b9a9dfb0364e3dfdc30 P de1b531f94f44b86bb0ca584f36a1946 [CANDIDATE]: Term 1 election: Election decided. Result: candidate won. Election summary: received 2 responses out of 3 voters: 2 yes votes; 0 no votes. yes voters: a3f74374ce8848dc8d243bc7eede19c7, de1b531f94f44b86bb0ca584f36a1946; no voters: 
I20260608 13:06:29.534579 13828 raft_consensus.cc:2804] T 8162f5857a444b9a9dfb0364e3dfdc30 P de1b531f94f44b86bb0ca584f36a1946 [term 1 FOLLOWER]: Leader election won for term 1
W20260608 13:06:29.534626 13593 leader_election.cc:343] T bc253e9dd49c46c1ba2493374b0987e1 P b661bef110d04662b02d144fd02a2623 [CANDIDATE]: Term 1 pre-election: Tablet error from VoteRequest() call to peer de1b531f94f44b86bb0ca584f36a1946 (127.8.233.131:38549): Illegal state: must be running to vote when last-logged opid is not known
I20260608 13:06:29.535202 13828 raft_consensus.cc:697] T 8162f5857a444b9a9dfb0364e3dfdc30 P de1b531f94f44b86bb0ca584f36a1946 [term 1 LEADER]: Becoming Leader. State: Replica: de1b531f94f44b86bb0ca584f36a1946, State: Running, Role: LEADER
I20260608 13:06:29.535215 13593 leader_election.cc:304] T bc253e9dd49c46c1ba2493374b0987e1 P b661bef110d04662b02d144fd02a2623 [CANDIDATE]: Term 1 pre-election: Election decided. Result: candidate lost. Election summary: received 3 responses out of 3 voters: 1 yes votes; 2 no votes. yes voters: b661bef110d04662b02d144fd02a2623; no voters: a3f74374ce8848dc8d243bc7eede19c7, de1b531f94f44b86bb0ca584f36a1946
I20260608 13:06:29.536530 13834 raft_consensus.cc:2749] T bc253e9dd49c46c1ba2493374b0987e1 P b661bef110d04662b02d144fd02a2623 [term 0 FOLLOWER]: Leader pre-election lost for term 1. Reason: could not achieve majority
I20260608 13:06:29.536185 13828 consensus_queue.cc:237] T 8162f5857a444b9a9dfb0364e3dfdc30 P de1b531f94f44b86bb0ca584f36a1946 [LEADER]: Queue going to LEADER mode. State: All replicated index: 0, Majority replicated index: 0, Committed index: 0, Last appended: 0.0, Last appended by leader: 0, Current term: 1, Majority size: 2, State: 0, Mode: LEADER, active raft config: opid_index: -1 OBSOLETE_local: false peers { permanent_uuid: "b661bef110d04662b02d144fd02a2623" member_type: VOTER last_known_addr { host: "127.8.233.129" port: 41275 } } peers { permanent_uuid: "a3f74374ce8848dc8d243bc7eede19c7" member_type: VOTER last_known_addr { host: "127.8.233.130" port: 36163 } } peers { permanent_uuid: "de1b531f94f44b86bb0ca584f36a1946" member_type: VOTER last_known_addr { host: "127.8.233.131" port: 38549 } }
W20260608 13:06:29.537708 13593 leader_election.cc:343] T d66c8742ca714234ad16bf5c127d1ea3 P b661bef110d04662b02d144fd02a2623 [CANDIDATE]: Term 1 pre-election: Tablet error from VoteRequest() call to peer de1b531f94f44b86bb0ca584f36a1946 (127.8.233.131:38549): Illegal state: must be running to vote when last-logged opid is not known
I20260608 13:06:29.538195 13593 leader_election.cc:304] T d66c8742ca714234ad16bf5c127d1ea3 P b661bef110d04662b02d144fd02a2623 [CANDIDATE]: Term 1 pre-election: Election decided. Result: candidate lost. Election summary: received 3 responses out of 3 voters: 1 yes votes; 2 no votes. yes voters: b661bef110d04662b02d144fd02a2623; no voters: a3f74374ce8848dc8d243bc7eede19c7, de1b531f94f44b86bb0ca584f36a1946
I20260608 13:06:29.539304 13834 raft_consensus.cc:2749] T d66c8742ca714234ad16bf5c127d1ea3 P b661bef110d04662b02d144fd02a2623 [term 0 FOLLOWER]: Leader pre-election lost for term 1. Reason: could not achieve majority
I20260608 13:06:29.521744 13824 ts_tablet_manager.cc:1434] T 69941948fba24674bd97e291cd161bab P de1b531f94f44b86bb0ca584f36a1946: Time spent starting tablet: real 0.036s	user 0.011s	sys 0.009s
I20260608 13:06:29.524304 13826 tablet_bootstrap.cc:492] T bc253e9dd49c46c1ba2493374b0987e1 P a3f74374ce8848dc8d243bc7eede19c7: No bootstrap required, opened a new log
I20260608 13:06:29.541091 13826 ts_tablet_manager.cc:1403] T bc253e9dd49c46c1ba2493374b0987e1 P a3f74374ce8848dc8d243bc7eede19c7: Time spent bootstrapping tablet: real 0.073s	user 0.011s	sys 0.012s
I20260608 13:06:29.544057 13629 tablet_service.cc:1917] Received RequestConsensusVote() RPC: tablet_id: "8e8c51866d1f478a8009ad4ee3934fdd" candidate_uuid: "a3f74374ce8848dc8d243bc7eede19c7" candidate_term: 1 candidate_status { last_received { term: 0 index: 0 } } ignore_live_leader: false dest_uuid: "b661bef110d04662b02d144fd02a2623" is_pre_election: true
I20260608 13:06:29.544602 13826 raft_consensus.cc:359] T bc253e9dd49c46c1ba2493374b0987e1 P a3f74374ce8848dc8d243bc7eede19c7 [term 0 FOLLOWER]: Replica starting. Triggering 0 pending ops. Active config: opid_index: -1 OBSOLETE_local: false peers { permanent_uuid: "de1b531f94f44b86bb0ca584f36a1946" member_type: VOTER last_known_addr { host: "127.8.233.131" port: 38549 } } peers { permanent_uuid: "a3f74374ce8848dc8d243bc7eede19c7" member_type: VOTER last_known_addr { host: "127.8.233.130" port: 36163 } } peers { permanent_uuid: "b661bef110d04662b02d144fd02a2623" member_type: VOTER last_known_addr { host: "127.8.233.129" port: 41275 } }
I20260608 13:06:29.545612 13778 tablet_service.cc:1917] Received RequestConsensusVote() RPC: tablet_id: "8e8c51866d1f478a8009ad4ee3934fdd" candidate_uuid: "a3f74374ce8848dc8d243bc7eede19c7" candidate_term: 1 candidate_status { last_received { term: 0 index: 0 } } ignore_live_leader: false dest_uuid: "de1b531f94f44b86bb0ca584f36a1946" is_pre_election: true
I20260608 13:06:29.546615 13826 raft_consensus.cc:385] T bc253e9dd49c46c1ba2493374b0987e1 P a3f74374ce8848dc8d243bc7eede19c7 [term 0 FOLLOWER]: Consensus starting up: Expiring failure detector timer to make a prompt election more likely
W20260608 13:06:29.545797 13671 leader_election.cc:343] T 8e8c51866d1f478a8009ad4ee3934fdd P a3f74374ce8848dc8d243bc7eede19c7 [CANDIDATE]: Term 1 pre-election: Tablet error from VoteRequest() call to peer b661bef110d04662b02d144fd02a2623 (127.8.233.129:41275): Illegal state: must be running to vote when last-logged opid is not known
I20260608 13:06:29.547063 13826 raft_consensus.cc:740] T bc253e9dd49c46c1ba2493374b0987e1 P a3f74374ce8848dc8d243bc7eede19c7 [term 0 FOLLOWER]: Becoming Follower/Learner. State: Replica: a3f74374ce8848dc8d243bc7eede19c7, State: Initialized, Role: FOLLOWER
I20260608 13:06:29.546213 13824 tablet_bootstrap.cc:492] T dcbce741c85e47198d32bacbcecfa86b P de1b531f94f44b86bb0ca584f36a1946: Bootstrap starting.
W20260608 13:06:29.548273 13668 leader_election.cc:343] T 8e8c51866d1f478a8009ad4ee3934fdd P a3f74374ce8848dc8d243bc7eede19c7 [CANDIDATE]: Term 1 pre-election: Tablet error from VoteRequest() call to peer de1b531f94f44b86bb0ca584f36a1946 (127.8.233.131:38549): Illegal state: must be running to vote when last-logged opid is not known
I20260608 13:06:29.548143 13826 consensus_queue.cc:260] T bc253e9dd49c46c1ba2493374b0987e1 P a3f74374ce8848dc8d243bc7eede19c7 [NON_LEADER]: Queue going to NON_LEADER mode. State: All replicated index: 0, Majority replicated index: 0, Committed index: 0, Last appended: 0.0, Last appended by leader: 0, Current term: 0, Majority size: -1, State: 0, Mode: NON_LEADER, active raft config: opid_index: -1 OBSOLETE_local: false peers { permanent_uuid: "de1b531f94f44b86bb0ca584f36a1946" member_type: VOTER last_known_addr { host: "127.8.233.131" port: 38549 } } peers { permanent_uuid: "a3f74374ce8848dc8d243bc7eede19c7" member_type: VOTER last_known_addr { host: "127.8.233.130" port: 36163 } } peers { permanent_uuid: "b661bef110d04662b02d144fd02a2623" member_type: VOTER last_known_addr { host: "127.8.233.129" port: 41275 } }
I20260608 13:06:29.548983 13827 tablet_bootstrap.cc:492] T 8e8c51866d1f478a8009ad4ee3934fdd P b661bef110d04662b02d144fd02a2623: No bootstrap required, opened a new log
I20260608 13:06:29.548780 13668 leader_election.cc:304] T 8e8c51866d1f478a8009ad4ee3934fdd P a3f74374ce8848dc8d243bc7eede19c7 [CANDIDATE]: Term 1 pre-election: Election decided. Result: candidate lost. Election summary: received 3 responses out of 3 voters: 1 yes votes; 2 no votes. yes voters: a3f74374ce8848dc8d243bc7eede19c7; no voters: b661bef110d04662b02d144fd02a2623, de1b531f94f44b86bb0ca584f36a1946
I20260608 13:06:29.549556 13827 ts_tablet_manager.cc:1403] T 8e8c51866d1f478a8009ad4ee3934fdd P b661bef110d04662b02d144fd02a2623: Time spent bootstrapping tablet: real 0.056s	user 0.013s	sys 0.012s
I20260608 13:06:29.551822 13827 raft_consensus.cc:359] T 8e8c51866d1f478a8009ad4ee3934fdd P b661bef110d04662b02d144fd02a2623 [term 0 FOLLOWER]: Replica starting. Triggering 0 pending ops. Active config: opid_index: -1 OBSOLETE_local: false peers { permanent_uuid: "b661bef110d04662b02d144fd02a2623" member_type: VOTER last_known_addr { host: "127.8.233.129" port: 41275 } } peers { permanent_uuid: "a3f74374ce8848dc8d243bc7eede19c7" member_type: VOTER last_known_addr { host: "127.8.233.130" port: 36163 } } peers { permanent_uuid: "de1b531f94f44b86bb0ca584f36a1946" member_type: VOTER last_known_addr { host: "127.8.233.131" port: 38549 } }
I20260608 13:06:29.552374 13827 raft_consensus.cc:385] T 8e8c51866d1f478a8009ad4ee3934fdd P b661bef110d04662b02d144fd02a2623 [term 0 FOLLOWER]: Consensus starting up: Expiring failure detector timer to make a prompt election more likely
I20260608 13:06:29.552573 13827 raft_consensus.cc:740] T 8e8c51866d1f478a8009ad4ee3934fdd P b661bef110d04662b02d144fd02a2623 [term 0 FOLLOWER]: Becoming Follower/Learner. State: Replica: b661bef110d04662b02d144fd02a2623, State: Initialized, Role: FOLLOWER
W20260608 13:06:29.553422 13745 outbound_call.cc:321] RPC callback for RPC call kudu.consensus.ConsensusService.RequestConsensusVote -> {remote=127.8.233.129:41275, user_credentials={real_user=slave}} blocked reactor thread for 68040.9us
I20260608 13:06:29.553184 13827 consensus_queue.cc:260] T 8e8c51866d1f478a8009ad4ee3934fdd P b661bef110d04662b02d144fd02a2623 [NON_LEADER]: Queue going to NON_LEADER mode. State: All replicated index: 0, Majority replicated index: 0, Committed index: 0, Last appended: 0.0, Last appended by leader: 0, Current term: 0, Majority size: -1, State: 0, Mode: NON_LEADER, active raft config: opid_index: -1 OBSOLETE_local: false peers { permanent_uuid: "b661bef110d04662b02d144fd02a2623" member_type: VOTER last_known_addr { host: "127.8.233.129" port: 41275 } } peers { permanent_uuid: "a3f74374ce8848dc8d243bc7eede19c7" member_type: VOTER last_known_addr { host: "127.8.233.130" port: 36163 } } peers { permanent_uuid: "de1b531f94f44b86bb0ca584f36a1946" member_type: VOTER last_known_addr { host: "127.8.233.131" port: 38549 } }
I20260608 13:06:29.555120 13629 tablet_service.cc:1917] Received RequestConsensusVote() RPC: tablet_id: "8162f5857a444b9a9dfb0364e3dfdc30" candidate_uuid: "de1b531f94f44b86bb0ca584f36a1946" candidate_term: 1 candidate_status { last_received { term: 0 index: 0 } } ignore_live_leader: false dest_uuid: "b661bef110d04662b02d144fd02a2623"
W20260608 13:06:29.556651 13745 leader_election.cc:343] T 8162f5857a444b9a9dfb0364e3dfdc30 P de1b531f94f44b86bb0ca584f36a1946 [CANDIDATE]: Term 1 pre-election: Tablet error from VoteRequest() call to peer b661bef110d04662b02d144fd02a2623 (127.8.233.129:41275): Illegal state: must be running to vote when last-logged opid is not known
I20260608 13:06:29.557673 13827 ts_tablet_manager.cc:1434] T 8e8c51866d1f478a8009ad4ee3934fdd P b661bef110d04662b02d144fd02a2623: Time spent starting tablet: real 0.008s	user 0.004s	sys 0.000s
I20260608 13:06:29.558861 13827 tablet_bootstrap.cc:492] T f54330ad8f6c4aa0a38abc8a3381913b P b661bef110d04662b02d144fd02a2623: Bootstrap starting.
W20260608 13:06:29.557621 13745 leader_election.cc:343] T 8162f5857a444b9a9dfb0364e3dfdc30 P de1b531f94f44b86bb0ca584f36a1946 [CANDIDATE]: Term 1 election: Tablet error from VoteRequest() call to peer b661bef110d04662b02d144fd02a2623 (127.8.233.129:41275): Illegal state: must be running to vote when last-logged opid is not known
I20260608 13:06:29.564919 13824 tablet_bootstrap.cc:654] T dcbce741c85e47198d32bacbcecfa86b P de1b531f94f44b86bb0ca584f36a1946: Neither blocks nor log segments found. Creating new log.
I20260608 13:06:29.567082 13827 tablet_bootstrap.cc:654] T f54330ad8f6c4aa0a38abc8a3381913b P b661bef110d04662b02d144fd02a2623: Neither blocks nor log segments found. Creating new log.
I20260608 13:06:29.549611 13830 raft_consensus.cc:493] T 69941948fba24674bd97e291cd161bab P a3f74374ce8848dc8d243bc7eede19c7 [term 0 FOLLOWER]: Starting pre-election (no leader contacted us within the election timeout)
I20260608 13:06:29.569685 13830 raft_consensus.cc:515] T 69941948fba24674bd97e291cd161bab P a3f74374ce8848dc8d243bc7eede19c7 [term 0 FOLLOWER]: Starting pre-election with config: opid_index: -1 OBSOLETE_local: false peers { permanent_uuid: "b661bef110d04662b02d144fd02a2623" member_type: VOTER last_known_addr { host: "127.8.233.129" port: 41275 } } peers { permanent_uuid: "a3f74374ce8848dc8d243bc7eede19c7" member_type: VOTER last_known_addr { host: "127.8.233.130" port: 36163 } } peers { permanent_uuid: "de1b531f94f44b86bb0ca584f36a1946" member_type: VOTER last_known_addr { host: "127.8.233.131" port: 38549 } }
I20260608 13:06:29.575821 13629 tablet_service.cc:1917] Received RequestConsensusVote() RPC: tablet_id: "69941948fba24674bd97e291cd161bab" candidate_uuid: "a3f74374ce8848dc8d243bc7eede19c7" candidate_term: 1 candidate_status { last_received { term: 0 index: 0 } } ignore_live_leader: false dest_uuid: "b661bef110d04662b02d144fd02a2623" is_pre_election: true
I20260608 13:06:29.576663 13629 raft_consensus.cc:2468] T 69941948fba24674bd97e291cd161bab P b661bef110d04662b02d144fd02a2623 [term 0 FOLLOWER]: Leader pre-election vote request: Granting yes vote for candidate a3f74374ce8848dc8d243bc7eede19c7 in term 0.
I20260608 13:06:29.578181 13671 leader_election.cc:304] T 69941948fba24674bd97e291cd161bab P a3f74374ce8848dc8d243bc7eede19c7 [CANDIDATE]: Term 1 pre-election: Election decided. Result: candidate won. Election summary: received 2 responses out of 3 voters: 2 yes votes; 0 no votes. yes voters: a3f74374ce8848dc8d243bc7eede19c7, b661bef110d04662b02d144fd02a2623; no voters: 
I20260608 13:06:29.582635 13846 raft_consensus.cc:493] T 69941948fba24674bd97e291cd161bab P de1b531f94f44b86bb0ca584f36a1946 [term 0 FOLLOWER]: Starting pre-election (no leader contacted us within the election timeout)
I20260608 13:06:29.583267 13778 tablet_service.cc:1917] Received RequestConsensusVote() RPC: tablet_id: "69941948fba24674bd97e291cd161bab" candidate_uuid: "a3f74374ce8848dc8d243bc7eede19c7" candidate_term: 1 candidate_status { last_received { term: 0 index: 0 } } ignore_live_leader: false dest_uuid: "de1b531f94f44b86bb0ca584f36a1946" is_pre_election: true
I20260608 13:06:29.583155 13846 raft_consensus.cc:515] T 69941948fba24674bd97e291cd161bab P de1b531f94f44b86bb0ca584f36a1946 [term 0 FOLLOWER]: Starting pre-election with config: opid_index: -1 OBSOLETE_local: false peers { permanent_uuid: "b661bef110d04662b02d144fd02a2623" member_type: VOTER last_known_addr { host: "127.8.233.129" port: 41275 } } peers { permanent_uuid: "a3f74374ce8848dc8d243bc7eede19c7" member_type: VOTER last_known_addr { host: "127.8.233.130" port: 36163 } } peers { permanent_uuid: "de1b531f94f44b86bb0ca584f36a1946" member_type: VOTER last_known_addr { host: "127.8.233.131" port: 38549 } }
I20260608 13:06:29.584841 13830 leader_election.cc:290] T 69941948fba24674bd97e291cd161bab P a3f74374ce8848dc8d243bc7eede19c7 [CANDIDATE]: Term 1 pre-election: Requested pre-vote from peers b661bef110d04662b02d144fd02a2623 (127.8.233.129:41275), de1b531f94f44b86bb0ca584f36a1946 (127.8.233.131:38549)
I20260608 13:06:29.585999 13830 raft_consensus.cc:2749] T 8e8c51866d1f478a8009ad4ee3934fdd P a3f74374ce8848dc8d243bc7eede19c7 [term 0 FOLLOWER]: Leader pre-election lost for term 1. Reason: could not achieve majority
I20260608 13:06:29.586328 13778 raft_consensus.cc:2468] T 69941948fba24674bd97e291cd161bab P de1b531f94f44b86bb0ca584f36a1946 [term 0 FOLLOWER]: Leader pre-election vote request: Granting yes vote for candidate a3f74374ce8848dc8d243bc7eede19c7 in term 0.
I20260608 13:06:29.589593 13830 raft_consensus.cc:2804] T 69941948fba24674bd97e291cd161bab P a3f74374ce8848dc8d243bc7eede19c7 [term 0 FOLLOWER]: Leader pre-election won for term 1
I20260608 13:06:29.590736 13830 raft_consensus.cc:493] T 69941948fba24674bd97e291cd161bab P a3f74374ce8848dc8d243bc7eede19c7 [term 0 FOLLOWER]: Starting leader election (no leader contacted us within the election timeout)
I20260608 13:06:29.586843 13629 tablet_service.cc:1917] Received RequestConsensusVote() RPC: tablet_id: "69941948fba24674bd97e291cd161bab" candidate_uuid: "de1b531f94f44b86bb0ca584f36a1946" candidate_term: 1 candidate_status { last_received { term: 0 index: 0 } } ignore_live_leader: false dest_uuid: "b661bef110d04662b02d144fd02a2623" is_pre_election: true
I20260608 13:06:29.595887 13629 raft_consensus.cc:2468] T 69941948fba24674bd97e291cd161bab P b661bef110d04662b02d144fd02a2623 [term 0 FOLLOWER]: Leader pre-election vote request: Granting yes vote for candidate de1b531f94f44b86bb0ca584f36a1946 in term 0.
I20260608 13:06:29.591439 13834 raft_consensus.cc:493] T 8e8c51866d1f478a8009ad4ee3934fdd P b661bef110d04662b02d144fd02a2623 [term 0 FOLLOWER]: Starting pre-election (no leader contacted us within the election timeout)
I20260608 13:06:29.586885 13846 leader_election.cc:290] T 69941948fba24674bd97e291cd161bab P de1b531f94f44b86bb0ca584f36a1946 [CANDIDATE]: Term 1 pre-election: Requested pre-vote from peers b661bef110d04662b02d144fd02a2623 (127.8.233.129:41275), a3f74374ce8848dc8d243bc7eede19c7 (127.8.233.130:36163)
I20260608 13:06:29.597440 13745 leader_election.cc:304] T 69941948fba24674bd97e291cd161bab P de1b531f94f44b86bb0ca584f36a1946 [CANDIDATE]: Term 1 pre-election: Election decided. Result: candidate won. Election summary: received 2 responses out of 3 voters: 2 yes votes; 0 no votes. yes voters: b661bef110d04662b02d144fd02a2623, de1b531f94f44b86bb0ca584f36a1946; no voters: 
I20260608 13:06:29.597479 13834 raft_consensus.cc:515] T 8e8c51866d1f478a8009ad4ee3934fdd P b661bef110d04662b02d144fd02a2623 [term 0 FOLLOWER]: Starting pre-election with config: opid_index: -1 OBSOLETE_local: false peers { permanent_uuid: "b661bef110d04662b02d144fd02a2623" member_type: VOTER last_known_addr { host: "127.8.233.129" port: 41275 } } peers { permanent_uuid: "a3f74374ce8848dc8d243bc7eede19c7" member_type: VOTER last_known_addr { host: "127.8.233.130" port: 36163 } } peers { permanent_uuid: "de1b531f94f44b86bb0ca584f36a1946" member_type: VOTER last_known_addr { host: "127.8.233.131" port: 38549 } }
I20260608 13:06:29.598845 13846 raft_consensus.cc:2804] T 69941948fba24674bd97e291cd161bab P de1b531f94f44b86bb0ca584f36a1946 [term 0 FOLLOWER]: Leader pre-election won for term 1
I20260608 13:06:29.599323 13846 raft_consensus.cc:493] T 69941948fba24674bd97e291cd161bab P de1b531f94f44b86bb0ca584f36a1946 [term 0 FOLLOWER]: Starting leader election (no leader contacted us within the election timeout)
I20260608 13:06:29.599750 13846 raft_consensus.cc:3060] T 69941948fba24674bd97e291cd161bab P de1b531f94f44b86bb0ca584f36a1946 [term 0 FOLLOWER]: Advancing to term 1
I20260608 13:06:29.600739 13834 leader_election.cc:290] T 8e8c51866d1f478a8009ad4ee3934fdd P b661bef110d04662b02d144fd02a2623 [CANDIDATE]: Term 1 pre-election: Requested pre-vote from peers a3f74374ce8848dc8d243bc7eede19c7 (127.8.233.130:36163), de1b531f94f44b86bb0ca584f36a1946 (127.8.233.131:38549)
I20260608 13:06:29.602969 13830 raft_consensus.cc:3060] T 69941948fba24674bd97e291cd161bab P a3f74374ce8848dc8d243bc7eede19c7 [term 0 FOLLOWER]: Advancing to term 1
I20260608 13:06:29.610163 13846 raft_consensus.cc:515] T 69941948fba24674bd97e291cd161bab P de1b531f94f44b86bb0ca584f36a1946 [term 1 FOLLOWER]: Starting leader election with config: opid_index: -1 OBSOLETE_local: false peers { permanent_uuid: "b661bef110d04662b02d144fd02a2623" member_type: VOTER last_known_addr { host: "127.8.233.129" port: 41275 } } peers { permanent_uuid: "a3f74374ce8848dc8d243bc7eede19c7" member_type: VOTER last_known_addr { host: "127.8.233.130" port: 36163 } } peers { permanent_uuid: "de1b531f94f44b86bb0ca584f36a1946" member_type: VOTER last_known_addr { host: "127.8.233.131" port: 38549 } }
I20260608 13:06:29.603175 13778 tablet_service.cc:1917] Received RequestConsensusVote() RPC: tablet_id: "8e8c51866d1f478a8009ad4ee3934fdd" candidate_uuid: "b661bef110d04662b02d144fd02a2623" candidate_term: 1 candidate_status { last_received { term: 0 index: 0 } } ignore_live_leader: false dest_uuid: "de1b531f94f44b86bb0ca584f36a1946" is_pre_election: true
I20260608 13:06:29.603931 13705 tablet_service.cc:1917] Received RequestConsensusVote() RPC: tablet_id: "8e8c51866d1f478a8009ad4ee3934fdd" candidate_uuid: "b661bef110d04662b02d144fd02a2623" candidate_term: 1 candidate_status { last_received { term: 0 index: 0 } } ignore_live_leader: false dest_uuid: "a3f74374ce8848dc8d243bc7eede19c7" is_pre_election: true
I20260608 13:06:29.613121 13705 raft_consensus.cc:2468] T 8e8c51866d1f478a8009ad4ee3934fdd P a3f74374ce8848dc8d243bc7eede19c7 [term 0 FOLLOWER]: Leader pre-election vote request: Granting yes vote for candidate b661bef110d04662b02d144fd02a2623 in term 0.
I20260608 13:06:29.612049 13826 ts_tablet_manager.cc:1434] T bc253e9dd49c46c1ba2493374b0987e1 P a3f74374ce8848dc8d243bc7eede19c7: Time spent starting tablet: real 0.071s	user 0.006s	sys 0.001s
I20260608 13:06:29.614063 13629 tablet_service.cc:1917] Received RequestConsensusVote() RPC: tablet_id: "69941948fba24674bd97e291cd161bab" candidate_uuid: "de1b531f94f44b86bb0ca584f36a1946" candidate_term: 1 candidate_status { last_received { term: 0 index: 0 } } ignore_live_leader: false dest_uuid: "b661bef110d04662b02d144fd02a2623"
I20260608 13:06:29.619439 13629 raft_consensus.cc:3060] T 69941948fba24674bd97e291cd161bab P b661bef110d04662b02d144fd02a2623 [term 0 FOLLOWER]: Advancing to term 1
W20260608 13:06:29.614595 13593 leader_election.cc:343] T 8e8c51866d1f478a8009ad4ee3934fdd P b661bef110d04662b02d144fd02a2623 [CANDIDATE]: Term 1 pre-election: Tablet error from VoteRequest() call to peer de1b531f94f44b86bb0ca584f36a1946 (127.8.233.131:38549): Illegal state: must be running to vote when last-logged opid is not known
I20260608 13:06:29.618300 13846 leader_election.cc:290] T 69941948fba24674bd97e291cd161bab P de1b531f94f44b86bb0ca584f36a1946 [CANDIDATE]: Term 1 election: Requested vote from peers b661bef110d04662b02d144fd02a2623 (127.8.233.129:41275), a3f74374ce8848dc8d243bc7eede19c7 (127.8.233.130:36163)
I20260608 13:06:29.624698 13594 leader_election.cc:304] T 8e8c51866d1f478a8009ad4ee3934fdd P b661bef110d04662b02d144fd02a2623 [CANDIDATE]: Term 1 pre-election: Election decided. Result: candidate won. Election summary: received 3 responses out of 3 voters: 2 yes votes; 1 no votes. yes voters: a3f74374ce8848dc8d243bc7eede19c7, b661bef110d04662b02d144fd02a2623; no voters: de1b531f94f44b86bb0ca584f36a1946
I20260608 13:06:29.630471 13834 raft_consensus.cc:2804] T 8e8c51866d1f478a8009ad4ee3934fdd P b661bef110d04662b02d144fd02a2623 [term 0 FOLLOWER]: Leader pre-election won for term 1
I20260608 13:06:29.631057 13834 raft_consensus.cc:493] T 8e8c51866d1f478a8009ad4ee3934fdd P b661bef110d04662b02d144fd02a2623 [term 0 FOLLOWER]: Starting leader election (no leader contacted us within the election timeout)
I20260608 13:06:29.631560 13834 raft_consensus.cc:3060] T 8e8c51866d1f478a8009ad4ee3934fdd P b661bef110d04662b02d144fd02a2623 [term 0 FOLLOWER]: Advancing to term 1
I20260608 13:06:29.642132 13629 raft_consensus.cc:2468] T 69941948fba24674bd97e291cd161bab P b661bef110d04662b02d144fd02a2623 [term 1 FOLLOWER]: Leader election vote request: Granting yes vote for candidate de1b531f94f44b86bb0ca584f36a1946 in term 1.
W20260608 13:06:29.644708 13671 outbound_call.cc:321] RPC callback for RPC call kudu.consensus.ConsensusService.RequestConsensusVote -> {remote=127.8.233.129:41275, user_credentials={real_user=slave}} blocked reactor thread for 66675.4us
I20260608 13:06:29.649791 13745 leader_election.cc:304] T 69941948fba24674bd97e291cd161bab P de1b531f94f44b86bb0ca584f36a1946 [CANDIDATE]: Term 1 election: Election decided. Result: candidate won. Election summary: received 2 responses out of 3 voters: 2 yes votes; 0 no votes. yes voters: b661bef110d04662b02d144fd02a2623, de1b531f94f44b86bb0ca584f36a1946; no voters: 
I20260608 13:06:29.651098 13846 raft_consensus.cc:2804] T 69941948fba24674bd97e291cd161bab P de1b531f94f44b86bb0ca584f36a1946 [term 1 FOLLOWER]: Leader election won for term 1
