I20260608 13:05:57.871214 13268 tablet_service.cc:1917] Received RequestConsensusVote() RPC: tablet_id: "724c4df8ad974785b6a996a337a3708e" candidate_uuid: "3909c6c5a5b847759077133b3f9486ca" candidate_term: 1 candidate_status { last_received { term: 0 index: 0 } } ignore_live_leader: false dest_uuid: "3afeb1f0406647e6963ba2894276af4c"
I20260608 13:05:57.871379 13120 raft_consensus.cc:3060] T 724c4df8ad974785b6a996a337a3708e P cc4c647c8e964ac385aacdf2bc830a9c [term 0 FOLLOWER]: Advancing to term 1
I20260608 13:05:57.871842 13268 raft_consensus.cc:3060] T 724c4df8ad974785b6a996a337a3708e P 3afeb1f0406647e6963ba2894276af4c [term 0 FOLLOWER]: Advancing to term 1
I20260608 13:05:57.879091 13120 raft_consensus.cc:2468] T 724c4df8ad974785b6a996a337a3708e P cc4c647c8e964ac385aacdf2bc830a9c [term 1 FOLLOWER]: Leader election vote request: Granting yes vote for candidate 3909c6c5a5b847759077133b3f9486ca in term 1.
I20260608 13:05:57.879091 13268 raft_consensus.cc:2468] T 724c4df8ad974785b6a996a337a3708e P 3afeb1f0406647e6963ba2894276af4c [term 1 FOLLOWER]: Leader election vote request: Granting yes vote for candidate 3909c6c5a5b847759077133b3f9486ca in term 1.
I20260608 13:05:57.880746 13008 leader_election.cc:304] T 724c4df8ad974785b6a996a337a3708e P 3909c6c5a5b847759077133b3f9486ca [CANDIDATE]: Term 1 election: Election decided. Result: candidate won. Election summary: received 2 responses out of 3 voters: 2 yes votes; 0 no votes. yes voters: 3909c6c5a5b847759077133b3f9486ca, 3afeb1f0406647e6963ba2894276af4c; no voters: 
I20260608 13:05:57.881553 13322 raft_consensus.cc:2804] T 724c4df8ad974785b6a996a337a3708e P 3909c6c5a5b847759077133b3f9486ca [term 1 FOLLOWER]: Leader election won for term 1
I20260608 13:05:57.882674 13322 raft_consensus.cc:697] T 724c4df8ad974785b6a996a337a3708e P 3909c6c5a5b847759077133b3f9486ca [term 1 LEADER]: Becoming Leader. State: Replica: 3909c6c5a5b847759077133b3f9486ca, State: Running, Role: LEADER
I20260608 13:05:57.883420 13322 consensus_queue.cc:237] T 724c4df8ad974785b6a996a337a3708e P 3909c6c5a5b847759077133b3f9486ca [LEADER]: Queue going to LEADER mode. State: All replicated index: 0, Majority replicated index: 0, Committed index: 0, Last appended: 0.0, Last appended by leader: 0, Current term: 1, Majority size: 2, State: 0, Mode: LEADER, active raft config: opid_index: -1 OBSOLETE_local: false peers { permanent_uuid: "cc4c647c8e964ac385aacdf2bc830a9c" member_type: VOTER last_known_addr { host: "127.9.18.66" port: 37301 } } peers { permanent_uuid: "3afeb1f0406647e6963ba2894276af4c" member_type: VOTER last_known_addr { host: "127.9.18.68" port: 38897 } } peers { permanent_uuid: "3909c6c5a5b847759077133b3f9486ca" member_type: VOTER last_known_addr { host: "127.9.18.65" port: 46395 } }
I20260608 13:05:57.892733 12941 catalog_manager.cc:5696] T 724c4df8ad974785b6a996a337a3708e P 3909c6c5a5b847759077133b3f9486ca reported cstate change: term changed from 0 to 1, leader changed from <none> to 3909c6c5a5b847759077133b3f9486ca (127.9.18.65). New cstate: current_term: 1 leader_uuid: "3909c6c5a5b847759077133b3f9486ca" committed_config { opid_index: -1 OBSOLETE_local: false peers { permanent_uuid: "cc4c647c8e964ac385aacdf2bc830a9c" member_type: VOTER last_known_addr { host: "127.9.18.66" port: 37301 } health_report { overall_health: UNKNOWN } } peers { permanent_uuid: "3afeb1f0406647e6963ba2894276af4c" member_type: VOTER last_known_addr { host: "127.9.18.68" port: 38897 } health_report { overall_health: UNKNOWN } } peers { permanent_uuid: "3909c6c5a5b847759077133b3f9486ca" member_type: VOTER last_known_addr { host: "127.9.18.65" port: 46395 } health_report { overall_health: HEALTHY } } }
I20260608 13:05:57.919777 13219 heartbeater.cc:499] Master 127.9.18.126:39029 was elected leader, sending a full tablet report...
I20260608 13:05:58.269451 13322 consensus_queue.cc:1048] T 724c4df8ad974785b6a996a337a3708e P 3909c6c5a5b847759077133b3f9486ca [LEADER]: Connected to new peer: Peer: permanent_uuid: "3afeb1f0406647e6963ba2894276af4c" member_type: VOTER last_known_addr { host: "127.9.18.68" port: 38897 }, Status: LMP_MISMATCH, Last received: 0.0, Next index: 1, Last known committed idx: 0, Time since last communication: 0.000s
I20260608 13:05:58.284315 13330 consensus_queue.cc:1048] T 724c4df8ad974785b6a996a337a3708e P 3909c6c5a5b847759077133b3f9486ca [LEADER]: Connected to new peer: Peer: permanent_uuid: "cc4c647c8e964ac385aacdf2bc830a9c" member_type: VOTER last_known_addr { host: "127.9.18.66" port: 37301 }, Status: LMP_MISMATCH, Last received: 0.0, Next index: 1, Last known committed idx: 0, Time since last communication: 0.001s
I20260608 13:05:58.469925 12996 auto_leader_rebalancer.cc:140] leader rebalance for table test-workload
I20260608 13:05:58.471606 12996 auto_leader_rebalancer.cc:388] table: test-workload, leader rebalance finish, leader transfer count: 0
I20260608 13:05:58.472014 12996 auto_leader_rebalancer.cc:451] All tables' leader rebalancing finished this round
I20260608 13:06:00.473006 12996 auto_leader_rebalancer.cc:140] leader rebalance for table test-workload
I20260608 13:06:00.474509 12996 auto_leader_rebalancer.cc:388] table: test-workload, leader rebalance finish, leader transfer count: 0
I20260608 13:06:00.474885 12996 auto_leader_rebalancer.cc:451] All tables' leader rebalancing finished this round
I20260608 13:06:02.476025 12996 auto_leader_rebalancer.cc:140] leader rebalance for table test-workload
I20260608 13:06:02.477638 12996 auto_leader_rebalancer.cc:388] table: test-workload, leader rebalance finish, leader transfer count: 0
I20260608 13:06:02.478021 12996 auto_leader_rebalancer.cc:451] All tables' leader rebalancing finished this round
I20260608 13:06:04.479132 12996 auto_leader_rebalancer.cc:140] leader rebalance for table test-workload
I20260608 13:06:04.480602 12996 auto_leader_rebalancer.cc:388] table: test-workload, leader rebalance finish, leader transfer count: 0
I20260608 13:06:04.480960 12996 auto_leader_rebalancer.cc:451] All tables' leader rebalancing finished this round
I20260608 13:06:06.482254 12996 auto_leader_rebalancer.cc:140] leader rebalance for table test-workload
I20260608 13:06:06.484800 12996 auto_leader_rebalancer.cc:388] table: test-workload, leader rebalance finish, leader transfer count: 0
I20260608 13:06:06.485196 12996 auto_leader_rebalancer.cc:451] All tables' leader rebalancing finished this round
I20260608 13:06:08.486266 12996 auto_leader_rebalancer.cc:140] leader rebalance for table test-workload
I20260608 13:06:08.487787 12996 auto_leader_rebalancer.cc:388] table: test-workload, leader rebalance finish, leader transfer count: 0
I20260608 13:06:08.488112 12996 auto_leader_rebalancer.cc:451] All tables' leader rebalancing finished this round
I20260608 13:06:08.997782  9289 tablet_server.cc:179] TabletServer@127.9.18.65:0 shutting down...
I20260608 13:06:09.030750  9289 ts_tablet_manager.cc:1507] Shutting down tablet manager...
I20260608 13:06:09.031643  9289 tablet_replica.cc:333] T 724c4df8ad974785b6a996a337a3708e P 3909c6c5a5b847759077133b3f9486ca: stopping tablet replica
I20260608 13:06:09.032474  9289 raft_consensus.cc:2243] T 724c4df8ad974785b6a996a337a3708e P 3909c6c5a5b847759077133b3f9486ca [term 1 LEADER]: Raft consensus shutting down.
I20260608 13:06:09.033658  9289 raft_consensus.cc:2272] T 724c4df8ad974785b6a996a337a3708e P 3909c6c5a5b847759077133b3f9486ca [term 1 FOLLOWER]: Raft consensus is shut down!
I20260608 13:06:09.057297  9289 tablet_server.cc:196] TabletServer@127.9.18.65:0 shutdown complete.
I20260608 13:06:09.072968  9289 tablet_server.cc:179] TabletServer@127.9.18.66:0 shutting down...
I20260608 13:06:09.102312  9289 ts_tablet_manager.cc:1507] Shutting down tablet manager...
I20260608 13:06:09.103238  9289 tablet_replica.cc:333] T 724c4df8ad974785b6a996a337a3708e P cc4c647c8e964ac385aacdf2bc830a9c: stopping tablet replica
I20260608 13:06:09.103955  9289 raft_consensus.cc:2243] T 724c4df8ad974785b6a996a337a3708e P cc4c647c8e964ac385aacdf2bc830a9c [term 1 FOLLOWER]: Raft consensus shutting down.
I20260608 13:06:09.104588  9289 raft_consensus.cc:2272] T 724c4df8ad974785b6a996a337a3708e P cc4c647c8e964ac385aacdf2bc830a9c [term 1 FOLLOWER]: Raft consensus is shut down!
I20260608 13:06:09.124961  9289 tablet_server.cc:196] TabletServer@127.9.18.66:0 shutdown complete.
I20260608 13:06:09.136910  9289 tablet_server.cc:179] TabletServer@127.9.18.67:0 shutting down...
I20260608 13:06:09.163210  9289 ts_tablet_manager.cc:1507] Shutting down tablet manager...
I20260608 13:06:09.180678  9289 tablet_server.cc:196] TabletServer@127.9.18.67:0 shutdown complete.
I20260608 13:06:09.191741  9289 tablet_server.cc:179] TabletServer@127.9.18.68:0 shutting down...
I20260608 13:06:09.220906  9289 ts_tablet_manager.cc:1507] Shutting down tablet manager...
I20260608 13:06:09.221709  9289 tablet_replica.cc:333] T 724c4df8ad974785b6a996a337a3708e P 3afeb1f0406647e6963ba2894276af4c: stopping tablet replica
I20260608 13:06:09.222398  9289 raft_consensus.cc:2243] T 724c4df8ad974785b6a996a337a3708e P 3afeb1f0406647e6963ba2894276af4c [term 1 FOLLOWER]: Raft consensus shutting down.
I20260608 13:06:09.222986  9289 raft_consensus.cc:2272] T 724c4df8ad974785b6a996a337a3708e P 3afeb1f0406647e6963ba2894276af4c [term 1 FOLLOWER]: Raft consensus is shut down!
I20260608 13:06:09.244282  9289 tablet_server.cc:196] TabletServer@127.9.18.68:0 shutdown complete.
I20260608 13:06:09.256945  9289 master.cc:562] Master@127.9.18.126:39029 shutting down...
I20260608 13:06:09.280453  9289 raft_consensus.cc:2243] T 00000000000000000000000000000000 P 7ba1b168a2f146f0b5ab341ad615c0b0 [term 1 LEADER]: Raft consensus shutting down.
I20260608 13:06:09.281260  9289 raft_consensus.cc:2272] T 00000000000000000000000000000000 P 7ba1b168a2f146f0b5ab341ad615c0b0 [term 1 FOLLOWER]: Raft consensus is shut down!
I20260608 13:06:09.281777  9289 tablet_replica.cc:333] T 00000000000000000000000000000000 P 7ba1b168a2f146f0b5ab341ad615c0b0: stopping tablet replica
I20260608 13:06:09.303344  9289 master.cc:584] Master@127.9.18.126:39029 shutdown complete.
[       OK ] AutoRebalancerTest.NoReplicaMovesIfLocationLoadSkewedByOne (13040 ms)
[ RUN      ] AutoRebalancerTest.NoReplicaMovesIfCannotFixPlacementPolicy
I20260608 13:06:09.350407  9289 internal_mini_cluster.cc:156] Creating distributed mini masters. Addrs: 127.9.18.126:42519
I20260608 13:06:09.351696  9289 file_cache.cc:492] Constructed file cache file cache with capacity 419430
W20260608 13:06:09.358490 13340 instance_detector.cc:116] could not retrieve Azure instance metadata: Network error: curl error: HTTP response code said error: The requested URL returned error: 404
W20260608 13:06:09.358507 13339 instance_detector.cc:116] could not retrieve AWS instance metadata: Network error: curl error: HTTP response code said error: The requested URL returned error: 404
W20260608 13:06:09.359571 13342 instance_detector.cc:116] could not retrieve OpenStack instance metadata: Network error: curl error: HTTP response code said error: The requested URL returned error: 404
I20260608 13:06:09.359916  9289 server_base.cc:1061] running on GCE node
I20260608 13:06:09.361008  9289 hybrid_clock.cc:584] initializing the hybrid clock with 'system_unsync' time source
W20260608 13:06:09.361248  9289 system_unsync_time.cc:38] NTP support is disabled. Clock error bounds will not be accurate. This configuration is not suitable for distributed clusters.
I20260608 13:06:09.361429  9289 hybrid_clock.cc:648] HybridClock initialized: now 1780923969361411 us; error 0 us; skew 500 ppm
I20260608 13:06:09.362107  9289 server_base.cc:861] Flag tcmalloc_max_total_thread_cache_bytes is not working since tcmalloc is not enabled.
I20260608 13:06:09.365319  9289 webserver.cc:533] Webserver started at http://127.9.18.126:41757/ using document root <none> and password file <none>
I20260608 13:06:09.365972  9289 fs_manager.cc:362] Metadata directory not provided
I20260608 13:06:09.366222  9289 fs_manager.cc:368] Using write-ahead log directory (fs_wal_dir) as metadata directory
I20260608 13:06:09.366540  9289 server_base.cc:909] This appears to be a new deployment of Kudu; creating new FS layout
I20260608 13:06:09.367873  9289 fs_manager.cc:1068] Generated new instance metadata in path /tmp/dist-test-taskdNQ8DX/test-tmp/auto_rebalancer-test.0.AutoRebalancerTest.NoReplicaMovesIfCannotFixPlacementPolicy.1780923865047599-9289-0/minicluster-data/master-0-root/instance:
uuid: "98d70e41e4784637a7161fa80e82d164"
format_stamp: "Formatted at 2026-06-08 13:06:09 on dist-test-slave-f99c"
I20260608 13:06:09.373365  9289 fs_manager.cc:696] Time spent creating directory manager: real 0.005s	user 0.000s	sys 0.004s
I20260608 13:06:09.377509 13347 log_block_manager.cc:4031] Time spent loading block containers with low live blocks: real 0.000s	user 0.000s	sys 0.000s
I20260608 13:06:09.378647  9289 fs_manager.cc:730] Time spent opening block manager: real 0.003s	user 0.004s	sys 0.000s
I20260608 13:06:09.379006  9289 fs_manager.cc:647] Opened local filesystem: /tmp/dist-test-taskdNQ8DX/test-tmp/auto_rebalancer-test.0.AutoRebalancerTest.NoReplicaMovesIfCannotFixPlacementPolicy.1780923865047599-9289-0/minicluster-data/master-0-root
uuid: "98d70e41e4784637a7161fa80e82d164"
format_stamp: "Formatted at 2026-06-08 13:06:09 on dist-test-slave-f99c"
I20260608 13:06:09.379355  9289 fs_report.cc:389] FS layout report
--------------------
wal directory: /tmp/dist-test-taskdNQ8DX/test-tmp/auto_rebalancer-test.0.AutoRebalancerTest.NoReplicaMovesIfCannotFixPlacementPolicy.1780923865047599-9289-0/minicluster-data/master-0-root
metadata directory: /tmp/dist-test-taskdNQ8DX/test-tmp/auto_rebalancer-test.0.AutoRebalancerTest.NoReplicaMovesIfCannotFixPlacementPolicy.1780923865047599-9289-0/minicluster-data/master-0-root
1 data directories: /tmp/dist-test-taskdNQ8DX/test-tmp/auto_rebalancer-test.0.AutoRebalancerTest.NoReplicaMovesIfCannotFixPlacementPolicy.1780923865047599-9289-0/minicluster-data/master-0-root/data
Total live blocks: 0
Total live bytes: 0
Total live bytes (after alignment): 0
Total number of LBM containers: 0 (0 full)
Did not check for missing blocks
Did not check for orphaned blocks
Total full LBM containers with extra space: 0 (0 repaired)
Total full LBM container extra space in bytes: 0 (0 repaired)
Total incomplete LBM containers: 0 (0 repaired)
Total LBM partial records: 0 (0 repaired)
Total corrupted LBM metadata records in RocksDB: 0 (0 repaired)
I20260608 13:06:09.413156  9289 rpc_server.cc:225] running with OpenSSL 1.1.1  11 Sep 2018
I20260608 13:06:09.414494  9289 kserver.cc:163] Server-wide thread pool size limit: 3276
I20260608 13:06:09.456499  9289 rpc_server.cc:307] RPC server started. Bound to: 127.9.18.126:42519
I20260608 13:06:09.456604 13398 acceptor_pool.cc:272] collecting diagnostics on the listening RPC socket 127.9.18.126:42519 every 8 connection(s)
I20260608 13:06:09.461129 13399 data_dirs.cc:400] Could only allocate 1 dirs of requested 3 for tablet 00000000000000000000000000000000. 1 dirs total, 0 dirs full, 0 dirs failed
I20260608 13:06:09.473086 13399 tablet_bootstrap.cc:492] T 00000000000000000000000000000000 P 98d70e41e4784637a7161fa80e82d164: Bootstrap starting.
I20260608 13:06:09.478576 13399 tablet_bootstrap.cc:654] T 00000000000000000000000000000000 P 98d70e41e4784637a7161fa80e82d164: Neither blocks nor log segments found. Creating new log.
I20260608 13:06:09.484030 13399 tablet_bootstrap.cc:492] T 00000000000000000000000000000000 P 98d70e41e4784637a7161fa80e82d164: No bootstrap required, opened a new log
I20260608 13:06:09.486510 13399 raft_consensus.cc:359] T 00000000000000000000000000000000 P 98d70e41e4784637a7161fa80e82d164 [term 0 FOLLOWER]: Replica starting. Triggering 0 pending ops. Active config: opid_index: -1 OBSOLETE_local: true peers { permanent_uuid: "98d70e41e4784637a7161fa80e82d164" member_type: VOTER }
I20260608 13:06:09.486966 13399 raft_consensus.cc:385] T 00000000000000000000000000000000 P 98d70e41e4784637a7161fa80e82d164 [term 0 FOLLOWER]: Consensus starting up: Expiring failure detector timer to make a prompt election more likely
I20260608 13:06:09.487154 13399 raft_consensus.cc:740] T 00000000000000000000000000000000 P 98d70e41e4784637a7161fa80e82d164 [term 0 FOLLOWER]: Becoming Follower/Learner. State: Replica: 98d70e41e4784637a7161fa80e82d164, State: Initialized, Role: FOLLOWER
I20260608 13:06:09.487797 13399 consensus_queue.cc:260] T 00000000000000000000000000000000 P 98d70e41e4784637a7161fa80e82d164 [NON_LEADER]: Queue going to NON_LEADER mode. State: All replicated index: 0, Majority replicated index: 0, Committed index: 0, Last appended: 0.0, Last appended by leader: 0, Current term: 0, Majority size: -1, State: 0, Mode: NON_LEADER, active raft config: opid_index: -1 OBSOLETE_local: true peers { permanent_uuid: "98d70e41e4784637a7161fa80e82d164" member_type: VOTER }
I20260608 13:06:09.488300 13399 raft_consensus.cc:399] T 00000000000000000000000000000000 P 98d70e41e4784637a7161fa80e82d164 [term 0 FOLLOWER]: Only one voter in the Raft config. Triggering election immediately
I20260608 13:06:09.488529 13399 raft_consensus.cc:493] T 00000000000000000000000000000000 P 98d70e41e4784637a7161fa80e82d164 [term 0 FOLLOWER]: Starting leader election (initial election of a single-replica configuration)
I20260608 13:06:09.488754 13399 raft_consensus.cc:3060] T 00000000000000000000000000000000 P 98d70e41e4784637a7161fa80e82d164 [term 0 FOLLOWER]: Advancing to term 1
I20260608 13:06:09.493554 13399 raft_consensus.cc:515] T 00000000000000000000000000000000 P 98d70e41e4784637a7161fa80e82d164 [term 1 FOLLOWER]: Starting leader election with config: opid_index: -1 OBSOLETE_local: true peers { permanent_uuid: "98d70e41e4784637a7161fa80e82d164" member_type: VOTER }
I20260608 13:06:09.494115 13399 leader_election.cc:304] T 00000000000000000000000000000000 P 98d70e41e4784637a7161fa80e82d164 [CANDIDATE]: Term 1 election: Election decided. Result: candidate won. Election summary: received 1 responses out of 1 voters: 1 yes votes; 0 no votes. yes voters: 98d70e41e4784637a7161fa80e82d164; no voters: 
I20260608 13:06:09.495301 13399 leader_election.cc:290] T 00000000000000000000000000000000 P 98d70e41e4784637a7161fa80e82d164 [CANDIDATE]: Term 1 election: Requested vote from peers 
I20260608 13:06:09.495923 13402 raft_consensus.cc:2804] T 00000000000000000000000000000000 P 98d70e41e4784637a7161fa80e82d164 [term 1 FOLLOWER]: Leader election won for term 1
I20260608 13:06:09.497515 13402 raft_consensus.cc:697] T 00000000000000000000000000000000 P 98d70e41e4784637a7161fa80e82d164 [term 1 LEADER]: Becoming Leader. State: Replica: 98d70e41e4784637a7161fa80e82d164, State: Running, Role: LEADER
I20260608 13:06:09.498374 13402 consensus_queue.cc:237] T 00000000000000000000000000000000 P 98d70e41e4784637a7161fa80e82d164 [LEADER]: Queue going to LEADER mode. State: All replicated index: 0, Majority replicated index: 0, Committed index: 0, Last appended: 0.0, Last appended by leader: 0, Current term: 1, Majority size: 1, State: 0, Mode: LEADER, active raft config: opid_index: -1 OBSOLETE_local: true peers { permanent_uuid: "98d70e41e4784637a7161fa80e82d164" member_type: VOTER }
I20260608 13:06:09.498626 13399 sys_catalog.cc:565] T 00000000000000000000000000000000 P 98d70e41e4784637a7161fa80e82d164 [sys.catalog]: configured and running, proceeding with master startup.
I20260608 13:06:09.502408 13404 sys_catalog.cc:455] T 00000000000000000000000000000000 P 98d70e41e4784637a7161fa80e82d164 [sys.catalog]: SysCatalogTable state changed. Reason: New leader 98d70e41e4784637a7161fa80e82d164. Latest consensus state: current_term: 1 leader_uuid: "98d70e41e4784637a7161fa80e82d164" committed_config { opid_index: -1 OBSOLETE_local: true peers { permanent_uuid: "98d70e41e4784637a7161fa80e82d164" member_type: VOTER } }
I20260608 13:06:09.502420 13403 sys_catalog.cc:455] T 00000000000000000000000000000000 P 98d70e41e4784637a7161fa80e82d164 [sys.catalog]: SysCatalogTable state changed. Reason: RaftConsensus started. Latest consensus state: current_term: 1 leader_uuid: "98d70e41e4784637a7161fa80e82d164" committed_config { opid_index: -1 OBSOLETE_local: true peers { permanent_uuid: "98d70e41e4784637a7161fa80e82d164" member_type: VOTER } }
I20260608 13:06:09.503152 13404 sys_catalog.cc:458] T 00000000000000000000000000000000 P 98d70e41e4784637a7161fa80e82d164 [sys.catalog]: This master's current role is: LEADER
I20260608 13:06:09.503396 13403 sys_catalog.cc:458] T 00000000000000000000000000000000 P 98d70e41e4784637a7161fa80e82d164 [sys.catalog]: This master's current role is: LEADER
I20260608 13:06:09.507812 13408 catalog_manager.cc:1510] Loading table and tablet metadata into memory...
I20260608 13:06:09.513281 13408 catalog_manager.cc:1519] Initializing Kudu cluster ID...
I20260608 13:06:09.516422  9289 internal_mini_cluster.cc:184] Waiting to initialize catalog manager on master 0
I20260608 13:06:09.523425 13408 catalog_manager.cc:1382] Generated new cluster ID: 856ed8b0c4c047f8bdbdcab21231af5a
I20260608 13:06:09.523721 13408 catalog_manager.cc:1530] Initializing Kudu internal certificate authority...
I20260608 13:06:09.540611 13408 catalog_manager.cc:1405] Generated new certificate authority record
I20260608 13:06:09.542040 13408 catalog_manager.cc:1539] Loading token signing keys...
I20260608 13:06:09.557439 13408 catalog_manager.cc:6069] T 00000000000000000000000000000000 P 98d70e41e4784637a7161fa80e82d164: Generated new TSK 0
I20260608 13:06:09.558157 13408 catalog_manager.cc:1549] Initializing in-progress tserver states...
I20260608 13:06:09.583244  9289 file_cache.cc:492] Constructed file cache file cache with capacity 419430
W20260608 13:06:09.589864 13420 instance_detector.cc:116] could not retrieve AWS instance metadata: Network error: curl error: HTTP response code said error: The requested URL returned error: 404
W20260608 13:06:09.591157 13421 instance_detector.cc:116] could not retrieve Azure instance metadata: Network error: curl error: HTTP response code said error: The requested URL returned error: 404
W20260608 13:06:09.592991 13423 instance_detector.cc:116] could not retrieve OpenStack instance metadata: Network error: curl error: HTTP response code said error: The requested URL returned error: 404
I20260608 13:06:09.593714  9289 server_base.cc:1061] running on GCE node
I20260608 13:06:09.594631  9289 hybrid_clock.cc:584] initializing the hybrid clock with 'system_unsync' time source
W20260608 13:06:09.594825  9289 system_unsync_time.cc:38] NTP support is disabled. Clock error bounds will not be accurate. This configuration is not suitable for distributed clusters.
I20260608 13:06:09.594960  9289 hybrid_clock.cc:648] HybridClock initialized: now 1780923969594949 us; error 0 us; skew 500 ppm
I20260608 13:06:09.595518  9289 server_base.cc:861] Flag tcmalloc_max_total_thread_cache_bytes is not working since tcmalloc is not enabled.
I20260608 13:06:09.598169  9289 webserver.cc:533] Webserver started at http://127.9.18.65:41675/ using document root <none> and password file <none>
I20260608 13:06:09.598707  9289 fs_manager.cc:362] Metadata directory not provided
I20260608 13:06:09.598922  9289 fs_manager.cc:368] Using write-ahead log directory (fs_wal_dir) as metadata directory
I20260608 13:06:09.599215  9289 server_base.cc:909] This appears to be a new deployment of Kudu; creating new FS layout
I20260608 13:06:09.600512  9289 fs_manager.cc:1068] Generated new instance metadata in path /tmp/dist-test-taskdNQ8DX/test-tmp/auto_rebalancer-test.0.AutoRebalancerTest.NoReplicaMovesIfCannotFixPlacementPolicy.1780923865047599-9289-0/minicluster-data/ts-0-root/instance:
uuid: "44203c3c6f4e4beca4004d6f35ded65f"
format_stamp: "Formatted at 2026-06-08 13:06:09 on dist-test-slave-f99c"
I20260608 13:06:09.605553  9289 fs_manager.cc:696] Time spent creating directory manager: real 0.004s	user 0.004s	sys 0.000s
I20260608 13:06:09.609391 13428 log_block_manager.cc:4031] Time spent loading block containers with low live blocks: real 0.000s	user 0.000s	sys 0.000s
I20260608 13:06:09.610491  9289 fs_manager.cc:730] Time spent opening block manager: real 0.003s	user 0.004s	sys 0.000s
I20260608 13:06:09.610927  9289 fs_manager.cc:647] Opened local filesystem: /tmp/dist-test-taskdNQ8DX/test-tmp/auto_rebalancer-test.0.AutoRebalancerTest.NoReplicaMovesIfCannotFixPlacementPolicy.1780923865047599-9289-0/minicluster-data/ts-0-root
uuid: "44203c3c6f4e4beca4004d6f35ded65f"
format_stamp: "Formatted at 2026-06-08 13:06:09 on dist-test-slave-f99c"
I20260608 13:06:09.611279  9289 fs_report.cc:389] FS layout report
--------------------
wal directory: /tmp/dist-test-taskdNQ8DX/test-tmp/auto_rebalancer-test.0.AutoRebalancerTest.NoReplicaMovesIfCannotFixPlacementPolicy.1780923865047599-9289-0/minicluster-data/ts-0-root
metadata directory: /tmp/dist-test-taskdNQ8DX/test-tmp/auto_rebalancer-test.0.AutoRebalancerTest.NoReplicaMovesIfCannotFixPlacementPolicy.1780923865047599-9289-0/minicluster-data/ts-0-root
1 data directories: /tmp/dist-test-taskdNQ8DX/test-tmp/auto_rebalancer-test.0.AutoRebalancerTest.NoReplicaMovesIfCannotFixPlacementPolicy.1780923865047599-9289-0/minicluster-data/ts-0-root/data
Total live blocks: 0
Total live bytes: 0
Total live bytes (after alignment): 0
Total number of LBM containers: 0 (0 full)
Did not check for missing blocks
Did not check for orphaned blocks
Total full LBM containers with extra space: 0 (0 repaired)
Total full LBM container extra space in bytes: 0 (0 repaired)
Total incomplete LBM containers: 0 (0 repaired)
Total LBM partial records: 0 (0 repaired)
Total corrupted LBM metadata records in RocksDB: 0 (0 repaired)
I20260608 13:06:09.621688  9289 rpc_server.cc:225] running with OpenSSL 1.1.1  11 Sep 2018
I20260608 13:06:09.623026  9289 kserver.cc:163] Server-wide thread pool size limit: 3276
I20260608 13:06:09.624816  9289 txn_system_client.cc:432] TxnSystemClient initialization is disabled...
I20260608 13:06:09.627313  9289 ts_tablet_manager.cc:585] Loaded tablet metadata (0 total tablets, 0 live tablets)
I20260608 13:06:09.627588  9289 ts_tablet_manager.cc:531] Time spent load tablet metadata: real 0.000s	user 0.000s	sys 0.000s
I20260608 13:06:09.627835  9289 ts_tablet_manager.cc:616] Registered 0 tablets
I20260608 13:06:09.628011  9289 ts_tablet_manager.cc:595] Time spent register tablets: real 0.000s	user 0.000s	sys 0.000s
I20260608 13:06:09.676801  9289 rpc_server.cc:307] RPC server started. Bound to: 127.9.18.65:42307
I20260608 13:06:09.676949 13490 acceptor_pool.cc:272] collecting diagnostics on the listening RPC socket 127.9.18.65:42307 every 8 connection(s)
I20260608 13:06:09.682411  9289 file_cache.cc:492] Constructed file cache file cache with capacity 419430
W20260608 13:06:09.691462 13495 instance_detector.cc:116] could not retrieve AWS instance metadata: Network error: curl error: HTTP response code said error: The requested URL returned error: 404
W20260608 13:06:09.692359 13496 instance_detector.cc:116] could not retrieve Azure instance metadata: Network error: curl error: HTTP response code said error: The requested URL returned error: 404
I20260608 13:06:09.695529  9289 server_base.cc:1061] running on GCE node
W20260608 13:06:09.695456 13498 instance_detector.cc:116] could not retrieve OpenStack instance metadata: Network error: curl error: HTTP response code said error: The requested URL returned error: 404
I20260608 13:06:09.697356  9289 hybrid_clock.cc:584] initializing the hybrid clock with 'system_unsync' time source
W20260608 13:06:09.697625  9289 system_unsync_time.cc:38] NTP support is disabled. Clock error bounds will not be accurate. This configuration is not suitable for distributed clusters.
I20260608 13:06:09.697835  9289 hybrid_clock.cc:648] HybridClock initialized: now 1780923969697816 us; error 0 us; skew 500 ppm
I20260608 13:06:09.698700  9289 server_base.cc:861] Flag tcmalloc_max_total_thread_cache_bytes is not working since tcmalloc is not enabled.
I20260608 13:06:09.699961 13491 heartbeater.cc:344] Connected to a master server at 127.9.18.126:42519
I20260608 13:06:09.700451 13491 heartbeater.cc:461] Registering TS with master...
I20260608 13:06:09.701514 13491 heartbeater.cc:507] Master 127.9.18.126:42519 requested a full tablet report, sending...
I20260608 13:06:09.702697  9289 webserver.cc:533] Webserver started at http://127.9.18.66:42149/ using document root <none> and password file <none>
I20260608 13:06:09.703248  9289 fs_manager.cc:362] Metadata directory not provided
I20260608 13:06:09.703441  9289 fs_manager.cc:368] Using write-ahead log directory (fs_wal_dir) as metadata directory
I20260608 13:06:09.703799  9289 server_base.cc:909] This appears to be a new deployment of Kudu; creating new FS layout
I20260608 13:06:09.704505 13364 ts_manager.cc:194] Registered new tserver with Master: 44203c3c6f4e4beca4004d6f35ded65f (127.9.18.65:42307)
I20260608 13:06:09.705547  9289 fs_manager.cc:1068] Generated new instance metadata in path /tmp/dist-test-taskdNQ8DX/test-tmp/auto_rebalancer-test.0.AutoRebalancerTest.NoReplicaMovesIfCannotFixPlacementPolicy.1780923865047599-9289-0/minicluster-data/ts-1-root/instance:
uuid: "36c9f91d03b04c739011475d045dd765"
format_stamp: "Formatted at 2026-06-08 13:06:09 on dist-test-slave-f99c"
I20260608 13:06:09.707269 13364 master_service.cc:502] Signed X509 certificate for tserver {username='slave'} at 127.0.0.1:41254
I20260608 13:06:09.711659  9289 fs_manager.cc:696] Time spent creating directory manager: real 0.005s	user 0.006s	sys 0.001s
I20260608 13:06:09.716089 13503 log_block_manager.cc:4031] Time spent loading block containers with low live blocks: real 0.000s	user 0.000s	sys 0.000s
I20260608 13:06:09.717000  9289 fs_manager.cc:730] Time spent opening block manager: real 0.003s	user 0.003s	sys 0.000s
I20260608 13:06:09.717368  9289 fs_manager.cc:647] Opened local filesystem: /tmp/dist-test-taskdNQ8DX/test-tmp/auto_rebalancer-test.0.AutoRebalancerTest.NoReplicaMovesIfCannotFixPlacementPolicy.1780923865047599-9289-0/minicluster-data/ts-1-root
uuid: "36c9f91d03b04c739011475d045dd765"
format_stamp: "Formatted at 2026-06-08 13:06:09 on dist-test-slave-f99c"
I20260608 13:06:09.717659  9289 fs_report.cc:389] FS layout report
--------------------
wal directory: /tmp/dist-test-taskdNQ8DX/test-tmp/auto_rebalancer-test.0.AutoRebalancerTest.NoReplicaMovesIfCannotFixPlacementPolicy.1780923865047599-9289-0/minicluster-data/ts-1-root
metadata directory: /tmp/dist-test-taskdNQ8DX/test-tmp/auto_rebalancer-test.0.AutoRebalancerTest.NoReplicaMovesIfCannotFixPlacementPolicy.1780923865047599-9289-0/minicluster-data/ts-1-root
1 data directories: /tmp/dist-test-taskdNQ8DX/test-tmp/auto_rebalancer-test.0.AutoRebalancerTest.NoReplicaMovesIfCannotFixPlacementPolicy.1780923865047599-9289-0/minicluster-data/ts-1-root/data
Total live blocks: 0
Total live bytes: 0
Total live bytes (after alignment): 0
Total number of LBM containers: 0 (0 full)
Did not check for missing blocks
Did not check for orphaned blocks
Total full LBM containers with extra space: 0 (0 repaired)
Total full LBM container extra space in bytes: 0 (0 repaired)
Total incomplete LBM containers: 0 (0 repaired)
Total LBM partial records: 0 (0 repaired)
Total corrupted LBM metadata records in RocksDB: 0 (0 repaired)
I20260608 13:06:09.743956  9289 rpc_server.cc:225] running with OpenSSL 1.1.1  11 Sep 2018
I20260608 13:06:09.745468  9289 kserver.cc:163] Server-wide thread pool size limit: 3276
I20260608 13:06:09.747228  9289 txn_system_client.cc:432] TxnSystemClient initialization is disabled...
I20260608 13:06:09.749924  9289 ts_tablet_manager.cc:585] Loaded tablet metadata (0 total tablets, 0 live tablets)
I20260608 13:06:09.750188  9289 ts_tablet_manager.cc:531] Time spent load tablet metadata: real 0.000s	user 0.000s	sys 0.000s
I20260608 13:06:09.750470  9289 ts_tablet_manager.cc:616] Registered 0 tablets
I20260608 13:06:09.750684  9289 ts_tablet_manager.cc:595] Time spent register tablets: real 0.000s	user 0.000s	sys 0.000s
I20260608 13:06:09.796958  9289 rpc_server.cc:307] RPC server started. Bound to: 127.9.18.66:41469
I20260608 13:06:09.797080 13565 acceptor_pool.cc:272] collecting diagnostics on the listening RPC socket 127.9.18.66:41469 every 8 connection(s)
I20260608 13:06:09.802446  9289 file_cache.cc:492] Constructed file cache file cache with capacity 419430
W20260608 13:06:09.810446 13569 instance_detector.cc:116] could not retrieve AWS instance metadata: Network error: curl error: HTTP response code said error: The requested URL returned error: 404
W20260608 13:06:09.814854 13570 instance_detector.cc:116] could not retrieve Azure instance metadata: Network error: curl error: HTTP response code said error: The requested URL returned error: 404
I20260608 13:06:09.818692 13566 heartbeater.cc:344] Connected to a master server at 127.9.18.126:42519
I20260608 13:06:09.819157 13566 heartbeater.cc:461] Registering TS with master...
I20260608 13:06:09.819624  9289 server_base.cc:1061] running on GCE node
W20260608 13:06:09.819833 13572 instance_detector.cc:116] could not retrieve OpenStack instance metadata: Network error: curl error: HTTP response code said error: The requested URL returned error: 404
I20260608 13:06:09.820127 13566 heartbeater.cc:507] Master 127.9.18.126:42519 requested a full tablet report, sending...
I20260608 13:06:09.821225  9289 hybrid_clock.cc:584] initializing the hybrid clock with 'system_unsync' time source
W20260608 13:06:09.821543  9289 system_unsync_time.cc:38] NTP support is disabled. Clock error bounds will not be accurate. This configuration is not suitable for distributed clusters.
I20260608 13:06:09.821812  9289 hybrid_clock.cc:648] HybridClock initialized: now 1780923969821788 us; error 0 us; skew 500 ppm
I20260608 13:06:09.822561  9289 server_base.cc:861] Flag tcmalloc_max_total_thread_cache_bytes is not working since tcmalloc is not enabled.
I20260608 13:06:09.822775 13364 ts_manager.cc:194] Registered new tserver with Master: 36c9f91d03b04c739011475d045dd765 (127.9.18.66:41469)
I20260608 13:06:09.824558 13364 master_service.cc:502] Signed X509 certificate for tserver {username='slave'} at 127.0.0.1:41264
I20260608 13:06:09.825569  9289 webserver.cc:533] Webserver started at http://127.9.18.67:45513/ using document root <none> and password file <none>
I20260608 13:06:09.826263  9289 fs_manager.cc:362] Metadata directory not provided
I20260608 13:06:09.826509  9289 fs_manager.cc:368] Using write-ahead log directory (fs_wal_dir) as metadata directory
I20260608 13:06:09.826841  9289 server_base.cc:909] This appears to be a new deployment of Kudu; creating new FS layout
I20260608 13:06:09.828207  9289 fs_manager.cc:1068] Generated new instance metadata in path /tmp/dist-test-taskdNQ8DX/test-tmp/auto_rebalancer-test.0.AutoRebalancerTest.NoReplicaMovesIfCannotFixPlacementPolicy.1780923865047599-9289-0/minicluster-data/ts-2-root/instance:
uuid: "8dcb90b6e982405a963a06a71466c72d"
format_stamp: "Formatted at 2026-06-08 13:06:09 on dist-test-slave-f99c"
I20260608 13:06:09.833448  9289 fs_manager.cc:696] Time spent creating directory manager: real 0.005s	user 0.001s	sys 0.003s
I20260608 13:06:09.837652 13577 log_block_manager.cc:4031] Time spent loading block containers with low live blocks: real 0.000s	user 0.000s	sys 0.000s
I20260608 13:06:09.838768  9289 fs_manager.cc:730] Time spent opening block manager: real 0.003s	user 0.004s	sys 0.000s
I20260608 13:06:09.839072  9289 fs_manager.cc:647] Opened local filesystem: /tmp/dist-test-taskdNQ8DX/test-tmp/auto_rebalancer-test.0.AutoRebalancerTest.NoReplicaMovesIfCannotFixPlacementPolicy.1780923865047599-9289-0/minicluster-data/ts-2-root
uuid: "8dcb90b6e982405a963a06a71466c72d"
format_stamp: "Formatted at 2026-06-08 13:06:09 on dist-test-slave-f99c"
I20260608 13:06:09.839344  9289 fs_report.cc:389] FS layout report
--------------------
wal directory: /tmp/dist-test-taskdNQ8DX/test-tmp/auto_rebalancer-test.0.AutoRebalancerTest.NoReplicaMovesIfCannotFixPlacementPolicy.1780923865047599-9289-0/minicluster-data/ts-2-root
metadata directory: /tmp/dist-test-taskdNQ8DX/test-tmp/auto_rebalancer-test.0.AutoRebalancerTest.NoReplicaMovesIfCannotFixPlacementPolicy.1780923865047599-9289-0/minicluster-data/ts-2-root
1 data directories: /tmp/dist-test-taskdNQ8DX/test-tmp/auto_rebalancer-test.0.AutoRebalancerTest.NoReplicaMovesIfCannotFixPlacementPolicy.1780923865047599-9289-0/minicluster-data/ts-2-root/data
Total live blocks: 0
Total live bytes: 0
Total live bytes (after alignment): 0
Total number of LBM containers: 0 (0 full)
Did not check for missing blocks
Did not check for orphaned blocks
Total full LBM containers with extra space: 0 (0 repaired)
Total full LBM container extra space in bytes: 0 (0 repaired)
Total incomplete LBM containers: 0 (0 repaired)
Total LBM partial records: 0 (0 repaired)
Total corrupted LBM metadata records in RocksDB: 0 (0 repaired)
I20260608 13:06:09.859915  9289 rpc_server.cc:225] running with OpenSSL 1.1.1  11 Sep 2018
I20260608 13:06:09.861289  9289 kserver.cc:163] Server-wide thread pool size limit: 3276
I20260608 13:06:09.862891  9289 txn_system_client.cc:432] TxnSystemClient initialization is disabled...
I20260608 13:06:09.865695  9289 ts_tablet_manager.cc:585] Loaded tablet metadata (0 total tablets, 0 live tablets)
I20260608 13:06:09.865906  9289 ts_tablet_manager.cc:531] Time spent load tablet metadata: real 0.000s	user 0.000s	sys 0.000s
I20260608 13:06:09.866236  9289 ts_tablet_manager.cc:616] Registered 0 tablets
I20260608 13:06:09.866422  9289 ts_tablet_manager.cc:595] Time spent register tablets: real 0.000s	user 0.000s	sys 0.000s
I20260608 13:06:09.913214  9289 rpc_server.cc:307] RPC server started. Bound to: 127.9.18.67:37909
I20260608 13:06:09.913532 13639 acceptor_pool.cc:272] collecting diagnostics on the listening RPC socket 127.9.18.67:37909 every 8 connection(s)
I20260608 13:06:09.931850 13640 heartbeater.cc:344] Connected to a master server at 127.9.18.126:42519
I20260608 13:06:09.932317 13640 heartbeater.cc:461] Registering TS with master...
I20260608 13:06:09.933182 13640 heartbeater.cc:507] Master 127.9.18.126:42519 requested a full tablet report, sending...
I20260608 13:06:09.935564 13364 ts_manager.cc:194] Registered new tserver with Master: 8dcb90b6e982405a963a06a71466c72d (127.9.18.67:37909)
I20260608 13:06:09.935683  9289 internal_mini_cluster.cc:371] 3 TS(s) registered with all masters after 0.01834971s
I20260608 13:06:09.937585 13364 master_service.cc:502] Signed X509 certificate for tserver {username='slave'} at 127.0.0.1:41280
I20260608 13:06:10.585960 13364 catalog_manager.cc:2282] Servicing CreateTable request from {username='slave'} at 127.0.0.1:41302:
name: "test-workload"
schema {
  columns {
    name: "key"
    type: INT32
    is_key: true
    is_nullable: false
    encoding: AUTO_ENCODING
    compression: DEFAULT_COMPRESSION
    cfile_block_size: 0
    immutable: false
  }
  columns {
    name: "int_val"
    type: INT32
    is_key: false
    is_nullable: false
    encoding: AUTO_ENCODING
    compression: DEFAULT_COMPRESSION
    cfile_block_size: 0
    immutable: false
  }
  columns {
    name: "string_val"
    type: STRING
    is_key: false
    is_nullable: true
    encoding: AUTO_ENCODING
    compression: DEFAULT_COMPRESSION
    cfile_block_size: 0
    immutable: false
  }
}
num_replicas: 3
split_rows_range_bounds {
}
partition_schema {
  range_schema {
    columns {
      name: "key"
    }
  }
}
W20260608 13:06:10.588018 13364 catalog_manager.cc:7076] The number of live tablet servers is not enough to re-replicate a tablet replica of the newly created table test-workload in case of a server failure: 4 tablet servers would be needed, 3 are available. Consider bringing up more tablet servers.
I20260608 13:06:10.642658 13605 tablet_service.cc:1511] Processing CreateTablet for tablet db027f9960b742e6bc7b55f3701e0c1c (DEFAULT_TABLE table=test-workload [id=346138d2d87c44f8a8513d4219aae5c7]), partition=RANGE (key) PARTITION UNBOUNDED
I20260608 13:06:10.644474 13605 data_dirs.cc:400] Could only allocate 1 dirs of requested 3 for tablet db027f9960b742e6bc7b55f3701e0c1c. 1 dirs total, 0 dirs full, 0 dirs failed
I20260608 13:06:10.647004 13456 tablet_service.cc:1511] Processing CreateTablet for tablet db027f9960b742e6bc7b55f3701e0c1c (DEFAULT_TABLE table=test-workload [id=346138d2d87c44f8a8513d4219aae5c7]), partition=RANGE (key) PARTITION UNBOUNDED
I20260608 13:06:10.648015 13531 tablet_service.cc:1511] Processing CreateTablet for tablet db027f9960b742e6bc7b55f3701e0c1c (DEFAULT_TABLE table=test-workload [id=346138d2d87c44f8a8513d4219aae5c7]), partition=RANGE (key) PARTITION UNBOUNDED
I20260608 13:06:10.648728 13456 data_dirs.cc:400] Could only allocate 1 dirs of requested 3 for tablet db027f9960b742e6bc7b55f3701e0c1c. 1 dirs total, 0 dirs full, 0 dirs failed
I20260608 13:06:10.649457 13531 data_dirs.cc:400] Could only allocate 1 dirs of requested 3 for tablet db027f9960b742e6bc7b55f3701e0c1c. 1 dirs total, 0 dirs full, 0 dirs failed
I20260608 13:06:10.668759 13661 tablet_bootstrap.cc:492] T db027f9960b742e6bc7b55f3701e0c1c P 8dcb90b6e982405a963a06a71466c72d: Bootstrap starting.
I20260608 13:06:10.670854 13662 tablet_bootstrap.cc:492] T db027f9960b742e6bc7b55f3701e0c1c P 36c9f91d03b04c739011475d045dd765: Bootstrap starting.
I20260608 13:06:10.675072 13663 tablet_bootstrap.cc:492] T db027f9960b742e6bc7b55f3701e0c1c P 44203c3c6f4e4beca4004d6f35ded65f: Bootstrap starting.
I20260608 13:06:10.678632 13661 tablet_bootstrap.cc:654] T db027f9960b742e6bc7b55f3701e0c1c P 8dcb90b6e982405a963a06a71466c72d: Neither blocks nor log segments found. Creating new log.
I20260608 13:06:10.679543 13662 tablet_bootstrap.cc:654] T db027f9960b742e6bc7b55f3701e0c1c P 36c9f91d03b04c739011475d045dd765: Neither blocks nor log segments found. Creating new log.
I20260608 13:06:10.684314 13663 tablet_bootstrap.cc:654] T db027f9960b742e6bc7b55f3701e0c1c P 44203c3c6f4e4beca4004d6f35ded65f: Neither blocks nor log segments found. Creating new log.
I20260608 13:06:10.685788 13661 tablet_bootstrap.cc:492] T db027f9960b742e6bc7b55f3701e0c1c P 8dcb90b6e982405a963a06a71466c72d: No bootstrap required, opened a new log
I20260608 13:06:10.686403 13662 tablet_bootstrap.cc:492] T db027f9960b742e6bc7b55f3701e0c1c P 36c9f91d03b04c739011475d045dd765: No bootstrap required, opened a new log
I20260608 13:06:10.686432 13661 ts_tablet_manager.cc:1403] T db027f9960b742e6bc7b55f3701e0c1c P 8dcb90b6e982405a963a06a71466c72d: Time spent bootstrapping tablet: real 0.018s	user 0.012s	sys 0.003s
I20260608 13:06:10.687182 13662 ts_tablet_manager.cc:1403] T db027f9960b742e6bc7b55f3701e0c1c P 36c9f91d03b04c739011475d045dd765: Time spent bootstrapping tablet: real 0.018s	user 0.009s	sys 0.005s
I20260608 13:06:10.690979 13663 tablet_bootstrap.cc:492] T db027f9960b742e6bc7b55f3701e0c1c P 44203c3c6f4e4beca4004d6f35ded65f: No bootstrap required, opened a new log
I20260608 13:06:10.690554 13662 raft_consensus.cc:359] T db027f9960b742e6bc7b55f3701e0c1c P 36c9f91d03b04c739011475d045dd765 [term 0 FOLLOWER]: Replica starting. Triggering 0 pending ops. Active config: opid_index: -1 OBSOLETE_local: false peers { permanent_uuid: "8dcb90b6e982405a963a06a71466c72d" member_type: VOTER last_known_addr { host: "127.9.18.67" port: 37909 } } peers { permanent_uuid: "44203c3c6f4e4beca4004d6f35ded65f" member_type: VOTER last_known_addr { host: "127.9.18.65" port: 42307 } } peers { permanent_uuid: "36c9f91d03b04c739011475d045dd765" member_type: VOTER last_known_addr { host: "127.9.18.66" port: 41469 } }
I20260608 13:06:10.690501 13661 raft_consensus.cc:359] T db027f9960b742e6bc7b55f3701e0c1c P 8dcb90b6e982405a963a06a71466c72d [term 0 FOLLOWER]: Replica starting. Triggering 0 pending ops. Active config: opid_index: -1 OBSOLETE_local: false peers { permanent_uuid: "8dcb90b6e982405a963a06a71466c72d" member_type: VOTER last_known_addr { host: "127.9.18.67" port: 37909 } } peers { permanent_uuid: "44203c3c6f4e4beca4004d6f35ded65f" member_type: VOTER last_known_addr { host: "127.9.18.65" port: 42307 } } peers { permanent_uuid: "36c9f91d03b04c739011475d045dd765" member_type: VOTER last_known_addr { host: "127.9.18.66" port: 41469 } }
I20260608 13:06:10.691493 13662 raft_consensus.cc:385] T db027f9960b742e6bc7b55f3701e0c1c P 36c9f91d03b04c739011475d045dd765 [term 0 FOLLOWER]: Consensus starting up: Expiring failure detector timer to make a prompt election more likely
I20260608 13:06:10.691592 13663 ts_tablet_manager.cc:1403] T db027f9960b742e6bc7b55f3701e0c1c P 44203c3c6f4e4beca4004d6f35ded65f: Time spent bootstrapping tablet: real 0.017s	user 0.014s	sys 0.000s
I20260608 13:06:10.691603 13661 raft_consensus.cc:385] T db027f9960b742e6bc7b55f3701e0c1c P 8dcb90b6e982405a963a06a71466c72d [term 0 FOLLOWER]: Consensus starting up: Expiring failure detector timer to make a prompt election more likely
I20260608 13:06:10.691880 13662 raft_consensus.cc:740] T db027f9960b742e6bc7b55f3701e0c1c P 36c9f91d03b04c739011475d045dd765 [term 0 FOLLOWER]: Becoming Follower/Learner. State: Replica: 36c9f91d03b04c739011475d045dd765, State: Initialized, Role: FOLLOWER
I20260608 13:06:10.692297 13661 raft_consensus.cc:740] T db027f9960b742e6bc7b55f3701e0c1c P 8dcb90b6e982405a963a06a71466c72d [term 0 FOLLOWER]: Becoming Follower/Learner. State: Replica: 8dcb90b6e982405a963a06a71466c72d, State: Initialized, Role: FOLLOWER
I20260608 13:06:10.693058 13662 consensus_queue.cc:260] T db027f9960b742e6bc7b55f3701e0c1c P 36c9f91d03b04c739011475d045dd765 [NON_LEADER]: Queue going to NON_LEADER mode. State: All replicated index: 0, Majority replicated index: 0, Committed index: 0, Last appended: 0.0, Last appended by leader: 0, Current term: 0, Majority size: -1, State: 0, Mode: NON_LEADER, active raft config: opid_index: -1 OBSOLETE_local: false peers { permanent_uuid: "8dcb90b6e982405a963a06a71466c72d" member_type: VOTER last_known_addr { host: "127.9.18.67" port: 37909 } } peers { permanent_uuid: "44203c3c6f4e4beca4004d6f35ded65f" member_type: VOTER last_known_addr { host: "127.9.18.65" port: 42307 } } peers { permanent_uuid: "36c9f91d03b04c739011475d045dd765" member_type: VOTER last_known_addr { host: "127.9.18.66" port: 41469 } }
I20260608 13:06:10.693348 13661 consensus_queue.cc:260] T db027f9960b742e6bc7b55f3701e0c1c P 8dcb90b6e982405a963a06a71466c72d [NON_LEADER]: Queue going to NON_LEADER mode. State: All replicated index: 0, Majority replicated index: 0, Committed index: 0, Last appended: 0.0, Last appended by leader: 0, Current term: 0, Majority size: -1, State: 0, Mode: NON_LEADER, active raft config: opid_index: -1 OBSOLETE_local: false peers { permanent_uuid: "8dcb90b6e982405a963a06a71466c72d" member_type: VOTER last_known_addr { host: "127.9.18.67" port: 37909 } } peers { permanent_uuid: "44203c3c6f4e4beca4004d6f35ded65f" member_type: VOTER last_known_addr { host: "127.9.18.65" port: 42307 } } peers { permanent_uuid: "36c9f91d03b04c739011475d045dd765" member_type: VOTER last_known_addr { host: "127.9.18.66" port: 41469 } }
I20260608 13:06:10.696344 13640 heartbeater.cc:499] Master 127.9.18.126:42519 was elected leader, sending a full tablet report...
I20260608 13:06:10.697067 13566 heartbeater.cc:499] Master 127.9.18.126:42519 was elected leader, sending a full tablet report...
I20260608 13:06:10.697108 13661 ts_tablet_manager.cc:1434] T db027f9960b742e6bc7b55f3701e0c1c P 8dcb90b6e982405a963a06a71466c72d: Time spent starting tablet: real 0.010s	user 0.010s	sys 0.000s
I20260608 13:06:10.697556 13662 ts_tablet_manager.cc:1434] T db027f9960b742e6bc7b55f3701e0c1c P 36c9f91d03b04c739011475d045dd765: Time spent starting tablet: real 0.010s	user 0.006s	sys 0.006s
I20260608 13:06:10.695536 13663 raft_consensus.cc:359] T db027f9960b742e6bc7b55f3701e0c1c P 44203c3c6f4e4beca4004d6f35ded65f [term 0 FOLLOWER]: Replica starting. Triggering 0 pending ops. Active config: opid_index: -1 OBSOLETE_local: false peers { permanent_uuid: "8dcb90b6e982405a963a06a71466c72d" member_type: VOTER last_known_addr { host: "127.9.18.67" port: 37909 } } peers { permanent_uuid: "44203c3c6f4e4beca4004d6f35ded65f" member_type: VOTER last_known_addr { host: "127.9.18.65" port: 42307 } } peers { permanent_uuid: "36c9f91d03b04c739011475d045dd765" member_type: VOTER last_known_addr { host: "127.9.18.66" port: 41469 } }
I20260608 13:06:10.698833 13663 raft_consensus.cc:385] T db027f9960b742e6bc7b55f3701e0c1c P 44203c3c6f4e4beca4004d6f35ded65f [term 0 FOLLOWER]: Consensus starting up: Expiring failure detector timer to make a prompt election more likely
I20260608 13:06:10.699220 13663 raft_consensus.cc:740] T db027f9960b742e6bc7b55f3701e0c1c P 44203c3c6f4e4beca4004d6f35ded65f [term 0 FOLLOWER]: Becoming Follower/Learner. State: Replica: 44203c3c6f4e4beca4004d6f35ded65f, State: Initialized, Role: FOLLOWER
I20260608 13:06:10.701992 13663 consensus_queue.cc:260] T db027f9960b742e6bc7b55f3701e0c1c P 44203c3c6f4e4beca4004d6f35ded65f [NON_LEADER]: Queue going to NON_LEADER mode. State: All replicated index: 0, Majority replicated index: 0, Committed index: 0, Last appended: 0.0, Last appended by leader: 0, Current term: 0, Majority size: -1, State: 0, Mode: NON_LEADER, active raft config: opid_index: -1 OBSOLETE_local: false peers { permanent_uuid: "8dcb90b6e982405a963a06a71466c72d" member_type: VOTER last_known_addr { host: "127.9.18.67" port: 37909 } } peers { permanent_uuid: "44203c3c6f4e4beca4004d6f35ded65f" member_type: VOTER last_known_addr { host: "127.9.18.65" port: 42307 } } peers { permanent_uuid: "36c9f91d03b04c739011475d045dd765" member_type: VOTER last_known_addr { host: "127.9.18.66" port: 41469 } }
I20260608 13:06:10.705045 13491 heartbeater.cc:499] Master 127.9.18.126:42519 was elected leader, sending a full tablet report...
I20260608 13:06:10.705420 13663 ts_tablet_manager.cc:1434] T db027f9960b742e6bc7b55f3701e0c1c P 44203c3c6f4e4beca4004d6f35ded65f: Time spent starting tablet: real 0.013s	user 0.004s	sys 0.007s
