I20260608 13:04:32.442428  9805 consensus_queue.cc:260] T dd02560710a140e197bd6a1fcbd1ae25 P 155b454e54854fd88c31ddff17ca4537 [NON_LEADER]: Queue going to NON_LEADER mode. State: All replicated index: 0, Majority replicated index: 0, Committed index: 0, Last appended: 0.0, Last appended by leader: 0, Current term: 0, Majority size: -1, State: 0, Mode: NON_LEADER, active raft config: opid_index: -1 OBSOLETE_local: false peers { permanent_uuid: "c0b0736e16b440d5975dfb1f91101b56" member_type: VOTER last_known_addr { host: "127.8.187.1" port: 45079 } } peers { permanent_uuid: "155b454e54854fd88c31ddff17ca4537" member_type: VOTER last_known_addr { host: "127.8.187.2" port: 44209 } } peers { permanent_uuid: "e8fd6063c7064d5a9c05593ec3959694" member_type: VOTER last_known_addr { host: "127.8.187.3" port: 35919 } }
I20260608 13:04:32.443183  9806 ts_tablet_manager.cc:1434] T ce8481c51f11484fab1447c289da233e P e8fd6063c7064d5a9c05593ec3959694: Time spent starting tablet: real 0.017s	user 0.010s	sys 0.002s
I20260608 13:04:32.443969  9804 tablet_bootstrap.cc:492] T 9445f57da4d143f6a87d48efe0e58bf9 P c0b0736e16b440d5975dfb1f91101b56: No bootstrap required, opened a new log
I20260608 13:04:32.444350  9804 ts_tablet_manager.cc:1403] T 9445f57da4d143f6a87d48efe0e58bf9 P c0b0736e16b440d5975dfb1f91101b56: Time spent bootstrapping tablet: real 0.021s	user 0.015s	sys 0.004s
I20260608 13:04:32.444437  9805 ts_tablet_manager.cc:1434] T dd02560710a140e197bd6a1fcbd1ae25 P 155b454e54854fd88c31ddff17ca4537: Time spent starting tablet: real 0.007s	user 0.008s	sys 0.000s
I20260608 13:04:32.445434  9805 tablet_bootstrap.cc:492] T d27956ab166d467da3aee64b62370a97 P 155b454e54854fd88c31ddff17ca4537: Bootstrap starting.
I20260608 13:04:32.447028  9804 raft_consensus.cc:359] T 9445f57da4d143f6a87d48efe0e58bf9 P c0b0736e16b440d5975dfb1f91101b56 [term 0 FOLLOWER]: Replica starting. Triggering 0 pending ops. Active config: opid_index: -1 OBSOLETE_local: false peers { permanent_uuid: "c0b0736e16b440d5975dfb1f91101b56" member_type: VOTER last_known_addr { host: "127.8.187.1" port: 45079 } } peers { permanent_uuid: "155b454e54854fd88c31ddff17ca4537" member_type: VOTER last_known_addr { host: "127.8.187.2" port: 44209 } } peers { permanent_uuid: "e8fd6063c7064d5a9c05593ec3959694" member_type: VOTER last_known_addr { host: "127.8.187.3" port: 35919 } }
I20260608 13:04:32.447834  9804 raft_consensus.cc:385] T 9445f57da4d143f6a87d48efe0e58bf9 P c0b0736e16b440d5975dfb1f91101b56 [term 0 FOLLOWER]: Consensus starting up: Expiring failure detector timer to make a prompt election more likely
I20260608 13:04:32.448148  9804 raft_consensus.cc:740] T 9445f57da4d143f6a87d48efe0e58bf9 P c0b0736e16b440d5975dfb1f91101b56 [term 0 FOLLOWER]: Becoming Follower/Learner. State: Replica: c0b0736e16b440d5975dfb1f91101b56, State: Initialized, Role: FOLLOWER
I20260608 13:04:32.449110  9804 consensus_queue.cc:260] T 9445f57da4d143f6a87d48efe0e58bf9 P c0b0736e16b440d5975dfb1f91101b56 [NON_LEADER]: Queue going to NON_LEADER mode. State: All replicated index: 0, Majority replicated index: 0, Committed index: 0, Last appended: 0.0, Last appended by leader: 0, Current term: 0, Majority size: -1, State: 0, Mode: NON_LEADER, active raft config: opid_index: -1 OBSOLETE_local: false peers { permanent_uuid: "c0b0736e16b440d5975dfb1f91101b56" member_type: VOTER last_known_addr { host: "127.8.187.1" port: 45079 } } peers { permanent_uuid: "155b454e54854fd88c31ddff17ca4537" member_type: VOTER last_known_addr { host: "127.8.187.2" port: 44209 } } peers { permanent_uuid: "e8fd6063c7064d5a9c05593ec3959694" member_type: VOTER last_known_addr { host: "127.8.187.3" port: 35919 } }
I20260608 13:04:32.451336  9804 ts_tablet_manager.cc:1434] T 9445f57da4d143f6a87d48efe0e58bf9 P c0b0736e16b440d5975dfb1f91101b56: Time spent starting tablet: real 0.007s	user 0.006s	sys 0.002s
I20260608 13:04:32.452266  9804 tablet_bootstrap.cc:492] T f22035621a7945588566af0a59c07a27 P c0b0736e16b440d5975dfb1f91101b56: Bootstrap starting.
I20260608 13:04:32.453068  9805 tablet_bootstrap.cc:654] T d27956ab166d467da3aee64b62370a97 P 155b454e54854fd88c31ddff17ca4537: Neither blocks nor log segments found. Creating new log.
I20260608 13:04:32.456497  9806 tablet_bootstrap.cc:492] T f22035621a7945588566af0a59c07a27 P e8fd6063c7064d5a9c05593ec3959694: Bootstrap starting.
I20260608 13:04:32.458521  9804 tablet_bootstrap.cc:654] T f22035621a7945588566af0a59c07a27 P c0b0736e16b440d5975dfb1f91101b56: Neither blocks nor log segments found. Creating new log.
I20260608 13:04:32.466158  9805 tablet_bootstrap.cc:492] T d27956ab166d467da3aee64b62370a97 P 155b454e54854fd88c31ddff17ca4537: No bootstrap required, opened a new log
I20260608 13:04:32.466686  9805 ts_tablet_manager.cc:1403] T d27956ab166d467da3aee64b62370a97 P 155b454e54854fd88c31ddff17ca4537: Time spent bootstrapping tablet: real 0.021s	user 0.012s	sys 0.004s
I20260608 13:04:32.469420  9806 tablet_bootstrap.cc:654] T f22035621a7945588566af0a59c07a27 P e8fd6063c7064d5a9c05593ec3959694: Neither blocks nor log segments found. Creating new log.
I20260608 13:04:32.469480  9805 raft_consensus.cc:359] T d27956ab166d467da3aee64b62370a97 P 155b454e54854fd88c31ddff17ca4537 [term 0 FOLLOWER]: Replica starting. Triggering 0 pending ops. Active config: opid_index: -1 OBSOLETE_local: false peers { permanent_uuid: "c0b0736e16b440d5975dfb1f91101b56" member_type: VOTER last_known_addr { host: "127.8.187.1" port: 45079 } } peers { permanent_uuid: "155b454e54854fd88c31ddff17ca4537" member_type: VOTER last_known_addr { host: "127.8.187.2" port: 44209 } } peers { permanent_uuid: "e8fd6063c7064d5a9c05593ec3959694" member_type: VOTER last_known_addr { host: "127.8.187.3" port: 35919 } }
I20260608 13:04:32.470490  9805 raft_consensus.cc:385] T d27956ab166d467da3aee64b62370a97 P 155b454e54854fd88c31ddff17ca4537 [term 0 FOLLOWER]: Consensus starting up: Expiring failure detector timer to make a prompt election more likely
I20260608 13:04:32.470813  9805 raft_consensus.cc:740] T d27956ab166d467da3aee64b62370a97 P 155b454e54854fd88c31ddff17ca4537 [term 0 FOLLOWER]: Becoming Follower/Learner. State: Replica: 155b454e54854fd88c31ddff17ca4537, State: Initialized, Role: FOLLOWER
I20260608 13:04:32.471622  9805 consensus_queue.cc:260] T d27956ab166d467da3aee64b62370a97 P 155b454e54854fd88c31ddff17ca4537 [NON_LEADER]: Queue going to NON_LEADER mode. State: All replicated index: 0, Majority replicated index: 0, Committed index: 0, Last appended: 0.0, Last appended by leader: 0, Current term: 0, Majority size: -1, State: 0, Mode: NON_LEADER, active raft config: opid_index: -1 OBSOLETE_local: false peers { permanent_uuid: "c0b0736e16b440d5975dfb1f91101b56" member_type: VOTER last_known_addr { host: "127.8.187.1" port: 45079 } } peers { permanent_uuid: "155b454e54854fd88c31ddff17ca4537" member_type: VOTER last_known_addr { host: "127.8.187.2" port: 44209 } } peers { permanent_uuid: "e8fd6063c7064d5a9c05593ec3959694" member_type: VOTER last_known_addr { host: "127.8.187.3" port: 35919 } }
I20260608 13:04:32.475478  9805 ts_tablet_manager.cc:1434] T d27956ab166d467da3aee64b62370a97 P 155b454e54854fd88c31ddff17ca4537: Time spent starting tablet: real 0.008s	user 0.005s	sys 0.004s
I20260608 13:04:32.476293  9804 tablet_bootstrap.cc:492] T f22035621a7945588566af0a59c07a27 P c0b0736e16b440d5975dfb1f91101b56: No bootstrap required, opened a new log
I20260608 13:04:32.477219  9804 ts_tablet_manager.cc:1403] T f22035621a7945588566af0a59c07a27 P c0b0736e16b440d5975dfb1f91101b56: Time spent bootstrapping tablet: real 0.025s	user 0.011s	sys 0.012s
I20260608 13:04:32.481686  9804 raft_consensus.cc:359] T f22035621a7945588566af0a59c07a27 P c0b0736e16b440d5975dfb1f91101b56 [term 0 FOLLOWER]: Replica starting. Triggering 0 pending ops. Active config: opid_index: -1 OBSOLETE_local: false peers { permanent_uuid: "e8fd6063c7064d5a9c05593ec3959694" member_type: VOTER last_known_addr { host: "127.8.187.3" port: 35919 } } peers { permanent_uuid: "155b454e54854fd88c31ddff17ca4537" member_type: VOTER last_known_addr { host: "127.8.187.2" port: 44209 } } peers { permanent_uuid: "c0b0736e16b440d5975dfb1f91101b56" member_type: VOTER last_known_addr { host: "127.8.187.1" port: 45079 } }
I20260608 13:04:32.476429  9805 tablet_bootstrap.cc:492] T ce8481c51f11484fab1447c289da233e P 155b454e54854fd88c31ddff17ca4537: Bootstrap starting.
I20260608 13:04:32.482374  9804 raft_consensus.cc:385] T f22035621a7945588566af0a59c07a27 P c0b0736e16b440d5975dfb1f91101b56 [term 0 FOLLOWER]: Consensus starting up: Expiring failure detector timer to make a prompt election more likely
I20260608 13:04:32.482784  9804 raft_consensus.cc:740] T f22035621a7945588566af0a59c07a27 P c0b0736e16b440d5975dfb1f91101b56 [term 0 FOLLOWER]: Becoming Follower/Learner. State: Replica: c0b0736e16b440d5975dfb1f91101b56, State: Initialized, Role: FOLLOWER
I20260608 13:04:32.483698  9804 consensus_queue.cc:260] T f22035621a7945588566af0a59c07a27 P c0b0736e16b440d5975dfb1f91101b56 [NON_LEADER]: Queue going to NON_LEADER mode. State: All replicated index: 0, Majority replicated index: 0, Committed index: 0, Last appended: 0.0, Last appended by leader: 0, Current term: 0, Majority size: -1, State: 0, Mode: NON_LEADER, active raft config: opid_index: -1 OBSOLETE_local: false peers { permanent_uuid: "e8fd6063c7064d5a9c05593ec3959694" member_type: VOTER last_known_addr { host: "127.8.187.3" port: 35919 } } peers { permanent_uuid: "155b454e54854fd88c31ddff17ca4537" member_type: VOTER last_known_addr { host: "127.8.187.2" port: 44209 } } peers { permanent_uuid: "c0b0736e16b440d5975dfb1f91101b56" member_type: VOTER last_known_addr { host: "127.8.187.1" port: 45079 } }
I20260608 13:04:32.484589  9806 tablet_bootstrap.cc:492] T f22035621a7945588566af0a59c07a27 P e8fd6063c7064d5a9c05593ec3959694: No bootstrap required, opened a new log
I20260608 13:04:32.485234  9806 ts_tablet_manager.cc:1403] T f22035621a7945588566af0a59c07a27 P e8fd6063c7064d5a9c05593ec3959694: Time spent bootstrapping tablet: real 0.029s	user 0.019s	sys 0.004s
I20260608 13:04:32.486299  9804 ts_tablet_manager.cc:1434] T f22035621a7945588566af0a59c07a27 P c0b0736e16b440d5975dfb1f91101b56: Time spent starting tablet: real 0.009s	user 0.006s	sys 0.000s
I20260608 13:04:32.487557  9804 tablet_bootstrap.cc:492] T 380b9e10fb86441e960514c63600f1f5 P c0b0736e16b440d5975dfb1f91101b56: Bootstrap starting.
I20260608 13:04:32.488618  9806 raft_consensus.cc:359] T f22035621a7945588566af0a59c07a27 P e8fd6063c7064d5a9c05593ec3959694 [term 0 FOLLOWER]: Replica starting. Triggering 0 pending ops. Active config: opid_index: -1 OBSOLETE_local: false peers { permanent_uuid: "e8fd6063c7064d5a9c05593ec3959694" member_type: VOTER last_known_addr { host: "127.8.187.3" port: 35919 } } peers { permanent_uuid: "155b454e54854fd88c31ddff17ca4537" member_type: VOTER last_known_addr { host: "127.8.187.2" port: 44209 } } peers { permanent_uuid: "c0b0736e16b440d5975dfb1f91101b56" member_type: VOTER last_known_addr { host: "127.8.187.1" port: 45079 } }
I20260608 13:04:32.489538  9806 raft_consensus.cc:385] T f22035621a7945588566af0a59c07a27 P e8fd6063c7064d5a9c05593ec3959694 [term 0 FOLLOWER]: Consensus starting up: Expiring failure detector timer to make a prompt election more likely
I20260608 13:04:32.489948  9806 raft_consensus.cc:740] T f22035621a7945588566af0a59c07a27 P e8fd6063c7064d5a9c05593ec3959694 [term 0 FOLLOWER]: Becoming Follower/Learner. State: Replica: e8fd6063c7064d5a9c05593ec3959694, State: Initialized, Role: FOLLOWER
I20260608 13:04:32.490067  9805 tablet_bootstrap.cc:654] T ce8481c51f11484fab1447c289da233e P 155b454e54854fd88c31ddff17ca4537: Neither blocks nor log segments found. Creating new log.
I20260608 13:04:32.491086  9806 consensus_queue.cc:260] T f22035621a7945588566af0a59c07a27 P e8fd6063c7064d5a9c05593ec3959694 [NON_LEADER]: Queue going to NON_LEADER mode. State: All replicated index: 0, Majority replicated index: 0, Committed index: 0, Last appended: 0.0, Last appended by leader: 0, Current term: 0, Majority size: -1, State: 0, Mode: NON_LEADER, active raft config: opid_index: -1 OBSOLETE_local: false peers { permanent_uuid: "e8fd6063c7064d5a9c05593ec3959694" member_type: VOTER last_known_addr { host: "127.8.187.3" port: 35919 } } peers { permanent_uuid: "155b454e54854fd88c31ddff17ca4537" member_type: VOTER last_known_addr { host: "127.8.187.2" port: 44209 } } peers { permanent_uuid: "c0b0736e16b440d5975dfb1f91101b56" member_type: VOTER last_known_addr { host: "127.8.187.1" port: 45079 } }
I20260608 13:04:32.493763  9806 ts_tablet_manager.cc:1434] T f22035621a7945588566af0a59c07a27 P e8fd6063c7064d5a9c05593ec3959694: Time spent starting tablet: real 0.008s	user 0.006s	sys 0.000s
I20260608 13:04:32.494748  9804 tablet_bootstrap.cc:654] T 380b9e10fb86441e960514c63600f1f5 P c0b0736e16b440d5975dfb1f91101b56: Neither blocks nor log segments found. Creating new log.
I20260608 13:04:32.494869  9806 tablet_bootstrap.cc:492] T b030e29cd4874ef4b1a2f538bad3bcc9 P e8fd6063c7064d5a9c05593ec3959694: Bootstrap starting.
I20260608 13:04:32.499604  9811 raft_consensus.cc:493] T dd02560710a140e197bd6a1fcbd1ae25 P c0b0736e16b440d5975dfb1f91101b56 [term 0 FOLLOWER]: Starting pre-election (no leader contacted us within the election timeout)
I20260608 13:04:32.500335  9811 raft_consensus.cc:515] T dd02560710a140e197bd6a1fcbd1ae25 P c0b0736e16b440d5975dfb1f91101b56 [term 0 FOLLOWER]: Starting pre-election with config: opid_index: -1 OBSOLETE_local: false peers { permanent_uuid: "c0b0736e16b440d5975dfb1f91101b56" member_type: VOTER last_known_addr { host: "127.8.187.1" port: 45079 } } peers { permanent_uuid: "155b454e54854fd88c31ddff17ca4537" member_type: VOTER last_known_addr { host: "127.8.187.2" port: 44209 } } peers { permanent_uuid: "e8fd6063c7064d5a9c05593ec3959694" member_type: VOTER last_known_addr { host: "127.8.187.3" port: 35919 } }
I20260608 13:04:32.504127  9806 tablet_bootstrap.cc:654] T b030e29cd4874ef4b1a2f538bad3bcc9 P e8fd6063c7064d5a9c05593ec3959694: Neither blocks nor log segments found. Creating new log.
I20260608 13:04:32.525202  9811 leader_election.cc:290] T dd02560710a140e197bd6a1fcbd1ae25 P c0b0736e16b440d5975dfb1f91101b56 [CANDIDATE]: Term 1 pre-election: Requested pre-vote from peers 155b454e54854fd88c31ddff17ca4537 (127.8.187.2:44209), e8fd6063c7064d5a9c05593ec3959694 (127.8.187.3:35919)
I20260608 13:04:32.535552  9814 raft_consensus.cc:493] T ce8481c51f11484fab1447c289da233e P e8fd6063c7064d5a9c05593ec3959694 [term 0 FOLLOWER]: Starting pre-election (no leader contacted us within the election timeout)
I20260608 13:04:32.536144  9814 raft_consensus.cc:515] T ce8481c51f11484fab1447c289da233e P e8fd6063c7064d5a9c05593ec3959694 [term 0 FOLLOWER]: Starting pre-election with config: opid_index: -1 OBSOLETE_local: false peers { permanent_uuid: "c0b0736e16b440d5975dfb1f91101b56" member_type: VOTER last_known_addr { host: "127.8.187.1" port: 45079 } } peers { permanent_uuid: "155b454e54854fd88c31ddff17ca4537" member_type: VOTER last_known_addr { host: "127.8.187.2" port: 44209 } } peers { permanent_uuid: "e8fd6063c7064d5a9c05593ec3959694" member_type: VOTER last_known_addr { host: "127.8.187.3" port: 35919 } }
I20260608 13:04:32.550733  9814 leader_election.cc:290] T ce8481c51f11484fab1447c289da233e P e8fd6063c7064d5a9c05593ec3959694 [CANDIDATE]: Term 1 pre-election: Requested pre-vote from peers c0b0736e16b440d5975dfb1f91101b56 (127.8.187.1:45079), 155b454e54854fd88c31ddff17ca4537 (127.8.187.2:44209)
I20260608 13:04:32.578789  9804 tablet_bootstrap.cc:492] T 380b9e10fb86441e960514c63600f1f5 P c0b0736e16b440d5975dfb1f91101b56: No bootstrap required, opened a new log
I20260608 13:04:32.579384  9806 tablet_bootstrap.cc:492] T b030e29cd4874ef4b1a2f538bad3bcc9 P e8fd6063c7064d5a9c05593ec3959694: No bootstrap required, opened a new log
I20260608 13:04:32.580016  9806 ts_tablet_manager.cc:1403] T b030e29cd4874ef4b1a2f538bad3bcc9 P e8fd6063c7064d5a9c05593ec3959694: Time spent bootstrapping tablet: real 0.085s	user 0.031s	sys 0.048s
I20260608 13:04:32.580590  9805 tablet_bootstrap.cc:492] T ce8481c51f11484fab1447c289da233e P 155b454e54854fd88c31ddff17ca4537: No bootstrap required, opened a new log
I20260608 13:04:32.581101  9805 ts_tablet_manager.cc:1403] T ce8481c51f11484fab1447c289da233e P 155b454e54854fd88c31ddff17ca4537: Time spent bootstrapping tablet: real 0.105s	user 0.023s	sys 0.032s
I20260608 13:04:32.583393  9806 raft_consensus.cc:359] T b030e29cd4874ef4b1a2f538bad3bcc9 P e8fd6063c7064d5a9c05593ec3959694 [term 0 FOLLOWER]: Replica starting. Triggering 0 pending ops. Active config: opid_index: -1 OBSOLETE_local: false peers { permanent_uuid: "c0b0736e16b440d5975dfb1f91101b56" member_type: VOTER last_known_addr { host: "127.8.187.1" port: 45079 } } peers { permanent_uuid: "155b454e54854fd88c31ddff17ca4537" member_type: VOTER last_known_addr { host: "127.8.187.2" port: 44209 } } peers { permanent_uuid: "e8fd6063c7064d5a9c05593ec3959694" member_type: VOTER last_known_addr { host: "127.8.187.3" port: 35919 } }
I20260608 13:04:32.584259  9806 raft_consensus.cc:385] T b030e29cd4874ef4b1a2f538bad3bcc9 P e8fd6063c7064d5a9c05593ec3959694 [term 0 FOLLOWER]: Consensus starting up: Expiring failure detector timer to make a prompt election more likely
I20260608 13:04:32.584758  9806 raft_consensus.cc:740] T b030e29cd4874ef4b1a2f538bad3bcc9 P e8fd6063c7064d5a9c05593ec3959694 [term 0 FOLLOWER]: Becoming Follower/Learner. State: Replica: e8fd6063c7064d5a9c05593ec3959694, State: Initialized, Role: FOLLOWER
I20260608 13:04:32.583998  9805 raft_consensus.cc:359] T ce8481c51f11484fab1447c289da233e P 155b454e54854fd88c31ddff17ca4537 [term 0 FOLLOWER]: Replica starting. Triggering 0 pending ops. Active config: opid_index: -1 OBSOLETE_local: false peers { permanent_uuid: "c0b0736e16b440d5975dfb1f91101b56" member_type: VOTER last_known_addr { host: "127.8.187.1" port: 45079 } } peers { permanent_uuid: "155b454e54854fd88c31ddff17ca4537" member_type: VOTER last_known_addr { host: "127.8.187.2" port: 44209 } } peers { permanent_uuid: "e8fd6063c7064d5a9c05593ec3959694" member_type: VOTER last_known_addr { host: "127.8.187.3" port: 35919 } }
I20260608 13:04:32.579424  9804 ts_tablet_manager.cc:1403] T 380b9e10fb86441e960514c63600f1f5 P c0b0736e16b440d5975dfb1f91101b56: Time spent bootstrapping tablet: real 0.092s	user 0.063s	sys 0.027s
I20260608 13:04:32.585578  9805 raft_consensus.cc:385] T ce8481c51f11484fab1447c289da233e P 155b454e54854fd88c31ddff17ca4537 [term 0 FOLLOWER]: Consensus starting up: Expiring failure detector timer to make a prompt election more likely
I20260608 13:04:32.586086  9805 raft_consensus.cc:740] T ce8481c51f11484fab1447c289da233e P 155b454e54854fd88c31ddff17ca4537 [term 0 FOLLOWER]: Becoming Follower/Learner. State: Replica: 155b454e54854fd88c31ddff17ca4537, State: Initialized, Role: FOLLOWER
I20260608 13:04:32.586004  9685 tablet_service.cc:1917] Received RequestConsensusVote() RPC: tablet_id: "dd02560710a140e197bd6a1fcbd1ae25" candidate_uuid: "c0b0736e16b440d5975dfb1f91101b56" candidate_term: 1 candidate_status { last_received { term: 0 index: 0 } } ignore_live_leader: false dest_uuid: "155b454e54854fd88c31ddff17ca4537" is_pre_election: true
I20260608 13:04:32.585892  9806 consensus_queue.cc:260] T b030e29cd4874ef4b1a2f538bad3bcc9 P e8fd6063c7064d5a9c05593ec3959694 [NON_LEADER]: Queue going to NON_LEADER mode. State: All replicated index: 0, Majority replicated index: 0, Committed index: 0, Last appended: 0.0, Last appended by leader: 0, Current term: 0, Majority size: -1, State: 0, Mode: NON_LEADER, active raft config: opid_index: -1 OBSOLETE_local: false peers { permanent_uuid: "c0b0736e16b440d5975dfb1f91101b56" member_type: VOTER last_known_addr { host: "127.8.187.1" port: 45079 } } peers { permanent_uuid: "155b454e54854fd88c31ddff17ca4537" member_type: VOTER last_known_addr { host: "127.8.187.2" port: 44209 } } peers { permanent_uuid: "e8fd6063c7064d5a9c05593ec3959694" member_type: VOTER last_known_addr { host: "127.8.187.3" port: 35919 } }
I20260608 13:04:32.587041  9685 raft_consensus.cc:2468] T dd02560710a140e197bd6a1fcbd1ae25 P 155b454e54854fd88c31ddff17ca4537 [term 0 FOLLOWER]: Leader pre-election vote request: Granting yes vote for candidate c0b0736e16b440d5975dfb1f91101b56 in term 0.
I20260608 13:04:32.587352  9805 consensus_queue.cc:260] T ce8481c51f11484fab1447c289da233e P 155b454e54854fd88c31ddff17ca4537 [NON_LEADER]: Queue going to NON_LEADER mode. State: All replicated index: 0, Majority replicated index: 0, Committed index: 0, Last appended: 0.0, Last appended by leader: 0, Current term: 0, Majority size: -1, State: 0, Mode: NON_LEADER, active raft config: opid_index: -1 OBSOLETE_local: false peers { permanent_uuid: "c0b0736e16b440d5975dfb1f91101b56" member_type: VOTER last_known_addr { host: "127.8.187.1" port: 45079 } } peers { permanent_uuid: "155b454e54854fd88c31ddff17ca4537" member_type: VOTER last_known_addr { host: "127.8.187.2" port: 44209 } } peers { permanent_uuid: "e8fd6063c7064d5a9c05593ec3959694" member_type: VOTER last_known_addr { host: "127.8.187.3" port: 35919 } }
I20260608 13:04:32.588606  9574 leader_election.cc:304] T dd02560710a140e197bd6a1fcbd1ae25 P c0b0736e16b440d5975dfb1f91101b56 [CANDIDATE]: Term 1 pre-election: Election decided. Result: candidate won. Election summary: received 2 responses out of 3 voters: 2 yes votes; 0 no votes. yes voters: 155b454e54854fd88c31ddff17ca4537, c0b0736e16b440d5975dfb1f91101b56; no voters: 
I20260608 13:04:32.588717  9804 raft_consensus.cc:359] T 380b9e10fb86441e960514c63600f1f5 P c0b0736e16b440d5975dfb1f91101b56 [term 0 FOLLOWER]: Replica starting. Triggering 0 pending ops. Active config: opid_index: -1 OBSOLETE_local: false peers { permanent_uuid: "c0b0736e16b440d5975dfb1f91101b56" member_type: VOTER last_known_addr { host: "127.8.187.1" port: 45079 } } peers { permanent_uuid: "155b454e54854fd88c31ddff17ca4537" member_type: VOTER last_known_addr { host: "127.8.187.2" port: 44209 } } peers { permanent_uuid: "e8fd6063c7064d5a9c05593ec3959694" member_type: VOTER last_known_addr { host: "127.8.187.3" port: 35919 } }
I20260608 13:04:32.589527  9811 raft_consensus.cc:2804] T dd02560710a140e197bd6a1fcbd1ae25 P c0b0736e16b440d5975dfb1f91101b56 [term 0 FOLLOWER]: Leader pre-election won for term 1
I20260608 13:04:32.589937  9811 raft_consensus.cc:493] T dd02560710a140e197bd6a1fcbd1ae25 P c0b0736e16b440d5975dfb1f91101b56 [term 0 FOLLOWER]: Starting leader election (no leader contacted us within the election timeout)
I20260608 13:04:32.590305  9811 raft_consensus.cc:3060] T dd02560710a140e197bd6a1fcbd1ae25 P c0b0736e16b440d5975dfb1f91101b56 [term 0 FOLLOWER]: Advancing to term 1
I20260608 13:04:32.593360  9805 ts_tablet_manager.cc:1434] T ce8481c51f11484fab1447c289da233e P 155b454e54854fd88c31ddff17ca4537: Time spent starting tablet: real 0.012s	user 0.008s	sys 0.000s
I20260608 13:04:32.595405  9805 tablet_bootstrap.cc:492] T b030e29cd4874ef4b1a2f538bad3bcc9 P 155b454e54854fd88c31ddff17ca4537: Bootstrap starting.
I20260608 13:04:32.595042  9759 tablet_service.cc:1917] Received RequestConsensusVote() RPC: tablet_id: "dd02560710a140e197bd6a1fcbd1ae25" candidate_uuid: "c0b0736e16b440d5975dfb1f91101b56" candidate_term: 1 candidate_status { last_received { term: 0 index: 0 } } ignore_live_leader: false dest_uuid: "e8fd6063c7064d5a9c05593ec3959694" is_pre_election: true
W20260608 13:04:32.598032  9575 leader_election.cc:343] T dd02560710a140e197bd6a1fcbd1ae25 P c0b0736e16b440d5975dfb1f91101b56 [CANDIDATE]: Term 1 pre-election: Tablet error from VoteRequest() call to peer e8fd6063c7064d5a9c05593ec3959694 (127.8.187.3:35919): Illegal state: must be running to vote when last-logged opid is not known
I20260608 13:04:32.598769  9811 raft_consensus.cc:515] T dd02560710a140e197bd6a1fcbd1ae25 P c0b0736e16b440d5975dfb1f91101b56 [term 1 FOLLOWER]: Starting leader election with config: opid_index: -1 OBSOLETE_local: false peers { permanent_uuid: "c0b0736e16b440d5975dfb1f91101b56" member_type: VOTER last_known_addr { host: "127.8.187.1" port: 45079 } } peers { permanent_uuid: "155b454e54854fd88c31ddff17ca4537" member_type: VOTER last_known_addr { host: "127.8.187.2" port: 44209 } } peers { permanent_uuid: "e8fd6063c7064d5a9c05593ec3959694" member_type: VOTER last_known_addr { host: "127.8.187.3" port: 35919 } }
I20260608 13:04:32.603273  9806 ts_tablet_manager.cc:1434] T b030e29cd4874ef4b1a2f538bad3bcc9 P e8fd6063c7064d5a9c05593ec3959694: Time spent starting tablet: real 0.023s	user 0.004s	sys 0.004s
I20260608 13:04:32.603623  9805 tablet_bootstrap.cc:654] T b030e29cd4874ef4b1a2f538bad3bcc9 P 155b454e54854fd88c31ddff17ca4537: Neither blocks nor log segments found. Creating new log.
I20260608 13:04:32.589532  9804 raft_consensus.cc:385] T 380b9e10fb86441e960514c63600f1f5 P c0b0736e16b440d5975dfb1f91101b56 [term 0 FOLLOWER]: Consensus starting up: Expiring failure detector timer to make a prompt election more likely
I20260608 13:04:32.608518  9804 raft_consensus.cc:740] T 380b9e10fb86441e960514c63600f1f5 P c0b0736e16b440d5975dfb1f91101b56 [term 0 FOLLOWER]: Becoming Follower/Learner. State: Replica: c0b0736e16b440d5975dfb1f91101b56, State: Initialized, Role: FOLLOWER
I20260608 13:04:32.609514  9804 consensus_queue.cc:260] T 380b9e10fb86441e960514c63600f1f5 P c0b0736e16b440d5975dfb1f91101b56 [NON_LEADER]: Queue going to NON_LEADER mode. State: All replicated index: 0, Majority replicated index: 0, Committed index: 0, Last appended: 0.0, Last appended by leader: 0, Current term: 0, Majority size: -1, State: 0, Mode: NON_LEADER, active raft config: opid_index: -1 OBSOLETE_local: false peers { permanent_uuid: "c0b0736e16b440d5975dfb1f91101b56" member_type: VOTER last_known_addr { host: "127.8.187.1" port: 45079 } } peers { permanent_uuid: "155b454e54854fd88c31ddff17ca4537" member_type: VOTER last_known_addr { host: "127.8.187.2" port: 44209 } } peers { permanent_uuid: "e8fd6063c7064d5a9c05593ec3959694" member_type: VOTER last_known_addr { host: "127.8.187.3" port: 35919 } }
I20260608 13:04:32.610004  9685 tablet_service.cc:1917] Received RequestConsensusVote() RPC: tablet_id: "dd02560710a140e197bd6a1fcbd1ae25" candidate_uuid: "c0b0736e16b440d5975dfb1f91101b56" candidate_term: 1 candidate_status { last_received { term: 0 index: 0 } } ignore_live_leader: false dest_uuid: "155b454e54854fd88c31ddff17ca4537"
I20260608 13:04:32.617687  9811 leader_election.cc:290] T dd02560710a140e197bd6a1fcbd1ae25 P c0b0736e16b440d5975dfb1f91101b56 [CANDIDATE]: Term 1 election: Requested vote from peers 155b454e54854fd88c31ddff17ca4537 (127.8.187.2:44209), e8fd6063c7064d5a9c05593ec3959694 (127.8.187.3:35919)
I20260608 13:04:32.619376  9806 tablet_bootstrap.cc:492] T 9445f57da4d143f6a87d48efe0e58bf9 P e8fd6063c7064d5a9c05593ec3959694: Bootstrap starting.
I20260608 13:04:32.620471  9759 tablet_service.cc:1917] Received RequestConsensusVote() RPC: tablet_id: "dd02560710a140e197bd6a1fcbd1ae25" candidate_uuid: "c0b0736e16b440d5975dfb1f91101b56" candidate_term: 1 candidate_status { last_received { term: 0 index: 0 } } ignore_live_leader: false dest_uuid: "e8fd6063c7064d5a9c05593ec3959694"
W20260608 13:04:32.624760  9575 leader_election.cc:343] T dd02560710a140e197bd6a1fcbd1ae25 P c0b0736e16b440d5975dfb1f91101b56 [CANDIDATE]: Term 1 election: Tablet error from VoteRequest() call to peer e8fd6063c7064d5a9c05593ec3959694 (127.8.187.3:35919): Illegal state: must be running to vote when last-logged opid is not known
I20260608 13:04:32.610658  9685 raft_consensus.cc:3060] T dd02560710a140e197bd6a1fcbd1ae25 P 155b454e54854fd88c31ddff17ca4537 [term 0 FOLLOWER]: Advancing to term 1
I20260608 13:04:32.626737  9610 tablet_service.cc:1917] Received RequestConsensusVote() RPC: tablet_id: "ce8481c51f11484fab1447c289da233e" candidate_uuid: "e8fd6063c7064d5a9c05593ec3959694" candidate_term: 1 candidate_status { last_received { term: 0 index: 0 } } ignore_live_leader: false dest_uuid: "c0b0736e16b440d5975dfb1f91101b56" is_pre_election: true
W20260608 13:04:32.630614  9724 leader_election.cc:343] T ce8481c51f11484fab1447c289da233e P e8fd6063c7064d5a9c05593ec3959694 [CANDIDATE]: Term 1 pre-election: Tablet error from VoteRequest() call to peer c0b0736e16b440d5975dfb1f91101b56 (127.8.187.1:45079): Illegal state: must be running to vote when last-logged opid is not known
I20260608 13:04:32.633745  9806 tablet_bootstrap.cc:654] T 9445f57da4d143f6a87d48efe0e58bf9 P e8fd6063c7064d5a9c05593ec3959694: Neither blocks nor log segments found. Creating new log.
I20260608 13:04:32.643718  9684 tablet_service.cc:1917] Received RequestConsensusVote() RPC: tablet_id: "ce8481c51f11484fab1447c289da233e" candidate_uuid: "e8fd6063c7064d5a9c05593ec3959694" candidate_term: 1 candidate_status { last_received { term: 0 index: 0 } } ignore_live_leader: false dest_uuid: "155b454e54854fd88c31ddff17ca4537" is_pre_election: true
I20260608 13:04:32.644492  9806 tablet_bootstrap.cc:492] T 9445f57da4d143f6a87d48efe0e58bf9 P e8fd6063c7064d5a9c05593ec3959694: No bootstrap required, opened a new log
I20260608 13:04:32.644495  9684 raft_consensus.cc:2468] T ce8481c51f11484fab1447c289da233e P 155b454e54854fd88c31ddff17ca4537 [term 0 FOLLOWER]: Leader pre-election vote request: Granting yes vote for candidate e8fd6063c7064d5a9c05593ec3959694 in term 0.
I20260608 13:04:32.645206  9806 ts_tablet_manager.cc:1403] T 9445f57da4d143f6a87d48efe0e58bf9 P e8fd6063c7064d5a9c05593ec3959694: Time spent bootstrapping tablet: real 0.026s	user 0.013s	sys 0.006s
I20260608 13:04:32.646282  9723 leader_election.cc:304] T ce8481c51f11484fab1447c289da233e P e8fd6063c7064d5a9c05593ec3959694 [CANDIDATE]: Term 1 pre-election: Election decided. Result: candidate won. Election summary: received 3 responses out of 3 voters: 2 yes votes; 1 no votes. yes voters: 155b454e54854fd88c31ddff17ca4537, e8fd6063c7064d5a9c05593ec3959694; no voters: c0b0736e16b440d5975dfb1f91101b56
I20260608 13:04:32.647572  9814 raft_consensus.cc:2804] T ce8481c51f11484fab1447c289da233e P e8fd6063c7064d5a9c05593ec3959694 [term 0 FOLLOWER]: Leader pre-election won for term 1
I20260608 13:04:32.647980  9814 raft_consensus.cc:493] T ce8481c51f11484fab1447c289da233e P e8fd6063c7064d5a9c05593ec3959694 [term 0 FOLLOWER]: Starting leader election (no leader contacted us within the election timeout)
I20260608 13:04:32.648361  9814 raft_consensus.cc:3060] T ce8481c51f11484fab1447c289da233e P e8fd6063c7064d5a9c05593ec3959694 [term 0 FOLLOWER]: Advancing to term 1
I20260608 13:04:32.648702  9806 raft_consensus.cc:359] T 9445f57da4d143f6a87d48efe0e58bf9 P e8fd6063c7064d5a9c05593ec3959694 [term 0 FOLLOWER]: Replica starting. Triggering 0 pending ops. Active config: opid_index: -1 OBSOLETE_local: false peers { permanent_uuid: "c0b0736e16b440d5975dfb1f91101b56" member_type: VOTER last_known_addr { host: "127.8.187.1" port: 45079 } } peers { permanent_uuid: "155b454e54854fd88c31ddff17ca4537" member_type: VOTER last_known_addr { host: "127.8.187.2" port: 44209 } } peers { permanent_uuid: "e8fd6063c7064d5a9c05593ec3959694" member_type: VOTER last_known_addr { host: "127.8.187.3" port: 35919 } }
I20260608 13:04:32.649438  9806 raft_consensus.cc:385] T 9445f57da4d143f6a87d48efe0e58bf9 P e8fd6063c7064d5a9c05593ec3959694 [term 0 FOLLOWER]: Consensus starting up: Expiring failure detector timer to make a prompt election more likely
I20260608 13:04:32.649717  9805 tablet_bootstrap.cc:492] T b030e29cd4874ef4b1a2f538bad3bcc9 P 155b454e54854fd88c31ddff17ca4537: No bootstrap required, opened a new log
I20260608 13:04:32.649751  9806 raft_consensus.cc:740] T 9445f57da4d143f6a87d48efe0e58bf9 P e8fd6063c7064d5a9c05593ec3959694 [term 0 FOLLOWER]: Becoming Follower/Learner. State: Replica: e8fd6063c7064d5a9c05593ec3959694, State: Initialized, Role: FOLLOWER
I20260608 13:04:32.649966  9685 raft_consensus.cc:2468] T dd02560710a140e197bd6a1fcbd1ae25 P 155b454e54854fd88c31ddff17ca4537 [term 1 FOLLOWER]: Leader election vote request: Granting yes vote for candidate c0b0736e16b440d5975dfb1f91101b56 in term 1.
I20260608 13:04:32.650383  9805 ts_tablet_manager.cc:1403] T b030e29cd4874ef4b1a2f538bad3bcc9 P 155b454e54854fd88c31ddff17ca4537: Time spent bootstrapping tablet: real 0.055s	user 0.023s	sys 0.011s
I20260608 13:04:32.651221  9806 consensus_queue.cc:260] T 9445f57da4d143f6a87d48efe0e58bf9 P e8fd6063c7064d5a9c05593ec3959694 [NON_LEADER]: Queue going to NON_LEADER mode. State: All replicated index: 0, Majority replicated index: 0, Committed index: 0, Last appended: 0.0, Last appended by leader: 0, Current term: 0, Majority size: -1, State: 0, Mode: NON_LEADER, active raft config: opid_index: -1 OBSOLETE_local: false peers { permanent_uuid: "c0b0736e16b440d5975dfb1f91101b56" member_type: VOTER last_known_addr { host: "127.8.187.1" port: 45079 } } peers { permanent_uuid: "155b454e54854fd88c31ddff17ca4537" member_type: VOTER last_known_addr { host: "127.8.187.2" port: 44209 } } peers { permanent_uuid: "e8fd6063c7064d5a9c05593ec3959694" member_type: VOTER last_known_addr { host: "127.8.187.3" port: 35919 } }
I20260608 13:04:32.651587  9574 leader_election.cc:304] T dd02560710a140e197bd6a1fcbd1ae25 P c0b0736e16b440d5975dfb1f91101b56 [CANDIDATE]: Term 1 election: Election decided. Result: candidate won. Election summary: received 3 responses out of 3 voters: 2 yes votes; 1 no votes. yes voters: 155b454e54854fd88c31ddff17ca4537, c0b0736e16b440d5975dfb1f91101b56; no voters: e8fd6063c7064d5a9c05593ec3959694
I20260608 13:04:32.652875  9811 raft_consensus.cc:2804] T dd02560710a140e197bd6a1fcbd1ae25 P c0b0736e16b440d5975dfb1f91101b56 [term 1 FOLLOWER]: Leader election won for term 1
I20260608 13:04:32.653344  9811 raft_consensus.cc:697] T dd02560710a140e197bd6a1fcbd1ae25 P c0b0736e16b440d5975dfb1f91101b56 [term 1 LEADER]: Becoming Leader. State: Replica: c0b0736e16b440d5975dfb1f91101b56, State: Running, Role: LEADER
I20260608 13:04:32.653918  9805 raft_consensus.cc:359] T b030e29cd4874ef4b1a2f538bad3bcc9 P 155b454e54854fd88c31ddff17ca4537 [term 0 FOLLOWER]: Replica starting. Triggering 0 pending ops. Active config: opid_index: -1 OBSOLETE_local: false peers { permanent_uuid: "c0b0736e16b440d5975dfb1f91101b56" member_type: VOTER last_known_addr { host: "127.8.187.1" port: 45079 } } peers { permanent_uuid: "155b454e54854fd88c31ddff17ca4537" member_type: VOTER last_known_addr { host: "127.8.187.2" port: 44209 } } peers { permanent_uuid: "e8fd6063c7064d5a9c05593ec3959694" member_type: VOTER last_known_addr { host: "127.8.187.3" port: 35919 } }
I20260608 13:04:32.654168  9811 consensus_queue.cc:237] T dd02560710a140e197bd6a1fcbd1ae25 P c0b0736e16b440d5975dfb1f91101b56 [LEADER]: Queue going to LEADER mode. State: All replicated index: 0, Majority replicated index: 0, Committed index: 0, Last appended: 0.0, Last appended by leader: 0, Current term: 1, Majority size: 2, State: 0, Mode: LEADER, active raft config: opid_index: -1 OBSOLETE_local: false peers { permanent_uuid: "c0b0736e16b440d5975dfb1f91101b56" member_type: VOTER last_known_addr { host: "127.8.187.1" port: 45079 } } peers { permanent_uuid: "155b454e54854fd88c31ddff17ca4537" member_type: VOTER last_known_addr { host: "127.8.187.2" port: 44209 } } peers { permanent_uuid: "e8fd6063c7064d5a9c05593ec3959694" member_type: VOTER last_known_addr { host: "127.8.187.3" port: 35919 } }
I20260608 13:04:32.654883  9805 raft_consensus.cc:385] T b030e29cd4874ef4b1a2f538bad3bcc9 P 155b454e54854fd88c31ddff17ca4537 [term 0 FOLLOWER]: Consensus starting up: Expiring failure detector timer to make a prompt election more likely
I20260608 13:04:32.655349  9805 raft_consensus.cc:740] T b030e29cd4874ef4b1a2f538bad3bcc9 P 155b454e54854fd88c31ddff17ca4537 [term 0 FOLLOWER]: Becoming Follower/Learner. State: Replica: 155b454e54854fd88c31ddff17ca4537, State: Initialized, Role: FOLLOWER
I20260608 13:04:32.655088  9814 raft_consensus.cc:515] T ce8481c51f11484fab1447c289da233e P e8fd6063c7064d5a9c05593ec3959694 [term 1 FOLLOWER]: Starting leader election with config: opid_index: -1 OBSOLETE_local: false peers { permanent_uuid: "c0b0736e16b440d5975dfb1f91101b56" member_type: VOTER last_known_addr { host: "127.8.187.1" port: 45079 } } peers { permanent_uuid: "155b454e54854fd88c31ddff17ca4537" member_type: VOTER last_known_addr { host: "127.8.187.2" port: 44209 } } peers { permanent_uuid: "e8fd6063c7064d5a9c05593ec3959694" member_type: VOTER last_known_addr { host: "127.8.187.3" port: 35919 } }
I20260608 13:04:32.656352  9805 consensus_queue.cc:260] T b030e29cd4874ef4b1a2f538bad3bcc9 P 155b454e54854fd88c31ddff17ca4537 [NON_LEADER]: Queue going to NON_LEADER mode. State: All replicated index: 0, Majority replicated index: 0, Committed index: 0, Last appended: 0.0, Last appended by leader: 0, Current term: 0, Majority size: -1, State: 0, Mode: NON_LEADER, active raft config: opid_index: -1 OBSOLETE_local: false peers { permanent_uuid: "c0b0736e16b440d5975dfb1f91101b56" member_type: VOTER last_known_addr { host: "127.8.187.1" port: 45079 } } peers { permanent_uuid: "155b454e54854fd88c31ddff17ca4537" member_type: VOTER last_known_addr { host: "127.8.187.2" port: 44209 } } peers { permanent_uuid: "e8fd6063c7064d5a9c05593ec3959694" member_type: VOTER last_known_addr { host: "127.8.187.3" port: 35919 } }
I20260608 13:04:32.657481  9804 ts_tablet_manager.cc:1434] T 380b9e10fb86441e960514c63600f1f5 P c0b0736e16b440d5975dfb1f91101b56: Time spent starting tablet: real 0.071s	user 0.005s	sys 0.005s
I20260608 13:04:32.658587  9804 tablet_bootstrap.cc:492] T b030e29cd4874ef4b1a2f538bad3bcc9 P c0b0736e16b440d5975dfb1f91101b56: Bootstrap starting.
I20260608 13:04:32.658687  9610 tablet_service.cc:1917] Received RequestConsensusVote() RPC: tablet_id: "ce8481c51f11484fab1447c289da233e" candidate_uuid: "e8fd6063c7064d5a9c05593ec3959694" candidate_term: 1 candidate_status { last_received { term: 0 index: 0 } } ignore_live_leader: false dest_uuid: "c0b0736e16b440d5975dfb1f91101b56"
W20260608 13:04:32.660554  9724 leader_election.cc:343] T ce8481c51f11484fab1447c289da233e P e8fd6063c7064d5a9c05593ec3959694 [CANDIDATE]: Term 1 election: Tablet error from VoteRequest() call to peer c0b0736e16b440d5975dfb1f91101b56 (127.8.187.1:45079): Illegal state: must be running to vote when last-logged opid is not known
I20260608 13:04:32.660065  9684 tablet_service.cc:1917] Received RequestConsensusVote() RPC: tablet_id: "ce8481c51f11484fab1447c289da233e" candidate_uuid: "e8fd6063c7064d5a9c05593ec3959694" candidate_term: 1 candidate_status { last_received { term: 0 index: 0 } } ignore_live_leader: false dest_uuid: "155b454e54854fd88c31ddff17ca4537"
I20260608 13:04:32.661865  9684 raft_consensus.cc:3060] T ce8481c51f11484fab1447c289da233e P 155b454e54854fd88c31ddff17ca4537 [term 0 FOLLOWER]: Advancing to term 1
I20260608 13:04:32.658613  9814 leader_election.cc:290] T ce8481c51f11484fab1447c289da233e P e8fd6063c7064d5a9c05593ec3959694 [CANDIDATE]: Term 1 election: Requested vote from peers c0b0736e16b440d5975dfb1f91101b56 (127.8.187.1:45079), 155b454e54854fd88c31ddff17ca4537 (127.8.187.2:44209)
I20260608 13:04:32.665628  9804 tablet_bootstrap.cc:654] T b030e29cd4874ef4b1a2f538bad3bcc9 P c0b0736e16b440d5975dfb1f91101b56: Neither blocks nor log segments found. Creating new log.
I20260608 13:04:32.671789  9684 raft_consensus.cc:2468] T ce8481c51f11484fab1447c289da233e P 155b454e54854fd88c31ddff17ca4537 [term 1 FOLLOWER]: Leader election vote request: Granting yes vote for candidate e8fd6063c7064d5a9c05593ec3959694 in term 1.
I20260608 13:04:32.673182  9723 leader_election.cc:304] T ce8481c51f11484fab1447c289da233e P e8fd6063c7064d5a9c05593ec3959694 [CANDIDATE]: Term 1 election: Election decided. Result: candidate won. Election summary: received 3 responses out of 3 voters: 2 yes votes; 1 no votes. yes voters: 155b454e54854fd88c31ddff17ca4537, e8fd6063c7064d5a9c05593ec3959694; no voters: c0b0736e16b440d5975dfb1f91101b56
I20260608 13:04:32.674949  9829 raft_consensus.cc:2804] T ce8481c51f11484fab1447c289da233e P e8fd6063c7064d5a9c05593ec3959694 [term 1 FOLLOWER]: Leader election won for term 1
I20260608 13:04:32.675765  9806 ts_tablet_manager.cc:1434] T 9445f57da4d143f6a87d48efe0e58bf9 P e8fd6063c7064d5a9c05593ec3959694: Time spent starting tablet: real 0.030s	user 0.012s	sys 0.003s
I20260608 13:04:32.675742  9829 raft_consensus.cc:697] T ce8481c51f11484fab1447c289da233e P e8fd6063c7064d5a9c05593ec3959694 [term 1 LEADER]: Becoming Leader. State: Replica: e8fd6063c7064d5a9c05593ec3959694, State: Running, Role: LEADER
I20260608 13:04:32.675765  9805 ts_tablet_manager.cc:1434] T b030e29cd4874ef4b1a2f538bad3bcc9 P 155b454e54854fd88c31ddff17ca4537: Time spent starting tablet: real 0.025s	user 0.010s	sys 0.000s
I20260608 13:04:32.677356  9806 tablet_bootstrap.cc:492] T d27956ab166d467da3aee64b62370a97 P e8fd6063c7064d5a9c05593ec3959694: Bootstrap starting.
I20260608 13:04:32.676962  9829 consensus_queue.cc:237] T ce8481c51f11484fab1447c289da233e P e8fd6063c7064d5a9c05593ec3959694 [LEADER]: Queue going to LEADER mode. State: All replicated index: 0, Majority replicated index: 0, Committed index: 0, Last appended: 0.0, Last appended by leader: 0, Current term: 1, Majority size: 2, State: 0, Mode: LEADER, active raft config: opid_index: -1 OBSOLETE_local: false peers { permanent_uuid: "c0b0736e16b440d5975dfb1f91101b56" member_type: VOTER last_known_addr { host: "127.8.187.1" port: 45079 } } peers { permanent_uuid: "155b454e54854fd88c31ddff17ca4537" member_type: VOTER last_known_addr { host: "127.8.187.2" port: 44209 } } peers { permanent_uuid: "e8fd6063c7064d5a9c05593ec3959694" member_type: VOTER last_known_addr { host: "127.8.187.3" port: 35919 } }
I20260608 13:04:32.689579  9806 tablet_bootstrap.cc:654] T d27956ab166d467da3aee64b62370a97 P e8fd6063c7064d5a9c05593ec3959694: Neither blocks nor log segments found. Creating new log.
I20260608 13:04:32.693090  9805 tablet_bootstrap.cc:492] T f00c9a55d9964ea480398b626d4f169d P 155b454e54854fd88c31ddff17ca4537: Bootstrap starting.
I20260608 13:04:32.693715  9828 raft_consensus.cc:493] T 380b9e10fb86441e960514c63600f1f5 P c0b0736e16b440d5975dfb1f91101b56 [term 0 FOLLOWER]: Starting pre-election (no leader contacted us within the election timeout)
I20260608 13:04:32.694419  9828 raft_consensus.cc:515] T 380b9e10fb86441e960514c63600f1f5 P c0b0736e16b440d5975dfb1f91101b56 [term 0 FOLLOWER]: Starting pre-election with config: opid_index: -1 OBSOLETE_local: false peers { permanent_uuid: "c0b0736e16b440d5975dfb1f91101b56" member_type: VOTER last_known_addr { host: "127.8.187.1" port: 45079 } } peers { permanent_uuid: "155b454e54854fd88c31ddff17ca4537" member_type: VOTER last_known_addr { host: "127.8.187.2" port: 44209 } } peers { permanent_uuid: "e8fd6063c7064d5a9c05593ec3959694" member_type: VOTER last_known_addr { host: "127.8.187.3" port: 35919 } }
I20260608 13:04:32.697652  9828 leader_election.cc:290] T 380b9e10fb86441e960514c63600f1f5 P c0b0736e16b440d5975dfb1f91101b56 [CANDIDATE]: Term 1 pre-election: Requested pre-vote from peers 155b454e54854fd88c31ddff17ca4537 (127.8.187.2:44209), e8fd6063c7064d5a9c05593ec3959694 (127.8.187.3:35919)
I20260608 13:04:32.697026  9504 catalog_manager.cc:5696] T ce8481c51f11484fab1447c289da233e P e8fd6063c7064d5a9c05593ec3959694 reported cstate change: term changed from 0 to 1, leader changed from <none> to e8fd6063c7064d5a9c05593ec3959694 (127.8.187.3). New cstate: current_term: 1 leader_uuid: "e8fd6063c7064d5a9c05593ec3959694" committed_config { opid_index: -1 OBSOLETE_local: false peers { permanent_uuid: "c0b0736e16b440d5975dfb1f91101b56" member_type: VOTER last_known_addr { host: "127.8.187.1" port: 45079 } health_report { overall_health: UNKNOWN } } peers { permanent_uuid: "155b454e54854fd88c31ddff17ca4537" member_type: VOTER last_known_addr { host: "127.8.187.2" port: 44209 } health_report { overall_health: UNKNOWN } } peers { permanent_uuid: "e8fd6063c7064d5a9c05593ec3959694" member_type: VOTER last_known_addr { host: "127.8.187.3" port: 35919 } health_report { overall_health: HEALTHY } } }
I20260608 13:04:32.699878  9759 tablet_service.cc:1917] Received RequestConsensusVote() RPC: tablet_id: "380b9e10fb86441e960514c63600f1f5" candidate_uuid: "c0b0736e16b440d5975dfb1f91101b56" candidate_term: 1 candidate_status { last_received { term: 0 index: 0 } } ignore_live_leader: false dest_uuid: "e8fd6063c7064d5a9c05593ec3959694" is_pre_election: true
W20260608 13:04:32.701977  9575 leader_election.cc:343] T 380b9e10fb86441e960514c63600f1f5 P c0b0736e16b440d5975dfb1f91101b56 [CANDIDATE]: Term 1 pre-election: Tablet error from VoteRequest() call to peer e8fd6063c7064d5a9c05593ec3959694 (127.8.187.3:35919): Illegal state: must be running to vote when last-logged opid is not known
I20260608 13:04:32.699877  9684 tablet_service.cc:1917] Received RequestConsensusVote() RPC: tablet_id: "380b9e10fb86441e960514c63600f1f5" candidate_uuid: "c0b0736e16b440d5975dfb1f91101b56" candidate_term: 1 candidate_status { last_received { term: 0 index: 0 } } ignore_live_leader: false dest_uuid: "155b454e54854fd88c31ddff17ca4537" is_pre_election: true
I20260608 13:04:32.703804  9684 raft_consensus.cc:2468] T 380b9e10fb86441e960514c63600f1f5 P 155b454e54854fd88c31ddff17ca4537 [term 0 FOLLOWER]: Leader pre-election vote request: Granting yes vote for candidate c0b0736e16b440d5975dfb1f91101b56 in term 0.
I20260608 13:04:32.708456  9574 leader_election.cc:304] T 380b9e10fb86441e960514c63600f1f5 P c0b0736e16b440d5975dfb1f91101b56 [CANDIDATE]: Term 1 pre-election: Election decided. Result: candidate won. Election summary: received 3 responses out of 3 voters: 2 yes votes; 1 no votes. yes voters: 155b454e54854fd88c31ddff17ca4537, c0b0736e16b440d5975dfb1f91101b56; no voters: e8fd6063c7064d5a9c05593ec3959694
I20260608 13:04:32.709470  9811 raft_consensus.cc:2804] T 380b9e10fb86441e960514c63600f1f5 P c0b0736e16b440d5975dfb1f91101b56 [term 0 FOLLOWER]: Leader pre-election won for term 1
I20260608 13:04:32.710060  9811 raft_consensus.cc:493] T 380b9e10fb86441e960514c63600f1f5 P c0b0736e16b440d5975dfb1f91101b56 [term 0 FOLLOWER]: Starting leader election (no leader contacted us within the election timeout)
I20260608 13:04:32.710578  9811 raft_consensus.cc:3060] T 380b9e10fb86441e960514c63600f1f5 P c0b0736e16b440d5975dfb1f91101b56 [term 0 FOLLOWER]: Advancing to term 1
I20260608 13:04:32.712271  9805 tablet_bootstrap.cc:654] T f00c9a55d9964ea480398b626d4f169d P 155b454e54854fd88c31ddff17ca4537: Neither blocks nor log segments found. Creating new log.
I20260608 13:04:32.712503  9506 catalog_manager.cc:5696] T dd02560710a140e197bd6a1fcbd1ae25 P c0b0736e16b440d5975dfb1f91101b56 reported cstate change: term changed from 0 to 1, leader changed from <none> to c0b0736e16b440d5975dfb1f91101b56 (127.8.187.1). New cstate: current_term: 1 leader_uuid: "c0b0736e16b440d5975dfb1f91101b56" committed_config { opid_index: -1 OBSOLETE_local: false peers { permanent_uuid: "c0b0736e16b440d5975dfb1f91101b56" member_type: VOTER last_known_addr { host: "127.8.187.1" port: 45079 } health_report { overall_health: HEALTHY } } peers { permanent_uuid: "155b454e54854fd88c31ddff17ca4537" member_type: VOTER last_known_addr { host: "127.8.187.2" port: 44209 } health_report { overall_health: UNKNOWN } } peers { permanent_uuid: "e8fd6063c7064d5a9c05593ec3959694" member_type: VOTER last_known_addr { host: "127.8.187.3" port: 35919 } health_report { overall_health: UNKNOWN } } }
W20260608 13:04:32.719096  9556 auto_rebalancer.cc:259] Could not retrieve cluster info: Service unavailable: Tablet not running
I20260608 13:04:32.721354  9561 auto_leader_rebalancer.cc:140] leader rebalance for table test-workload
I20260608 13:04:32.722077  9804 tablet_bootstrap.cc:492] T b030e29cd4874ef4b1a2f538bad3bcc9 P c0b0736e16b440d5975dfb1f91101b56: No bootstrap required, opened a new log
W20260608 13:04:32.722589  9561 auto_leader_rebalancer.cc:460] the master instance isn't leader: Service unavailable: Tablet not running
I20260608 13:04:32.722687  9804 ts_tablet_manager.cc:1403] T b030e29cd4874ef4b1a2f538bad3bcc9 P c0b0736e16b440d5975dfb1f91101b56: Time spent bootstrapping tablet: real 0.064s	user 0.013s	sys 0.025s
I20260608 13:04:32.726197  9804 raft_consensus.cc:359] T b030e29cd4874ef4b1a2f538bad3bcc9 P c0b0736e16b440d5975dfb1f91101b56 [term 0 FOLLOWER]: Replica starting. Triggering 0 pending ops. Active config: opid_index: -1 OBSOLETE_local: false peers { permanent_uuid: "c0b0736e16b440d5975dfb1f91101b56" member_type: VOTER last_known_addr { host: "127.8.187.1" port: 45079 } } peers { permanent_uuid: "155b454e54854fd88c31ddff17ca4537" member_type: VOTER last_known_addr { host: "127.8.187.2" port: 44209 } } peers { permanent_uuid: "e8fd6063c7064d5a9c05593ec3959694" member_type: VOTER last_known_addr { host: "127.8.187.3" port: 35919 } }
I20260608 13:04:32.726927  9804 raft_consensus.cc:385] T b030e29cd4874ef4b1a2f538bad3bcc9 P c0b0736e16b440d5975dfb1f91101b56 [term 0 FOLLOWER]: Consensus starting up: Expiring failure detector timer to make a prompt election more likely
I20260608 13:04:32.727257  9805 tablet_bootstrap.cc:492] T f00c9a55d9964ea480398b626d4f169d P 155b454e54854fd88c31ddff17ca4537: No bootstrap required, opened a new log
I20260608 13:04:32.727746  9805 ts_tablet_manager.cc:1403] T f00c9a55d9964ea480398b626d4f169d P 155b454e54854fd88c31ddff17ca4537: Time spent bootstrapping tablet: real 0.035s	user 0.010s	sys 0.003s
I20260608 13:04:32.727680  9811 raft_consensus.cc:515] T 380b9e10fb86441e960514c63600f1f5 P c0b0736e16b440d5975dfb1f91101b56 [term 1 FOLLOWER]: Starting leader election with config: opid_index: -1 OBSOLETE_local: false peers { permanent_uuid: "c0b0736e16b440d5975dfb1f91101b56" member_type: VOTER last_known_addr { host: "127.8.187.1" port: 45079 } } peers { permanent_uuid: "155b454e54854fd88c31ddff17ca4537" member_type: VOTER last_known_addr { host: "127.8.187.2" port: 44209 } } peers { permanent_uuid: "e8fd6063c7064d5a9c05593ec3959694" member_type: VOTER last_known_addr { host: "127.8.187.3" port: 35919 } }
