I20260608 13:05:45.278631 11839 catalog_manager.cc:5696] T f0f73851614c4207acd7c176dbe92ba5 P 589cb651b0dd4bc2b75d142fae399351 reported cstate change: term changed from 0 to 1, leader changed from <none> to 589cb651b0dd4bc2b75d142fae399351 (127.8.193.193). New cstate: current_term: 1 leader_uuid: "589cb651b0dd4bc2b75d142fae399351" committed_config { opid_index: -1 OBSOLETE_local: false peers { permanent_uuid: "bb22c819f1bd4523851193923dcedfbd" member_type: VOTER last_known_addr { host: "127.8.193.196" port: 38971 } health_report { overall_health: UNKNOWN } } peers { permanent_uuid: "ed192af79493444ab00f63ac63650c57" member_type: VOTER last_known_addr { host: "127.8.193.195" port: 45675 } health_report { overall_health: UNKNOWN } } peers { permanent_uuid: "589cb651b0dd4bc2b75d142fae399351" member_type: VOTER last_known_addr { host: "127.8.193.193" port: 32947 } health_report { overall_health: HEALTHY } } }
I20260608 13:05:45.280429 12297 ts_tablet_manager.cc:1434] T e8189489be7b48fc8dfe5d98d1d1e406 P bb22c819f1bd4523851193923dcedfbd: Time spent starting tablet: real 0.007s	user 0.007s	sys 0.000s
I20260608 13:05:45.280825 12166 raft_consensus.cc:493] T cf1e7a9830fc476eafe4507cecac7542 P 589cb651b0dd4bc2b75d142fae399351 [term 0 FOLLOWER]: Starting pre-election (no leader contacted us within the election timeout)
I20260608 13:05:45.281487 12297 tablet_bootstrap.cc:492] T f0f73851614c4207acd7c176dbe92ba5 P bb22c819f1bd4523851193923dcedfbd: Bootstrap starting.
I20260608 13:05:45.281414 12166 raft_consensus.cc:515] T cf1e7a9830fc476eafe4507cecac7542 P 589cb651b0dd4bc2b75d142fae399351 [term 0 FOLLOWER]: Starting pre-election with config: opid_index: -1 OBSOLETE_local: false peers { permanent_uuid: "3c431f4a01cd488b8f312fa718b46179" member_type: VOTER last_known_addr { host: "127.8.193.194" port: 35565 } } peers { permanent_uuid: "589cb651b0dd4bc2b75d142fae399351" member_type: VOTER last_known_addr { host: "127.8.193.193" port: 32947 } } peers { permanent_uuid: "bb22c819f1bd4523851193923dcedfbd" member_type: VOTER last_known_addr { host: "127.8.193.196" port: 38971 } }
I20260608 13:05:45.283998 12166 leader_election.cc:290] T cf1e7a9830fc476eafe4507cecac7542 P 589cb651b0dd4bc2b75d142fae399351 [CANDIDATE]: Term 1 pre-election: Requested pre-vote from peers 3c431f4a01cd488b8f312fa718b46179 (127.8.193.194:35565), bb22c819f1bd4523851193923dcedfbd (127.8.193.196:38971)
I20260608 13:05:45.285748 12252 tablet_service.cc:1917] Received RequestConsensusVote() RPC: tablet_id: "cf1e7a9830fc476eafe4507cecac7542" candidate_uuid: "589cb651b0dd4bc2b75d142fae399351" candidate_term: 1 candidate_status { last_received { term: 0 index: 0 } } ignore_live_leader: false dest_uuid: "bb22c819f1bd4523851193923dcedfbd" is_pre_election: true
I20260608 13:05:45.286439 12252 raft_consensus.cc:2468] T cf1e7a9830fc476eafe4507cecac7542 P bb22c819f1bd4523851193923dcedfbd [term 0 FOLLOWER]: Leader pre-election vote request: Granting yes vote for candidate 589cb651b0dd4bc2b75d142fae399351 in term 0.
I20260608 13:05:45.286582 12016 tablet_service.cc:1917] Received RequestConsensusVote() RPC: tablet_id: "cf1e7a9830fc476eafe4507cecac7542" candidate_uuid: "589cb651b0dd4bc2b75d142fae399351" candidate_term: 1 candidate_status { last_received { term: 0 index: 0 } } ignore_live_leader: false dest_uuid: "3c431f4a01cd488b8f312fa718b46179" is_pre_election: true
I20260608 13:05:45.287297 12016 raft_consensus.cc:2468] T cf1e7a9830fc476eafe4507cecac7542 P 3c431f4a01cd488b8f312fa718b46179 [term 0 FOLLOWER]: Leader pre-election vote request: Granting yes vote for candidate 589cb651b0dd4bc2b75d142fae399351 in term 0.
I20260608 13:05:45.287806 11907 leader_election.cc:304] T cf1e7a9830fc476eafe4507cecac7542 P 589cb651b0dd4bc2b75d142fae399351 [CANDIDATE]: Term 1 pre-election: Election decided. Result: candidate won. Election summary: received 2 responses out of 3 voters: 2 yes votes; 0 no votes. yes voters: 589cb651b0dd4bc2b75d142fae399351, bb22c819f1bd4523851193923dcedfbd; no voters: 
I20260608 13:05:45.289649 12144 raft_consensus.cc:2804] T cf1e7a9830fc476eafe4507cecac7542 P 589cb651b0dd4bc2b75d142fae399351 [term 0 FOLLOWER]: Leader pre-election won for term 1
I20260608 13:05:45.290067 12144 raft_consensus.cc:493] T cf1e7a9830fc476eafe4507cecac7542 P 589cb651b0dd4bc2b75d142fae399351 [term 0 FOLLOWER]: Starting leader election (no leader contacted us within the election timeout)
I20260608 13:05:45.290441 12144 raft_consensus.cc:3060] T cf1e7a9830fc476eafe4507cecac7542 P 589cb651b0dd4bc2b75d142fae399351 [term 0 FOLLOWER]: Advancing to term 1
I20260608 13:05:45.297953 12297 tablet_bootstrap.cc:654] T f0f73851614c4207acd7c176dbe92ba5 P bb22c819f1bd4523851193923dcedfbd: Neither blocks nor log segments found. Creating new log.
I20260608 13:05:45.298810 12144 raft_consensus.cc:515] T cf1e7a9830fc476eafe4507cecac7542 P 589cb651b0dd4bc2b75d142fae399351 [term 1 FOLLOWER]: Starting leader election with config: opid_index: -1 OBSOLETE_local: false peers { permanent_uuid: "3c431f4a01cd488b8f312fa718b46179" member_type: VOTER last_known_addr { host: "127.8.193.194" port: 35565 } } peers { permanent_uuid: "589cb651b0dd4bc2b75d142fae399351" member_type: VOTER last_known_addr { host: "127.8.193.193" port: 32947 } } peers { permanent_uuid: "bb22c819f1bd4523851193923dcedfbd" member_type: VOTER last_known_addr { host: "127.8.193.196" port: 38971 } }
I20260608 13:05:45.301927 12017 tablet_service.cc:1917] Received RequestConsensusVote() RPC: tablet_id: "cf1e7a9830fc476eafe4507cecac7542" candidate_uuid: "589cb651b0dd4bc2b75d142fae399351" candidate_term: 1 candidate_status { last_received { term: 0 index: 0 } } ignore_live_leader: false dest_uuid: "3c431f4a01cd488b8f312fa718b46179"
I20260608 13:05:45.302536 12017 raft_consensus.cc:3060] T cf1e7a9830fc476eafe4507cecac7542 P 3c431f4a01cd488b8f312fa718b46179 [term 0 FOLLOWER]: Advancing to term 1
I20260608 13:05:45.307910 12144 leader_election.cc:290] T cf1e7a9830fc476eafe4507cecac7542 P 589cb651b0dd4bc2b75d142fae399351 [CANDIDATE]: Term 1 election: Requested vote from peers 3c431f4a01cd488b8f312fa718b46179 (127.8.193.194:35565), bb22c819f1bd4523851193923dcedfbd (127.8.193.196:38971)
I20260608 13:05:45.308153 12297 tablet_bootstrap.cc:492] T f0f73851614c4207acd7c176dbe92ba5 P bb22c819f1bd4523851193923dcedfbd: No bootstrap required, opened a new log
I20260608 13:05:45.308137 12252 tablet_service.cc:1917] Received RequestConsensusVote() RPC: tablet_id: "cf1e7a9830fc476eafe4507cecac7542" candidate_uuid: "589cb651b0dd4bc2b75d142fae399351" candidate_term: 1 candidate_status { last_received { term: 0 index: 0 } } ignore_live_leader: false dest_uuid: "bb22c819f1bd4523851193923dcedfbd"
I20260608 13:05:45.308836 12297 ts_tablet_manager.cc:1403] T f0f73851614c4207acd7c176dbe92ba5 P bb22c819f1bd4523851193923dcedfbd: Time spent bootstrapping tablet: real 0.028s	user 0.012s	sys 0.002s
I20260608 13:05:45.308907 12252 raft_consensus.cc:3060] T cf1e7a9830fc476eafe4507cecac7542 P bb22c819f1bd4523851193923dcedfbd [term 0 FOLLOWER]: Advancing to term 1
I20260608 13:05:45.312000 12017 raft_consensus.cc:2468] T cf1e7a9830fc476eafe4507cecac7542 P 3c431f4a01cd488b8f312fa718b46179 [term 1 FOLLOWER]: Leader election vote request: Granting yes vote for candidate 589cb651b0dd4bc2b75d142fae399351 in term 1.
I20260608 13:05:45.313441 11909 leader_election.cc:304] T cf1e7a9830fc476eafe4507cecac7542 P 589cb651b0dd4bc2b75d142fae399351 [CANDIDATE]: Term 1 election: Election decided. Result: candidate won. Election summary: received 2 responses out of 3 voters: 2 yes votes; 0 no votes. yes voters: 3c431f4a01cd488b8f312fa718b46179, 589cb651b0dd4bc2b75d142fae399351; no voters: 
I20260608 13:05:45.314452 12297 raft_consensus.cc:359] T f0f73851614c4207acd7c176dbe92ba5 P bb22c819f1bd4523851193923dcedfbd [term 0 FOLLOWER]: Replica starting. Triggering 0 pending ops. Active config: opid_index: -1 OBSOLETE_local: false peers { permanent_uuid: "bb22c819f1bd4523851193923dcedfbd" member_type: VOTER last_known_addr { host: "127.8.193.196" port: 38971 } } peers { permanent_uuid: "ed192af79493444ab00f63ac63650c57" member_type: VOTER last_known_addr { host: "127.8.193.195" port: 45675 } } peers { permanent_uuid: "589cb651b0dd4bc2b75d142fae399351" member_type: VOTER last_known_addr { host: "127.8.193.193" port: 32947 } }
I20260608 13:05:45.314872 12144 raft_consensus.cc:2804] T cf1e7a9830fc476eafe4507cecac7542 P 589cb651b0dd4bc2b75d142fae399351 [term 1 FOLLOWER]: Leader election won for term 1
I20260608 13:05:45.315254 12297 raft_consensus.cc:385] T f0f73851614c4207acd7c176dbe92ba5 P bb22c819f1bd4523851193923dcedfbd [term 0 FOLLOWER]: Consensus starting up: Expiring failure detector timer to make a prompt election more likely
I20260608 13:05:45.310498 11894 auto_leader_rebalancer.cc:140] leader rebalance for table range_aware_rebalance_new_range
I20260608 13:05:45.316417 12297 raft_consensus.cc:740] T f0f73851614c4207acd7c176dbe92ba5 P bb22c819f1bd4523851193923dcedfbd [term 0 FOLLOWER]: Becoming Follower/Learner. State: Replica: bb22c819f1bd4523851193923dcedfbd, State: Initialized, Role: FOLLOWER
I20260608 13:05:45.317245 12297 consensus_queue.cc:260] T f0f73851614c4207acd7c176dbe92ba5 P bb22c819f1bd4523851193923dcedfbd [NON_LEADER]: Queue going to NON_LEADER mode. State: All replicated index: 0, Majority replicated index: 0, Committed index: 0, Last appended: 0.0, Last appended by leader: 0, Current term: 0, Majority size: -1, State: 0, Mode: NON_LEADER, active raft config: opid_index: -1 OBSOLETE_local: false peers { permanent_uuid: "bb22c819f1bd4523851193923dcedfbd" member_type: VOTER last_known_addr { host: "127.8.193.196" port: 38971 } } peers { permanent_uuid: "ed192af79493444ab00f63ac63650c57" member_type: VOTER last_known_addr { host: "127.8.193.195" port: 45675 } } peers { permanent_uuid: "589cb651b0dd4bc2b75d142fae399351" member_type: VOTER last_known_addr { host: "127.8.193.193" port: 32947 } }
I20260608 13:05:45.319690 12252 raft_consensus.cc:2468] T cf1e7a9830fc476eafe4507cecac7542 P bb22c819f1bd4523851193923dcedfbd [term 1 FOLLOWER]: Leader election vote request: Granting yes vote for candidate 589cb651b0dd4bc2b75d142fae399351 in term 1.
I20260608 13:05:45.315601 12144 raft_consensus.cc:697] T cf1e7a9830fc476eafe4507cecac7542 P 589cb651b0dd4bc2b75d142fae399351 [term 1 LEADER]: Becoming Leader. State: Replica: 589cb651b0dd4bc2b75d142fae399351, State: Running, Role: LEADER
W20260608 13:05:45.322593 11889 auto_rebalancer.cc:259] Could not retrieve cluster info: Service unavailable: Tablet not running
I20260608 13:05:45.323267 12297 ts_tablet_manager.cc:1434] T f0f73851614c4207acd7c176dbe92ba5 P bb22c819f1bd4523851193923dcedfbd: Time spent starting tablet: real 0.012s	user 0.006s	sys 0.000s
I20260608 13:05:45.323340 12144 consensus_queue.cc:237] T cf1e7a9830fc476eafe4507cecac7542 P 589cb651b0dd4bc2b75d142fae399351 [LEADER]: Queue going to LEADER mode. State: All replicated index: 0, Majority replicated index: 0, Committed index: 0, Last appended: 0.0, Last appended by leader: 0, Current term: 1, Majority size: 2, State: 0, Mode: LEADER, active raft config: opid_index: -1 OBSOLETE_local: false peers { permanent_uuid: "3c431f4a01cd488b8f312fa718b46179" member_type: VOTER last_known_addr { host: "127.8.193.194" port: 35565 } } peers { permanent_uuid: "589cb651b0dd4bc2b75d142fae399351" member_type: VOTER last_known_addr { host: "127.8.193.193" port: 32947 } } peers { permanent_uuid: "bb22c819f1bd4523851193923dcedfbd" member_type: VOTER last_known_addr { host: "127.8.193.196" port: 38971 } }
W20260608 13:05:45.329052 11894 auto_leader_rebalancer.cc:460] the master instance isn't leader: Service unavailable: Tablet not running
I20260608 13:05:45.330065 12144 raft_consensus.cc:493] T 0f5ae7cc9fc84377986509348ddd2adc P 589cb651b0dd4bc2b75d142fae399351 [term 0 FOLLOWER]: Starting pre-election (no leader contacted us within the election timeout)
I20260608 13:05:45.330576 12144 raft_consensus.cc:515] T 0f5ae7cc9fc84377986509348ddd2adc P 589cb651b0dd4bc2b75d142fae399351 [term 0 FOLLOWER]: Starting pre-election with config: opid_index: -1 OBSOLETE_local: false peers { permanent_uuid: "ed192af79493444ab00f63ac63650c57" member_type: VOTER last_known_addr { host: "127.8.193.195" port: 45675 } } peers { permanent_uuid: "bb22c819f1bd4523851193923dcedfbd" member_type: VOTER last_known_addr { host: "127.8.193.196" port: 38971 } } peers { permanent_uuid: "589cb651b0dd4bc2b75d142fae399351" member_type: VOTER last_known_addr { host: "127.8.193.193" port: 32947 } }
I20260608 13:05:45.332806 12144 leader_election.cc:290] T 0f5ae7cc9fc84377986509348ddd2adc P 589cb651b0dd4bc2b75d142fae399351 [CANDIDATE]: Term 1 pre-election: Requested pre-vote from peers ed192af79493444ab00f63ac63650c57 (127.8.193.195:45675), bb22c819f1bd4523851193923dcedfbd (127.8.193.196:38971)
I20260608 13:05:45.333128 11839 catalog_manager.cc:5696] T cf1e7a9830fc476eafe4507cecac7542 P 589cb651b0dd4bc2b75d142fae399351 reported cstate change: term changed from 0 to 1, leader changed from <none> to 589cb651b0dd4bc2b75d142fae399351 (127.8.193.193). New cstate: current_term: 1 leader_uuid: "589cb651b0dd4bc2b75d142fae399351" committed_config { opid_index: -1 OBSOLETE_local: false peers { permanent_uuid: "3c431f4a01cd488b8f312fa718b46179" member_type: VOTER last_known_addr { host: "127.8.193.194" port: 35565 } health_report { overall_health: UNKNOWN } } peers { permanent_uuid: "589cb651b0dd4bc2b75d142fae399351" member_type: VOTER last_known_addr { host: "127.8.193.193" port: 32947 } health_report { overall_health: HEALTHY } } peers { permanent_uuid: "bb22c819f1bd4523851193923dcedfbd" member_type: VOTER last_known_addr { host: "127.8.193.196" port: 38971 } health_report { overall_health: UNKNOWN } } }
I20260608 13:05:45.333957 12090 tablet_service.cc:1917] Received RequestConsensusVote() RPC: tablet_id: "0f5ae7cc9fc84377986509348ddd2adc" candidate_uuid: "589cb651b0dd4bc2b75d142fae399351" candidate_term: 1 candidate_status { last_received { term: 0 index: 0 } } ignore_live_leader: false dest_uuid: "ed192af79493444ab00f63ac63650c57" is_pre_election: true
I20260608 13:05:45.334571 12090 raft_consensus.cc:2468] T 0f5ae7cc9fc84377986509348ddd2adc P ed192af79493444ab00f63ac63650c57 [term 0 FOLLOWER]: Leader pre-election vote request: Granting yes vote for candidate 589cb651b0dd4bc2b75d142fae399351 in term 0.
I20260608 13:05:45.334640 12252 tablet_service.cc:1917] Received RequestConsensusVote() RPC: tablet_id: "0f5ae7cc9fc84377986509348ddd2adc" candidate_uuid: "589cb651b0dd4bc2b75d142fae399351" candidate_term: 1 candidate_status { last_received { term: 0 index: 0 } } ignore_live_leader: false dest_uuid: "bb22c819f1bd4523851193923dcedfbd" is_pre_election: true
I20260608 13:05:45.335347 12252 raft_consensus.cc:2468] T 0f5ae7cc9fc84377986509348ddd2adc P bb22c819f1bd4523851193923dcedfbd [term 0 FOLLOWER]: Leader pre-election vote request: Granting yes vote for candidate 589cb651b0dd4bc2b75d142fae399351 in term 0.
I20260608 13:05:45.335716 11907 leader_election.cc:304] T 0f5ae7cc9fc84377986509348ddd2adc P 589cb651b0dd4bc2b75d142fae399351 [CANDIDATE]: Term 1 pre-election: Election decided. Result: candidate won. Election summary: received 2 responses out of 3 voters: 2 yes votes; 0 no votes. yes voters: 589cb651b0dd4bc2b75d142fae399351, ed192af79493444ab00f63ac63650c57; no voters: 
I20260608 13:05:45.336673 12144 raft_consensus.cc:2804] T 0f5ae7cc9fc84377986509348ddd2adc P 589cb651b0dd4bc2b75d142fae399351 [term 0 FOLLOWER]: Leader pre-election won for term 1
I20260608 13:05:45.337044 12144 raft_consensus.cc:493] T 0f5ae7cc9fc84377986509348ddd2adc P 589cb651b0dd4bc2b75d142fae399351 [term 0 FOLLOWER]: Starting leader election (no leader contacted us within the election timeout)
I20260608 13:05:45.337378 12144 raft_consensus.cc:3060] T 0f5ae7cc9fc84377986509348ddd2adc P 589cb651b0dd4bc2b75d142fae399351 [term 0 FOLLOWER]: Advancing to term 1
I20260608 13:05:45.345436 12144 raft_consensus.cc:515] T 0f5ae7cc9fc84377986509348ddd2adc P 589cb651b0dd4bc2b75d142fae399351 [term 1 FOLLOWER]: Starting leader election with config: opid_index: -1 OBSOLETE_local: false peers { permanent_uuid: "ed192af79493444ab00f63ac63650c57" member_type: VOTER last_known_addr { host: "127.8.193.195" port: 45675 } } peers { permanent_uuid: "bb22c819f1bd4523851193923dcedfbd" member_type: VOTER last_known_addr { host: "127.8.193.196" port: 38971 } } peers { permanent_uuid: "589cb651b0dd4bc2b75d142fae399351" member_type: VOTER last_known_addr { host: "127.8.193.193" port: 32947 } }
I20260608 13:05:45.347400 12144 leader_election.cc:290] T 0f5ae7cc9fc84377986509348ddd2adc P 589cb651b0dd4bc2b75d142fae399351 [CANDIDATE]: Term 1 election: Requested vote from peers ed192af79493444ab00f63ac63650c57 (127.8.193.195:45675), bb22c819f1bd4523851193923dcedfbd (127.8.193.196:38971)
I20260608 13:05:45.348459 12090 tablet_service.cc:1917] Received RequestConsensusVote() RPC: tablet_id: "0f5ae7cc9fc84377986509348ddd2adc" candidate_uuid: "589cb651b0dd4bc2b75d142fae399351" candidate_term: 1 candidate_status { last_received { term: 0 index: 0 } } ignore_live_leader: false dest_uuid: "ed192af79493444ab00f63ac63650c57"
I20260608 13:05:45.348713 12252 tablet_service.cc:1917] Received RequestConsensusVote() RPC: tablet_id: "0f5ae7cc9fc84377986509348ddd2adc" candidate_uuid: "589cb651b0dd4bc2b75d142fae399351" candidate_term: 1 candidate_status { last_received { term: 0 index: 0 } } ignore_live_leader: false dest_uuid: "bb22c819f1bd4523851193923dcedfbd"
I20260608 13:05:45.349012 12090 raft_consensus.cc:3060] T 0f5ae7cc9fc84377986509348ddd2adc P ed192af79493444ab00f63ac63650c57 [term 0 FOLLOWER]: Advancing to term 1
I20260608 13:05:45.349269 12252 raft_consensus.cc:3060] T 0f5ae7cc9fc84377986509348ddd2adc P bb22c819f1bd4523851193923dcedfbd [term 0 FOLLOWER]: Advancing to term 1
I20260608 13:05:45.353582 12090 raft_consensus.cc:2468] T 0f5ae7cc9fc84377986509348ddd2adc P ed192af79493444ab00f63ac63650c57 [term 1 FOLLOWER]: Leader election vote request: Granting yes vote for candidate 589cb651b0dd4bc2b75d142fae399351 in term 1.
I20260608 13:05:45.353585 12252 raft_consensus.cc:2468] T 0f5ae7cc9fc84377986509348ddd2adc P bb22c819f1bd4523851193923dcedfbd [term 1 FOLLOWER]: Leader election vote request: Granting yes vote for candidate 589cb651b0dd4bc2b75d142fae399351 in term 1.
I20260608 13:05:45.354833 11907 leader_election.cc:304] T 0f5ae7cc9fc84377986509348ddd2adc P 589cb651b0dd4bc2b75d142fae399351 [CANDIDATE]: Term 1 election: Election decided. Result: candidate won. Election summary: received 2 responses out of 3 voters: 2 yes votes; 0 no votes. yes voters: 589cb651b0dd4bc2b75d142fae399351, ed192af79493444ab00f63ac63650c57; no voters: 
I20260608 13:05:45.355530 12166 raft_consensus.cc:2804] T 0f5ae7cc9fc84377986509348ddd2adc P 589cb651b0dd4bc2b75d142fae399351 [term 1 FOLLOWER]: Leader election won for term 1
I20260608 13:05:45.355997 12166 raft_consensus.cc:697] T 0f5ae7cc9fc84377986509348ddd2adc P 589cb651b0dd4bc2b75d142fae399351 [term 1 LEADER]: Becoming Leader. State: Replica: 589cb651b0dd4bc2b75d142fae399351, State: Running, Role: LEADER
I20260608 13:05:45.356803 12166 consensus_queue.cc:237] T 0f5ae7cc9fc84377986509348ddd2adc P 589cb651b0dd4bc2b75d142fae399351 [LEADER]: Queue going to LEADER mode. State: All replicated index: 0, Majority replicated index: 0, Committed index: 0, Last appended: 0.0, Last appended by leader: 0, Current term: 1, Majority size: 2, State: 0, Mode: LEADER, active raft config: opid_index: -1 OBSOLETE_local: false peers { permanent_uuid: "ed192af79493444ab00f63ac63650c57" member_type: VOTER last_known_addr { host: "127.8.193.195" port: 45675 } } peers { permanent_uuid: "bb22c819f1bd4523851193923dcedfbd" member_type: VOTER last_known_addr { host: "127.8.193.196" port: 38971 } } peers { permanent_uuid: "589cb651b0dd4bc2b75d142fae399351" member_type: VOTER last_known_addr { host: "127.8.193.193" port: 32947 } }
I20260608 13:05:45.362075 12315 consensus_queue.cc:1048] T 99ce1cd2383044c1a6bf1558883de9de P 3c431f4a01cd488b8f312fa718b46179 [LEADER]: Connected to new peer: Peer: permanent_uuid: "589cb651b0dd4bc2b75d142fae399351" member_type: VOTER last_known_addr { host: "127.8.193.193" port: 32947 }, Status: LMP_MISMATCH, Last received: 0.0, Next index: 1, Last known committed idx: 0, Time since last communication: 0.001s
I20260608 13:05:45.365715 11839 catalog_manager.cc:5696] T 0f5ae7cc9fc84377986509348ddd2adc P 589cb651b0dd4bc2b75d142fae399351 reported cstate change: term changed from 0 to 1, leader changed from <none> to 589cb651b0dd4bc2b75d142fae399351 (127.8.193.193). New cstate: current_term: 1 leader_uuid: "589cb651b0dd4bc2b75d142fae399351" committed_config { opid_index: -1 OBSOLETE_local: false peers { permanent_uuid: "ed192af79493444ab00f63ac63650c57" member_type: VOTER last_known_addr { host: "127.8.193.195" port: 45675 } health_report { overall_health: UNKNOWN } } peers { permanent_uuid: "bb22c819f1bd4523851193923dcedfbd" member_type: VOTER last_known_addr { host: "127.8.193.196" port: 38971 } health_report { overall_health: UNKNOWN } } peers { permanent_uuid: "589cb651b0dd4bc2b75d142fae399351" member_type: VOTER last_known_addr { host: "127.8.193.193" port: 32947 } health_report { overall_health: HEALTHY } } }
I20260608 13:05:45.377318 12252 raft_consensus.cc:3060] T 99ce1cd2383044c1a6bf1558883de9de P bb22c819f1bd4523851193923dcedfbd [term 0 FOLLOWER]: Advancing to term 1
I20260608 13:05:45.385665 12315 consensus_queue.cc:1048] T 99ce1cd2383044c1a6bf1558883de9de P 3c431f4a01cd488b8f312fa718b46179 [LEADER]: Connected to new peer: Peer: permanent_uuid: "bb22c819f1bd4523851193923dcedfbd" member_type: VOTER last_known_addr { host: "127.8.193.196" port: 38971 }, Status: LMP_MISMATCH, Last received: 0.0, Next index: 1, Last known committed idx: 0, Time since last communication: 0.000s
W20260608 13:05:45.389242 11827 catalog_manager.cc:4809] Async tablet task AlterTable RPC for tablet e8189489be7b48fc8dfe5d98d1d1e406 (table range_aware_rebalance_new_range [id=0f6780a89061462dbbb6d7d168f6d160], current schema version=0) failed: Not found: failed to reset TS proxy: No leader found: Tablet e8189489be7b48fc8dfe5d98d1d1e406 consensus state has no leader
I20260608 13:05:45.404799 12315 consensus_queue.cc:1048] T bf0bfbdd0ccd4dc39da498bb628841c9 P 3c431f4a01cd488b8f312fa718b46179 [LEADER]: Connected to new peer: Peer: permanent_uuid: "bb22c819f1bd4523851193923dcedfbd" member_type: VOTER last_known_addr { host: "127.8.193.196" port: 38971 }, Status: LMP_MISMATCH, Last received: 0.0, Next index: 1, Last known committed idx: 0, Time since last communication: 0.000s
I20260608 13:05:45.415122 12166 raft_consensus.cc:493] T e8189489be7b48fc8dfe5d98d1d1e406 P 589cb651b0dd4bc2b75d142fae399351 [term 0 FOLLOWER]: Starting pre-election (no leader contacted us within the election timeout)
I20260608 13:05:45.415856 12166 raft_consensus.cc:515] T e8189489be7b48fc8dfe5d98d1d1e406 P 589cb651b0dd4bc2b75d142fae399351 [term 0 FOLLOWER]: Starting pre-election with config: opid_index: -1 OBSOLETE_local: false peers { permanent_uuid: "589cb651b0dd4bc2b75d142fae399351" member_type: VOTER last_known_addr { host: "127.8.193.193" port: 32947 } } peers { permanent_uuid: "3c431f4a01cd488b8f312fa718b46179" member_type: VOTER last_known_addr { host: "127.8.193.194" port: 35565 } } peers { permanent_uuid: "bb22c819f1bd4523851193923dcedfbd" member_type: VOTER last_known_addr { host: "127.8.193.196" port: 38971 } }
I20260608 13:05:45.420174 12166 leader_election.cc:290] T e8189489be7b48fc8dfe5d98d1d1e406 P 589cb651b0dd4bc2b75d142fae399351 [CANDIDATE]: Term 1 pre-election: Requested pre-vote from peers 3c431f4a01cd488b8f312fa718b46179 (127.8.193.194:35565), bb22c819f1bd4523851193923dcedfbd (127.8.193.196:38971)
I20260608 13:05:45.420245 12017 tablet_service.cc:1917] Received RequestConsensusVote() RPC: tablet_id: "e8189489be7b48fc8dfe5d98d1d1e406" candidate_uuid: "589cb651b0dd4bc2b75d142fae399351" candidate_term: 1 candidate_status { last_received { term: 0 index: 0 } } ignore_live_leader: false dest_uuid: "3c431f4a01cd488b8f312fa718b46179" is_pre_election: true
I20260608 13:05:45.421036 12017 raft_consensus.cc:2468] T e8189489be7b48fc8dfe5d98d1d1e406 P 3c431f4a01cd488b8f312fa718b46179 [term 0 FOLLOWER]: Leader pre-election vote request: Granting yes vote for candidate 589cb651b0dd4bc2b75d142fae399351 in term 0.
I20260608 13:05:45.423166 11909 leader_election.cc:304] T e8189489be7b48fc8dfe5d98d1d1e406 P 589cb651b0dd4bc2b75d142fae399351 [CANDIDATE]: Term 1 pre-election: Election decided. Result: candidate won. Election summary: received 2 responses out of 3 voters: 2 yes votes; 0 no votes. yes voters: 3c431f4a01cd488b8f312fa718b46179, 589cb651b0dd4bc2b75d142fae399351; no voters: 
I20260608 13:05:45.424270 12166 raft_consensus.cc:2804] T e8189489be7b48fc8dfe5d98d1d1e406 P 589cb651b0dd4bc2b75d142fae399351 [term 0 FOLLOWER]: Leader pre-election won for term 1
I20260608 13:05:45.424733 12166 raft_consensus.cc:493] T e8189489be7b48fc8dfe5d98d1d1e406 P 589cb651b0dd4bc2b75d142fae399351 [term 0 FOLLOWER]: Starting leader election (no leader contacted us within the election timeout)
I20260608 13:05:45.425166 12166 raft_consensus.cc:3060] T e8189489be7b48fc8dfe5d98d1d1e406 P 589cb651b0dd4bc2b75d142fae399351 [term 0 FOLLOWER]: Advancing to term 1
I20260608 13:05:45.425221 12315 consensus_queue.cc:1048] T bf0bfbdd0ccd4dc39da498bb628841c9 P 3c431f4a01cd488b8f312fa718b46179 [LEADER]: Connected to new peer: Peer: permanent_uuid: "ed192af79493444ab00f63ac63650c57" member_type: VOTER last_known_addr { host: "127.8.193.195" port: 45675 }, Status: LMP_MISMATCH, Last received: 0.0, Next index: 1, Last known committed idx: 0, Time since last communication: 0.001s
I20260608 13:05:45.426784 12254 tablet_service.cc:1917] Received RequestConsensusVote() RPC: tablet_id: "e8189489be7b48fc8dfe5d98d1d1e406" candidate_uuid: "589cb651b0dd4bc2b75d142fae399351" candidate_term: 1 candidate_status { last_received { term: 0 index: 0 } } ignore_live_leader: false dest_uuid: "bb22c819f1bd4523851193923dcedfbd" is_pre_election: true
I20260608 13:05:45.427646 12254 raft_consensus.cc:2468] T e8189489be7b48fc8dfe5d98d1d1e406 P bb22c819f1bd4523851193923dcedfbd [term 0 FOLLOWER]: Leader pre-election vote request: Granting yes vote for candidate 589cb651b0dd4bc2b75d142fae399351 in term 0.
I20260608 13:05:45.433014 12166 raft_consensus.cc:515] T e8189489be7b48fc8dfe5d98d1d1e406 P 589cb651b0dd4bc2b75d142fae399351 [term 1 FOLLOWER]: Starting leader election with config: opid_index: -1 OBSOLETE_local: false peers { permanent_uuid: "589cb651b0dd4bc2b75d142fae399351" member_type: VOTER last_known_addr { host: "127.8.193.193" port: 32947 } } peers { permanent_uuid: "3c431f4a01cd488b8f312fa718b46179" member_type: VOTER last_known_addr { host: "127.8.193.194" port: 35565 } } peers { permanent_uuid: "bb22c819f1bd4523851193923dcedfbd" member_type: VOTER last_known_addr { host: "127.8.193.196" port: 38971 } }
I20260608 13:05:45.436453 12017 tablet_service.cc:1917] Received RequestConsensusVote() RPC: tablet_id: "e8189489be7b48fc8dfe5d98d1d1e406" candidate_uuid: "589cb651b0dd4bc2b75d142fae399351" candidate_term: 1 candidate_status { last_received { term: 0 index: 0 } } ignore_live_leader: false dest_uuid: "3c431f4a01cd488b8f312fa718b46179"
I20260608 13:05:45.437017 12017 raft_consensus.cc:3060] T e8189489be7b48fc8dfe5d98d1d1e406 P 3c431f4a01cd488b8f312fa718b46179 [term 0 FOLLOWER]: Advancing to term 1
I20260608 13:05:45.443818 12017 raft_consensus.cc:2468] T e8189489be7b48fc8dfe5d98d1d1e406 P 3c431f4a01cd488b8f312fa718b46179 [term 1 FOLLOWER]: Leader election vote request: Granting yes vote for candidate 589cb651b0dd4bc2b75d142fae399351 in term 1.
I20260608 13:05:45.445024 11909 leader_election.cc:304] T e8189489be7b48fc8dfe5d98d1d1e406 P 589cb651b0dd4bc2b75d142fae399351 [CANDIDATE]: Term 1 election: Election decided. Result: candidate won. Election summary: received 2 responses out of 3 voters: 2 yes votes; 0 no votes. yes voters: 3c431f4a01cd488b8f312fa718b46179, 589cb651b0dd4bc2b75d142fae399351; no voters: 
I20260608 13:05:45.446357 12144 raft_consensus.cc:2804] T e8189489be7b48fc8dfe5d98d1d1e406 P 589cb651b0dd4bc2b75d142fae399351 [term 1 FOLLOWER]: Leader election won for term 1
I20260608 13:05:45.446897 12144 raft_consensus.cc:697] T e8189489be7b48fc8dfe5d98d1d1e406 P 589cb651b0dd4bc2b75d142fae399351 [term 1 LEADER]: Becoming Leader. State: Replica: 589cb651b0dd4bc2b75d142fae399351, State: Running, Role: LEADER
I20260608 13:05:45.447718 12144 consensus_queue.cc:237] T e8189489be7b48fc8dfe5d98d1d1e406 P 589cb651b0dd4bc2b75d142fae399351 [LEADER]: Queue going to LEADER mode. State: All replicated index: 0, Majority replicated index: 0, Committed index: 0, Last appended: 0.0, Last appended by leader: 0, Current term: 1, Majority size: 2, State: 0, Mode: LEADER, active raft config: opid_index: -1 OBSOLETE_local: false peers { permanent_uuid: "589cb651b0dd4bc2b75d142fae399351" member_type: VOTER last_known_addr { host: "127.8.193.193" port: 32947 } } peers { permanent_uuid: "3c431f4a01cd488b8f312fa718b46179" member_type: VOTER last_known_addr { host: "127.8.193.194" port: 35565 } } peers { permanent_uuid: "bb22c819f1bd4523851193923dcedfbd" member_type: VOTER last_known_addr { host: "127.8.193.196" port: 38971 } }
I20260608 13:05:45.455053 12252 tablet_service.cc:1917] Received RequestConsensusVote() RPC: tablet_id: "e8189489be7b48fc8dfe5d98d1d1e406" candidate_uuid: "589cb651b0dd4bc2b75d142fae399351" candidate_term: 1 candidate_status { last_received { term: 0 index: 0 } } ignore_live_leader: false dest_uuid: "bb22c819f1bd4523851193923dcedfbd"
I20260608 13:05:45.455753 12252 raft_consensus.cc:3060] T e8189489be7b48fc8dfe5d98d1d1e406 P bb22c819f1bd4523851193923dcedfbd [term 0 FOLLOWER]: Advancing to term 1
I20260608 13:05:45.455404 12166 leader_election.cc:290] T e8189489be7b48fc8dfe5d98d1d1e406 P 589cb651b0dd4bc2b75d142fae399351 [CANDIDATE]: Term 1 election: Requested vote from peers 3c431f4a01cd488b8f312fa718b46179 (127.8.193.194:35565), bb22c819f1bd4523851193923dcedfbd (127.8.193.196:38971)
I20260608 13:05:45.462114 12252 raft_consensus.cc:2468] T e8189489be7b48fc8dfe5d98d1d1e406 P bb22c819f1bd4523851193923dcedfbd [term 1 FOLLOWER]: Leader election vote request: Granting yes vote for candidate 589cb651b0dd4bc2b75d142fae399351 in term 1.
I20260608 13:05:45.468701 11840 catalog_manager.cc:5696] T e8189489be7b48fc8dfe5d98d1d1e406 P 589cb651b0dd4bc2b75d142fae399351 reported cstate change: term changed from 0 to 1, leader changed from <none> to 589cb651b0dd4bc2b75d142fae399351 (127.8.193.193). New cstate: current_term: 1 leader_uuid: "589cb651b0dd4bc2b75d142fae399351" committed_config { opid_index: -1 OBSOLETE_local: false peers { permanent_uuid: "589cb651b0dd4bc2b75d142fae399351" member_type: VOTER last_known_addr { host: "127.8.193.193" port: 32947 } health_report { overall_health: HEALTHY } } peers { permanent_uuid: "3c431f4a01cd488b8f312fa718b46179" member_type: VOTER last_known_addr { host: "127.8.193.194" port: 35565 } health_report { overall_health: UNKNOWN } } peers { permanent_uuid: "bb22c819f1bd4523851193923dcedfbd" member_type: VOTER last_known_addr { host: "127.8.193.196" port: 38971 } health_report { overall_health: UNKNOWN } } }
I20260608 13:05:45.506696 12252 raft_consensus.cc:3060] T 742cc80dc7ab4e59aa5a227c04408b4f P bb22c819f1bd4523851193923dcedfbd [term 0 FOLLOWER]: Advancing to term 1
I20260608 13:05:45.510043 12144 consensus_queue.cc:1048] T 83018a7f4b0c4f72a5eda1992cbbcdc4 P 589cb651b0dd4bc2b75d142fae399351 [LEADER]: Connected to new peer: Peer: permanent_uuid: "bb22c819f1bd4523851193923dcedfbd" member_type: VOTER last_known_addr { host: "127.8.193.196" port: 38971 }, Status: LMP_MISMATCH, Last received: 0.0, Next index: 1, Last known committed idx: 0, Time since last communication: 0.000s
I20260608 13:05:45.512801 12310 raft_consensus.cc:493] T 742cc80dc7ab4e59aa5a227c04408b4f P bb22c819f1bd4523851193923dcedfbd [term 1 FOLLOWER]: Starting pre-election (no leader contacted us within the election timeout)
I20260608 13:05:45.513368 12310 raft_consensus.cc:515] T 742cc80dc7ab4e59aa5a227c04408b4f P bb22c819f1bd4523851193923dcedfbd [term 1 FOLLOWER]: Starting pre-election with config: opid_index: -1 OBSOLETE_local: false peers { permanent_uuid: "3c431f4a01cd488b8f312fa718b46179" member_type: VOTER last_known_addr { host: "127.8.193.194" port: 35565 } } peers { permanent_uuid: "bb22c819f1bd4523851193923dcedfbd" member_type: VOTER last_known_addr { host: "127.8.193.196" port: 38971 } } peers { permanent_uuid: "ed192af79493444ab00f63ac63650c57" member_type: VOTER last_known_addr { host: "127.8.193.195" port: 45675 } }
I20260608 13:05:45.514027 12197 consensus_queue.cc:1048] T 742cc80dc7ab4e59aa5a227c04408b4f P 3c431f4a01cd488b8f312fa718b46179 [LEADER]: Connected to new peer: Peer: permanent_uuid: "bb22c819f1bd4523851193923dcedfbd" member_type: VOTER last_known_addr { host: "127.8.193.196" port: 38971 }, Status: LMP_MISMATCH, Last received: 0.0, Next index: 1, Last known committed idx: 0, Time since last communication: 0.000s
I20260608 13:05:45.518600 12310 leader_election.cc:290] T 742cc80dc7ab4e59aa5a227c04408b4f P bb22c819f1bd4523851193923dcedfbd [CANDIDATE]: Term 2 pre-election: Requested pre-vote from peers 3c431f4a01cd488b8f312fa718b46179 (127.8.193.194:35565), ed192af79493444ab00f63ac63650c57 (127.8.193.195:45675)
I20260608 13:05:45.519820 12017 tablet_service.cc:1917] Received RequestConsensusVote() RPC: tablet_id: "742cc80dc7ab4e59aa5a227c04408b4f" candidate_uuid: "bb22c819f1bd4523851193923dcedfbd" candidate_term: 2 candidate_status { last_received { term: 0 index: 0 } } ignore_live_leader: false dest_uuid: "3c431f4a01cd488b8f312fa718b46179" is_pre_election: true
I20260608 13:05:45.519959 12090 tablet_service.cc:1917] Received RequestConsensusVote() RPC: tablet_id: "742cc80dc7ab4e59aa5a227c04408b4f" candidate_uuid: "bb22c819f1bd4523851193923dcedfbd" candidate_term: 2 candidate_status { last_received { term: 0 index: 0 } } ignore_live_leader: false dest_uuid: "ed192af79493444ab00f63ac63650c57" is_pre_election: true
I20260608 13:05:45.520610 12090 raft_consensus.cc:2468] T 742cc80dc7ab4e59aa5a227c04408b4f P ed192af79493444ab00f63ac63650c57 [term 1 FOLLOWER]: Leader pre-election vote request: Granting yes vote for candidate bb22c819f1bd4523851193923dcedfbd in term 1.
I20260608 13:05:45.521867 12216 leader_election.cc:304] T 742cc80dc7ab4e59aa5a227c04408b4f P bb22c819f1bd4523851193923dcedfbd [CANDIDATE]: Term 2 pre-election: Election decided. Result: candidate won. Election summary: received 3 responses out of 3 voters: 2 yes votes; 1 no votes. yes voters: bb22c819f1bd4523851193923dcedfbd, ed192af79493444ab00f63ac63650c57; no voters: 3c431f4a01cd488b8f312fa718b46179
I20260608 13:05:45.523996 12310 raft_consensus.cc:2804] T 742cc80dc7ab4e59aa5a227c04408b4f P bb22c819f1bd4523851193923dcedfbd [term 1 FOLLOWER]: Leader pre-election won for term 2
I20260608 13:05:45.524396 12310 raft_consensus.cc:493] T 742cc80dc7ab4e59aa5a227c04408b4f P bb22c819f1bd4523851193923dcedfbd [term 1 FOLLOWER]: Starting leader election (detected failure of leader 3c431f4a01cd488b8f312fa718b46179)
I20260608 13:05:45.524797 12310 raft_consensus.cc:3060] T 742cc80dc7ab4e59aa5a227c04408b4f P bb22c819f1bd4523851193923dcedfbd [term 1 FOLLOWER]: Advancing to term 2
I20260608 13:05:45.526733 12316 consensus_queue.cc:1048] T 83018a7f4b0c4f72a5eda1992cbbcdc4 P 589cb651b0dd4bc2b75d142fae399351 [LEADER]: Connected to new peer: Peer: permanent_uuid: "ed192af79493444ab00f63ac63650c57" member_type: VOTER last_known_addr { host: "127.8.193.195" port: 45675 }, Status: LMP_MISMATCH, Last received: 0.0, Next index: 1, Last known committed idx: 0, Time since last communication: 0.000s
I20260608 13:05:45.534631 12310 raft_consensus.cc:515] T 742cc80dc7ab4e59aa5a227c04408b4f P bb22c819f1bd4523851193923dcedfbd [term 2 FOLLOWER]: Starting leader election with config: opid_index: -1 OBSOLETE_local: false peers { permanent_uuid: "3c431f4a01cd488b8f312fa718b46179" member_type: VOTER last_known_addr { host: "127.8.193.194" port: 35565 } } peers { permanent_uuid: "bb22c819f1bd4523851193923dcedfbd" member_type: VOTER last_known_addr { host: "127.8.193.196" port: 38971 } } peers { permanent_uuid: "ed192af79493444ab00f63ac63650c57" member_type: VOTER last_known_addr { host: "127.8.193.195" port: 45675 } }
I20260608 13:05:45.544309 12254 raft_consensus.cc:1240] T 742cc80dc7ab4e59aa5a227c04408b4f P bb22c819f1bd4523851193923dcedfbd [term 2 FOLLOWER]: Rejecting Update request from peer 3c431f4a01cd488b8f312fa718b46179 for earlier term 1. Current term is 2. Ops: []
I20260608 13:05:45.545400 12017 tablet_service.cc:1917] Received RequestConsensusVote() RPC: tablet_id: "742cc80dc7ab4e59aa5a227c04408b4f" candidate_uuid: "bb22c819f1bd4523851193923dcedfbd" candidate_term: 2 candidate_status { last_received { term: 1 index: 1 } } ignore_live_leader: false dest_uuid: "3c431f4a01cd488b8f312fa718b46179"
I20260608 13:05:45.546346 12310 leader_election.cc:290] T 742cc80dc7ab4e59aa5a227c04408b4f P bb22c819f1bd4523851193923dcedfbd [CANDIDATE]: Term 2 election: Requested vote from peers 3c431f4a01cd488b8f312fa718b46179 (127.8.193.194:35565), ed192af79493444ab00f63ac63650c57 (127.8.193.195:45675)
I20260608 13:05:45.546382 12092 tablet_service.cc:1917] Received RequestConsensusVote() RPC: tablet_id: "742cc80dc7ab4e59aa5a227c04408b4f" candidate_uuid: "bb22c819f1bd4523851193923dcedfbd" candidate_term: 2 candidate_status { last_received { term: 1 index: 1 } } ignore_live_leader: false dest_uuid: "ed192af79493444ab00f63ac63650c57"
I20260608 13:05:45.547030 12350 consensus_queue.cc:1048] T 742cc80dc7ab4e59aa5a227c04408b4f P 3c431f4a01cd488b8f312fa718b46179 [LEADER]: Connected to new peer: Peer: permanent_uuid: "ed192af79493444ab00f63ac63650c57" member_type: VOTER last_known_addr { host: "127.8.193.195" port: 45675 }, Status: LMP_MISMATCH, Last received: 0.0, Next index: 1, Last known committed idx: 0, Time since last communication: 0.000s
I20260608 13:05:45.547529 12092 raft_consensus.cc:3060] T 742cc80dc7ab4e59aa5a227c04408b4f P ed192af79493444ab00f63ac63650c57 [term 1 FOLLOWER]: Advancing to term 2
I20260608 13:05:45.550320 12350 consensus_queue.cc:1059] T 742cc80dc7ab4e59aa5a227c04408b4f P 3c431f4a01cd488b8f312fa718b46179 [LEADER]: Peer responded invalid term: Peer: permanent_uuid: "bb22c819f1bd4523851193923dcedfbd" member_type: VOTER last_known_addr { host: "127.8.193.196" port: 38971 }, Status: INVALID_TERM, Last received: 1.1, Next index: 2, Last known committed idx: 0, Time since last communication: 0.000s
I20260608 13:05:45.551231 12197 raft_consensus.cc:3055] T 742cc80dc7ab4e59aa5a227c04408b4f P 3c431f4a01cd488b8f312fa718b46179 [term 1 LEADER]: Stepping down as leader of term 1
I20260608 13:05:45.551600 12197 raft_consensus.cc:740] T 742cc80dc7ab4e59aa5a227c04408b4f P 3c431f4a01cd488b8f312fa718b46179 [term 1 LEADER]: Becoming Follower/Learner. State: Replica: 3c431f4a01cd488b8f312fa718b46179, State: Running, Role: LEADER
I20260608 13:05:45.552510 12197 consensus_queue.cc:260] T 742cc80dc7ab4e59aa5a227c04408b4f P 3c431f4a01cd488b8f312fa718b46179 [NON_LEADER]: Queue going to NON_LEADER mode. State: All replicated index: 0, Majority replicated index: 1, Committed index: 1, Last appended: 1.1, Last appended by leader: 1, Current term: 1, Majority size: -1, State: 0, Mode: NON_LEADER, active raft config: opid_index: -1 OBSOLETE_local: false peers { permanent_uuid: "3c431f4a01cd488b8f312fa718b46179" member_type: VOTER last_known_addr { host: "127.8.193.194" port: 35565 } } peers { permanent_uuid: "bb22c819f1bd4523851193923dcedfbd" member_type: VOTER last_known_addr { host: "127.8.193.196" port: 38971 } } peers { permanent_uuid: "ed192af79493444ab00f63ac63650c57" member_type: VOTER last_known_addr { host: "127.8.193.195" port: 45675 } }
I20260608 13:05:45.553351 12092 raft_consensus.cc:2468] T 742cc80dc7ab4e59aa5a227c04408b4f P ed192af79493444ab00f63ac63650c57 [term 2 FOLLOWER]: Leader election vote request: Granting yes vote for candidate bb22c819f1bd4523851193923dcedfbd in term 2.
I20260608 13:05:45.553660 12197 raft_consensus.cc:3060] T 742cc80dc7ab4e59aa5a227c04408b4f P 3c431f4a01cd488b8f312fa718b46179 [term 1 FOLLOWER]: Advancing to term 2
I20260608 13:05:45.554217 12091 raft_consensus.cc:1240] T 742cc80dc7ab4e59aa5a227c04408b4f P ed192af79493444ab00f63ac63650c57 [term 2 FOLLOWER]: Rejecting Update request from peer 3c431f4a01cd488b8f312fa718b46179 for earlier term 1. Current term is 2. Ops: [1.1-1.1]
I20260608 13:05:45.555058 12216 leader_election.cc:304] T 742cc80dc7ab4e59aa5a227c04408b4f P bb22c819f1bd4523851193923dcedfbd [CANDIDATE]: Term 2 election: Election decided. Result: candidate won. Election summary: received 3 responses out of 3 voters: 2 yes votes; 1 no votes. yes voters: bb22c819f1bd4523851193923dcedfbd, ed192af79493444ab00f63ac63650c57; no voters: 3c431f4a01cd488b8f312fa718b46179
I20260608 13:05:45.556533 12310 raft_consensus.cc:2804] T 742cc80dc7ab4e59aa5a227c04408b4f P bb22c819f1bd4523851193923dcedfbd [term 2 FOLLOWER]: Leader election won for term 2
I20260608 13:05:45.557036 12310 raft_consensus.cc:697] T 742cc80dc7ab4e59aa5a227c04408b4f P bb22c819f1bd4523851193923dcedfbd [term 2 LEADER]: Becoming Leader. State: Replica: bb22c819f1bd4523851193923dcedfbd, State: Running, Role: LEADER
I20260608 13:05:45.557839 12310 consensus_queue.cc:237] T 742cc80dc7ab4e59aa5a227c04408b4f P bb22c819f1bd4523851193923dcedfbd [LEADER]: Queue going to LEADER mode. State: All replicated index: 0, Majority replicated index: 0, Committed index: 0, Last appended: 1.1, Last appended by leader: 1, Current term: 2, Majority size: 2, State: 0, Mode: LEADER, active raft config: opid_index: -1 OBSOLETE_local: false peers { permanent_uuid: "3c431f4a01cd488b8f312fa718b46179" member_type: VOTER last_known_addr { host: "127.8.193.194" port: 35565 } } peers { permanent_uuid: "bb22c819f1bd4523851193923dcedfbd" member_type: VOTER last_known_addr { host: "127.8.193.196" port: 38971 } } peers { permanent_uuid: "ed192af79493444ab00f63ac63650c57" member_type: VOTER last_known_addr { host: "127.8.193.195" port: 45675 } }
I20260608 13:05:45.564436 11840 catalog_manager.cc:5696] T 742cc80dc7ab4e59aa5a227c04408b4f P bb22c819f1bd4523851193923dcedfbd reported cstate change: term changed from 1 to 2, leader changed from 3c431f4a01cd488b8f312fa718b46179 (127.8.193.194) to bb22c819f1bd4523851193923dcedfbd (127.8.193.196). New cstate: current_term: 2 leader_uuid: "bb22c819f1bd4523851193923dcedfbd" committed_config { opid_index: -1 OBSOLETE_local: false peers { permanent_uuid: "3c431f4a01cd488b8f312fa718b46179" member_type: VOTER last_known_addr { host: "127.8.193.194" port: 35565 } health_report { overall_health: UNKNOWN } } peers { permanent_uuid: "bb22c819f1bd4523851193923dcedfbd" member_type: VOTER last_known_addr { host: "127.8.193.196" port: 38971 } health_report { overall_health: HEALTHY } } peers { permanent_uuid: "ed192af79493444ab00f63ac63650c57" member_type: VOTER last_known_addr { host: "127.8.193.195" port: 45675 } health_report { overall_health: UNKNOWN } } }
I20260608 13:05:45.733331 12310 raft_consensus.cc:493] T f0f73851614c4207acd7c176dbe92ba5 P bb22c819f1bd4523851193923dcedfbd [term 0 FOLLOWER]: Starting pre-election (no leader contacted us within the election timeout)
I20260608 13:05:45.733982 12310 raft_consensus.cc:515] T f0f73851614c4207acd7c176dbe92ba5 P bb22c819f1bd4523851193923dcedfbd [term 0 FOLLOWER]: Starting pre-election with config: opid_index: -1 OBSOLETE_local: false peers { permanent_uuid: "bb22c819f1bd4523851193923dcedfbd" member_type: VOTER last_known_addr { host: "127.8.193.196" port: 38971 } } peers { permanent_uuid: "ed192af79493444ab00f63ac63650c57" member_type: VOTER last_known_addr { host: "127.8.193.195" port: 45675 } } peers { permanent_uuid: "589cb651b0dd4bc2b75d142fae399351" member_type: VOTER last_known_addr { host: "127.8.193.193" port: 32947 } }
I20260608 13:05:45.735786 12310 leader_election.cc:290] T f0f73851614c4207acd7c176dbe92ba5 P bb22c819f1bd4523851193923dcedfbd [CANDIDATE]: Term 1 pre-election: Requested pre-vote from peers ed192af79493444ab00f63ac63650c57 (127.8.193.195:45675), 589cb651b0dd4bc2b75d142fae399351 (127.8.193.193:32947)
I20260608 13:05:45.736837 12091 tablet_service.cc:1917] Received RequestConsensusVote() RPC: tablet_id: "f0f73851614c4207acd7c176dbe92ba5" candidate_uuid: "bb22c819f1bd4523851193923dcedfbd" candidate_term: 1 candidate_status { last_received { term: 0 index: 0 } } ignore_live_leader: false dest_uuid: "ed192af79493444ab00f63ac63650c57" is_pre_election: true
I20260608 13:05:45.737083 11943 tablet_service.cc:1917] Received RequestConsensusVote() RPC: tablet_id: "f0f73851614c4207acd7c176dbe92ba5" candidate_uuid: "bb22c819f1bd4523851193923dcedfbd" candidate_term: 1 candidate_status { last_received { term: 0 index: 0 } } ignore_live_leader: false dest_uuid: "589cb651b0dd4bc2b75d142fae399351" is_pre_election: true
I20260608 13:05:45.737560 12091 raft_consensus.cc:2393] T f0f73851614c4207acd7c176dbe92ba5 P ed192af79493444ab00f63ac63650c57 [term 1 FOLLOWER]: Leader pre-election vote request: Denying vote to candidate bb22c819f1bd4523851193923dcedfbd in current term 1: Already voted for candidate 589cb651b0dd4bc2b75d142fae399351 in this term.
I20260608 13:05:45.738794 12218 leader_election.cc:304] T f0f73851614c4207acd7c176dbe92ba5 P bb22c819f1bd4523851193923dcedfbd [CANDIDATE]: Term 1 pre-election: Election decided. Result: candidate lost. Election summary: received 3 responses out of 3 voters: 1 yes votes; 2 no votes. yes voters: bb22c819f1bd4523851193923dcedfbd; no voters: 589cb651b0dd4bc2b75d142fae399351, ed192af79493444ab00f63ac63650c57
I20260608 13:05:45.739503 12310 raft_consensus.cc:3060] T f0f73851614c4207acd7c176dbe92ba5 P bb22c819f1bd4523851193923dcedfbd [term 0 FOLLOWER]: Advancing to term 1
I20260608 13:05:45.744300 12310 raft_consensus.cc:2749] T f0f73851614c4207acd7c176dbe92ba5 P bb22c819f1bd4523851193923dcedfbd [term 1 FOLLOWER]: Leader pre-election lost for term 1. Reason: could not achieve majority
I20260608 13:05:45.752506 12144 consensus_queue.cc:1048] T cf1e7a9830fc476eafe4507cecac7542 P 589cb651b0dd4bc2b75d142fae399351 [LEADER]: Connected to new peer: Peer: permanent_uuid: "bb22c819f1bd4523851193923dcedfbd" member_type: VOTER last_known_addr { host: "127.8.193.196" port: 38971 }, Status: LMP_MISMATCH, Last received: 0.0, Next index: 1, Last known committed idx: 0, Time since last communication: 0.000s
I20260608 13:05:45.765558 12316 consensus_queue.cc:1048] T cf1e7a9830fc476eafe4507cecac7542 P 589cb651b0dd4bc2b75d142fae399351 [LEADER]: Connected to new peer: Peer: permanent_uuid: "3c431f4a01cd488b8f312fa718b46179" member_type: VOTER last_known_addr { host: "127.8.193.194" port: 35565 }, Status: LMP_MISMATCH, Last received: 0.0, Next index: 1, Last known committed idx: 0, Time since last communication: 0.000s
I20260608 13:05:45.781777 12316 consensus_queue.cc:1048] T f0f73851614c4207acd7c176dbe92ba5 P 589cb651b0dd4bc2b75d142fae399351 [LEADER]: Connected to new peer: Peer: permanent_uuid: "bb22c819f1bd4523851193923dcedfbd" member_type: VOTER last_known_addr { host: "127.8.193.196" port: 38971 }, Status: LMP_MISMATCH, Last received: 0.0, Next index: 1, Last known committed idx: 0, Time since last communication: 0.000s
I20260608 13:05:45.788666 12316 consensus_queue.cc:1048] T 0f5ae7cc9fc84377986509348ddd2adc P 589cb651b0dd4bc2b75d142fae399351 [LEADER]: Connected to new peer: Peer: permanent_uuid: "ed192af79493444ab00f63ac63650c57" member_type: VOTER last_known_addr { host: "127.8.193.195" port: 45675 }, Status: LMP_MISMATCH, Last received: 0.0, Next index: 1, Last known committed idx: 0, Time since last communication: 0.000s
I20260608 13:05:45.795756 12359 consensus_queue.cc:1048] T f0f73851614c4207acd7c176dbe92ba5 P 589cb651b0dd4bc2b75d142fae399351 [LEADER]: Connected to new peer: Peer: permanent_uuid: "ed192af79493444ab00f63ac63650c57" member_type: VOTER last_known_addr { host: "127.8.193.195" port: 45675 }, Status: LMP_MISMATCH, Last received: 0.0, Next index: 1, Last known committed idx: 0, Time since last communication: 0.001s
I20260608 13:05:45.818833 12316 consensus_queue.cc:1048] T 0f5ae7cc9fc84377986509348ddd2adc P 589cb651b0dd4bc2b75d142fae399351 [LEADER]: Connected to new peer: Peer: permanent_uuid: "bb22c819f1bd4523851193923dcedfbd" member_type: VOTER last_known_addr { host: "127.8.193.196" port: 38971 }, Status: LMP_MISMATCH, Last received: 0.0, Next index: 1, Last known committed idx: 0, Time since last communication: 0.000s
I20260608 13:05:45.939448 12092 raft_consensus.cc:1275] T 742cc80dc7ab4e59aa5a227c04408b4f P ed192af79493444ab00f63ac63650c57 [term 2 FOLLOWER]: Refusing update from remote peer bb22c819f1bd4523851193923dcedfbd: Log matching property violated. Preceding OpId in replica: term: 0 index: 0. Preceding OpId from leader: term: 2 index: 2. (index mismatch)
I20260608 13:05:45.940824 12310 consensus_queue.cc:1048] T 742cc80dc7ab4e59aa5a227c04408b4f P bb22c819f1bd4523851193923dcedfbd [LEADER]: Connected to new peer: Peer: permanent_uuid: "ed192af79493444ab00f63ac63650c57" member_type: VOTER last_known_addr { host: "127.8.193.195" port: 45675 }, Status: LMP_MISMATCH, Last received: 0.0, Next index: 2, Last known committed idx: 0, Time since last communication: 0.000s
I20260608 13:05:45.953400 12017 raft_consensus.cc:1275] T 742cc80dc7ab4e59aa5a227c04408b4f P 3c431f4a01cd488b8f312fa718b46179 [term 2 FOLLOWER]: Refusing update from remote peer bb22c819f1bd4523851193923dcedfbd: Log matching property violated. Preceding OpId in replica: term: 1 index: 1. Preceding OpId from leader: term: 2 index: 2. (index mismatch)
