I20260608 13:05:50.501816 12151 consensus_queue.cc:237] T ba8aa02346ce4b3caea21b78f1f5f0ab P 5f207f79497445868813aae055f4e2dd [LEADER]: Queue going to LEADER mode. State: All replicated index: 0, Majority replicated index: 2, Committed index: 2, Last appended: 2.2, Last appended by leader: 1, Current term: 2, Majority size: 2, State: 0, Mode: LEADER, active raft config: opid_index: 3 OBSOLETE_local: false peers { permanent_uuid: "5f207f79497445868813aae055f4e2dd" member_type: VOTER last_known_addr { host: "127.8.220.2" port: 36575 } } peers { permanent_uuid: "76d2b5e09326400a827a6c8d364cbf7b" member_type: VOTER last_known_addr { host: "127.8.220.4" port: 41399 } attrs { replace: true } } peers { permanent_uuid: "cb7a6b2c5c424f04ad654369f18286c5" member_type: VOTER last_known_addr { host: "127.8.220.1" port: 41197 } } peers { permanent_uuid: "27b776acc83f4b29a6f5e155ae0f7554" member_type: NON_VOTER last_known_addr { host: "127.8.220.3" port: 38357 } attrs { promote: true } }
W20260608 13:05:50.510088 12119 consensus_peers.cc:597] T ba8aa02346ce4b3caea21b78f1f5f0ab P 5f207f79497445868813aae055f4e2dd -> Peer 27b776acc83f4b29a6f5e155ae0f7554 (127.8.220.3:38357): Couldn't send request to peer 27b776acc83f4b29a6f5e155ae0f7554. Error code: TABLET_NOT_FOUND (6). Status: Not found: Tablet not found: ba8aa02346ce4b3caea21b78f1f5f0ab. This is attempt 1: this message will repeat every 5th retry.
I20260608 13:05:50.510170 12076 raft_consensus.cc:1275] T ba8aa02346ce4b3caea21b78f1f5f0ab P cb7a6b2c5c424f04ad654369f18286c5 [term 2 FOLLOWER]: Refusing update from remote peer 5f207f79497445868813aae055f4e2dd: Log matching property violated. Preceding OpId in replica: term: 2 index: 2. Preceding OpId from leader: term: 2 index: 3. (index mismatch)
I20260608 13:05:50.512801 12565 consensus_queue.cc:1048] T ba8aa02346ce4b3caea21b78f1f5f0ab P 5f207f79497445868813aae055f4e2dd [LEADER]: Connected to new peer: Peer: permanent_uuid: "cb7a6b2c5c424f04ad654369f18286c5" member_type: VOTER last_known_addr { host: "127.8.220.1" port: 41197 }, Status: LMP_MISMATCH, Last received: 0.0, Next index: 3, Last known committed idx: 2, Time since last communication: 0.001s
I20260608 13:05:50.514354 12393 raft_consensus.cc:1275] T ba8aa02346ce4b3caea21b78f1f5f0ab P 76d2b5e09326400a827a6c8d364cbf7b [term 2 FOLLOWER]: Refusing update from remote peer 5f207f79497445868813aae055f4e2dd: Log matching property violated. Preceding OpId in replica: term: 2 index: 2. Preceding OpId from leader: term: 2 index: 3. (index mismatch)
I20260608 13:05:50.516173 12565 consensus_queue.cc:1048] T ba8aa02346ce4b3caea21b78f1f5f0ab P 5f207f79497445868813aae055f4e2dd [LEADER]: Connected to new peer: Peer: permanent_uuid: "76d2b5e09326400a827a6c8d364cbf7b" member_type: VOTER last_known_addr { host: "127.8.220.4" port: 41399 } attrs { replace: true }, Status: LMP_MISMATCH, Last received: 0.0, Next index: 3, Last known committed idx: 2, Time since last communication: 0.000s
I20260608 13:05:50.522832 12542 raft_consensus.cc:2955] T ba8aa02346ce4b3caea21b78f1f5f0ab P 5f207f79497445868813aae055f4e2dd [term 2 LEADER]: Committing config change with OpId 2.3: config changed from index -1 to 3, NON_VOTER 27b776acc83f4b29a6f5e155ae0f7554 (127.8.220.3) added. New config: { opid_index: 3 OBSOLETE_local: false peers { permanent_uuid: "5f207f79497445868813aae055f4e2dd" member_type: VOTER last_known_addr { host: "127.8.220.2" port: 36575 } } peers { permanent_uuid: "76d2b5e09326400a827a6c8d364cbf7b" member_type: VOTER last_known_addr { host: "127.8.220.4" port: 41399 } attrs { replace: true } } peers { permanent_uuid: "cb7a6b2c5c424f04ad654369f18286c5" member_type: VOTER last_known_addr { host: "127.8.220.1" port: 41197 } } peers { permanent_uuid: "27b776acc83f4b29a6f5e155ae0f7554" member_type: NON_VOTER last_known_addr { host: "127.8.220.3" port: 38357 } attrs { promote: true } } }
I20260608 13:05:50.524834 12076 raft_consensus.cc:2955] T ba8aa02346ce4b3caea21b78f1f5f0ab P cb7a6b2c5c424f04ad654369f18286c5 [term 2 FOLLOWER]: Committing config change with OpId 2.3: config changed from index -1 to 3, NON_VOTER 27b776acc83f4b29a6f5e155ae0f7554 (127.8.220.3) added. New config: { opid_index: 3 OBSOLETE_local: false peers { permanent_uuid: "5f207f79497445868813aae055f4e2dd" member_type: VOTER last_known_addr { host: "127.8.220.2" port: 36575 } } peers { permanent_uuid: "76d2b5e09326400a827a6c8d364cbf7b" member_type: VOTER last_known_addr { host: "127.8.220.4" port: 41399 } attrs { replace: true } } peers { permanent_uuid: "cb7a6b2c5c424f04ad654369f18286c5" member_type: VOTER last_known_addr { host: "127.8.220.1" port: 41197 } } peers { permanent_uuid: "27b776acc83f4b29a6f5e155ae0f7554" member_type: NON_VOTER last_known_addr { host: "127.8.220.3" port: 38357 } attrs { promote: true } } }
I20260608 13:05:50.527992 12393 raft_consensus.cc:2955] T ba8aa02346ce4b3caea21b78f1f5f0ab P 76d2b5e09326400a827a6c8d364cbf7b [term 2 FOLLOWER]: Committing config change with OpId 2.3: config changed from index -1 to 3, NON_VOTER 27b776acc83f4b29a6f5e155ae0f7554 (127.8.220.3) added. New config: { opid_index: 3 OBSOLETE_local: false peers { permanent_uuid: "5f207f79497445868813aae055f4e2dd" member_type: VOTER last_known_addr { host: "127.8.220.2" port: 36575 } } peers { permanent_uuid: "76d2b5e09326400a827a6c8d364cbf7b" member_type: VOTER last_known_addr { host: "127.8.220.4" port: 41399 } attrs { replace: true } } peers { permanent_uuid: "cb7a6b2c5c424f04ad654369f18286c5" member_type: VOTER last_known_addr { host: "127.8.220.1" port: 41197 } } peers { permanent_uuid: "27b776acc83f4b29a6f5e155ae0f7554" member_type: NON_VOTER last_known_addr { host: "127.8.220.3" port: 38357 } attrs { promote: true } } }
I20260608 13:05:50.537328 11975 catalog_manager.cc:5696] T ba8aa02346ce4b3caea21b78f1f5f0ab P 5f207f79497445868813aae055f4e2dd reported cstate change: config changed from index -1 to 3, NON_VOTER 27b776acc83f4b29a6f5e155ae0f7554 (127.8.220.3) added. New cstate: current_term: 2 leader_uuid: "5f207f79497445868813aae055f4e2dd" committed_config { opid_index: 3 OBSOLETE_local: false peers { permanent_uuid: "5f207f79497445868813aae055f4e2dd" member_type: VOTER last_known_addr { host: "127.8.220.2" port: 36575 } health_report { overall_health: HEALTHY } } peers { permanent_uuid: "76d2b5e09326400a827a6c8d364cbf7b" member_type: VOTER last_known_addr { host: "127.8.220.4" port: 41399 } attrs { replace: true } health_report { overall_health: HEALTHY } } peers { permanent_uuid: "cb7a6b2c5c424f04ad654369f18286c5" member_type: VOTER last_known_addr { host: "127.8.220.1" port: 41197 } health_report { overall_health: HEALTHY } } peers { permanent_uuid: "27b776acc83f4b29a6f5e155ae0f7554" member_type: NON_VOTER last_known_addr { host: "127.8.220.3" port: 38357 } attrs { promote: true } health_report { overall_health: UNKNOWN } } }
I20260608 13:05:50.541502 12151 consensus_queue.cc:237] T bfcc4d907197481d99852047043de2e5 P 5f207f79497445868813aae055f4e2dd [LEADER]: Queue going to LEADER mode. State: All replicated index: 0, Majority replicated index: 2, Committed index: 2, Last appended: 2.2, Last appended by leader: 1, Current term: 2, Majority size: 2, State: 0, Mode: LEADER, active raft config: opid_index: 3 OBSOLETE_local: false peers { permanent_uuid: "cb7a6b2c5c424f04ad654369f18286c5" member_type: VOTER last_known_addr { host: "127.8.220.1" port: 41197 } } peers { permanent_uuid: "5f207f79497445868813aae055f4e2dd" member_type: VOTER last_known_addr { host: "127.8.220.2" port: 36575 } } peers { permanent_uuid: "27b776acc83f4b29a6f5e155ae0f7554" member_type: VOTER last_known_addr { host: "127.8.220.3" port: 38357 } attrs { replace: true } } peers { permanent_uuid: "76d2b5e09326400a827a6c8d364cbf7b" member_type: NON_VOTER last_known_addr { host: "127.8.220.4" port: 41399 } attrs { promote: true } }
W20260608 13:05:50.551813 12119 consensus_peers.cc:597] T bfcc4d907197481d99852047043de2e5 P 5f207f79497445868813aae055f4e2dd -> Peer 76d2b5e09326400a827a6c8d364cbf7b (127.8.220.4:41399): Couldn't send request to peer 76d2b5e09326400a827a6c8d364cbf7b. Error code: TABLET_NOT_FOUND (6). Status: Not found: Tablet not found: bfcc4d907197481d99852047043de2e5. This is attempt 1: this message will repeat every 5th retry.
I20260608 13:05:50.555718 12226 raft_consensus.cc:1275] T bfcc4d907197481d99852047043de2e5 P 27b776acc83f4b29a6f5e155ae0f7554 [term 2 FOLLOWER]: Refusing update from remote peer 5f207f79497445868813aae055f4e2dd: Log matching property violated. Preceding OpId in replica: term: 2 index: 2. Preceding OpId from leader: term: 2 index: 3. (index mismatch)
I20260608 13:05:50.556680 12076 raft_consensus.cc:1275] T bfcc4d907197481d99852047043de2e5 P cb7a6b2c5c424f04ad654369f18286c5 [term 2 FOLLOWER]: Refusing update from remote peer 5f207f79497445868813aae055f4e2dd: Log matching property violated. Preceding OpId in replica: term: 2 index: 2. Preceding OpId from leader: term: 2 index: 3. (index mismatch)
I20260608 13:05:50.557524 12544 consensus_queue.cc:1048] T bfcc4d907197481d99852047043de2e5 P 5f207f79497445868813aae055f4e2dd [LEADER]: Connected to new peer: Peer: permanent_uuid: "27b776acc83f4b29a6f5e155ae0f7554" member_type: VOTER last_known_addr { host: "127.8.220.3" port: 38357 } attrs { replace: true }, Status: LMP_MISMATCH, Last received: 0.0, Next index: 3, Last known committed idx: 2, Time since last communication: 0.001s
I20260608 13:05:50.561178 12544 consensus_queue.cc:1048] T bfcc4d907197481d99852047043de2e5 P 5f207f79497445868813aae055f4e2dd [LEADER]: Connected to new peer: Peer: permanent_uuid: "cb7a6b2c5c424f04ad654369f18286c5" member_type: VOTER last_known_addr { host: "127.8.220.1" port: 41197 }, Status: LMP_MISMATCH, Last received: 0.0, Next index: 3, Last known committed idx: 2, Time since last communication: 0.000s
I20260608 13:05:50.570998 12565 raft_consensus.cc:2955] T bfcc4d907197481d99852047043de2e5 P 5f207f79497445868813aae055f4e2dd [term 2 LEADER]: Committing config change with OpId 2.3: config changed from index -1 to 3, NON_VOTER 76d2b5e09326400a827a6c8d364cbf7b (127.8.220.4) added. New config: { opid_index: 3 OBSOLETE_local: false peers { permanent_uuid: "cb7a6b2c5c424f04ad654369f18286c5" member_type: VOTER last_known_addr { host: "127.8.220.1" port: 41197 } } peers { permanent_uuid: "5f207f79497445868813aae055f4e2dd" member_type: VOTER last_known_addr { host: "127.8.220.2" port: 36575 } } peers { permanent_uuid: "27b776acc83f4b29a6f5e155ae0f7554" member_type: VOTER last_known_addr { host: "127.8.220.3" port: 38357 } attrs { replace: true } } peers { permanent_uuid: "76d2b5e09326400a827a6c8d364cbf7b" member_type: NON_VOTER last_known_addr { host: "127.8.220.4" port: 41399 } attrs { promote: true } } }
I20260608 13:05:50.572932 12226 raft_consensus.cc:2955] T bfcc4d907197481d99852047043de2e5 P 27b776acc83f4b29a6f5e155ae0f7554 [term 2 FOLLOWER]: Committing config change with OpId 2.3: config changed from index -1 to 3, NON_VOTER 76d2b5e09326400a827a6c8d364cbf7b (127.8.220.4) added. New config: { opid_index: 3 OBSOLETE_local: false peers { permanent_uuid: "cb7a6b2c5c424f04ad654369f18286c5" member_type: VOTER last_known_addr { host: "127.8.220.1" port: 41197 } } peers { permanent_uuid: "5f207f79497445868813aae055f4e2dd" member_type: VOTER last_known_addr { host: "127.8.220.2" port: 36575 } } peers { permanent_uuid: "27b776acc83f4b29a6f5e155ae0f7554" member_type: VOTER last_known_addr { host: "127.8.220.3" port: 38357 } attrs { replace: true } } peers { permanent_uuid: "76d2b5e09326400a827a6c8d364cbf7b" member_type: NON_VOTER last_known_addr { host: "127.8.220.4" port: 41399 } attrs { promote: true } } }
I20260608 13:05:50.573693 12076 raft_consensus.cc:2955] T bfcc4d907197481d99852047043de2e5 P cb7a6b2c5c424f04ad654369f18286c5 [term 2 FOLLOWER]: Committing config change with OpId 2.3: config changed from index -1 to 3, NON_VOTER 76d2b5e09326400a827a6c8d364cbf7b (127.8.220.4) added. New config: { opid_index: 3 OBSOLETE_local: false peers { permanent_uuid: "cb7a6b2c5c424f04ad654369f18286c5" member_type: VOTER last_known_addr { host: "127.8.220.1" port: 41197 } } peers { permanent_uuid: "5f207f79497445868813aae055f4e2dd" member_type: VOTER last_known_addr { host: "127.8.220.2" port: 36575 } } peers { permanent_uuid: "27b776acc83f4b29a6f5e155ae0f7554" member_type: VOTER last_known_addr { host: "127.8.220.3" port: 38357 } attrs { replace: true } } peers { permanent_uuid: "76d2b5e09326400a827a6c8d364cbf7b" member_type: NON_VOTER last_known_addr { host: "127.8.220.4" port: 41399 } attrs { promote: true } } }
I20260608 13:05:50.588557 11976 catalog_manager.cc:5696] T bfcc4d907197481d99852047043de2e5 P cb7a6b2c5c424f04ad654369f18286c5 reported cstate change: config changed from index -1 to 3, NON_VOTER 76d2b5e09326400a827a6c8d364cbf7b (127.8.220.4) added. New cstate: current_term: 2 leader_uuid: "5f207f79497445868813aae055f4e2dd" committed_config { opid_index: 3 OBSOLETE_local: false peers { permanent_uuid: "cb7a6b2c5c424f04ad654369f18286c5" member_type: VOTER last_known_addr { host: "127.8.220.1" port: 41197 } } peers { permanent_uuid: "5f207f79497445868813aae055f4e2dd" member_type: VOTER last_known_addr { host: "127.8.220.2" port: 36575 } } peers { permanent_uuid: "27b776acc83f4b29a6f5e155ae0f7554" member_type: VOTER last_known_addr { host: "127.8.220.3" port: 38357 } attrs { replace: true } } peers { permanent_uuid: "76d2b5e09326400a827a6c8d364cbf7b" member_type: NON_VOTER last_known_addr { host: "127.8.220.4" port: 41399 } attrs { promote: true } } }
I20260608 13:05:50.764249 12226 raft_consensus.cc:1275] T 5241205b4f564e9587027cd4606d5d43 P 27b776acc83f4b29a6f5e155ae0f7554 [term 3 FOLLOWER]: Refusing update from remote peer 76d2b5e09326400a827a6c8d364cbf7b: Log matching property violated. Preceding OpId in replica: term: 2 index: 5. Preceding OpId from leader: term: 3 index: 6. (index mismatch)
I20260608 13:05:50.766019 12575 consensus_queue.cc:1048] T 5241205b4f564e9587027cd4606d5d43 P 76d2b5e09326400a827a6c8d364cbf7b [LEADER]: Connected to new peer: Peer: permanent_uuid: "27b776acc83f4b29a6f5e155ae0f7554" member_type: VOTER last_known_addr { host: "127.8.220.3" port: 38357 }, Status: LMP_MISMATCH, Last received: 0.0, Next index: 6, Last known committed idx: 5, Time since last communication: 0.001s
I20260608 13:05:50.793815 12151 raft_consensus.cc:1275] T 5241205b4f564e9587027cd4606d5d43 P 5f207f79497445868813aae055f4e2dd [term 3 FOLLOWER]: Refusing update from remote peer 76d2b5e09326400a827a6c8d364cbf7b: Log matching property violated. Preceding OpId in replica: term: 2 index: 5. Preceding OpId from leader: term: 3 index: 6. (index mismatch)
I20260608 13:05:50.795635 12575 consensus_queue.cc:1048] T 5241205b4f564e9587027cd4606d5d43 P 76d2b5e09326400a827a6c8d364cbf7b [LEADER]: Connected to new peer: Peer: permanent_uuid: "5f207f79497445868813aae055f4e2dd" member_type: VOTER last_known_addr { host: "127.8.220.2" port: 36575 }, Status: LMP_MISMATCH, Last received: 0.0, Next index: 6, Last known committed idx: 5, Time since last communication: 0.001s
I20260608 13:05:50.872246 12623 ts_tablet_manager.cc:933] T 5087ed8d070d47899121ce93d6c83aad P 76d2b5e09326400a827a6c8d364cbf7b: Initiating tablet copy from peer 27b776acc83f4b29a6f5e155ae0f7554 (127.8.220.3:38357)
I20260608 13:05:50.874382 12623 tablet_copy_client.cc:323] T 5087ed8d070d47899121ce93d6c83aad P 76d2b5e09326400a827a6c8d364cbf7b: tablet copy: Beginning tablet copy session from remote peer at address 127.8.220.3:38357
I20260608 13:05:50.876149 12237 tablet_copy_service.cc:140] P 27b776acc83f4b29a6f5e155ae0f7554: Received BeginTabletCopySession request for tablet 5087ed8d070d47899121ce93d6c83aad from peer 76d2b5e09326400a827a6c8d364cbf7b ({username='slave'} at 127.0.0.1:49096)
I20260608 13:05:50.876699 12237 tablet_copy_service.cc:161] P 27b776acc83f4b29a6f5e155ae0f7554: Beginning new tablet copy session on tablet 5087ed8d070d47899121ce93d6c83aad from peer 76d2b5e09326400a827a6c8d364cbf7b at {username='slave'} at 127.0.0.1:49096: session id = 76d2b5e09326400a827a6c8d364cbf7b-5087ed8d070d47899121ce93d6c83aad
I20260608 13:05:50.882306 12237 tablet_copy_source_session.cc:215] T 5087ed8d070d47899121ce93d6c83aad P 27b776acc83f4b29a6f5e155ae0f7554: Tablet Copy: opened 0 blocks and 1 log segments
I20260608 13:05:50.885358 12623 data_dirs.cc:400] Could only allocate 1 dirs of requested 3 for tablet 5087ed8d070d47899121ce93d6c83aad. 1 dirs total, 0 dirs full, 0 dirs failed
I20260608 13:05:50.898200 12623 tablet_copy_client.cc:806] T 5087ed8d070d47899121ce93d6c83aad P 76d2b5e09326400a827a6c8d364cbf7b: tablet copy: Starting download of 0 data blocks...
I20260608 13:05:50.898823 12623 tablet_copy_client.cc:670] T 5087ed8d070d47899121ce93d6c83aad P 76d2b5e09326400a827a6c8d364cbf7b: tablet copy: Starting download of 1 WAL segments...
I20260608 13:05:50.903141 12623 tablet_copy_client.cc:538] T 5087ed8d070d47899121ce93d6c83aad P 76d2b5e09326400a827a6c8d364cbf7b: tablet copy: Tablet Copy complete. Replacing tablet superblock.
I20260608 13:05:50.912905 12623 tablet_bootstrap.cc:492] T 5087ed8d070d47899121ce93d6c83aad P 76d2b5e09326400a827a6c8d364cbf7b: Bootstrap starting.
I20260608 13:05:50.935381 12623 tablet_bootstrap.cc:492] T 5087ed8d070d47899121ce93d6c83aad P 76d2b5e09326400a827a6c8d364cbf7b: Bootstrap replayed 1/1 log segments. Stats: ops{read=2 overwritten=0 applied=2 ignored=0} inserts{seen=0 ignored=0} mutations{seen=0 ignored=0} orphaned_commits=0. Pending: 0 replicates
I20260608 13:05:50.936393 12623 tablet_bootstrap.cc:492] T 5087ed8d070d47899121ce93d6c83aad P 76d2b5e09326400a827a6c8d364cbf7b: Bootstrap complete.
I20260608 13:05:50.937202 12623 ts_tablet_manager.cc:1403] T 5087ed8d070d47899121ce93d6c83aad P 76d2b5e09326400a827a6c8d364cbf7b: Time spent bootstrapping tablet: real 0.025s	user 0.027s	sys 0.001s
I20260608 13:05:50.940557 12623 raft_consensus.cc:359] T 5087ed8d070d47899121ce93d6c83aad P 76d2b5e09326400a827a6c8d364cbf7b [term 1 LEARNER]: Replica starting. Triggering 0 pending ops. Active config: opid_index: 2 OBSOLETE_local: false peers { permanent_uuid: "cb7a6b2c5c424f04ad654369f18286c5" member_type: VOTER last_known_addr { host: "127.8.220.1" port: 41197 } } peers { permanent_uuid: "5f207f79497445868813aae055f4e2dd" member_type: VOTER last_known_addr { host: "127.8.220.2" port: 36575 } attrs { replace: true } } peers { permanent_uuid: "27b776acc83f4b29a6f5e155ae0f7554" member_type: VOTER last_known_addr { host: "127.8.220.3" port: 38357 } } peers { permanent_uuid: "76d2b5e09326400a827a6c8d364cbf7b" member_type: NON_VOTER last_known_addr { host: "127.8.220.4" port: 41399 } attrs { promote: true } }
I20260608 13:05:50.941468 12623 raft_consensus.cc:740] T 5087ed8d070d47899121ce93d6c83aad P 76d2b5e09326400a827a6c8d364cbf7b [term 1 LEARNER]: Becoming Follower/Learner. State: Replica: 76d2b5e09326400a827a6c8d364cbf7b, State: Initialized, Role: LEARNER
I20260608 13:05:50.942283 12623 consensus_queue.cc:260] T 5087ed8d070d47899121ce93d6c83aad P 76d2b5e09326400a827a6c8d364cbf7b [NON_LEADER]: Queue going to NON_LEADER mode. State: All replicated index: 0, Majority replicated index: 0, Committed index: 2, Last appended: 1.2, Last appended by leader: 2, Current term: 0, Majority size: -1, State: 0, Mode: NON_LEADER, active raft config: opid_index: 2 OBSOLETE_local: false peers { permanent_uuid: "cb7a6b2c5c424f04ad654369f18286c5" member_type: VOTER last_known_addr { host: "127.8.220.1" port: 41197 } } peers { permanent_uuid: "5f207f79497445868813aae055f4e2dd" member_type: VOTER last_known_addr { host: "127.8.220.2" port: 36575 } attrs { replace: true } } peers { permanent_uuid: "27b776acc83f4b29a6f5e155ae0f7554" member_type: VOTER last_known_addr { host: "127.8.220.3" port: 38357 } } peers { permanent_uuid: "76d2b5e09326400a827a6c8d364cbf7b" member_type: NON_VOTER last_known_addr { host: "127.8.220.4" port: 41399 } attrs { promote: true } }
I20260608 13:05:50.944957 12623 ts_tablet_manager.cc:1434] T 5087ed8d070d47899121ce93d6c83aad P 76d2b5e09326400a827a6c8d364cbf7b: Time spent starting tablet: real 0.007s	user 0.005s	sys 0.000s
I20260608 13:05:50.946871 12237 tablet_copy_service.cc:342] P 27b776acc83f4b29a6f5e155ae0f7554: Request end of tablet copy session 76d2b5e09326400a827a6c8d364cbf7b-5087ed8d070d47899121ce93d6c83aad received from {username='slave'} at 127.0.0.1:49096
I20260608 13:05:50.947333 12237 tablet_copy_service.cc:434] P 27b776acc83f4b29a6f5e155ae0f7554: ending tablet copy session 76d2b5e09326400a827a6c8d364cbf7b-5087ed8d070d47899121ce93d6c83aad on tablet 5087ed8d070d47899121ce93d6c83aad with peer 76d2b5e09326400a827a6c8d364cbf7b
I20260608 13:05:50.975307 12623 ts_tablet_manager.cc:933] T bfcc4d907197481d99852047043de2e5 P 76d2b5e09326400a827a6c8d364cbf7b: Initiating tablet copy from peer 5f207f79497445868813aae055f4e2dd (127.8.220.2:36575)
I20260608 13:05:50.977322 12623 tablet_copy_client.cc:323] T bfcc4d907197481d99852047043de2e5 P 76d2b5e09326400a827a6c8d364cbf7b: tablet copy: Beginning tablet copy session from remote peer at address 127.8.220.2:36575
I20260608 13:05:50.979135 12163 tablet_copy_service.cc:140] P 5f207f79497445868813aae055f4e2dd: Received BeginTabletCopySession request for tablet bfcc4d907197481d99852047043de2e5 from peer 76d2b5e09326400a827a6c8d364cbf7b ({username='slave'} at 127.0.0.1:41194)
I20260608 13:05:50.979697 12163 tablet_copy_service.cc:161] P 5f207f79497445868813aae055f4e2dd: Beginning new tablet copy session on tablet bfcc4d907197481d99852047043de2e5 from peer 76d2b5e09326400a827a6c8d364cbf7b at {username='slave'} at 127.0.0.1:41194: session id = 76d2b5e09326400a827a6c8d364cbf7b-bfcc4d907197481d99852047043de2e5
I20260608 13:05:50.983695 12627 ts_tablet_manager.cc:933] T f140bdf46eea4adf8308d847ded0d60a P 5f207f79497445868813aae055f4e2dd: Initiating tablet copy from peer 27b776acc83f4b29a6f5e155ae0f7554 (127.8.220.3:38357)
I20260608 13:05:50.986019 12627 tablet_copy_client.cc:323] T f140bdf46eea4adf8308d847ded0d60a P 5f207f79497445868813aae055f4e2dd: tablet copy: Beginning tablet copy session from remote peer at address 127.8.220.3:38357
I20260608 13:05:50.987355 12163 tablet_copy_source_session.cc:215] T bfcc4d907197481d99852047043de2e5 P 5f207f79497445868813aae055f4e2dd: Tablet Copy: opened 0 blocks and 1 log segments
I20260608 13:05:50.988042 12237 tablet_copy_service.cc:140] P 27b776acc83f4b29a6f5e155ae0f7554: Received BeginTabletCopySession request for tablet f140bdf46eea4adf8308d847ded0d60a from peer 5f207f79497445868813aae055f4e2dd ({username='slave'} at 127.0.0.1:49082)
I20260608 13:05:50.988703 12237 tablet_copy_service.cc:161] P 27b776acc83f4b29a6f5e155ae0f7554: Beginning new tablet copy session on tablet f140bdf46eea4adf8308d847ded0d60a from peer 5f207f79497445868813aae055f4e2dd at {username='slave'} at 127.0.0.1:49082: session id = 5f207f79497445868813aae055f4e2dd-f140bdf46eea4adf8308d847ded0d60a
I20260608 13:05:50.994525 12623 data_dirs.cc:400] Could only allocate 1 dirs of requested 3 for tablet bfcc4d907197481d99852047043de2e5. 1 dirs total, 0 dirs full, 0 dirs failed
I20260608 13:05:50.995532 12237 tablet_copy_source_session.cc:215] T f140bdf46eea4adf8308d847ded0d60a P 27b776acc83f4b29a6f5e155ae0f7554: Tablet Copy: opened 0 blocks and 1 log segments
I20260608 13:05:51.000576 12627 data_dirs.cc:400] Could only allocate 1 dirs of requested 3 for tablet f140bdf46eea4adf8308d847ded0d60a. 1 dirs total, 0 dirs full, 0 dirs failed
I20260608 13:05:51.012991 12623 tablet_copy_client.cc:806] T bfcc4d907197481d99852047043de2e5 P 76d2b5e09326400a827a6c8d364cbf7b: tablet copy: Starting download of 0 data blocks...
I20260608 13:05:51.013759 12623 tablet_copy_client.cc:670] T bfcc4d907197481d99852047043de2e5 P 76d2b5e09326400a827a6c8d364cbf7b: tablet copy: Starting download of 1 WAL segments...
I20260608 13:05:51.018642 12623 tablet_copy_client.cc:538] T bfcc4d907197481d99852047043de2e5 P 76d2b5e09326400a827a6c8d364cbf7b: tablet copy: Tablet Copy complete. Replacing tablet superblock.
I20260608 13:05:51.023308 12627 tablet_copy_client.cc:806] T f140bdf46eea4adf8308d847ded0d60a P 5f207f79497445868813aae055f4e2dd: tablet copy: Starting download of 0 data blocks...
I20260608 13:05:51.024006 12627 tablet_copy_client.cc:670] T f140bdf46eea4adf8308d847ded0d60a P 5f207f79497445868813aae055f4e2dd: tablet copy: Starting download of 1 WAL segments...
I20260608 13:05:51.025648 12629 ts_tablet_manager.cc:933] T ba8aa02346ce4b3caea21b78f1f5f0ab P 27b776acc83f4b29a6f5e155ae0f7554: Initiating tablet copy from peer 5f207f79497445868813aae055f4e2dd (127.8.220.2:36575)
I20260608 13:05:51.029419 12627 tablet_copy_client.cc:538] T f140bdf46eea4adf8308d847ded0d60a P 5f207f79497445868813aae055f4e2dd: tablet copy: Tablet Copy complete. Replacing tablet superblock.
I20260608 13:05:51.030186 12623 tablet_bootstrap.cc:492] T bfcc4d907197481d99852047043de2e5 P 76d2b5e09326400a827a6c8d364cbf7b: Bootstrap starting.
I20260608 13:05:51.039450 12627 tablet_bootstrap.cc:492] T f140bdf46eea4adf8308d847ded0d60a P 5f207f79497445868813aae055f4e2dd: Bootstrap starting.
I20260608 13:05:51.040869 12629 tablet_copy_client.cc:323] T ba8aa02346ce4b3caea21b78f1f5f0ab P 27b776acc83f4b29a6f5e155ae0f7554: tablet copy: Beginning tablet copy session from remote peer at address 127.8.220.2:36575
I20260608 13:05:51.043474 12163 tablet_copy_service.cc:140] P 5f207f79497445868813aae055f4e2dd: Received BeginTabletCopySession request for tablet ba8aa02346ce4b3caea21b78f1f5f0ab from peer 27b776acc83f4b29a6f5e155ae0f7554 ({username='slave'} at 127.0.0.1:41180)
I20260608 13:05:51.044159 12163 tablet_copy_service.cc:161] P 5f207f79497445868813aae055f4e2dd: Beginning new tablet copy session on tablet ba8aa02346ce4b3caea21b78f1f5f0ab from peer 27b776acc83f4b29a6f5e155ae0f7554 at {username='slave'} at 127.0.0.1:41180: session id = 27b776acc83f4b29a6f5e155ae0f7554-ba8aa02346ce4b3caea21b78f1f5f0ab
I20260608 13:05:51.053048 12163 tablet_copy_source_session.cc:215] T ba8aa02346ce4b3caea21b78f1f5f0ab P 5f207f79497445868813aae055f4e2dd: Tablet Copy: opened 0 blocks and 1 log segments
I20260608 13:05:51.058521 12629 data_dirs.cc:400] Could only allocate 1 dirs of requested 3 for tablet ba8aa02346ce4b3caea21b78f1f5f0ab. 1 dirs total, 0 dirs full, 0 dirs failed
I20260608 13:05:51.083134 12629 tablet_copy_client.cc:806] T ba8aa02346ce4b3caea21b78f1f5f0ab P 27b776acc83f4b29a6f5e155ae0f7554: tablet copy: Starting download of 0 data blocks...
I20260608 13:05:51.083801 12629 tablet_copy_client.cc:670] T ba8aa02346ce4b3caea21b78f1f5f0ab P 27b776acc83f4b29a6f5e155ae0f7554: tablet copy: Starting download of 1 WAL segments...
I20260608 13:05:51.084411 12623 tablet_bootstrap.cc:492] T bfcc4d907197481d99852047043de2e5 P 76d2b5e09326400a827a6c8d364cbf7b: Bootstrap replayed 1/1 log segments. Stats: ops{read=3 overwritten=0 applied=3 ignored=0} inserts{seen=0 ignored=0} mutations{seen=0 ignored=0} orphaned_commits=0. Pending: 0 replicates
I20260608 13:05:51.085454 12623 tablet_bootstrap.cc:492] T bfcc4d907197481d99852047043de2e5 P 76d2b5e09326400a827a6c8d364cbf7b: Bootstrap complete.
I20260608 13:05:51.086333 12623 ts_tablet_manager.cc:1403] T bfcc4d907197481d99852047043de2e5 P 76d2b5e09326400a827a6c8d364cbf7b: Time spent bootstrapping tablet: real 0.057s	user 0.027s	sys 0.016s
I20260608 13:05:51.089076 12629 tablet_copy_client.cc:538] T ba8aa02346ce4b3caea21b78f1f5f0ab P 27b776acc83f4b29a6f5e155ae0f7554: tablet copy: Tablet Copy complete. Replacing tablet superblock.
I20260608 13:05:51.090660 12623 raft_consensus.cc:359] T bfcc4d907197481d99852047043de2e5 P 76d2b5e09326400a827a6c8d364cbf7b [term 2 LEARNER]: Replica starting. Triggering 0 pending ops. Active config: opid_index: 3 OBSOLETE_local: false peers { permanent_uuid: "cb7a6b2c5c424f04ad654369f18286c5" member_type: VOTER last_known_addr { host: "127.8.220.1" port: 41197 } } peers { permanent_uuid: "5f207f79497445868813aae055f4e2dd" member_type: VOTER last_known_addr { host: "127.8.220.2" port: 36575 } } peers { permanent_uuid: "27b776acc83f4b29a6f5e155ae0f7554" member_type: VOTER last_known_addr { host: "127.8.220.3" port: 38357 } attrs { replace: true } } peers { permanent_uuid: "76d2b5e09326400a827a6c8d364cbf7b" member_type: NON_VOTER last_known_addr { host: "127.8.220.4" port: 41399 } attrs { promote: true } }
I20260608 13:05:51.091581 12627 tablet_bootstrap.cc:492] T f140bdf46eea4adf8308d847ded0d60a P 5f207f79497445868813aae055f4e2dd: Bootstrap replayed 1/1 log segments. Stats: ops{read=2 overwritten=0 applied=2 ignored=0} inserts{seen=0 ignored=0} mutations{seen=0 ignored=0} orphaned_commits=0. Pending: 0 replicates
I20260608 13:05:51.091614 12623 raft_consensus.cc:740] T bfcc4d907197481d99852047043de2e5 P 76d2b5e09326400a827a6c8d364cbf7b [term 2 LEARNER]: Becoming Follower/Learner. State: Replica: 76d2b5e09326400a827a6c8d364cbf7b, State: Initialized, Role: LEARNER
I20260608 13:05:51.092805 12627 tablet_bootstrap.cc:492] T f140bdf46eea4adf8308d847ded0d60a P 5f207f79497445868813aae055f4e2dd: Bootstrap complete.
I20260608 13:05:51.092608 12623 consensus_queue.cc:260] T bfcc4d907197481d99852047043de2e5 P 76d2b5e09326400a827a6c8d364cbf7b [NON_LEADER]: Queue going to NON_LEADER mode. State: All replicated index: 0, Majority replicated index: 0, Committed index: 3, Last appended: 2.3, Last appended by leader: 3, Current term: 0, Majority size: -1, State: 0, Mode: NON_LEADER, active raft config: opid_index: 3 OBSOLETE_local: false peers { permanent_uuid: "cb7a6b2c5c424f04ad654369f18286c5" member_type: VOTER last_known_addr { host: "127.8.220.1" port: 41197 } } peers { permanent_uuid: "5f207f79497445868813aae055f4e2dd" member_type: VOTER last_known_addr { host: "127.8.220.2" port: 36575 } } peers { permanent_uuid: "27b776acc83f4b29a6f5e155ae0f7554" member_type: VOTER last_known_addr { host: "127.8.220.3" port: 38357 } attrs { replace: true } } peers { permanent_uuid: "76d2b5e09326400a827a6c8d364cbf7b" member_type: NON_VOTER last_known_addr { host: "127.8.220.4" port: 41399 } attrs { promote: true } }
I20260608 13:05:51.093709 12627 ts_tablet_manager.cc:1403] T f140bdf46eea4adf8308d847ded0d60a P 5f207f79497445868813aae055f4e2dd: Time spent bootstrapping tablet: real 0.054s	user 0.021s	sys 0.019s
I20260608 13:05:51.095657 12623 ts_tablet_manager.cc:1434] T bfcc4d907197481d99852047043de2e5 P 76d2b5e09326400a827a6c8d364cbf7b: Time spent starting tablet: real 0.008s	user 0.003s	sys 0.004s
I20260608 13:05:51.097256 12627 raft_consensus.cc:359] T f140bdf46eea4adf8308d847ded0d60a P 5f207f79497445868813aae055f4e2dd [term 1 LEARNER]: Replica starting. Triggering 0 pending ops. Active config: opid_index: 2 OBSOLETE_local: false peers { permanent_uuid: "27b776acc83f4b29a6f5e155ae0f7554" member_type: VOTER last_known_addr { host: "127.8.220.3" port: 38357 } } peers { permanent_uuid: "76d2b5e09326400a827a6c8d364cbf7b" member_type: VOTER last_known_addr { host: "127.8.220.4" port: 41399 } attrs { replace: true } } peers { permanent_uuid: "cb7a6b2c5c424f04ad654369f18286c5" member_type: VOTER last_known_addr { host: "127.8.220.1" port: 41197 } } peers { permanent_uuid: "5f207f79497445868813aae055f4e2dd" member_type: NON_VOTER last_known_addr { host: "127.8.220.2" port: 36575 } attrs { promote: true } }
I20260608 13:05:51.098294 12627 raft_consensus.cc:740] T f140bdf46eea4adf8308d847ded0d60a P 5f207f79497445868813aae055f4e2dd [term 1 LEARNER]: Becoming Follower/Learner. State: Replica: 5f207f79497445868813aae055f4e2dd, State: Initialized, Role: LEARNER
I20260608 13:05:51.098297 12163 tablet_copy_service.cc:342] P 5f207f79497445868813aae055f4e2dd: Request end of tablet copy session 76d2b5e09326400a827a6c8d364cbf7b-bfcc4d907197481d99852047043de2e5 received from {username='slave'} at 127.0.0.1:41194
I20260608 13:05:51.099613 12163 tablet_copy_service.cc:434] P 5f207f79497445868813aae055f4e2dd: ending tablet copy session 76d2b5e09326400a827a6c8d364cbf7b-bfcc4d907197481d99852047043de2e5 on tablet bfcc4d907197481d99852047043de2e5 with peer 76d2b5e09326400a827a6c8d364cbf7b
I20260608 13:05:51.099360 12627 consensus_queue.cc:260] T f140bdf46eea4adf8308d847ded0d60a P 5f207f79497445868813aae055f4e2dd [NON_LEADER]: Queue going to NON_LEADER mode. State: All replicated index: 0, Majority replicated index: 0, Committed index: 2, Last appended: 1.2, Last appended by leader: 2, Current term: 0, Majority size: -1, State: 0, Mode: NON_LEADER, active raft config: opid_index: 2 OBSOLETE_local: false peers { permanent_uuid: "27b776acc83f4b29a6f5e155ae0f7554" member_type: VOTER last_known_addr { host: "127.8.220.3" port: 38357 } } peers { permanent_uuid: "76d2b5e09326400a827a6c8d364cbf7b" member_type: VOTER last_known_addr { host: "127.8.220.4" port: 41399 } attrs { replace: true } } peers { permanent_uuid: "cb7a6b2c5c424f04ad654369f18286c5" member_type: VOTER last_known_addr { host: "127.8.220.1" port: 41197 } } peers { permanent_uuid: "5f207f79497445868813aae055f4e2dd" member_type: NON_VOTER last_known_addr { host: "127.8.220.2" port: 36575 } attrs { promote: true } }
I20260608 13:05:51.102144 12627 ts_tablet_manager.cc:1434] T f140bdf46eea4adf8308d847ded0d60a P 5f207f79497445868813aae055f4e2dd: Time spent starting tablet: real 0.008s	user 0.006s	sys 0.001s
I20260608 13:05:51.107158 12237 tablet_copy_service.cc:342] P 27b776acc83f4b29a6f5e155ae0f7554: Request end of tablet copy session 5f207f79497445868813aae055f4e2dd-f140bdf46eea4adf8308d847ded0d60a received from {username='slave'} at 127.0.0.1:49082
I20260608 13:05:51.107682 12237 tablet_copy_service.cc:434] P 27b776acc83f4b29a6f5e155ae0f7554: ending tablet copy session 5f207f79497445868813aae055f4e2dd-f140bdf46eea4adf8308d847ded0d60a on tablet f140bdf46eea4adf8308d847ded0d60a with peer 5f207f79497445868813aae055f4e2dd
I20260608 13:05:51.111851 12629 tablet_bootstrap.cc:492] T ba8aa02346ce4b3caea21b78f1f5f0ab P 27b776acc83f4b29a6f5e155ae0f7554: Bootstrap starting.
I20260608 13:05:51.135617 12629 tablet_bootstrap.cc:492] T ba8aa02346ce4b3caea21b78f1f5f0ab P 27b776acc83f4b29a6f5e155ae0f7554: Bootstrap replayed 1/1 log segments. Stats: ops{read=3 overwritten=0 applied=3 ignored=0} inserts{seen=0 ignored=0} mutations{seen=0 ignored=0} orphaned_commits=0. Pending: 0 replicates
I20260608 13:05:51.136651 12629 tablet_bootstrap.cc:492] T ba8aa02346ce4b3caea21b78f1f5f0ab P 27b776acc83f4b29a6f5e155ae0f7554: Bootstrap complete.
I20260608 13:05:51.137430 12629 ts_tablet_manager.cc:1403] T ba8aa02346ce4b3caea21b78f1f5f0ab P 27b776acc83f4b29a6f5e155ae0f7554: Time spent bootstrapping tablet: real 0.026s	user 0.026s	sys 0.001s
I20260608 13:05:51.140731 12629 raft_consensus.cc:359] T ba8aa02346ce4b3caea21b78f1f5f0ab P 27b776acc83f4b29a6f5e155ae0f7554 [term 2 LEARNER]: Replica starting. Triggering 0 pending ops. Active config: opid_index: 3 OBSOLETE_local: false peers { permanent_uuid: "5f207f79497445868813aae055f4e2dd" member_type: VOTER last_known_addr { host: "127.8.220.2" port: 36575 } } peers { permanent_uuid: "76d2b5e09326400a827a6c8d364cbf7b" member_type: VOTER last_known_addr { host: "127.8.220.4" port: 41399 } attrs { replace: true } } peers { permanent_uuid: "cb7a6b2c5c424f04ad654369f18286c5" member_type: VOTER last_known_addr { host: "127.8.220.1" port: 41197 } } peers { permanent_uuid: "27b776acc83f4b29a6f5e155ae0f7554" member_type: NON_VOTER last_known_addr { host: "127.8.220.3" port: 38357 } attrs { promote: true } }
I20260608 13:05:51.141705 12629 raft_consensus.cc:740] T ba8aa02346ce4b3caea21b78f1f5f0ab P 27b776acc83f4b29a6f5e155ae0f7554 [term 2 LEARNER]: Becoming Follower/Learner. State: Replica: 27b776acc83f4b29a6f5e155ae0f7554, State: Initialized, Role: LEARNER
I20260608 13:05:51.142400 12629 consensus_queue.cc:260] T ba8aa02346ce4b3caea21b78f1f5f0ab P 27b776acc83f4b29a6f5e155ae0f7554 [NON_LEADER]: Queue going to NON_LEADER mode. State: All replicated index: 0, Majority replicated index: 0, Committed index: 3, Last appended: 2.3, Last appended by leader: 3, Current term: 0, Majority size: -1, State: 0, Mode: NON_LEADER, active raft config: opid_index: 3 OBSOLETE_local: false peers { permanent_uuid: "5f207f79497445868813aae055f4e2dd" member_type: VOTER last_known_addr { host: "127.8.220.2" port: 36575 } } peers { permanent_uuid: "76d2b5e09326400a827a6c8d364cbf7b" member_type: VOTER last_known_addr { host: "127.8.220.4" port: 41399 } attrs { replace: true } } peers { permanent_uuid: "cb7a6b2c5c424f04ad654369f18286c5" member_type: VOTER last_known_addr { host: "127.8.220.1" port: 41197 } } peers { permanent_uuid: "27b776acc83f4b29a6f5e155ae0f7554" member_type: NON_VOTER last_known_addr { host: "127.8.220.3" port: 38357 } attrs { promote: true } }
I20260608 13:05:51.147819 12629 ts_tablet_manager.cc:1434] T ba8aa02346ce4b3caea21b78f1f5f0ab P 27b776acc83f4b29a6f5e155ae0f7554: Time spent starting tablet: real 0.010s	user 0.002s	sys 0.005s
I20260608 13:05:51.150027 12163 tablet_copy_service.cc:342] P 5f207f79497445868813aae055f4e2dd: Request end of tablet copy session 27b776acc83f4b29a6f5e155ae0f7554-ba8aa02346ce4b3caea21b78f1f5f0ab received from {username='slave'} at 127.0.0.1:41180
I20260608 13:05:51.150588 12163 tablet_copy_service.cc:434] P 5f207f79497445868813aae055f4e2dd: ending tablet copy session 27b776acc83f4b29a6f5e155ae0f7554-ba8aa02346ce4b3caea21b78f1f5f0ab on tablet ba8aa02346ce4b3caea21b78f1f5f0ab with peer 27b776acc83f4b29a6f5e155ae0f7554
I20260608 13:05:51.356987 12392 raft_consensus.cc:1217] T bfcc4d907197481d99852047043de2e5 P 76d2b5e09326400a827a6c8d364cbf7b [term 2 LEARNER]: Deduplicated request from leader. Original: 2.2->[2.3-2.3]   Dedup: 2.3->[]
I20260608 13:05:51.430141 12392 raft_consensus.cc:1217] T 5087ed8d070d47899121ce93d6c83aad P 76d2b5e09326400a827a6c8d364cbf7b [term 1 LEARNER]: Deduplicated request from leader. Original: 1.1->[1.2-1.2]   Dedup: 1.2->[]
I20260608 13:05:51.482925 12226 raft_consensus.cc:1217] T ba8aa02346ce4b3caea21b78f1f5f0ab P 27b776acc83f4b29a6f5e155ae0f7554 [term 2 LEARNER]: Deduplicated request from leader. Original: 2.2->[2.3-2.3]   Dedup: 2.3->[]
I20260608 13:05:51.596733 12151 raft_consensus.cc:1217] T f140bdf46eea4adf8308d847ded0d60a P 5f207f79497445868813aae055f4e2dd [term 1 LEARNER]: Deduplicated request from leader. Original: 1.1->[1.2-1.2]   Dedup: 1.2->[]
I20260608 13:05:51.866626 12544 raft_consensus.cc:1064] T bfcc4d907197481d99852047043de2e5 P 5f207f79497445868813aae055f4e2dd: attempting to promote NON_VOTER 76d2b5e09326400a827a6c8d364cbf7b to VOTER
I20260608 13:05:51.869474 12544 consensus_queue.cc:237] T bfcc4d907197481d99852047043de2e5 P 5f207f79497445868813aae055f4e2dd [LEADER]: Queue going to LEADER mode. State: All replicated index: 0, Majority replicated index: 3, Committed index: 3, Last appended: 2.3, Last appended by leader: 1, Current term: 2, Majority size: 3, State: 0, Mode: LEADER, active raft config: opid_index: 4 OBSOLETE_local: false peers { permanent_uuid: "cb7a6b2c5c424f04ad654369f18286c5" member_type: VOTER last_known_addr { host: "127.8.220.1" port: 41197 } } peers { permanent_uuid: "5f207f79497445868813aae055f4e2dd" member_type: VOTER last_known_addr { host: "127.8.220.2" port: 36575 } } peers { permanent_uuid: "27b776acc83f4b29a6f5e155ae0f7554" member_type: VOTER last_known_addr { host: "127.8.220.3" port: 38357 } attrs { replace: true } } peers { permanent_uuid: "76d2b5e09326400a827a6c8d364cbf7b" member_type: VOTER last_known_addr { host: "127.8.220.4" port: 41399 } attrs { promote: false } }
I20260608 13:05:51.878796 12392 raft_consensus.cc:1275] T bfcc4d907197481d99852047043de2e5 P 76d2b5e09326400a827a6c8d364cbf7b [term 2 LEARNER]: Refusing update from remote peer 5f207f79497445868813aae055f4e2dd: Log matching property violated. Preceding OpId in replica: term: 2 index: 3. Preceding OpId from leader: term: 2 index: 4. (index mismatch)
I20260608 13:05:51.879422 12226 raft_consensus.cc:1275] T bfcc4d907197481d99852047043de2e5 P 27b776acc83f4b29a6f5e155ae0f7554 [term 2 FOLLOWER]: Refusing update from remote peer 5f207f79497445868813aae055f4e2dd: Log matching property violated. Preceding OpId in replica: term: 2 index: 3. Preceding OpId from leader: term: 2 index: 4. (index mismatch)
I20260608 13:05:51.880041 12076 raft_consensus.cc:1275] T bfcc4d907197481d99852047043de2e5 P cb7a6b2c5c424f04ad654369f18286c5 [term 2 FOLLOWER]: Refusing update from remote peer 5f207f79497445868813aae055f4e2dd: Log matching property violated. Preceding OpId in replica: term: 2 index: 3. Preceding OpId from leader: term: 2 index: 4. (index mismatch)
I20260608 13:05:51.880424 12636 consensus_queue.cc:1048] T bfcc4d907197481d99852047043de2e5 P 5f207f79497445868813aae055f4e2dd [LEADER]: Connected to new peer: Peer: permanent_uuid: "76d2b5e09326400a827a6c8d364cbf7b" member_type: VOTER last_known_addr { host: "127.8.220.4" port: 41399 } attrs { promote: false }, Status: LMP_MISMATCH, Last received: 0.0, Next index: 4, Last known committed idx: 3, Time since last communication: 0.000s
I20260608 13:05:51.881946 12565 consensus_queue.cc:1048] T bfcc4d907197481d99852047043de2e5 P 5f207f79497445868813aae055f4e2dd [LEADER]: Connected to new peer: Peer: permanent_uuid: "cb7a6b2c5c424f04ad654369f18286c5" member_type: VOTER last_known_addr { host: "127.8.220.1" port: 41197 }, Status: LMP_MISMATCH, Last received: 0.0, Next index: 4, Last known committed idx: 3, Time since last communication: 0.000s
I20260608 13:05:51.883028 12640 consensus_queue.cc:1048] T bfcc4d907197481d99852047043de2e5 P 5f207f79497445868813aae055f4e2dd [LEADER]: Connected to new peer: Peer: permanent_uuid: "27b776acc83f4b29a6f5e155ae0f7554" member_type: VOTER last_known_addr { host: "127.8.220.3" port: 38357 } attrs { replace: true }, Status: LMP_MISMATCH, Last received: 0.0, Next index: 4, Last known committed idx: 3, Time since last communication: 0.000s
I20260608 13:05:51.894104 12636 raft_consensus.cc:2955] T bfcc4d907197481d99852047043de2e5 P 5f207f79497445868813aae055f4e2dd [term 2 LEADER]: Committing config change with OpId 2.4: config changed from index 3 to 4, 76d2b5e09326400a827a6c8d364cbf7b (127.8.220.4) changed from NON_VOTER to VOTER. New config: { opid_index: 4 OBSOLETE_local: false peers { permanent_uuid: "cb7a6b2c5c424f04ad654369f18286c5" member_type: VOTER last_known_addr { host: "127.8.220.1" port: 41197 } } peers { permanent_uuid: "5f207f79497445868813aae055f4e2dd" member_type: VOTER last_known_addr { host: "127.8.220.2" port: 36575 } } peers { permanent_uuid: "27b776acc83f4b29a6f5e155ae0f7554" member_type: VOTER last_known_addr { host: "127.8.220.3" port: 38357 } attrs { replace: true } } peers { permanent_uuid: "76d2b5e09326400a827a6c8d364cbf7b" member_type: VOTER last_known_addr { host: "127.8.220.4" port: 41399 } attrs { promote: false } } }
I20260608 13:05:51.895712 12226 raft_consensus.cc:2955] T bfcc4d907197481d99852047043de2e5 P 27b776acc83f4b29a6f5e155ae0f7554 [term 2 FOLLOWER]: Committing config change with OpId 2.4: config changed from index 3 to 4, 76d2b5e09326400a827a6c8d364cbf7b (127.8.220.4) changed from NON_VOTER to VOTER. New config: { opid_index: 4 OBSOLETE_local: false peers { permanent_uuid: "cb7a6b2c5c424f04ad654369f18286c5" member_type: VOTER last_known_addr { host: "127.8.220.1" port: 41197 } } peers { permanent_uuid: "5f207f79497445868813aae055f4e2dd" member_type: VOTER last_known_addr { host: "127.8.220.2" port: 36575 } } peers { permanent_uuid: "27b776acc83f4b29a6f5e155ae0f7554" member_type: VOTER last_known_addr { host: "127.8.220.3" port: 38357 } attrs { replace: true } } peers { permanent_uuid: "76d2b5e09326400a827a6c8d364cbf7b" member_type: VOTER last_known_addr { host: "127.8.220.4" port: 41399 } attrs { promote: false } } }
I20260608 13:05:51.900863 12076 raft_consensus.cc:2955] T bfcc4d907197481d99852047043de2e5 P cb7a6b2c5c424f04ad654369f18286c5 [term 2 FOLLOWER]: Committing config change with OpId 2.4: config changed from index 3 to 4, 76d2b5e09326400a827a6c8d364cbf7b (127.8.220.4) changed from NON_VOTER to VOTER. New config: { opid_index: 4 OBSOLETE_local: false peers { permanent_uuid: "cb7a6b2c5c424f04ad654369f18286c5" member_type: VOTER last_known_addr { host: "127.8.220.1" port: 41197 } } peers { permanent_uuid: "5f207f79497445868813aae055f4e2dd" member_type: VOTER last_known_addr { host: "127.8.220.2" port: 36575 } } peers { permanent_uuid: "27b776acc83f4b29a6f5e155ae0f7554" member_type: VOTER last_known_addr { host: "127.8.220.3" port: 38357 } attrs { replace: true } } peers { permanent_uuid: "76d2b5e09326400a827a6c8d364cbf7b" member_type: VOTER last_known_addr { host: "127.8.220.4" port: 41399 } attrs { promote: false } } }
I20260608 13:05:51.908121 12392 raft_consensus.cc:2955] T bfcc4d907197481d99852047043de2e5 P 76d2b5e09326400a827a6c8d364cbf7b [term 2 FOLLOWER]: Committing config change with OpId 2.4: config changed from index 3 to 4, 76d2b5e09326400a827a6c8d364cbf7b (127.8.220.4) changed from NON_VOTER to VOTER. New config: { opid_index: 4 OBSOLETE_local: false peers { permanent_uuid: "cb7a6b2c5c424f04ad654369f18286c5" member_type: VOTER last_known_addr { host: "127.8.220.1" port: 41197 } } peers { permanent_uuid: "5f207f79497445868813aae055f4e2dd" member_type: VOTER last_known_addr { host: "127.8.220.2" port: 36575 } } peers { permanent_uuid: "27b776acc83f4b29a6f5e155ae0f7554" member_type: VOTER last_known_addr { host: "127.8.220.3" port: 38357 } attrs { replace: true } } peers { permanent_uuid: "76d2b5e09326400a827a6c8d364cbf7b" member_type: VOTER last_known_addr { host: "127.8.220.4" port: 41399 } attrs { promote: false } } }
I20260608 13:05:51.912918 11976 catalog_manager.cc:5696] T bfcc4d907197481d99852047043de2e5 P 5f207f79497445868813aae055f4e2dd reported cstate change: config changed from index 3 to 4, 76d2b5e09326400a827a6c8d364cbf7b (127.8.220.4) changed from NON_VOTER to VOTER. New cstate: current_term: 2 leader_uuid: "5f207f79497445868813aae055f4e2dd" committed_config { opid_index: 4 OBSOLETE_local: false peers { permanent_uuid: "cb7a6b2c5c424f04ad654369f18286c5" member_type: VOTER last_known_addr { host: "127.8.220.1" port: 41197 } health_report { overall_health: HEALTHY } } peers { permanent_uuid: "5f207f79497445868813aae055f4e2dd" member_type: VOTER last_known_addr { host: "127.8.220.2" port: 36575 } health_report { overall_health: HEALTHY } } peers { permanent_uuid: "27b776acc83f4b29a6f5e155ae0f7554" member_type: VOTER last_known_addr { host: "127.8.220.3" port: 38357 } attrs { replace: true } health_report { overall_health: HEALTHY } } peers { permanent_uuid: "76d2b5e09326400a827a6c8d364cbf7b" member_type: VOTER last_known_addr { host: "127.8.220.4" port: 41399 } attrs { promote: false } health_report { overall_health: HEALTHY } } }
I20260608 13:05:51.934652 12151 consensus_queue.cc:237] T bfcc4d907197481d99852047043de2e5 P 5f207f79497445868813aae055f4e2dd [LEADER]: Queue going to LEADER mode. State: All replicated index: 0, Majority replicated index: 4, Committed index: 4, Last appended: 2.4, Last appended by leader: 1, Current term: 2, Majority size: 2, State: 0, Mode: LEADER, active raft config: opid_index: 5 OBSOLETE_local: false peers { permanent_uuid: "cb7a6b2c5c424f04ad654369f18286c5" member_type: VOTER last_known_addr { host: "127.8.220.1" port: 41197 } } peers { permanent_uuid: "5f207f79497445868813aae055f4e2dd" member_type: VOTER last_known_addr { host: "127.8.220.2" port: 36575 } } peers { permanent_uuid: "76d2b5e09326400a827a6c8d364cbf7b" member_type: VOTER last_known_addr { host: "127.8.220.4" port: 41399 } attrs { promote: false } }
I20260608 13:05:51.941185 12392 raft_consensus.cc:1275] T bfcc4d907197481d99852047043de2e5 P 76d2b5e09326400a827a6c8d364cbf7b [term 2 FOLLOWER]: Refusing update from remote peer 5f207f79497445868813aae055f4e2dd: Log matching property violated. Preceding OpId in replica: term: 2 index: 4. Preceding OpId from leader: term: 2 index: 5. (index mismatch)
I20260608 13:05:51.941409 12076 raft_consensus.cc:1275] T bfcc4d907197481d99852047043de2e5 P cb7a6b2c5c424f04ad654369f18286c5 [term 2 FOLLOWER]: Refusing update from remote peer 5f207f79497445868813aae055f4e2dd: Log matching property violated. Preceding OpId in replica: term: 2 index: 4. Preceding OpId from leader: term: 2 index: 5. (index mismatch)
I20260608 13:05:51.942958 12636 consensus_queue.cc:1048] T bfcc4d907197481d99852047043de2e5 P 5f207f79497445868813aae055f4e2dd [LEADER]: Connected to new peer: Peer: permanent_uuid: "cb7a6b2c5c424f04ad654369f18286c5" member_type: VOTER last_known_addr { host: "127.8.220.1" port: 41197 }, Status: LMP_MISMATCH, Last received: 0.0, Next index: 5, Last known committed idx: 4, Time since last communication: 0.000s
I20260608 13:05:51.944016 12544 consensus_queue.cc:1048] T bfcc4d907197481d99852047043de2e5 P 5f207f79497445868813aae055f4e2dd [LEADER]: Connected to new peer: Peer: permanent_uuid: "76d2b5e09326400a827a6c8d364cbf7b" member_type: VOTER last_known_addr { host: "127.8.220.4" port: 41399 } attrs { promote: false }, Status: LMP_MISMATCH, Last received: 0.0, Next index: 5, Last known committed idx: 4, Time since last communication: 0.000s
I20260608 13:05:51.951982 12565 raft_consensus.cc:2955] T bfcc4d907197481d99852047043de2e5 P 5f207f79497445868813aae055f4e2dd [term 2 LEADER]: Committing config change with OpId 2.5: config changed from index 4 to 5, VOTER 27b776acc83f4b29a6f5e155ae0f7554 (127.8.220.3) evicted. New config: { opid_index: 5 OBSOLETE_local: false peers { permanent_uuid: "cb7a6b2c5c424f04ad654369f18286c5" member_type: VOTER last_known_addr { host: "127.8.220.1" port: 41197 } } peers { permanent_uuid: "5f207f79497445868813aae055f4e2dd" member_type: VOTER last_known_addr { host: "127.8.220.2" port: 36575 } } peers { permanent_uuid: "76d2b5e09326400a827a6c8d364cbf7b" member_type: VOTER last_known_addr { host: "127.8.220.4" port: 41399 } attrs { promote: false } } }
