I20260608 13:05:45.090783 11940 data_dirs.cc:400] Could only allocate 1 dirs of requested 3 for tablet 16691019f9a54beea886a7d3c658245d. 1 dirs total, 0 dirs full, 0 dirs failed
I20260608 13:05:45.096675 11864 tablet_service.cc:1511] Processing CreateTablet for tablet 202a3c77859e44c6aa60f30df424b386 (DEFAULT_TABLE table=range_aware_rebalance_new_range [id=d5fcadbdc61648dfb8befd2a8fd84ab5]), partition=HASH (key) PARTITION 7, RANGE (key) PARTITION 10 <= VALUES < 20
I20260608 13:05:45.098793 11864 data_dirs.cc:400] Could only allocate 1 dirs of requested 3 for tablet 202a3c77859e44c6aa60f30df424b386. 1 dirs total, 0 dirs full, 0 dirs failed
I20260608 13:05:45.105036 12181 tablet_service.cc:1511] Processing CreateTablet for tablet 202a3c77859e44c6aa60f30df424b386 (DEFAULT_TABLE table=range_aware_rebalance_new_range [id=d5fcadbdc61648dfb8befd2a8fd84ab5]), partition=HASH (key) PARTITION 7, RANGE (key) PARTITION 10 <= VALUES < 20
I20260608 13:05:45.139364 12240 tablet_bootstrap.cc:492] T 8f826e4843c4417f97f4c4b729e6ef53 P 9556443cffa049109ab5003405eab552: Bootstrap starting.
I20260608 13:05:45.140900 12007 tablet_service.cc:1511] Processing CreateTablet for tablet 202a3c77859e44c6aa60f30df424b386 (DEFAULT_TABLE table=range_aware_rebalance_new_range [id=d5fcadbdc61648dfb8befd2a8fd84ab5]), partition=HASH (key) PARTITION 7, RANGE (key) PARTITION 10 <= VALUES < 20
I20260608 13:05:45.159268 12007 data_dirs.cc:400] Could only allocate 1 dirs of requested 3 for tablet 202a3c77859e44c6aa60f30df424b386. 1 dirs total, 0 dirs full, 0 dirs failed
I20260608 13:05:45.154112 12239 tablet_bootstrap.cc:492] T 4a8a0f89ad6d4d3c8700a50d918983b7 P bcb0ef23025a4244ae6d05b288bdb500: Bootstrap starting.
I20260608 13:05:45.125089 12186 data_dirs.cc:400] Could only allocate 1 dirs of requested 3 for tablet 16691019f9a54beea886a7d3c658245d. 1 dirs total, 0 dirs full, 0 dirs failed
I20260608 13:05:45.168733 12181 data_dirs.cc:400] Could only allocate 1 dirs of requested 3 for tablet 202a3c77859e44c6aa60f30df424b386. 1 dirs total, 0 dirs full, 0 dirs failed
I20260608 13:05:45.169310 12238 tablet_bootstrap.cc:654] T 120fab0c61274b69ac0cb0b4b7a89b14 P 7db3f77d520247d0bf093be282847d76: Neither blocks nor log segments found. Creating new log.
I20260608 13:05:45.166100 12240 tablet_bootstrap.cc:654] T 8f826e4843c4417f97f4c4b729e6ef53 P 9556443cffa049109ab5003405eab552: Neither blocks nor log segments found. Creating new log.
I20260608 13:05:45.179540 12241 tablet_bootstrap.cc:492] T 5a6db69f4b584838aa14fabcb6ac8d26 P 58433bff67b7476883f97f806d4fe93c: Bootstrap starting.
I20260608 13:05:45.206194 12238 tablet_bootstrap.cc:492] T 120fab0c61274b69ac0cb0b4b7a89b14 P 7db3f77d520247d0bf093be282847d76: No bootstrap required, opened a new log
I20260608 13:05:45.206830 12238 ts_tablet_manager.cc:1403] T 120fab0c61274b69ac0cb0b4b7a89b14 P 7db3f77d520247d0bf093be282847d76: Time spent bootstrapping tablet: real 0.158s	user 0.015s	sys 0.000s
I20260608 13:05:45.217250 12238 raft_consensus.cc:359] T 120fab0c61274b69ac0cb0b4b7a89b14 P 7db3f77d520247d0bf093be282847d76 [term 0 FOLLOWER]: Replica starting. Triggering 0 pending ops. Active config: opid_index: -1 OBSOLETE_local: false peers { permanent_uuid: "7db3f77d520247d0bf093be282847d76" member_type: VOTER last_known_addr { host: "127.8.168.68" port: 36311 } } peers { permanent_uuid: "58433bff67b7476883f97f806d4fe93c" member_type: VOTER last_known_addr { host: "127.8.168.67" port: 39147 } } peers { permanent_uuid: "9556443cffa049109ab5003405eab552" member_type: VOTER last_known_addr { host: "127.8.168.65" port: 35643 } }
I20260608 13:05:45.217984 12238 raft_consensus.cc:385] T 120fab0c61274b69ac0cb0b4b7a89b14 P 7db3f77d520247d0bf093be282847d76 [term 0 FOLLOWER]: Consensus starting up: Expiring failure detector timer to make a prompt election more likely
I20260608 13:05:45.218359 12238 raft_consensus.cc:740] T 120fab0c61274b69ac0cb0b4b7a89b14 P 7db3f77d520247d0bf093be282847d76 [term 0 FOLLOWER]: Becoming Follower/Learner. State: Replica: 7db3f77d520247d0bf093be282847d76, State: Initialized, Role: FOLLOWER
I20260608 13:05:45.218878 12239 tablet_bootstrap.cc:654] T 4a8a0f89ad6d4d3c8700a50d918983b7 P bcb0ef23025a4244ae6d05b288bdb500: Neither blocks nor log segments found. Creating new log.
I20260608 13:05:45.219553 12238 consensus_queue.cc:260] T 120fab0c61274b69ac0cb0b4b7a89b14 P 7db3f77d520247d0bf093be282847d76 [NON_LEADER]: Queue going to NON_LEADER mode. State: All replicated index: 0, Majority replicated index: 0, Committed index: 0, Last appended: 0.0, Last appended by leader: 0, Current term: 0, Majority size: -1, State: 0, Mode: NON_LEADER, active raft config: opid_index: -1 OBSOLETE_local: false peers { permanent_uuid: "7db3f77d520247d0bf093be282847d76" member_type: VOTER last_known_addr { host: "127.8.168.68" port: 36311 } } peers { permanent_uuid: "58433bff67b7476883f97f806d4fe93c" member_type: VOTER last_known_addr { host: "127.8.168.67" port: 39147 } } peers { permanent_uuid: "9556443cffa049109ab5003405eab552" member_type: VOTER last_known_addr { host: "127.8.168.65" port: 35643 } }
I20260608 13:05:45.224633 12241 tablet_bootstrap.cc:654] T 5a6db69f4b584838aa14fabcb6ac8d26 P 58433bff67b7476883f97f806d4fe93c: Neither blocks nor log segments found. Creating new log.
I20260608 13:05:45.233352 12239 tablet_bootstrap.cc:492] T 4a8a0f89ad6d4d3c8700a50d918983b7 P bcb0ef23025a4244ae6d05b288bdb500: No bootstrap required, opened a new log
I20260608 13:05:45.234126 12239 ts_tablet_manager.cc:1403] T 4a8a0f89ad6d4d3c8700a50d918983b7 P bcb0ef23025a4244ae6d05b288bdb500: Time spent bootstrapping tablet: real 0.110s	user 0.018s	sys 0.005s
I20260608 13:05:45.235632 12240 tablet_bootstrap.cc:492] T 8f826e4843c4417f97f4c4b729e6ef53 P 9556443cffa049109ab5003405eab552: No bootstrap required, opened a new log
I20260608 13:05:45.236269 12240 ts_tablet_manager.cc:1403] T 8f826e4843c4417f97f4c4b729e6ef53 P 9556443cffa049109ab5003405eab552: Time spent bootstrapping tablet: real 0.099s	user 0.011s	sys 0.013s
I20260608 13:05:45.238113 12239 raft_consensus.cc:359] T 4a8a0f89ad6d4d3c8700a50d918983b7 P bcb0ef23025a4244ae6d05b288bdb500 [term 0 FOLLOWER]: Replica starting. Triggering 0 pending ops. Active config: opid_index: -1 OBSOLETE_local: false peers { permanent_uuid: "7db3f77d520247d0bf093be282847d76" member_type: VOTER last_known_addr { host: "127.8.168.68" port: 36311 } } peers { permanent_uuid: "bcb0ef23025a4244ae6d05b288bdb500" member_type: VOTER last_known_addr { host: "127.8.168.66" port: 42813 } } peers { permanent_uuid: "58433bff67b7476883f97f806d4fe93c" member_type: VOTER last_known_addr { host: "127.8.168.67" port: 39147 } }
I20260608 13:05:45.239003 12239 raft_consensus.cc:385] T 4a8a0f89ad6d4d3c8700a50d918983b7 P bcb0ef23025a4244ae6d05b288bdb500 [term 0 FOLLOWER]: Consensus starting up: Expiring failure detector timer to make a prompt election more likely
I20260608 13:05:45.239482 12239 raft_consensus.cc:740] T 4a8a0f89ad6d4d3c8700a50d918983b7 P bcb0ef23025a4244ae6d05b288bdb500 [term 0 FOLLOWER]: Becoming Follower/Learner. State: Replica: bcb0ef23025a4244ae6d05b288bdb500, State: Initialized, Role: FOLLOWER
I20260608 13:05:45.239745 12240 raft_consensus.cc:359] T 8f826e4843c4417f97f4c4b729e6ef53 P 9556443cffa049109ab5003405eab552 [term 0 FOLLOWER]: Replica starting. Triggering 0 pending ops. Active config: opid_index: -1 OBSOLETE_local: false peers { permanent_uuid: "58433bff67b7476883f97f806d4fe93c" member_type: VOTER last_known_addr { host: "127.8.168.67" port: 39147 } } peers { permanent_uuid: "7db3f77d520247d0bf093be282847d76" member_type: VOTER last_known_addr { host: "127.8.168.68" port: 36311 } } peers { permanent_uuid: "9556443cffa049109ab5003405eab552" member_type: VOTER last_known_addr { host: "127.8.168.65" port: 35643 } }
I20260608 13:05:45.240492 12240 raft_consensus.cc:385] T 8f826e4843c4417f97f4c4b729e6ef53 P 9556443cffa049109ab5003405eab552 [term 0 FOLLOWER]: Consensus starting up: Expiring failure detector timer to make a prompt election more likely
I20260608 13:05:45.240700 12239 consensus_queue.cc:260] T 4a8a0f89ad6d4d3c8700a50d918983b7 P bcb0ef23025a4244ae6d05b288bdb500 [NON_LEADER]: Queue going to NON_LEADER mode. State: All replicated index: 0, Majority replicated index: 0, Committed index: 0, Last appended: 0.0, Last appended by leader: 0, Current term: 0, Majority size: -1, State: 0, Mode: NON_LEADER, active raft config: opid_index: -1 OBSOLETE_local: false peers { permanent_uuid: "7db3f77d520247d0bf093be282847d76" member_type: VOTER last_known_addr { host: "127.8.168.68" port: 36311 } } peers { permanent_uuid: "bcb0ef23025a4244ae6d05b288bdb500" member_type: VOTER last_known_addr { host: "127.8.168.66" port: 42813 } } peers { permanent_uuid: "58433bff67b7476883f97f806d4fe93c" member_type: VOTER last_known_addr { host: "127.8.168.67" port: 39147 } }
I20260608 13:05:45.241997 12240 raft_consensus.cc:740] T 8f826e4843c4417f97f4c4b729e6ef53 P 9556443cffa049109ab5003405eab552 [term 0 FOLLOWER]: Becoming Follower/Learner. State: Replica: 9556443cffa049109ab5003405eab552, State: Initialized, Role: FOLLOWER
I20260608 13:05:45.242197 12222 heartbeater.cc:499] Master 127.8.168.126:46655 was elected leader, sending a full tablet report...
I20260608 13:05:45.242995 12240 consensus_queue.cc:260] T 8f826e4843c4417f97f4c4b729e6ef53 P 9556443cffa049109ab5003405eab552 [NON_LEADER]: Queue going to NON_LEADER mode. State: All replicated index: 0, Majority replicated index: 0, Committed index: 0, Last appended: 0.0, Last appended by leader: 0, Current term: 0, Majority size: -1, State: 0, Mode: NON_LEADER, active raft config: opid_index: -1 OBSOLETE_local: false peers { permanent_uuid: "58433bff67b7476883f97f806d4fe93c" member_type: VOTER last_known_addr { host: "127.8.168.67" port: 39147 } } peers { permanent_uuid: "7db3f77d520247d0bf093be282847d76" member_type: VOTER last_known_addr { host: "127.8.168.68" port: 36311 } } peers { permanent_uuid: "9556443cffa049109ab5003405eab552" member_type: VOTER last_known_addr { host: "127.8.168.65" port: 35643 } }
I20260608 13:05:45.249178 12238 ts_tablet_manager.cc:1434] T 120fab0c61274b69ac0cb0b4b7a89b14 P 7db3f77d520247d0bf093be282847d76: Time spent starting tablet: real 0.042s	user 0.017s	sys 0.012s
I20260608 13:05:45.250454 12240 ts_tablet_manager.cc:1434] T 8f826e4843c4417f97f4c4b729e6ef53 P 9556443cffa049109ab5003405eab552: Time spent starting tablet: real 0.014s	user 0.004s	sys 0.003s
I20260608 13:05:45.250772 12238 tablet_bootstrap.cc:492] T 4a8a0f89ad6d4d3c8700a50d918983b7 P 7db3f77d520247d0bf093be282847d76: Bootstrap starting.
I20260608 13:05:45.257652 12240 tablet_bootstrap.cc:492] T 120fab0c61274b69ac0cb0b4b7a89b14 P 9556443cffa049109ab5003405eab552: Bootstrap starting.
I20260608 13:05:45.260476 12238 tablet_bootstrap.cc:654] T 4a8a0f89ad6d4d3c8700a50d918983b7 P 7db3f77d520247d0bf093be282847d76: Neither blocks nor log segments found. Creating new log.
I20260608 13:05:45.268880 12240 tablet_bootstrap.cc:654] T 120fab0c61274b69ac0cb0b4b7a89b14 P 9556443cffa049109ab5003405eab552: Neither blocks nor log segments found. Creating new log.
I20260608 13:05:45.268815 12239 ts_tablet_manager.cc:1434] T 4a8a0f89ad6d4d3c8700a50d918983b7 P bcb0ef23025a4244ae6d05b288bdb500: Time spent starting tablet: real 0.034s	user 0.007s	sys 0.000s
I20260608 13:05:45.279788 12239 tablet_bootstrap.cc:492] T 7044941f5e054ae3b1152d07318e1759 P bcb0ef23025a4244ae6d05b288bdb500: Bootstrap starting.
I20260608 13:05:45.280490 12241 tablet_bootstrap.cc:492] T 5a6db69f4b584838aa14fabcb6ac8d26 P 58433bff67b7476883f97f806d4fe93c: No bootstrap required, opened a new log
I20260608 13:05:45.281158 12241 ts_tablet_manager.cc:1403] T 5a6db69f4b584838aa14fabcb6ac8d26 P 58433bff67b7476883f97f806d4fe93c: Time spent bootstrapping tablet: real 0.102s	user 0.023s	sys 0.031s
I20260608 13:05:45.281399 12238 tablet_bootstrap.cc:492] T 4a8a0f89ad6d4d3c8700a50d918983b7 P 7db3f77d520247d0bf093be282847d76: No bootstrap required, opened a new log
I20260608 13:05:45.282706 12238 ts_tablet_manager.cc:1403] T 4a8a0f89ad6d4d3c8700a50d918983b7 P 7db3f77d520247d0bf093be282847d76: Time spent bootstrapping tablet: real 0.032s	user 0.020s	sys 0.000s
I20260608 13:05:45.285044 12241 raft_consensus.cc:359] T 5a6db69f4b584838aa14fabcb6ac8d26 P 58433bff67b7476883f97f806d4fe93c [term 0 FOLLOWER]: Replica starting. Triggering 0 pending ops. Active config: opid_index: -1 OBSOLETE_local: false peers { permanent_uuid: "58433bff67b7476883f97f806d4fe93c" member_type: VOTER last_known_addr { host: "127.8.168.67" port: 39147 } } peers { permanent_uuid: "7db3f77d520247d0bf093be282847d76" member_type: VOTER last_known_addr { host: "127.8.168.68" port: 36311 } } peers { permanent_uuid: "bcb0ef23025a4244ae6d05b288bdb500" member_type: VOTER last_known_addr { host: "127.8.168.66" port: 42813 } }
I20260608 13:05:45.286855 12238 raft_consensus.cc:359] T 4a8a0f89ad6d4d3c8700a50d918983b7 P 7db3f77d520247d0bf093be282847d76 [term 0 FOLLOWER]: Replica starting. Triggering 0 pending ops. Active config: opid_index: -1 OBSOLETE_local: false peers { permanent_uuid: "7db3f77d520247d0bf093be282847d76" member_type: VOTER last_known_addr { host: "127.8.168.68" port: 36311 } } peers { permanent_uuid: "bcb0ef23025a4244ae6d05b288bdb500" member_type: VOTER last_known_addr { host: "127.8.168.66" port: 42813 } } peers { permanent_uuid: "58433bff67b7476883f97f806d4fe93c" member_type: VOTER last_known_addr { host: "127.8.168.67" port: 39147 } }
I20260608 13:05:45.287498 12241 raft_consensus.cc:385] T 5a6db69f4b584838aa14fabcb6ac8d26 P 58433bff67b7476883f97f806d4fe93c [term 0 FOLLOWER]: Consensus starting up: Expiring failure detector timer to make a prompt election more likely
I20260608 13:05:45.289312 12240 tablet_bootstrap.cc:492] T 120fab0c61274b69ac0cb0b4b7a89b14 P 9556443cffa049109ab5003405eab552: No bootstrap required, opened a new log
I20260608 13:05:45.290781 12239 tablet_bootstrap.cc:654] T 7044941f5e054ae3b1152d07318e1759 P bcb0ef23025a4244ae6d05b288bdb500: Neither blocks nor log segments found. Creating new log.
I20260608 13:05:45.291846 12238 raft_consensus.cc:385] T 4a8a0f89ad6d4d3c8700a50d918983b7 P 7db3f77d520247d0bf093be282847d76 [term 0 FOLLOWER]: Consensus starting up: Expiring failure detector timer to make a prompt election more likely
I20260608 13:05:45.291990 12241 raft_consensus.cc:740] T 5a6db69f4b584838aa14fabcb6ac8d26 P 58433bff67b7476883f97f806d4fe93c [term 0 FOLLOWER]: Becoming Follower/Learner. State: Replica: 58433bff67b7476883f97f806d4fe93c, State: Initialized, Role: FOLLOWER
I20260608 13:05:45.292364 12238 raft_consensus.cc:740] T 4a8a0f89ad6d4d3c8700a50d918983b7 P 7db3f77d520247d0bf093be282847d76 [term 0 FOLLOWER]: Becoming Follower/Learner. State: Replica: 7db3f77d520247d0bf093be282847d76, State: Initialized, Role: FOLLOWER
I20260608 13:05:45.293431 12241 consensus_queue.cc:260] T 5a6db69f4b584838aa14fabcb6ac8d26 P 58433bff67b7476883f97f806d4fe93c [NON_LEADER]: Queue going to NON_LEADER mode. State: All replicated index: 0, Majority replicated index: 0, Committed index: 0, Last appended: 0.0, Last appended by leader: 0, Current term: 0, Majority size: -1, State: 0, Mode: NON_LEADER, active raft config: opid_index: -1 OBSOLETE_local: false peers { permanent_uuid: "58433bff67b7476883f97f806d4fe93c" member_type: VOTER last_known_addr { host: "127.8.168.67" port: 39147 } } peers { permanent_uuid: "7db3f77d520247d0bf093be282847d76" member_type: VOTER last_known_addr { host: "127.8.168.68" port: 36311 } } peers { permanent_uuid: "bcb0ef23025a4244ae6d05b288bdb500" member_type: VOTER last_known_addr { host: "127.8.168.66" port: 42813 } }
I20260608 13:05:45.293562 12238 consensus_queue.cc:260] T 4a8a0f89ad6d4d3c8700a50d918983b7 P 7db3f77d520247d0bf093be282847d76 [NON_LEADER]: Queue going to NON_LEADER mode. State: All replicated index: 0, Majority replicated index: 0, Committed index: 0, Last appended: 0.0, Last appended by leader: 0, Current term: 0, Majority size: -1, State: 0, Mode: NON_LEADER, active raft config: opid_index: -1 OBSOLETE_local: false peers { permanent_uuid: "7db3f77d520247d0bf093be282847d76" member_type: VOTER last_known_addr { host: "127.8.168.68" port: 36311 } } peers { permanent_uuid: "bcb0ef23025a4244ae6d05b288bdb500" member_type: VOTER last_known_addr { host: "127.8.168.66" port: 42813 } } peers { permanent_uuid: "58433bff67b7476883f97f806d4fe93c" member_type: VOTER last_known_addr { host: "127.8.168.67" port: 39147 } }
I20260608 13:05:45.295681 12240 ts_tablet_manager.cc:1403] T 120fab0c61274b69ac0cb0b4b7a89b14 P 9556443cffa049109ab5003405eab552: Time spent bootstrapping tablet: real 0.044s	user 0.019s	sys 0.008s
I20260608 13:05:45.296573 12238 ts_tablet_manager.cc:1434] T 4a8a0f89ad6d4d3c8700a50d918983b7 P 7db3f77d520247d0bf093be282847d76: Time spent starting tablet: real 0.013s	user 0.001s	sys 0.007s
I20260608 13:05:45.297861 12238 tablet_bootstrap.cc:492] T 7044941f5e054ae3b1152d07318e1759 P 7db3f77d520247d0bf093be282847d76: Bootstrap starting.
I20260608 13:05:45.299830 12240 raft_consensus.cc:359] T 120fab0c61274b69ac0cb0b4b7a89b14 P 9556443cffa049109ab5003405eab552 [term 0 FOLLOWER]: Replica starting. Triggering 0 pending ops. Active config: opid_index: -1 OBSOLETE_local: false peers { permanent_uuid: "7db3f77d520247d0bf093be282847d76" member_type: VOTER last_known_addr { host: "127.8.168.68" port: 36311 } } peers { permanent_uuid: "58433bff67b7476883f97f806d4fe93c" member_type: VOTER last_known_addr { host: "127.8.168.67" port: 39147 } } peers { permanent_uuid: "9556443cffa049109ab5003405eab552" member_type: VOTER last_known_addr { host: "127.8.168.65" port: 35643 } }
I20260608 13:05:45.300736 11770 catalog_manager.cc:6241] T 00000000000000000000000000000000 P 76a06bdd30694721b2f257f848ac84d3: range_aware_rebalance_new_range [id=d5fcadbdc61648dfb8befd2a8fd84ab5] alter complete (version 0)
I20260608 13:05:45.305502 12241 ts_tablet_manager.cc:1434] T 5a6db69f4b584838aa14fabcb6ac8d26 P 58433bff67b7476883f97f806d4fe93c: Time spent starting tablet: real 0.024s	user 0.005s	sys 0.003s
I20260608 13:05:45.306466 12240 raft_consensus.cc:385] T 120fab0c61274b69ac0cb0b4b7a89b14 P 9556443cffa049109ab5003405eab552 [term 0 FOLLOWER]: Consensus starting up: Expiring failure detector timer to make a prompt election more likely
I20260608 13:05:45.306916 12241 tablet_bootstrap.cc:492] T 120fab0c61274b69ac0cb0b4b7a89b14 P 58433bff67b7476883f97f806d4fe93c: Bootstrap starting.
I20260608 13:05:45.306950 12240 raft_consensus.cc:740] T 120fab0c61274b69ac0cb0b4b7a89b14 P 9556443cffa049109ab5003405eab552 [term 0 FOLLOWER]: Becoming Follower/Learner. State: Replica: 9556443cffa049109ab5003405eab552, State: Initialized, Role: FOLLOWER
I20260608 13:05:45.310221 12240 consensus_queue.cc:260] T 120fab0c61274b69ac0cb0b4b7a89b14 P 9556443cffa049109ab5003405eab552 [NON_LEADER]: Queue going to NON_LEADER mode. State: All replicated index: 0, Majority replicated index: 0, Committed index: 0, Last appended: 0.0, Last appended by leader: 0, Current term: 0, Majority size: -1, State: 0, Mode: NON_LEADER, active raft config: opid_index: -1 OBSOLETE_local: false peers { permanent_uuid: "7db3f77d520247d0bf093be282847d76" member_type: VOTER last_known_addr { host: "127.8.168.68" port: 36311 } } peers { permanent_uuid: "58433bff67b7476883f97f806d4fe93c" member_type: VOTER last_known_addr { host: "127.8.168.67" port: 39147 } } peers { permanent_uuid: "9556443cffa049109ab5003405eab552" member_type: VOTER last_known_addr { host: "127.8.168.65" port: 35643 } }
I20260608 13:05:45.311092 12239 tablet_bootstrap.cc:492] T 7044941f5e054ae3b1152d07318e1759 P bcb0ef23025a4244ae6d05b288bdb500: No bootstrap required, opened a new log
I20260608 13:05:45.311792 12239 ts_tablet_manager.cc:1403] T 7044941f5e054ae3b1152d07318e1759 P bcb0ef23025a4244ae6d05b288bdb500: Time spent bootstrapping tablet: real 0.032s	user 0.014s	sys 0.000s
I20260608 13:05:45.315259 12241 tablet_bootstrap.cc:654] T 120fab0c61274b69ac0cb0b4b7a89b14 P 58433bff67b7476883f97f806d4fe93c: Neither blocks nor log segments found. Creating new log.
I20260608 13:05:45.306913 12238 tablet_bootstrap.cc:654] T 7044941f5e054ae3b1152d07318e1759 P 7db3f77d520247d0bf093be282847d76: Neither blocks nor log segments found. Creating new log.
I20260608 13:05:45.318333 12240 ts_tablet_manager.cc:1434] T 120fab0c61274b69ac0cb0b4b7a89b14 P 9556443cffa049109ab5003405eab552: Time spent starting tablet: real 0.022s	user 0.008s	sys 0.000s
I20260608 13:05:45.318841 12232 raft_consensus.cc:493] T 5a6db69f4b584838aa14fabcb6ac8d26 P 58433bff67b7476883f97f806d4fe93c [term 0 FOLLOWER]: Starting pre-election (no leader contacted us within the election timeout)
I20260608 13:05:45.315546 12239 raft_consensus.cc:359] T 7044941f5e054ae3b1152d07318e1759 P bcb0ef23025a4244ae6d05b288bdb500 [term 0 FOLLOWER]: Replica starting. Triggering 0 pending ops. Active config: opid_index: -1 OBSOLETE_local: false peers { permanent_uuid: "7db3f77d520247d0bf093be282847d76" member_type: VOTER last_known_addr { host: "127.8.168.68" port: 36311 } } peers { permanent_uuid: "bcb0ef23025a4244ae6d05b288bdb500" member_type: VOTER last_known_addr { host: "127.8.168.66" port: 42813 } } peers { permanent_uuid: "9556443cffa049109ab5003405eab552" member_type: VOTER last_known_addr { host: "127.8.168.65" port: 35643 } }
I20260608 13:05:45.319507 12232 raft_consensus.cc:515] T 5a6db69f4b584838aa14fabcb6ac8d26 P 58433bff67b7476883f97f806d4fe93c [term 0 FOLLOWER]: Starting pre-election with config: opid_index: -1 OBSOLETE_local: false peers { permanent_uuid: "58433bff67b7476883f97f806d4fe93c" member_type: VOTER last_known_addr { host: "127.8.168.67" port: 39147 } } peers { permanent_uuid: "7db3f77d520247d0bf093be282847d76" member_type: VOTER last_known_addr { host: "127.8.168.68" port: 36311 } } peers { permanent_uuid: "bcb0ef23025a4244ae6d05b288bdb500" member_type: VOTER last_known_addr { host: "127.8.168.66" port: 42813 } }
I20260608 13:05:45.319721 12240 tablet_bootstrap.cc:492] T 7044941f5e054ae3b1152d07318e1759 P 9556443cffa049109ab5003405eab552: Bootstrap starting.
I20260608 13:05:45.320468 12239 raft_consensus.cc:385] T 7044941f5e054ae3b1152d07318e1759 P bcb0ef23025a4244ae6d05b288bdb500 [term 0 FOLLOWER]: Consensus starting up: Expiring failure detector timer to make a prompt election more likely
I20260608 13:05:45.320828 12239 raft_consensus.cc:740] T 7044941f5e054ae3b1152d07318e1759 P bcb0ef23025a4244ae6d05b288bdb500 [term 0 FOLLOWER]: Becoming Follower/Learner. State: Replica: bcb0ef23025a4244ae6d05b288bdb500, State: Initialized, Role: FOLLOWER
I20260608 13:05:45.321763 12239 consensus_queue.cc:260] T 7044941f5e054ae3b1152d07318e1759 P bcb0ef23025a4244ae6d05b288bdb500 [NON_LEADER]: Queue going to NON_LEADER mode. State: All replicated index: 0, Majority replicated index: 0, Committed index: 0, Last appended: 0.0, Last appended by leader: 0, Current term: 0, Majority size: -1, State: 0, Mode: NON_LEADER, active raft config: opid_index: -1 OBSOLETE_local: false peers { permanent_uuid: "7db3f77d520247d0bf093be282847d76" member_type: VOTER last_known_addr { host: "127.8.168.68" port: 36311 } } peers { permanent_uuid: "bcb0ef23025a4244ae6d05b288bdb500" member_type: VOTER last_known_addr { host: "127.8.168.66" port: 42813 } } peers { permanent_uuid: "9556443cffa049109ab5003405eab552" member_type: VOTER last_known_addr { host: "127.8.168.65" port: 35643 } }
I20260608 13:05:45.326012 12239 ts_tablet_manager.cc:1434] T 7044941f5e054ae3b1152d07318e1759 P bcb0ef23025a4244ae6d05b288bdb500: Time spent starting tablet: real 0.014s	user 0.001s	sys 0.007s
I20260608 13:05:45.327282 12239 tablet_bootstrap.cc:492] T ac69fc364dc2455bb7aab682c89c375c P bcb0ef23025a4244ae6d05b288bdb500: Bootstrap starting.
I20260608 13:05:45.338308 12239 tablet_bootstrap.cc:654] T ac69fc364dc2455bb7aab682c89c375c P bcb0ef23025a4244ae6d05b288bdb500: Neither blocks nor log segments found. Creating new log.
I20260608 13:05:45.339299 12240 tablet_bootstrap.cc:654] T 7044941f5e054ae3b1152d07318e1759 P 9556443cffa049109ab5003405eab552: Neither blocks nor log segments found. Creating new log.
I20260608 13:05:45.348560 12240 tablet_bootstrap.cc:492] T 7044941f5e054ae3b1152d07318e1759 P 9556443cffa049109ab5003405eab552: No bootstrap required, opened a new log
I20260608 13:05:45.349203 12240 ts_tablet_manager.cc:1403] T 7044941f5e054ae3b1152d07318e1759 P 9556443cffa049109ab5003405eab552: Time spent bootstrapping tablet: real 0.030s	user 0.008s	sys 0.007s
I20260608 13:05:45.352969 12240 raft_consensus.cc:359] T 7044941f5e054ae3b1152d07318e1759 P 9556443cffa049109ab5003405eab552 [term 0 FOLLOWER]: Replica starting. Triggering 0 pending ops. Active config: opid_index: -1 OBSOLETE_local: false peers { permanent_uuid: "7db3f77d520247d0bf093be282847d76" member_type: VOTER last_known_addr { host: "127.8.168.68" port: 36311 } } peers { permanent_uuid: "bcb0ef23025a4244ae6d05b288bdb500" member_type: VOTER last_known_addr { host: "127.8.168.66" port: 42813 } } peers { permanent_uuid: "9556443cffa049109ab5003405eab552" member_type: VOTER last_known_addr { host: "127.8.168.65" port: 35643 } }
I20260608 13:05:45.353601 12232 leader_election.cc:290] T 5a6db69f4b584838aa14fabcb6ac8d26 P 58433bff67b7476883f97f806d4fe93c [CANDIDATE]: Term 1 pre-election: Requested pre-vote from peers 7db3f77d520247d0bf093be282847d76 (127.8.168.68:36311), bcb0ef23025a4244ae6d05b288bdb500 (127.8.168.66:42813)
I20260608 13:05:45.353884 12240 raft_consensus.cc:385] T 7044941f5e054ae3b1152d07318e1759 P 9556443cffa049109ab5003405eab552 [term 0 FOLLOWER]: Consensus starting up: Expiring failure detector timer to make a prompt election more likely
I20260608 13:05:45.354231 12240 raft_consensus.cc:740] T 7044941f5e054ae3b1152d07318e1759 P 9556443cffa049109ab5003405eab552 [term 0 FOLLOWER]: Becoming Follower/Learner. State: Replica: 9556443cffa049109ab5003405eab552, State: Initialized, Role: FOLLOWER
I20260608 13:05:45.355127 12240 consensus_queue.cc:260] T 7044941f5e054ae3b1152d07318e1759 P 9556443cffa049109ab5003405eab552 [NON_LEADER]: Queue going to NON_LEADER mode. State: All replicated index: 0, Majority replicated index: 0, Committed index: 0, Last appended: 0.0, Last appended by leader: 0, Current term: 0, Majority size: -1, State: 0, Mode: NON_LEADER, active raft config: opid_index: -1 OBSOLETE_local: false peers { permanent_uuid: "7db3f77d520247d0bf093be282847d76" member_type: VOTER last_known_addr { host: "127.8.168.68" port: 36311 } } peers { permanent_uuid: "bcb0ef23025a4244ae6d05b288bdb500" member_type: VOTER last_known_addr { host: "127.8.168.66" port: 42813 } } peers { permanent_uuid: "9556443cffa049109ab5003405eab552" member_type: VOTER last_known_addr { host: "127.8.168.65" port: 35643 } }
I20260608 13:05:45.363551 12240 ts_tablet_manager.cc:1434] T 7044941f5e054ae3b1152d07318e1759 P 9556443cffa049109ab5003405eab552: Time spent starting tablet: real 0.014s	user 0.007s	sys 0.001s
I20260608 13:05:45.366307 12238 tablet_bootstrap.cc:492] T 7044941f5e054ae3b1152d07318e1759 P 7db3f77d520247d0bf093be282847d76: No bootstrap required, opened a new log
I20260608 13:05:45.366627 12241 tablet_bootstrap.cc:492] T 120fab0c61274b69ac0cb0b4b7a89b14 P 58433bff67b7476883f97f806d4fe93c: No bootstrap required, opened a new log
I20260608 13:05:45.366951 12238 ts_tablet_manager.cc:1403] T 7044941f5e054ae3b1152d07318e1759 P 7db3f77d520247d0bf093be282847d76: Time spent bootstrapping tablet: real 0.069s	user 0.029s	sys 0.010s
I20260608 13:05:45.367122 12241 ts_tablet_manager.cc:1403] T 120fab0c61274b69ac0cb0b4b7a89b14 P 58433bff67b7476883f97f806d4fe93c: Time spent bootstrapping tablet: real 0.060s	user 0.022s	sys 0.018s
I20260608 13:05:45.369957 12240 tablet_bootstrap.cc:492] T ac69fc364dc2455bb7aab682c89c375c P 9556443cffa049109ab5003405eab552: Bootstrap starting.
I20260608 13:05:45.371162 12241 raft_consensus.cc:359] T 120fab0c61274b69ac0cb0b4b7a89b14 P 58433bff67b7476883f97f806d4fe93c [term 0 FOLLOWER]: Replica starting. Triggering 0 pending ops. Active config: opid_index: -1 OBSOLETE_local: false peers { permanent_uuid: "7db3f77d520247d0bf093be282847d76" member_type: VOTER last_known_addr { host: "127.8.168.68" port: 36311 } } peers { permanent_uuid: "58433bff67b7476883f97f806d4fe93c" member_type: VOTER last_known_addr { host: "127.8.168.67" port: 39147 } } peers { permanent_uuid: "9556443cffa049109ab5003405eab552" member_type: VOTER last_known_addr { host: "127.8.168.65" port: 35643 } }
I20260608 13:05:45.374343 12241 raft_consensus.cc:385] T 120fab0c61274b69ac0cb0b4b7a89b14 P 58433bff67b7476883f97f806d4fe93c [term 0 FOLLOWER]: Consensus starting up: Expiring failure detector timer to make a prompt election more likely
I20260608 13:05:45.374670 12241 raft_consensus.cc:740] T 120fab0c61274b69ac0cb0b4b7a89b14 P 58433bff67b7476883f97f806d4fe93c [term 0 FOLLOWER]: Becoming Follower/Learner. State: Replica: 58433bff67b7476883f97f806d4fe93c, State: Initialized, Role: FOLLOWER
I20260608 13:05:45.375324 12241 consensus_queue.cc:260] T 120fab0c61274b69ac0cb0b4b7a89b14 P 58433bff67b7476883f97f806d4fe93c [NON_LEADER]: Queue going to NON_LEADER mode. State: All replicated index: 0, Majority replicated index: 0, Committed index: 0, Last appended: 0.0, Last appended by leader: 0, Current term: 0, Majority size: -1, State: 0, Mode: NON_LEADER, active raft config: opid_index: -1 OBSOLETE_local: false peers { permanent_uuid: "7db3f77d520247d0bf093be282847d76" member_type: VOTER last_known_addr { host: "127.8.168.68" port: 36311 } } peers { permanent_uuid: "58433bff67b7476883f97f806d4fe93c" member_type: VOTER last_known_addr { host: "127.8.168.67" port: 39147 } } peers { permanent_uuid: "9556443cffa049109ab5003405eab552" member_type: VOTER last_known_addr { host: "127.8.168.65" port: 35643 } }
I20260608 13:05:45.377017 12238 raft_consensus.cc:359] T 7044941f5e054ae3b1152d07318e1759 P 7db3f77d520247d0bf093be282847d76 [term 0 FOLLOWER]: Replica starting. Triggering 0 pending ops. Active config: opid_index: -1 OBSOLETE_local: false peers { permanent_uuid: "7db3f77d520247d0bf093be282847d76" member_type: VOTER last_known_addr { host: "127.8.168.68" port: 36311 } } peers { permanent_uuid: "bcb0ef23025a4244ae6d05b288bdb500" member_type: VOTER last_known_addr { host: "127.8.168.66" port: 42813 } } peers { permanent_uuid: "9556443cffa049109ab5003405eab552" member_type: VOTER last_known_addr { host: "127.8.168.65" port: 35643 } }
I20260608 13:05:45.377990 12238 raft_consensus.cc:385] T 7044941f5e054ae3b1152d07318e1759 P 7db3f77d520247d0bf093be282847d76 [term 0 FOLLOWER]: Consensus starting up: Expiring failure detector timer to make a prompt election more likely
I20260608 13:05:45.378377 12238 raft_consensus.cc:740] T 7044941f5e054ae3b1152d07318e1759 P 7db3f77d520247d0bf093be282847d76 [term 0 FOLLOWER]: Becoming Follower/Learner. State: Replica: 7db3f77d520247d0bf093be282847d76, State: Initialized, Role: FOLLOWER
I20260608 13:05:45.379501 12238 consensus_queue.cc:260] T 7044941f5e054ae3b1152d07318e1759 P 7db3f77d520247d0bf093be282847d76 [NON_LEADER]: Queue going to NON_LEADER mode. State: All replicated index: 0, Majority replicated index: 0, Committed index: 0, Last appended: 0.0, Last appended by leader: 0, Current term: 0, Majority size: -1, State: 0, Mode: NON_LEADER, active raft config: opid_index: -1 OBSOLETE_local: false peers { permanent_uuid: "7db3f77d520247d0bf093be282847d76" member_type: VOTER last_known_addr { host: "127.8.168.68" port: 36311 } } peers { permanent_uuid: "bcb0ef23025a4244ae6d05b288bdb500" member_type: VOTER last_known_addr { host: "127.8.168.66" port: 42813 } } peers { permanent_uuid: "9556443cffa049109ab5003405eab552" member_type: VOTER last_known_addr { host: "127.8.168.65" port: 35643 } }
I20260608 13:05:45.387452 12240 tablet_bootstrap.cc:654] T ac69fc364dc2455bb7aab682c89c375c P 9556443cffa049109ab5003405eab552: Neither blocks nor log segments found. Creating new log.
I20260608 13:05:45.389101 12241 ts_tablet_manager.cc:1434] T 120fab0c61274b69ac0cb0b4b7a89b14 P 58433bff67b7476883f97f806d4fe93c: Time spent starting tablet: real 0.022s	user 0.006s	sys 0.001s
I20260608 13:05:45.389729 12239 tablet_bootstrap.cc:492] T ac69fc364dc2455bb7aab682c89c375c P bcb0ef23025a4244ae6d05b288bdb500: No bootstrap required, opened a new log
I20260608 13:05:45.392308 12239 ts_tablet_manager.cc:1403] T ac69fc364dc2455bb7aab682c89c375c P bcb0ef23025a4244ae6d05b288bdb500: Time spent bootstrapping tablet: real 0.065s	user 0.016s	sys 0.001s
I20260608 13:05:45.394428 12241 tablet_bootstrap.cc:492] T 4a8a0f89ad6d4d3c8700a50d918983b7 P 58433bff67b7476883f97f806d4fe93c: Bootstrap starting.
I20260608 13:05:45.396380 11949 tablet_service.cc:1917] Received RequestConsensusVote() RPC: tablet_id: "5a6db69f4b584838aa14fabcb6ac8d26" candidate_uuid: "58433bff67b7476883f97f806d4fe93c" candidate_term: 1 candidate_status { last_received { term: 0 index: 0 } } ignore_live_leader: false dest_uuid: "bcb0ef23025a4244ae6d05b288bdb500" is_pre_election: true
W20260608 13:05:45.398167 11990 leader_election.cc:343] T 5a6db69f4b584838aa14fabcb6ac8d26 P 58433bff67b7476883f97f806d4fe93c [CANDIDATE]: Term 1 pre-election: Tablet error from VoteRequest() call to peer bcb0ef23025a4244ae6d05b288bdb500 (127.8.168.66:42813): Illegal state: must be running to vote when last-logged opid is not known
I20260608 13:05:45.399525 12239 raft_consensus.cc:359] T ac69fc364dc2455bb7aab682c89c375c P bcb0ef23025a4244ae6d05b288bdb500 [term 0 FOLLOWER]: Replica starting. Triggering 0 pending ops. Active config: opid_index: -1 OBSOLETE_local: false peers { permanent_uuid: "7db3f77d520247d0bf093be282847d76" member_type: VOTER last_known_addr { host: "127.8.168.68" port: 36311 } } peers { permanent_uuid: "9556443cffa049109ab5003405eab552" member_type: VOTER last_known_addr { host: "127.8.168.65" port: 35643 } } peers { permanent_uuid: "bcb0ef23025a4244ae6d05b288bdb500" member_type: VOTER last_known_addr { host: "127.8.168.66" port: 42813 } }
I20260608 13:05:45.400490 12239 raft_consensus.cc:385] T ac69fc364dc2455bb7aab682c89c375c P bcb0ef23025a4244ae6d05b288bdb500 [term 0 FOLLOWER]: Consensus starting up: Expiring failure detector timer to make a prompt election more likely
I20260608 13:05:45.400866 12239 raft_consensus.cc:740] T ac69fc364dc2455bb7aab682c89c375c P bcb0ef23025a4244ae6d05b288bdb500 [term 0 FOLLOWER]: Becoming Follower/Learner. State: Replica: bcb0ef23025a4244ae6d05b288bdb500, State: Initialized, Role: FOLLOWER
I20260608 13:05:45.401871 12239 consensus_queue.cc:260] T ac69fc364dc2455bb7aab682c89c375c P bcb0ef23025a4244ae6d05b288bdb500 [NON_LEADER]: Queue going to NON_LEADER mode. State: All replicated index: 0, Majority replicated index: 0, Committed index: 0, Last appended: 0.0, Last appended by leader: 0, Current term: 0, Majority size: -1, State: 0, Mode: NON_LEADER, active raft config: opid_index: -1 OBSOLETE_local: false peers { permanent_uuid: "7db3f77d520247d0bf093be282847d76" member_type: VOTER last_known_addr { host: "127.8.168.68" port: 36311 } } peers { permanent_uuid: "9556443cffa049109ab5003405eab552" member_type: VOTER last_known_addr { host: "127.8.168.65" port: 35643 } } peers { permanent_uuid: "bcb0ef23025a4244ae6d05b288bdb500" member_type: VOTER last_known_addr { host: "127.8.168.66" port: 42813 } }
I20260608 13:05:45.403852 11875 raft_consensus.cc:1275] T f6a5f2aa14214837ba8306502db7215e P 9556443cffa049109ab5003405eab552 [term 2 FOLLOWER]: Refusing update from remote peer bcb0ef23025a4244ae6d05b288bdb500: Log matching property violated. Preceding OpId in replica: term: 1 index: 1. Preceding OpId from leader: term: 2 index: 2. (index mismatch)
I20260608 13:05:45.406107 12241 tablet_bootstrap.cc:654] T 4a8a0f89ad6d4d3c8700a50d918983b7 P 58433bff67b7476883f97f806d4fe93c: Neither blocks nor log segments found. Creating new log.
I20260608 13:05:45.405912 12236 consensus_queue.cc:1048] T f6a5f2aa14214837ba8306502db7215e P bcb0ef23025a4244ae6d05b288bdb500 [LEADER]: Connected to new peer: Peer: permanent_uuid: "9556443cffa049109ab5003405eab552" member_type: VOTER last_known_addr { host: "127.8.168.65" port: 35643 }, Status: LMP_MISMATCH, Last received: 0.0, Next index: 2, Last known committed idx: 1, Time since last communication: 0.001s
I20260608 13:05:45.393033 12238 ts_tablet_manager.cc:1434] T 7044941f5e054ae3b1152d07318e1759 P 7db3f77d520247d0bf093be282847d76: Time spent starting tablet: real 0.026s	user 0.005s	sys 0.003s
I20260608 13:05:45.408248 12239 ts_tablet_manager.cc:1434] T ac69fc364dc2455bb7aab682c89c375c P bcb0ef23025a4244ae6d05b288bdb500: Time spent starting tablet: real 0.012s	user 0.002s	sys 0.007s
I20260608 13:05:45.408298 12073 raft_consensus.cc:493] T 120fab0c61274b69ac0cb0b4b7a89b14 P 9556443cffa049109ab5003405eab552 [term 0 FOLLOWER]: Starting pre-election (no leader contacted us within the election timeout)
I20260608 13:05:45.408797 12238 tablet_bootstrap.cc:492] T 8f826e4843c4417f97f4c4b729e6ef53 P 7db3f77d520247d0bf093be282847d76: Bootstrap starting.
I20260608 13:05:45.409668 12239 tablet_bootstrap.cc:492] T 5a6db69f4b584838aa14fabcb6ac8d26 P bcb0ef23025a4244ae6d05b288bdb500: Bootstrap starting.
I20260608 13:05:45.409288 12073 raft_consensus.cc:515] T 120fab0c61274b69ac0cb0b4b7a89b14 P 9556443cffa049109ab5003405eab552 [term 0 FOLLOWER]: Starting pre-election with config: opid_index: -1 OBSOLETE_local: false peers { permanent_uuid: "7db3f77d520247d0bf093be282847d76" member_type: VOTER last_known_addr { host: "127.8.168.68" port: 36311 } } peers { permanent_uuid: "58433bff67b7476883f97f806d4fe93c" member_type: VOTER last_known_addr { host: "127.8.168.67" port: 39147 } } peers { permanent_uuid: "9556443cffa049109ab5003405eab552" member_type: VOTER last_known_addr { host: "127.8.168.65" port: 35643 } }
I20260608 13:05:45.412333 12073 leader_election.cc:290] T 120fab0c61274b69ac0cb0b4b7a89b14 P 9556443cffa049109ab5003405eab552 [CANDIDATE]: Term 1 pre-election: Requested pre-vote from peers 7db3f77d520247d0bf093be282847d76 (127.8.168.68:36311), 58433bff67b7476883f97f806d4fe93c (127.8.168.67:39147)
W20260608 13:05:45.414139 11821 auto_rebalancer.cc:259] Could not retrieve cluster info: Service unavailable: Tablet not running
I20260608 13:05:45.417459 12240 tablet_bootstrap.cc:492] T ac69fc364dc2455bb7aab682c89c375c P 9556443cffa049109ab5003405eab552: No bootstrap required, opened a new log
I20260608 13:05:45.418200 12240 ts_tablet_manager.cc:1403] T ac69fc364dc2455bb7aab682c89c375c P 9556443cffa049109ab5003405eab552: Time spent bootstrapping tablet: real 0.049s	user 0.006s	sys 0.011s
I20260608 13:05:45.422219 12238 tablet_bootstrap.cc:654] T 8f826e4843c4417f97f4c4b729e6ef53 P 7db3f77d520247d0bf093be282847d76: Neither blocks nor log segments found. Creating new log.
I20260608 13:05:45.426250 12239 tablet_bootstrap.cc:654] T 5a6db69f4b584838aa14fabcb6ac8d26 P bcb0ef23025a4244ae6d05b288bdb500: Neither blocks nor log segments found. Creating new log.
I20260608 13:05:45.422088 12240 raft_consensus.cc:359] T ac69fc364dc2455bb7aab682c89c375c P 9556443cffa049109ab5003405eab552 [term 0 FOLLOWER]: Replica starting. Triggering 0 pending ops. Active config: opid_index: -1 OBSOLETE_local: false peers { permanent_uuid: "7db3f77d520247d0bf093be282847d76" member_type: VOTER last_known_addr { host: "127.8.168.68" port: 36311 } } peers { permanent_uuid: "9556443cffa049109ab5003405eab552" member_type: VOTER last_known_addr { host: "127.8.168.65" port: 35643 } } peers { permanent_uuid: "bcb0ef23025a4244ae6d05b288bdb500" member_type: VOTER last_known_addr { host: "127.8.168.66" port: 42813 } }
I20260608 13:05:45.433554 12240 raft_consensus.cc:385] T ac69fc364dc2455bb7aab682c89c375c P 9556443cffa049109ab5003405eab552 [term 0 FOLLOWER]: Consensus starting up: Expiring failure detector timer to make a prompt election more likely
I20260608 13:05:45.434162 12240 raft_consensus.cc:740] T ac69fc364dc2455bb7aab682c89c375c P 9556443cffa049109ab5003405eab552 [term 0 FOLLOWER]: Becoming Follower/Learner. State: Replica: 9556443cffa049109ab5003405eab552, State: Initialized, Role: FOLLOWER
I20260608 13:05:45.435377 12240 consensus_queue.cc:260] T ac69fc364dc2455bb7aab682c89c375c P 9556443cffa049109ab5003405eab552 [NON_LEADER]: Queue going to NON_LEADER mode. State: All replicated index: 0, Majority replicated index: 0, Committed index: 0, Last appended: 0.0, Last appended by leader: 0, Current term: 0, Majority size: -1, State: 0, Mode: NON_LEADER, active raft config: opid_index: -1 OBSOLETE_local: false peers { permanent_uuid: "7db3f77d520247d0bf093be282847d76" member_type: VOTER last_known_addr { host: "127.8.168.68" port: 36311 } } peers { permanent_uuid: "9556443cffa049109ab5003405eab552" member_type: VOTER last_known_addr { host: "127.8.168.65" port: 35643 } } peers { permanent_uuid: "bcb0ef23025a4244ae6d05b288bdb500" member_type: VOTER last_known_addr { host: "127.8.168.66" port: 42813 } }
I20260608 13:05:45.438567 12022 raft_consensus.cc:1275] T f6a5f2aa14214837ba8306502db7215e P 58433bff67b7476883f97f806d4fe93c [term 2 FOLLOWER]: Refusing update from remote peer bcb0ef23025a4244ae6d05b288bdb500: Log matching property violated. Preceding OpId in replica: term: 1 index: 1. Preceding OpId from leader: term: 2 index: 2. (index mismatch)
I20260608 13:05:45.442521 12148 consensus_queue.cc:1048] T f6a5f2aa14214837ba8306502db7215e P bcb0ef23025a4244ae6d05b288bdb500 [LEADER]: Connected to new peer: Peer: permanent_uuid: "58433bff67b7476883f97f806d4fe93c" member_type: VOTER last_known_addr { host: "127.8.168.67" port: 39147 }, Status: LMP_MISMATCH, Last received: 0.0, Next index: 2, Last known committed idx: 1, Time since last communication: 0.001s
I20260608 13:05:45.438514 12240 ts_tablet_manager.cc:1434] T ac69fc364dc2455bb7aab682c89c375c P 9556443cffa049109ab5003405eab552: Time spent starting tablet: real 0.020s	user 0.009s	sys 0.000s
I20260608 13:05:45.446682 12240 tablet_bootstrap.cc:492] T 202a3c77859e44c6aa60f30df424b386 P 9556443cffa049109ab5003405eab552: Bootstrap starting.
I20260608 13:05:45.455971 12240 tablet_bootstrap.cc:654] T 202a3c77859e44c6aa60f30df424b386 P 9556443cffa049109ab5003405eab552: Neither blocks nor log segments found. Creating new log.
I20260608 13:05:45.473169 12240 tablet_bootstrap.cc:492] T 202a3c77859e44c6aa60f30df424b386 P 9556443cffa049109ab5003405eab552: No bootstrap required, opened a new log
I20260608 13:05:45.475921 12240 ts_tablet_manager.cc:1403] T 202a3c77859e44c6aa60f30df424b386 P 9556443cffa049109ab5003405eab552: Time spent bootstrapping tablet: real 0.030s	user 0.010s	sys 0.007s
I20260608 13:05:45.480691 12073 raft_consensus.cc:493] T ac69fc364dc2455bb7aab682c89c375c P 9556443cffa049109ab5003405eab552 [term 0 FOLLOWER]: Starting pre-election (no leader contacted us within the election timeout)
I20260608 13:05:45.480981 12197 tablet_service.cc:1917] Received RequestConsensusVote() RPC: tablet_id: "5a6db69f4b584838aa14fabcb6ac8d26" candidate_uuid: "58433bff67b7476883f97f806d4fe93c" candidate_term: 1 candidate_status { last_received { term: 0 index: 0 } } ignore_live_leader: false dest_uuid: "7db3f77d520247d0bf093be282847d76" is_pre_election: true
I20260608 13:05:45.481485 12073 raft_consensus.cc:515] T ac69fc364dc2455bb7aab682c89c375c P 9556443cffa049109ab5003405eab552 [term 0 FOLLOWER]: Starting pre-election with config: opid_index: -1 OBSOLETE_local: false peers { permanent_uuid: "7db3f77d520247d0bf093be282847d76" member_type: VOTER last_known_addr { host: "127.8.168.68" port: 36311 } } peers { permanent_uuid: "9556443cffa049109ab5003405eab552" member_type: VOTER last_known_addr { host: "127.8.168.65" port: 35643 } } peers { permanent_uuid: "bcb0ef23025a4244ae6d05b288bdb500" member_type: VOTER last_known_addr { host: "127.8.168.66" port: 42813 } }
I20260608 13:05:45.481630 12240 raft_consensus.cc:359] T 202a3c77859e44c6aa60f30df424b386 P 9556443cffa049109ab5003405eab552 [term 0 FOLLOWER]: Replica starting. Triggering 0 pending ops. Active config: opid_index: -1 OBSOLETE_local: false peers { permanent_uuid: "9556443cffa049109ab5003405eab552" member_type: VOTER last_known_addr { host: "127.8.168.65" port: 35643 } } peers { permanent_uuid: "7db3f77d520247d0bf093be282847d76" member_type: VOTER last_known_addr { host: "127.8.168.68" port: 36311 } } peers { permanent_uuid: "58433bff67b7476883f97f806d4fe93c" member_type: VOTER last_known_addr { host: "127.8.168.67" port: 39147 } }
I20260608 13:05:45.482455 12240 raft_consensus.cc:385] T 202a3c77859e44c6aa60f30df424b386 P 9556443cffa049109ab5003405eab552 [term 0 FOLLOWER]: Consensus starting up: Expiring failure detector timer to make a prompt election more likely
W20260608 13:05:45.483160 11990 leader_election.cc:343] T 5a6db69f4b584838aa14fabcb6ac8d26 P 58433bff67b7476883f97f806d4fe93c [CANDIDATE]: Term 1 pre-election: Tablet error from VoteRequest() call to peer 7db3f77d520247d0bf093be282847d76 (127.8.168.68:36311): Illegal state: must be running to vote when last-logged opid is not known
I20260608 13:05:45.484094 12073 leader_election.cc:290] T ac69fc364dc2455bb7aab682c89c375c P 9556443cffa049109ab5003405eab552 [CANDIDATE]: Term 1 pre-election: Requested pre-vote from peers 7db3f77d520247d0bf093be282847d76 (127.8.168.68:36311), bcb0ef23025a4244ae6d05b288bdb500 (127.8.168.66:42813)
I20260608 13:05:45.488010 11990 leader_election.cc:304] T 5a6db69f4b584838aa14fabcb6ac8d26 P 58433bff67b7476883f97f806d4fe93c [CANDIDATE]: Term 1 pre-election: Election decided. Result: candidate lost. Election summary: received 3 responses out of 3 voters: 1 yes votes; 2 no votes. yes voters: 58433bff67b7476883f97f806d4fe93c; no voters: 7db3f77d520247d0bf093be282847d76, bcb0ef23025a4244ae6d05b288bdb500
I20260608 13:05:45.488051 12240 raft_consensus.cc:740] T 202a3c77859e44c6aa60f30df424b386 P 9556443cffa049109ab5003405eab552 [term 0 FOLLOWER]: Becoming Follower/Learner. State: Replica: 9556443cffa049109ab5003405eab552, State: Initialized, Role: FOLLOWER
I20260608 13:05:45.489066 12112 raft_consensus.cc:2749] T 5a6db69f4b584838aa14fabcb6ac8d26 P 58433bff67b7476883f97f806d4fe93c [term 0 FOLLOWER]: Leader pre-election lost for term 1. Reason: could not achieve majority
I20260608 13:05:45.491094 12240 consensus_queue.cc:260] T 202a3c77859e44c6aa60f30df424b386 P 9556443cffa049109ab5003405eab552 [NON_LEADER]: Queue going to NON_LEADER mode. State: All replicated index: 0, Majority replicated index: 0, Committed index: 0, Last appended: 0.0, Last appended by leader: 0, Current term: 0, Majority size: -1, State: 0, Mode: NON_LEADER, active raft config: opid_index: -1 OBSOLETE_local: false peers { permanent_uuid: "9556443cffa049109ab5003405eab552" member_type: VOTER last_known_addr { host: "127.8.168.65" port: 35643 } } peers { permanent_uuid: "7db3f77d520247d0bf093be282847d76" member_type: VOTER last_known_addr { host: "127.8.168.68" port: 36311 } } peers { permanent_uuid: "58433bff67b7476883f97f806d4fe93c" member_type: VOTER last_known_addr { host: "127.8.168.67" port: 39147 } }
I20260608 13:05:45.494237 11949 tablet_service.cc:1917] Received RequestConsensusVote() RPC: tablet_id: "ac69fc364dc2455bb7aab682c89c375c" candidate_uuid: "9556443cffa049109ab5003405eab552" candidate_term: 1 candidate_status { last_received { term: 0 index: 0 } } ignore_live_leader: false dest_uuid: "bcb0ef23025a4244ae6d05b288bdb500" is_pre_election: true
I20260608 13:05:45.495060 11949 raft_consensus.cc:2468] T ac69fc364dc2455bb7aab682c89c375c P bcb0ef23025a4244ae6d05b288bdb500 [term 0 FOLLOWER]: Leader pre-election vote request: Granting yes vote for candidate 9556443cffa049109ab5003405eab552 in term 0.
I20260608 13:05:45.495885 12147 raft_consensus.cc:493] T 7044941f5e054ae3b1152d07318e1759 P bcb0ef23025a4244ae6d05b288bdb500 [term 0 FOLLOWER]: Starting pre-election (no leader contacted us within the election timeout)
I20260608 13:05:45.496505 12147 raft_consensus.cc:515] T 7044941f5e054ae3b1152d07318e1759 P bcb0ef23025a4244ae6d05b288bdb500 [term 0 FOLLOWER]: Starting pre-election with config: opid_index: -1 OBSOLETE_local: false peers { permanent_uuid: "7db3f77d520247d0bf093be282847d76" member_type: VOTER last_known_addr { host: "127.8.168.68" port: 36311 } } peers { permanent_uuid: "bcb0ef23025a4244ae6d05b288bdb500" member_type: VOTER last_known_addr { host: "127.8.168.66" port: 42813 } } peers { permanent_uuid: "9556443cffa049109ab5003405eab552" member_type: VOTER last_known_addr { host: "127.8.168.65" port: 35643 } }
I20260608 13:05:45.497829 11841 leader_election.cc:304] T ac69fc364dc2455bb7aab682c89c375c P 9556443cffa049109ab5003405eab552 [CANDIDATE]: Term 1 pre-election: Election decided. Result: candidate won. Election summary: received 2 responses out of 3 voters: 2 yes votes; 0 no votes. yes voters: 9556443cffa049109ab5003405eab552, bcb0ef23025a4244ae6d05b288bdb500; no voters: 
I20260608 13:05:45.499384 12150 raft_consensus.cc:2804] T ac69fc364dc2455bb7aab682c89c375c P 9556443cffa049109ab5003405eab552 [term 0 FOLLOWER]: Leader pre-election won for term 1
I20260608 13:05:45.499866 12150 raft_consensus.cc:493] T ac69fc364dc2455bb7aab682c89c375c P 9556443cffa049109ab5003405eab552 [term 0 FOLLOWER]: Starting leader election (no leader contacted us within the election timeout)
I20260608 13:05:45.500224 12150 raft_consensus.cc:3060] T ac69fc364dc2455bb7aab682c89c375c P 9556443cffa049109ab5003405eab552 [term 0 FOLLOWER]: Advancing to term 1
I20260608 13:05:45.513505 12238 tablet_bootstrap.cc:492] T 8f826e4843c4417f97f4c4b729e6ef53 P 7db3f77d520247d0bf093be282847d76: No bootstrap required, opened a new log
I20260608 13:05:45.514418 12238 ts_tablet_manager.cc:1403] T 8f826e4843c4417f97f4c4b729e6ef53 P 7db3f77d520247d0bf093be282847d76: Time spent bootstrapping tablet: real 0.106s	user 0.030s	sys 0.016s
I20260608 13:05:45.520403 12147 leader_election.cc:290] T 7044941f5e054ae3b1152d07318e1759 P bcb0ef23025a4244ae6d05b288bdb500 [CANDIDATE]: Term 1 pre-election: Requested pre-vote from peers 7db3f77d520247d0bf093be282847d76 (127.8.168.68:36311), 9556443cffa049109ab5003405eab552 (127.8.168.65:35643)
