I20260608 13:05:31.278251 12335 leader_election.cc:304] T d6fe053515bf41d9a5b0d7870a0c794a P 11cec2d85a48407098b563e180faa6e4 [CANDIDATE]: Term 1 election: Election decided. Result: candidate lost. Election summary: received 3 responses out of 3 voters: 1 yes votes; 2 no votes. yes voters: 11cec2d85a48407098b563e180faa6e4; no voters: 140501ee4617432b8a72711b467079d7, 68e38405795643cc851b459fb05af43b
I20260608 13:05:31.296756 12579 leader_election.cc:290] T 4ac9985156504bea9ce4822396ff6b06 P 140501ee4617432b8a72711b467079d7 [CANDIDATE]: Term 1 election: Requested vote from peers 11cec2d85a48407098b563e180faa6e4 (127.9.32.129:46783), 68e38405795643cc851b459fb05af43b (127.9.32.131:43493)
I20260608 13:05:31.297140 12570 raft_consensus.cc:2749] T d6fe053515bf41d9a5b0d7870a0c794a P 11cec2d85a48407098b563e180faa6e4 [term 1 FOLLOWER]: Leader election lost for term 1. Reason: could not achieve majority
I20260608 13:05:31.298038 12520 tablet_service.cc:1917] Received RequestConsensusVote() RPC: tablet_id: "4ac9985156504bea9ce4822396ff6b06" candidate_uuid: "140501ee4617432b8a72711b467079d7" candidate_term: 1 candidate_status { last_received { term: 0 index: 0 } } ignore_live_leader: false dest_uuid: "68e38405795643cc851b459fb05af43b"
I20260608 13:05:31.298755 12520 raft_consensus.cc:3060] T 4ac9985156504bea9ce4822396ff6b06 P 68e38405795643cc851b459fb05af43b [term 0 FOLLOWER]: Advancing to term 1
I20260608 13:05:31.295989 12371 raft_consensus.cc:2468] T 4ac9985156504bea9ce4822396ff6b06 P 11cec2d85a48407098b563e180faa6e4 [term 1 FOLLOWER]: Leader election vote request: Granting yes vote for candidate 140501ee4617432b8a72711b467079d7 in term 1.
I20260608 13:05:31.299696 12579 raft_consensus.cc:493] T b42f1e68392044dfb54c7cc39a51919d P 140501ee4617432b8a72711b467079d7 [term 0 FOLLOWER]: Starting pre-election (no leader contacted us within the election timeout)
I20260608 13:05:31.300041 12445 raft_consensus.cc:2468] T 4854ed54f89b45ed871c5373c1fe1fdf P 140501ee4617432b8a72711b467079d7 [term 1 FOLLOWER]: Leader election vote request: Granting yes vote for candidate 68e38405795643cc851b459fb05af43b in term 1.
I20260608 13:05:31.301148 12370 tablet_service.cc:1917] Received RequestConsensusVote() RPC: tablet_id: "4854ed54f89b45ed871c5373c1fe1fdf" candidate_uuid: "68e38405795643cc851b459fb05af43b" candidate_term: 1 candidate_status { last_received { term: 0 index: 0 } } ignore_live_leader: false dest_uuid: "11cec2d85a48407098b563e180faa6e4"
I20260608 13:05:31.303097 12413 leader_election.cc:304] T 4ac9985156504bea9ce4822396ff6b06 P 140501ee4617432b8a72711b467079d7 [CANDIDATE]: Term 1 election: Election decided. Result: candidate won. Election summary: received 2 responses out of 3 voters: 2 yes votes; 0 no votes. yes voters: 11cec2d85a48407098b563e180faa6e4, 140501ee4617432b8a72711b467079d7; no voters: 
I20260608 13:05:31.304172 12566 tablet_bootstrap.cc:492] T 369c4b8541bc46fe8f3f3b05abd08dba P 140501ee4617432b8a72711b467079d7: Bootstrap starting.
I20260608 13:05:31.304772 12575 raft_consensus.cc:2804] T 4ac9985156504bea9ce4822396ff6b06 P 140501ee4617432b8a72711b467079d7 [term 1 FOLLOWER]: Leader election won for term 1
W20260608 13:05:31.306785 12487 leader_election.cc:343] T 4854ed54f89b45ed871c5373c1fe1fdf P 68e38405795643cc851b459fb05af43b [CANDIDATE]: Term 1 election: Tablet error from VoteRequest() call to peer 11cec2d85a48407098b563e180faa6e4 (127.9.32.129:46783): Illegal state: must be running to vote when last-logged opid is not known
I20260608 13:05:31.309260 12487 leader_election.cc:304] T 4854ed54f89b45ed871c5373c1fe1fdf P 68e38405795643cc851b459fb05af43b [CANDIDATE]: Term 1 election: Election decided. Result: candidate won. Election summary: received 3 responses out of 3 voters: 2 yes votes; 1 no votes. yes voters: 140501ee4617432b8a72711b467079d7, 68e38405795643cc851b459fb05af43b; no voters: 11cec2d85a48407098b563e180faa6e4
I20260608 13:05:31.310807 12574 raft_consensus.cc:2804] T 4854ed54f89b45ed871c5373c1fe1fdf P 68e38405795643cc851b459fb05af43b [term 1 FOLLOWER]: Leader election won for term 1
I20260608 13:05:31.311354 12574 raft_consensus.cc:697] T 4854ed54f89b45ed871c5373c1fe1fdf P 68e38405795643cc851b459fb05af43b [term 1 LEADER]: Becoming Leader. State: Replica: 68e38405795643cc851b459fb05af43b, State: Running, Role: LEADER
I20260608 13:05:31.312294 12574 consensus_queue.cc:237] T 4854ed54f89b45ed871c5373c1fe1fdf P 68e38405795643cc851b459fb05af43b [LEADER]: Queue going to LEADER mode. State: All replicated index: 0, Majority replicated index: 0, Committed index: 0, Last appended: 0.0, Last appended by leader: 0, Current term: 1, Majority size: 2, State: 0, Mode: LEADER, active raft config: opid_index: -1 OBSOLETE_local: false peers { permanent_uuid: "11cec2d85a48407098b563e180faa6e4" member_type: VOTER last_known_addr { host: "127.9.32.129" port: 46783 } } peers { permanent_uuid: "140501ee4617432b8a72711b467079d7" member_type: VOTER last_known_addr { host: "127.9.32.130" port: 40709 } } peers { permanent_uuid: "68e38405795643cc851b459fb05af43b" member_type: VOTER last_known_addr { host: "127.9.32.131" port: 43493 } }
I20260608 13:05:31.314265 12575 raft_consensus.cc:697] T 4ac9985156504bea9ce4822396ff6b06 P 140501ee4617432b8a72711b467079d7 [term 1 LEADER]: Becoming Leader. State: Replica: 140501ee4617432b8a72711b467079d7, State: Running, Role: LEADER
I20260608 13:05:31.314770 12570 raft_consensus.cc:493] T a69dcdac24794944bc68e35404141c2c P 11cec2d85a48407098b563e180faa6e4 [term 0 FOLLOWER]: Starting pre-election (no leader contacted us within the election timeout)
I20260608 13:05:31.315237 12570 raft_consensus.cc:515] T a69dcdac24794944bc68e35404141c2c P 11cec2d85a48407098b563e180faa6e4 [term 0 FOLLOWER]: Starting pre-election with config: opid_index: -1 OBSOLETE_local: false peers { permanent_uuid: "140501ee4617432b8a72711b467079d7" member_type: VOTER last_known_addr { host: "127.9.32.130" port: 40709 } } peers { permanent_uuid: "11cec2d85a48407098b563e180faa6e4" member_type: VOTER last_known_addr { host: "127.9.32.129" port: 46783 } } peers { permanent_uuid: "68e38405795643cc851b459fb05af43b" member_type: VOTER last_known_addr { host: "127.9.32.131" port: 43493 } }
I20260608 13:05:31.315289 12575 consensus_queue.cc:237] T 4ac9985156504bea9ce4822396ff6b06 P 140501ee4617432b8a72711b467079d7 [LEADER]: Queue going to LEADER mode. State: All replicated index: 0, Majority replicated index: 0, Committed index: 0, Last appended: 0.0, Last appended by leader: 0, Current term: 1, Majority size: 2, State: 0, Mode: LEADER, active raft config: opid_index: -1 OBSOLETE_local: false peers { permanent_uuid: "140501ee4617432b8a72711b467079d7" member_type: VOTER last_known_addr { host: "127.9.32.130" port: 40709 } } peers { permanent_uuid: "11cec2d85a48407098b563e180faa6e4" member_type: VOTER last_known_addr { host: "127.9.32.129" port: 46783 } } peers { permanent_uuid: "68e38405795643cc851b459fb05af43b" member_type: VOTER last_known_addr { host: "127.9.32.131" port: 43493 } }
I20260608 13:05:31.318550 12570 leader_election.cc:290] T a69dcdac24794944bc68e35404141c2c P 11cec2d85a48407098b563e180faa6e4 [CANDIDATE]: Term 1 pre-election: Requested pre-vote from peers 140501ee4617432b8a72711b467079d7 (127.9.32.130:40709), 68e38405795643cc851b459fb05af43b (127.9.32.131:43493)
I20260608 13:05:31.306195 12579 raft_consensus.cc:515] T b42f1e68392044dfb54c7cc39a51919d P 140501ee4617432b8a72711b467079d7 [term 0 FOLLOWER]: Starting pre-election with config: opid_index: -1 OBSOLETE_local: false peers { permanent_uuid: "11cec2d85a48407098b563e180faa6e4" member_type: VOTER last_known_addr { host: "127.9.32.129" port: 46783 } } peers { permanent_uuid: "140501ee4617432b8a72711b467079d7" member_type: VOTER last_known_addr { host: "127.9.32.130" port: 40709 } } peers { permanent_uuid: "68e38405795643cc851b459fb05af43b" member_type: VOTER last_known_addr { host: "127.9.32.131" port: 43493 } }
I20260608 13:05:31.319648 12445 tablet_service.cc:1917] Received RequestConsensusVote() RPC: tablet_id: "a69dcdac24794944bc68e35404141c2c" candidate_uuid: "11cec2d85a48407098b563e180faa6e4" candidate_term: 1 candidate_status { last_received { term: 0 index: 0 } } ignore_live_leader: false dest_uuid: "140501ee4617432b8a72711b467079d7" is_pre_election: true
I20260608 13:05:31.322239 12445 raft_consensus.cc:2468] T a69dcdac24794944bc68e35404141c2c P 140501ee4617432b8a72711b467079d7 [term 0 FOLLOWER]: Leader pre-election vote request: Granting yes vote for candidate 11cec2d85a48407098b563e180faa6e4 in term 0.
I20260608 13:05:31.315326 12520 raft_consensus.cc:2468] T 4ac9985156504bea9ce4822396ff6b06 P 68e38405795643cc851b459fb05af43b [term 1 FOLLOWER]: Leader election vote request: Granting yes vote for candidate 140501ee4617432b8a72711b467079d7 in term 1.
I20260608 13:05:31.323621 12521 tablet_service.cc:1917] Received RequestConsensusVote() RPC: tablet_id: "a69dcdac24794944bc68e35404141c2c" candidate_uuid: "11cec2d85a48407098b563e180faa6e4" candidate_term: 1 candidate_status { last_received { term: 0 index: 0 } } ignore_live_leader: false dest_uuid: "68e38405795643cc851b459fb05af43b" is_pre_election: true
W20260608 13:05:31.325256 12335 leader_election.cc:343] T a69dcdac24794944bc68e35404141c2c P 11cec2d85a48407098b563e180faa6e4 [CANDIDATE]: Term 1 pre-election: Tablet error from VoteRequest() call to peer 68e38405795643cc851b459fb05af43b (127.9.32.131:43493): Illegal state: must be running to vote when last-logged opid is not known
I20260608 13:05:31.325837 12337 leader_election.cc:304] T a69dcdac24794944bc68e35404141c2c P 11cec2d85a48407098b563e180faa6e4 [CANDIDATE]: Term 1 pre-election: Election decided. Result: candidate won. Election summary: received 3 responses out of 3 voters: 2 yes votes; 1 no votes. yes voters: 11cec2d85a48407098b563e180faa6e4, 140501ee4617432b8a72711b467079d7; no voters: 68e38405795643cc851b459fb05af43b
I20260608 13:05:31.327080 12570 raft_consensus.cc:2804] T a69dcdac24794944bc68e35404141c2c P 11cec2d85a48407098b563e180faa6e4 [term 0 FOLLOWER]: Leader pre-election won for term 1
I20260608 13:05:31.327464 12570 raft_consensus.cc:493] T a69dcdac24794944bc68e35404141c2c P 11cec2d85a48407098b563e180faa6e4 [term 0 FOLLOWER]: Starting leader election (no leader contacted us within the election timeout)
I20260608 13:05:31.327795 12570 raft_consensus.cc:3060] T a69dcdac24794944bc68e35404141c2c P 11cec2d85a48407098b563e180faa6e4 [term 0 FOLLOWER]: Advancing to term 1
I20260608 13:05:31.328271 12566 tablet_bootstrap.cc:654] T 369c4b8541bc46fe8f3f3b05abd08dba P 140501ee4617432b8a72711b467079d7: Neither blocks nor log segments found. Creating new log.
I20260608 13:05:31.331970 12370 tablet_service.cc:1917] Received RequestConsensusVote() RPC: tablet_id: "b42f1e68392044dfb54c7cc39a51919d" candidate_uuid: "140501ee4617432b8a72711b467079d7" candidate_term: 1 candidate_status { last_received { term: 0 index: 0 } } ignore_live_leader: false dest_uuid: "11cec2d85a48407098b563e180faa6e4" is_pre_election: true
I20260608 13:05:31.332742 12370 raft_consensus.cc:2468] T b42f1e68392044dfb54c7cc39a51919d P 11cec2d85a48407098b563e180faa6e4 [term 0 FOLLOWER]: Leader pre-election vote request: Granting yes vote for candidate 140501ee4617432b8a72711b467079d7 in term 0.
I20260608 13:05:31.334239 12413 leader_election.cc:304] T b42f1e68392044dfb54c7cc39a51919d P 140501ee4617432b8a72711b467079d7 [CANDIDATE]: Term 1 pre-election: Election decided. Result: candidate won. Election summary: received 2 responses out of 3 voters: 2 yes votes; 0 no votes. yes voters: 11cec2d85a48407098b563e180faa6e4, 140501ee4617432b8a72711b467079d7; no voters: 
I20260608 13:05:31.335016 12579 leader_election.cc:290] T b42f1e68392044dfb54c7cc39a51919d P 140501ee4617432b8a72711b467079d7 [CANDIDATE]: Term 1 pre-election: Requested pre-vote from peers 11cec2d85a48407098b563e180faa6e4 (127.9.32.129:46783), 68e38405795643cc851b459fb05af43b (127.9.32.131:43493)
I20260608 13:05:31.335525 12579 raft_consensus.cc:2804] T b42f1e68392044dfb54c7cc39a51919d P 140501ee4617432b8a72711b467079d7 [term 0 FOLLOWER]: Leader pre-election won for term 1
I20260608 13:05:31.335765 12521 tablet_service.cc:1917] Received RequestConsensusVote() RPC: tablet_id: "b42f1e68392044dfb54c7cc39a51919d" candidate_uuid: "140501ee4617432b8a72711b467079d7" candidate_term: 1 candidate_status { last_received { term: 0 index: 0 } } ignore_live_leader: false dest_uuid: "68e38405795643cc851b459fb05af43b" is_pre_election: true
I20260608 13:05:31.337386 12570 raft_consensus.cc:515] T a69dcdac24794944bc68e35404141c2c P 11cec2d85a48407098b563e180faa6e4 [term 1 FOLLOWER]: Starting leader election with config: opid_index: -1 OBSOLETE_local: false peers { permanent_uuid: "140501ee4617432b8a72711b467079d7" member_type: VOTER last_known_addr { host: "127.9.32.130" port: 40709 } } peers { permanent_uuid: "11cec2d85a48407098b563e180faa6e4" member_type: VOTER last_known_addr { host: "127.9.32.129" port: 46783 } } peers { permanent_uuid: "68e38405795643cc851b459fb05af43b" member_type: VOTER last_known_addr { host: "127.9.32.131" port: 43493 } }
I20260608 13:05:31.338649 12579 raft_consensus.cc:493] T b42f1e68392044dfb54c7cc39a51919d P 140501ee4617432b8a72711b467079d7 [term 0 FOLLOWER]: Starting leader election (no leader contacted us within the election timeout)
I20260608 13:05:31.340224 12579 raft_consensus.cc:3060] T b42f1e68392044dfb54c7cc39a51919d P 140501ee4617432b8a72711b467079d7 [term 0 FOLLOWER]: Advancing to term 1
W20260608 13:05:31.341372 12411 leader_election.cc:343] T b42f1e68392044dfb54c7cc39a51919d P 140501ee4617432b8a72711b467079d7 [CANDIDATE]: Term 1 pre-election: Tablet error from VoteRequest() call to peer 68e38405795643cc851b459fb05af43b (127.9.32.131:43493): Illegal state: must be running to vote when last-logged opid is not known
I20260608 13:05:31.347659 12570 leader_election.cc:290] T a69dcdac24794944bc68e35404141c2c P 11cec2d85a48407098b563e180faa6e4 [CANDIDATE]: Term 1 election: Requested vote from peers 140501ee4617432b8a72711b467079d7 (127.9.32.130:40709), 68e38405795643cc851b459fb05af43b (127.9.32.131:43493)
I20260608 13:05:31.348938 12521 tablet_service.cc:1917] Received RequestConsensusVote() RPC: tablet_id: "a69dcdac24794944bc68e35404141c2c" candidate_uuid: "11cec2d85a48407098b563e180faa6e4" candidate_term: 1 candidate_status { last_received { term: 0 index: 0 } } ignore_live_leader: false dest_uuid: "68e38405795643cc851b459fb05af43b"
I20260608 13:05:31.349335 12445 tablet_service.cc:1917] Received RequestConsensusVote() RPC: tablet_id: "a69dcdac24794944bc68e35404141c2c" candidate_uuid: "11cec2d85a48407098b563e180faa6e4" candidate_term: 1 candidate_status { last_received { term: 0 index: 0 } } ignore_live_leader: false dest_uuid: "140501ee4617432b8a72711b467079d7"
I20260608 13:05:31.350186 12445 raft_consensus.cc:3060] T a69dcdac24794944bc68e35404141c2c P 140501ee4617432b8a72711b467079d7 [term 0 FOLLOWER]: Advancing to term 1
W20260608 13:05:31.350668 12335 leader_election.cc:343] T a69dcdac24794944bc68e35404141c2c P 11cec2d85a48407098b563e180faa6e4 [CANDIDATE]: Term 1 election: Tablet error from VoteRequest() call to peer 68e38405795643cc851b459fb05af43b (127.9.32.131:43493): Illegal state: must be running to vote when last-logged opid is not known
I20260608 13:05:31.353132 12267 catalog_manager.cc:5696] T 4ac9985156504bea9ce4822396ff6b06 P 140501ee4617432b8a72711b467079d7 reported cstate change: term changed from 0 to 1, leader changed from <none> to 140501ee4617432b8a72711b467079d7 (127.9.32.130). New cstate: current_term: 1 leader_uuid: "140501ee4617432b8a72711b467079d7" committed_config { opid_index: -1 OBSOLETE_local: false peers { permanent_uuid: "140501ee4617432b8a72711b467079d7" member_type: VOTER last_known_addr { host: "127.9.32.130" port: 40709 } health_report { overall_health: HEALTHY } } peers { permanent_uuid: "11cec2d85a48407098b563e180faa6e4" member_type: VOTER last_known_addr { host: "127.9.32.129" port: 46783 } health_report { overall_health: UNKNOWN } } peers { permanent_uuid: "68e38405795643cc851b459fb05af43b" member_type: VOTER last_known_addr { host: "127.9.32.131" port: 43493 } health_report { overall_health: UNKNOWN } } }
I20260608 13:05:31.354168 12567 tablet_bootstrap.cc:492] T 369c4b8541bc46fe8f3f3b05abd08dba P 11cec2d85a48407098b563e180faa6e4: No bootstrap required, opened a new log
I20260608 13:05:31.357854 12567 ts_tablet_manager.cc:1403] T 369c4b8541bc46fe8f3f3b05abd08dba P 11cec2d85a48407098b563e180faa6e4: Time spent bootstrapping tablet: real 0.098s	user 0.008s	sys 0.019s
I20260608 13:05:31.358886 12445 raft_consensus.cc:2468] T a69dcdac24794944bc68e35404141c2c P 140501ee4617432b8a72711b467079d7 [term 1 FOLLOWER]: Leader election vote request: Granting yes vote for candidate 11cec2d85a48407098b563e180faa6e4 in term 1.
I20260608 13:05:31.359974 12566 tablet_bootstrap.cc:492] T 369c4b8541bc46fe8f3f3b05abd08dba P 140501ee4617432b8a72711b467079d7: No bootstrap required, opened a new log
I20260608 13:05:31.360128 12337 leader_election.cc:304] T a69dcdac24794944bc68e35404141c2c P 11cec2d85a48407098b563e180faa6e4 [CANDIDATE]: Term 1 election: Election decided. Result: candidate won. Election summary: received 3 responses out of 3 voters: 2 yes votes; 1 no votes. yes voters: 11cec2d85a48407098b563e180faa6e4, 140501ee4617432b8a72711b467079d7; no voters: 68e38405795643cc851b459fb05af43b
I20260608 13:05:31.361342 12570 raft_consensus.cc:2804] T a69dcdac24794944bc68e35404141c2c P 11cec2d85a48407098b563e180faa6e4 [term 1 FOLLOWER]: Leader election won for term 1
I20260608 13:05:31.361263 12567 raft_consensus.cc:359] T 369c4b8541bc46fe8f3f3b05abd08dba P 11cec2d85a48407098b563e180faa6e4 [term 0 FOLLOWER]: Replica starting. Triggering 0 pending ops. Active config: opid_index: -1 OBSOLETE_local: false peers { permanent_uuid: "11cec2d85a48407098b563e180faa6e4" member_type: VOTER last_known_addr { host: "127.9.32.129" port: 46783 } } peers { permanent_uuid: "140501ee4617432b8a72711b467079d7" member_type: VOTER last_known_addr { host: "127.9.32.130" port: 40709 } } peers { permanent_uuid: "68e38405795643cc851b459fb05af43b" member_type: VOTER last_known_addr { host: "127.9.32.131" port: 43493 } }
I20260608 13:05:31.361925 12570 raft_consensus.cc:697] T a69dcdac24794944bc68e35404141c2c P 11cec2d85a48407098b563e180faa6e4 [term 1 LEADER]: Becoming Leader. State: Replica: 11cec2d85a48407098b563e180faa6e4, State: Running, Role: LEADER
I20260608 13:05:31.362306 12566 ts_tablet_manager.cc:1403] T 369c4b8541bc46fe8f3f3b05abd08dba P 140501ee4617432b8a72711b467079d7: Time spent bootstrapping tablet: real 0.066s	user 0.014s	sys 0.000s
I20260608 13:05:31.362814 12570 consensus_queue.cc:237] T a69dcdac24794944bc68e35404141c2c P 11cec2d85a48407098b563e180faa6e4 [LEADER]: Queue going to LEADER mode. State: All replicated index: 0, Majority replicated index: 0, Committed index: 0, Last appended: 0.0, Last appended by leader: 0, Current term: 1, Majority size: 2, State: 0, Mode: LEADER, active raft config: opid_index: -1 OBSOLETE_local: false peers { permanent_uuid: "140501ee4617432b8a72711b467079d7" member_type: VOTER last_known_addr { host: "127.9.32.130" port: 40709 } } peers { permanent_uuid: "11cec2d85a48407098b563e180faa6e4" member_type: VOTER last_known_addr { host: "127.9.32.129" port: 46783 } } peers { permanent_uuid: "68e38405795643cc851b459fb05af43b" member_type: VOTER last_known_addr { host: "127.9.32.131" port: 43493 } }
I20260608 13:05:31.365166 12566 raft_consensus.cc:359] T 369c4b8541bc46fe8f3f3b05abd08dba P 140501ee4617432b8a72711b467079d7 [term 0 FOLLOWER]: Replica starting. Triggering 0 pending ops. Active config: opid_index: -1 OBSOLETE_local: false peers { permanent_uuid: "11cec2d85a48407098b563e180faa6e4" member_type: VOTER last_known_addr { host: "127.9.32.129" port: 46783 } } peers { permanent_uuid: "140501ee4617432b8a72711b467079d7" member_type: VOTER last_known_addr { host: "127.9.32.130" port: 40709 } } peers { permanent_uuid: "68e38405795643cc851b459fb05af43b" member_type: VOTER last_known_addr { host: "127.9.32.131" port: 43493 } }
I20260608 13:05:31.365811 12566 raft_consensus.cc:385] T 369c4b8541bc46fe8f3f3b05abd08dba P 140501ee4617432b8a72711b467079d7 [term 0 FOLLOWER]: Consensus starting up: Expiring failure detector timer to make a prompt election more likely
I20260608 13:05:31.366108 12566 raft_consensus.cc:740] T 369c4b8541bc46fe8f3f3b05abd08dba P 140501ee4617432b8a72711b467079d7 [term 0 FOLLOWER]: Becoming Follower/Learner. State: Replica: 140501ee4617432b8a72711b467079d7, State: Initialized, Role: FOLLOWER
I20260608 13:05:31.367244 12567 raft_consensus.cc:385] T 369c4b8541bc46fe8f3f3b05abd08dba P 11cec2d85a48407098b563e180faa6e4 [term 0 FOLLOWER]: Consensus starting up: Expiring failure detector timer to make a prompt election more likely
I20260608 13:05:31.366798 12566 consensus_queue.cc:260] T 369c4b8541bc46fe8f3f3b05abd08dba P 140501ee4617432b8a72711b467079d7 [NON_LEADER]: Queue going to NON_LEADER mode. State: All replicated index: 0, Majority replicated index: 0, Committed index: 0, Last appended: 0.0, Last appended by leader: 0, Current term: 0, Majority size: -1, State: 0, Mode: NON_LEADER, active raft config: opid_index: -1 OBSOLETE_local: false peers { permanent_uuid: "11cec2d85a48407098b563e180faa6e4" member_type: VOTER last_known_addr { host: "127.9.32.129" port: 46783 } } peers { permanent_uuid: "140501ee4617432b8a72711b467079d7" member_type: VOTER last_known_addr { host: "127.9.32.130" port: 40709 } } peers { permanent_uuid: "68e38405795643cc851b459fb05af43b" member_type: VOTER last_known_addr { host: "127.9.32.131" port: 43493 } }
I20260608 13:05:31.367731 12567 raft_consensus.cc:740] T 369c4b8541bc46fe8f3f3b05abd08dba P 11cec2d85a48407098b563e180faa6e4 [term 0 FOLLOWER]: Becoming Follower/Learner. State: Replica: 11cec2d85a48407098b563e180faa6e4, State: Initialized, Role: FOLLOWER
I20260608 13:05:31.368671 12567 consensus_queue.cc:260] T 369c4b8541bc46fe8f3f3b05abd08dba P 11cec2d85a48407098b563e180faa6e4 [NON_LEADER]: Queue going to NON_LEADER mode. State: All replicated index: 0, Majority replicated index: 0, Committed index: 0, Last appended: 0.0, Last appended by leader: 0, Current term: 0, Majority size: -1, State: 0, Mode: NON_LEADER, active raft config: opid_index: -1 OBSOLETE_local: false peers { permanent_uuid: "11cec2d85a48407098b563e180faa6e4" member_type: VOTER last_known_addr { host: "127.9.32.129" port: 46783 } } peers { permanent_uuid: "140501ee4617432b8a72711b467079d7" member_type: VOTER last_known_addr { host: "127.9.32.130" port: 40709 } } peers { permanent_uuid: "68e38405795643cc851b459fb05af43b" member_type: VOTER last_known_addr { host: "127.9.32.131" port: 43493 } }
I20260608 13:05:31.369221 12566 ts_tablet_manager.cc:1434] T 369c4b8541bc46fe8f3f3b05abd08dba P 140501ee4617432b8a72711b467079d7: Time spent starting tablet: real 0.007s	user 0.006s	sys 0.000s
I20260608 13:05:31.372004 12567 ts_tablet_manager.cc:1434] T 369c4b8541bc46fe8f3f3b05abd08dba P 11cec2d85a48407098b563e180faa6e4: Time spent starting tablet: real 0.014s	user 0.006s	sys 0.000s
I20260608 13:05:31.373553 12567 tablet_bootstrap.cc:492] T 4854ed54f89b45ed871c5373c1fe1fdf P 11cec2d85a48407098b563e180faa6e4: Bootstrap starting.
I20260608 13:05:31.372555 12268 catalog_manager.cc:5696] T 4854ed54f89b45ed871c5373c1fe1fdf P 68e38405795643cc851b459fb05af43b reported cstate change: term changed from 0 to 1, leader changed from <none> to 68e38405795643cc851b459fb05af43b (127.9.32.131). New cstate: current_term: 1 leader_uuid: "68e38405795643cc851b459fb05af43b" committed_config { opid_index: -1 OBSOLETE_local: false peers { permanent_uuid: "11cec2d85a48407098b563e180faa6e4" member_type: VOTER last_known_addr { host: "127.9.32.129" port: 46783 } health_report { overall_health: UNKNOWN } } peers { permanent_uuid: "140501ee4617432b8a72711b467079d7" member_type: VOTER last_known_addr { host: "127.9.32.130" port: 40709 } health_report { overall_health: UNKNOWN } } peers { permanent_uuid: "68e38405795643cc851b459fb05af43b" member_type: VOTER last_known_addr { host: "127.9.32.131" port: 43493 } health_report { overall_health: HEALTHY } } }
I20260608 13:05:31.374826 12268 catalog_manager.cc:5696] T 14aff0cdbd674a47a93070f5c38a8493 P 68e38405795643cc851b459fb05af43b reported cstate change: term changed from 0 to 1, leader changed from <none> to 68e38405795643cc851b459fb05af43b (127.9.32.131). New cstate: current_term: 1 leader_uuid: "68e38405795643cc851b459fb05af43b" committed_config { opid_index: -1 OBSOLETE_local: false peers { permanent_uuid: "140501ee4617432b8a72711b467079d7" member_type: VOTER last_known_addr { host: "127.9.32.130" port: 40709 } health_report { overall_health: UNKNOWN } } peers { permanent_uuid: "11cec2d85a48407098b563e180faa6e4" member_type: VOTER last_known_addr { host: "127.9.32.129" port: 46783 } health_report { overall_health: UNKNOWN } } peers { permanent_uuid: "68e38405795643cc851b459fb05af43b" member_type: VOTER last_known_addr { host: "127.9.32.131" port: 43493 } health_report { overall_health: HEALTHY } } }
I20260608 13:05:31.379997 12269 catalog_manager.cc:5696] T a69dcdac24794944bc68e35404141c2c P 11cec2d85a48407098b563e180faa6e4 reported cstate change: term changed from 0 to 1, leader changed from <none> to 11cec2d85a48407098b563e180faa6e4 (127.9.32.129). New cstate: current_term: 1 leader_uuid: "11cec2d85a48407098b563e180faa6e4" committed_config { opid_index: -1 OBSOLETE_local: false peers { permanent_uuid: "140501ee4617432b8a72711b467079d7" member_type: VOTER last_known_addr { host: "127.9.32.130" port: 40709 } health_report { overall_health: UNKNOWN } } peers { permanent_uuid: "11cec2d85a48407098b563e180faa6e4" member_type: VOTER last_known_addr { host: "127.9.32.129" port: 46783 } health_report { overall_health: HEALTHY } } peers { permanent_uuid: "68e38405795643cc851b459fb05af43b" member_type: VOTER last_known_addr { host: "127.9.32.131" port: 43493 } health_report { overall_health: UNKNOWN } } }
I20260608 13:05:31.381853 12569 tablet_bootstrap.cc:492] T b42f1e68392044dfb54c7cc39a51919d P 68e38405795643cc851b459fb05af43b: No bootstrap required, opened a new log
I20260608 13:05:31.382373 12569 ts_tablet_manager.cc:1403] T b42f1e68392044dfb54c7cc39a51919d P 68e38405795643cc851b459fb05af43b: Time spent bootstrapping tablet: real 0.099s	user 0.026s	sys 0.001s
I20260608 13:05:31.390022 12567 tablet_bootstrap.cc:654] T 4854ed54f89b45ed871c5373c1fe1fdf P 11cec2d85a48407098b563e180faa6e4: Neither blocks nor log segments found. Creating new log.
I20260608 13:05:31.379981 12579 raft_consensus.cc:515] T b42f1e68392044dfb54c7cc39a51919d P 140501ee4617432b8a72711b467079d7 [term 1 FOLLOWER]: Starting leader election with config: opid_index: -1 OBSOLETE_local: false peers { permanent_uuid: "11cec2d85a48407098b563e180faa6e4" member_type: VOTER last_known_addr { host: "127.9.32.129" port: 46783 } } peers { permanent_uuid: "140501ee4617432b8a72711b467079d7" member_type: VOTER last_known_addr { host: "127.9.32.130" port: 40709 } } peers { permanent_uuid: "68e38405795643cc851b459fb05af43b" member_type: VOTER last_known_addr { host: "127.9.32.131" port: 43493 } }
I20260608 13:05:31.394300 12579 leader_election.cc:290] T b42f1e68392044dfb54c7cc39a51919d P 140501ee4617432b8a72711b467079d7 [CANDIDATE]: Term 1 election: Requested vote from peers 11cec2d85a48407098b563e180faa6e4 (127.9.32.129:46783), 68e38405795643cc851b459fb05af43b (127.9.32.131:43493)
I20260608 13:05:31.395474 12569 raft_consensus.cc:359] T b42f1e68392044dfb54c7cc39a51919d P 68e38405795643cc851b459fb05af43b [term 0 FOLLOWER]: Replica starting. Triggering 0 pending ops. Active config: opid_index: -1 OBSOLETE_local: false peers { permanent_uuid: "11cec2d85a48407098b563e180faa6e4" member_type: VOTER last_known_addr { host: "127.9.32.129" port: 46783 } } peers { permanent_uuid: "140501ee4617432b8a72711b467079d7" member_type: VOTER last_known_addr { host: "127.9.32.130" port: 40709 } } peers { permanent_uuid: "68e38405795643cc851b459fb05af43b" member_type: VOTER last_known_addr { host: "127.9.32.131" port: 43493 } }
I20260608 13:05:31.395882 12370 tablet_service.cc:1917] Received RequestConsensusVote() RPC: tablet_id: "b42f1e68392044dfb54c7cc39a51919d" candidate_uuid: "140501ee4617432b8a72711b467079d7" candidate_term: 1 candidate_status { last_received { term: 0 index: 0 } } ignore_live_leader: false dest_uuid: "11cec2d85a48407098b563e180faa6e4"
I20260608 13:05:31.396381 12569 raft_consensus.cc:385] T b42f1e68392044dfb54c7cc39a51919d P 68e38405795643cc851b459fb05af43b [term 0 FOLLOWER]: Consensus starting up: Expiring failure detector timer to make a prompt election more likely
I20260608 13:05:31.396749 12569 raft_consensus.cc:740] T b42f1e68392044dfb54c7cc39a51919d P 68e38405795643cc851b459fb05af43b [term 0 FOLLOWER]: Becoming Follower/Learner. State: Replica: 68e38405795643cc851b459fb05af43b, State: Initialized, Role: FOLLOWER
I20260608 13:05:31.397315 12521 tablet_service.cc:1917] Received RequestConsensusVote() RPC: tablet_id: "b42f1e68392044dfb54c7cc39a51919d" candidate_uuid: "140501ee4617432b8a72711b467079d7" candidate_term: 1 candidate_status { last_received { term: 0 index: 0 } } ignore_live_leader: false dest_uuid: "68e38405795643cc851b459fb05af43b"
I20260608 13:05:31.397557 12569 consensus_queue.cc:260] T b42f1e68392044dfb54c7cc39a51919d P 68e38405795643cc851b459fb05af43b [NON_LEADER]: Queue going to NON_LEADER mode. State: All replicated index: 0, Majority replicated index: 0, Committed index: 0, Last appended: 0.0, Last appended by leader: 0, Current term: 0, Majority size: -1, State: 0, Mode: NON_LEADER, active raft config: opid_index: -1 OBSOLETE_local: false peers { permanent_uuid: "11cec2d85a48407098b563e180faa6e4" member_type: VOTER last_known_addr { host: "127.9.32.129" port: 46783 } } peers { permanent_uuid: "140501ee4617432b8a72711b467079d7" member_type: VOTER last_known_addr { host: "127.9.32.130" port: 40709 } } peers { permanent_uuid: "68e38405795643cc851b459fb05af43b" member_type: VOTER last_known_addr { host: "127.9.32.131" port: 43493 } }
I20260608 13:05:31.398269 12370 raft_consensus.cc:3060] T b42f1e68392044dfb54c7cc39a51919d P 11cec2d85a48407098b563e180faa6e4 [term 0 FOLLOWER]: Advancing to term 1
I20260608 13:05:31.400041 12569 ts_tablet_manager.cc:1434] T b42f1e68392044dfb54c7cc39a51919d P 68e38405795643cc851b459fb05af43b: Time spent starting tablet: real 0.017s	user 0.008s	sys 0.000s
I20260608 13:05:31.401186 12569 tablet_bootstrap.cc:492] T a69dcdac24794944bc68e35404141c2c P 68e38405795643cc851b459fb05af43b: Bootstrap starting.
I20260608 13:05:31.404830 12521 raft_consensus.cc:3060] T b42f1e68392044dfb54c7cc39a51919d P 68e38405795643cc851b459fb05af43b [term 0 FOLLOWER]: Advancing to term 1
I20260608 13:05:31.407575 12569 tablet_bootstrap.cc:654] T a69dcdac24794944bc68e35404141c2c P 68e38405795643cc851b459fb05af43b: Neither blocks nor log segments found. Creating new log.
I20260608 13:05:31.413154 12370 raft_consensus.cc:2468] T b42f1e68392044dfb54c7cc39a51919d P 11cec2d85a48407098b563e180faa6e4 [term 1 FOLLOWER]: Leader election vote request: Granting yes vote for candidate 140501ee4617432b8a72711b467079d7 in term 1.
I20260608 13:05:31.415172 12413 leader_election.cc:304] T b42f1e68392044dfb54c7cc39a51919d P 140501ee4617432b8a72711b467079d7 [CANDIDATE]: Term 1 election: Election decided. Result: candidate won. Election summary: received 2 responses out of 3 voters: 2 yes votes; 0 no votes. yes voters: 11cec2d85a48407098b563e180faa6e4, 140501ee4617432b8a72711b467079d7; no voters: 
I20260608 13:05:31.415602 12521 raft_consensus.cc:2468] T b42f1e68392044dfb54c7cc39a51919d P 68e38405795643cc851b459fb05af43b [term 1 FOLLOWER]: Leader election vote request: Granting yes vote for candidate 140501ee4617432b8a72711b467079d7 in term 1.
I20260608 13:05:31.416409 12579 raft_consensus.cc:2804] T b42f1e68392044dfb54c7cc39a51919d P 140501ee4617432b8a72711b467079d7 [term 1 FOLLOWER]: Leader election won for term 1
I20260608 13:05:31.416929 12579 raft_consensus.cc:697] T b42f1e68392044dfb54c7cc39a51919d P 140501ee4617432b8a72711b467079d7 [term 1 LEADER]: Becoming Leader. State: Replica: 140501ee4617432b8a72711b467079d7, State: Running, Role: LEADER
I20260608 13:05:31.417584 12567 tablet_bootstrap.cc:492] T 4854ed54f89b45ed871c5373c1fe1fdf P 11cec2d85a48407098b563e180faa6e4: No bootstrap required, opened a new log
I20260608 13:05:31.418089 12567 ts_tablet_manager.cc:1403] T 4854ed54f89b45ed871c5373c1fe1fdf P 11cec2d85a48407098b563e180faa6e4: Time spent bootstrapping tablet: real 0.045s	user 0.015s	sys 0.012s
I20260608 13:05:31.417780 12579 consensus_queue.cc:237] T b42f1e68392044dfb54c7cc39a51919d P 140501ee4617432b8a72711b467079d7 [LEADER]: Queue going to LEADER mode. State: All replicated index: 0, Majority replicated index: 0, Committed index: 0, Last appended: 0.0, Last appended by leader: 0, Current term: 1, Majority size: 2, State: 0, Mode: LEADER, active raft config: opid_index: -1 OBSOLETE_local: false peers { permanent_uuid: "11cec2d85a48407098b563e180faa6e4" member_type: VOTER last_known_addr { host: "127.9.32.129" port: 46783 } } peers { permanent_uuid: "140501ee4617432b8a72711b467079d7" member_type: VOTER last_known_addr { host: "127.9.32.130" port: 40709 } } peers { permanent_uuid: "68e38405795643cc851b459fb05af43b" member_type: VOTER last_known_addr { host: "127.9.32.131" port: 43493 } }
I20260608 13:05:31.421387 12569 tablet_bootstrap.cc:492] T a69dcdac24794944bc68e35404141c2c P 68e38405795643cc851b459fb05af43b: No bootstrap required, opened a new log
I20260608 13:05:31.421337 12567 raft_consensus.cc:359] T 4854ed54f89b45ed871c5373c1fe1fdf P 11cec2d85a48407098b563e180faa6e4 [term 0 FOLLOWER]: Replica starting. Triggering 0 pending ops. Active config: opid_index: -1 OBSOLETE_local: false peers { permanent_uuid: "11cec2d85a48407098b563e180faa6e4" member_type: VOTER last_known_addr { host: "127.9.32.129" port: 46783 } } peers { permanent_uuid: "140501ee4617432b8a72711b467079d7" member_type: VOTER last_known_addr { host: "127.9.32.130" port: 40709 } } peers { permanent_uuid: "68e38405795643cc851b459fb05af43b" member_type: VOTER last_known_addr { host: "127.9.32.131" port: 43493 } }
I20260608 13:05:31.422075 12569 ts_tablet_manager.cc:1403] T a69dcdac24794944bc68e35404141c2c P 68e38405795643cc851b459fb05af43b: Time spent bootstrapping tablet: real 0.021s	user 0.016s	sys 0.001s
I20260608 13:05:31.422199 12567 raft_consensus.cc:385] T 4854ed54f89b45ed871c5373c1fe1fdf P 11cec2d85a48407098b563e180faa6e4 [term 0 FOLLOWER]: Consensus starting up: Expiring failure detector timer to make a prompt election more likely
I20260608 13:05:31.422659 12567 raft_consensus.cc:740] T 4854ed54f89b45ed871c5373c1fe1fdf P 11cec2d85a48407098b563e180faa6e4 [term 0 FOLLOWER]: Becoming Follower/Learner. State: Replica: 11cec2d85a48407098b563e180faa6e4, State: Initialized, Role: FOLLOWER
I20260608 13:05:31.423471 12567 consensus_queue.cc:260] T 4854ed54f89b45ed871c5373c1fe1fdf P 11cec2d85a48407098b563e180faa6e4 [NON_LEADER]: Queue going to NON_LEADER mode. State: All replicated index: 0, Majority replicated index: 0, Committed index: 0, Last appended: 0.0, Last appended by leader: 0, Current term: 0, Majority size: -1, State: 0, Mode: NON_LEADER, active raft config: opid_index: -1 OBSOLETE_local: false peers { permanent_uuid: "11cec2d85a48407098b563e180faa6e4" member_type: VOTER last_known_addr { host: "127.9.32.129" port: 46783 } } peers { permanent_uuid: "140501ee4617432b8a72711b467079d7" member_type: VOTER last_known_addr { host: "127.9.32.130" port: 40709 } } peers { permanent_uuid: "68e38405795643cc851b459fb05af43b" member_type: VOTER last_known_addr { host: "127.9.32.131" port: 43493 } }
I20260608 13:05:31.425796 12569 raft_consensus.cc:359] T a69dcdac24794944bc68e35404141c2c P 68e38405795643cc851b459fb05af43b [term 0 FOLLOWER]: Replica starting. Triggering 0 pending ops. Active config: opid_index: -1 OBSOLETE_local: false peers { permanent_uuid: "140501ee4617432b8a72711b467079d7" member_type: VOTER last_known_addr { host: "127.9.32.130" port: 40709 } } peers { permanent_uuid: "11cec2d85a48407098b563e180faa6e4" member_type: VOTER last_known_addr { host: "127.9.32.129" port: 46783 } } peers { permanent_uuid: "68e38405795643cc851b459fb05af43b" member_type: VOTER last_known_addr { host: "127.9.32.131" port: 43493 } }
I20260608 13:05:31.426673 12569 raft_consensus.cc:385] T a69dcdac24794944bc68e35404141c2c P 68e38405795643cc851b459fb05af43b [term 0 FOLLOWER]: Consensus starting up: Expiring failure detector timer to make a prompt election more likely
I20260608 13:05:31.426962 12569 raft_consensus.cc:740] T a69dcdac24794944bc68e35404141c2c P 68e38405795643cc851b459fb05af43b [term 0 FOLLOWER]: Becoming Follower/Learner. State: Replica: 68e38405795643cc851b459fb05af43b, State: Initialized, Role: FOLLOWER
I20260608 13:05:31.428082 12567 ts_tablet_manager.cc:1434] T 4854ed54f89b45ed871c5373c1fe1fdf P 11cec2d85a48407098b563e180faa6e4: Time spent starting tablet: real 0.010s	user 0.008s	sys 0.000s
I20260608 13:05:31.427852 12569 consensus_queue.cc:260] T a69dcdac24794944bc68e35404141c2c P 68e38405795643cc851b459fb05af43b [NON_LEADER]: Queue going to NON_LEADER mode. State: All replicated index: 0, Majority replicated index: 0, Committed index: 0, Last appended: 0.0, Last appended by leader: 0, Current term: 0, Majority size: -1, State: 0, Mode: NON_LEADER, active raft config: opid_index: -1 OBSOLETE_local: false peers { permanent_uuid: "140501ee4617432b8a72711b467079d7" member_type: VOTER last_known_addr { host: "127.9.32.130" port: 40709 } } peers { permanent_uuid: "11cec2d85a48407098b563e180faa6e4" member_type: VOTER last_known_addr { host: "127.9.32.129" port: 46783 } } peers { permanent_uuid: "68e38405795643cc851b459fb05af43b" member_type: VOTER last_known_addr { host: "127.9.32.131" port: 43493 } }
I20260608 13:05:31.432396 12569 ts_tablet_manager.cc:1434] T a69dcdac24794944bc68e35404141c2c P 68e38405795643cc851b459fb05af43b: Time spent starting tablet: real 0.010s	user 0.007s	sys 0.000s
I20260608 13:05:31.440340 12268 catalog_manager.cc:5696] T b42f1e68392044dfb54c7cc39a51919d P 140501ee4617432b8a72711b467079d7 reported cstate change: term changed from 0 to 1, leader changed from <none> to 140501ee4617432b8a72711b467079d7 (127.9.32.130). New cstate: current_term: 1 leader_uuid: "140501ee4617432b8a72711b467079d7" committed_config { opid_index: -1 OBSOLETE_local: false peers { permanent_uuid: "11cec2d85a48407098b563e180faa6e4" member_type: VOTER last_known_addr { host: "127.9.32.129" port: 46783 } health_report { overall_health: UNKNOWN } } peers { permanent_uuid: "140501ee4617432b8a72711b467079d7" member_type: VOTER last_known_addr { host: "127.9.32.130" port: 40709 } health_report { overall_health: HEALTHY } } peers { permanent_uuid: "68e38405795643cc851b459fb05af43b" member_type: VOTER last_known_addr { host: "127.9.32.131" port: 43493 } health_report { overall_health: UNKNOWN } } }
I20260608 13:05:31.495390 12574 raft_consensus.cc:493] T 369c4b8541bc46fe8f3f3b05abd08dba P 68e38405795643cc851b459fb05af43b [term 0 FOLLOWER]: Starting pre-election (no leader contacted us within the election timeout)
I20260608 13:05:31.495918 12574 raft_consensus.cc:515] T 369c4b8541bc46fe8f3f3b05abd08dba P 68e38405795643cc851b459fb05af43b [term 0 FOLLOWER]: Starting pre-election with config: opid_index: -1 OBSOLETE_local: false peers { permanent_uuid: "11cec2d85a48407098b563e180faa6e4" member_type: VOTER last_known_addr { host: "127.9.32.129" port: 46783 } } peers { permanent_uuid: "140501ee4617432b8a72711b467079d7" member_type: VOTER last_known_addr { host: "127.9.32.130" port: 40709 } } peers { permanent_uuid: "68e38405795643cc851b459fb05af43b" member_type: VOTER last_known_addr { host: "127.9.32.131" port: 43493 } }
I20260608 13:05:31.497711 12574 leader_election.cc:290] T 369c4b8541bc46fe8f3f3b05abd08dba P 68e38405795643cc851b459fb05af43b [CANDIDATE]: Term 1 pre-election: Requested pre-vote from peers 11cec2d85a48407098b563e180faa6e4 (127.9.32.129:46783), 140501ee4617432b8a72711b467079d7 (127.9.32.130:40709)
I20260608 13:05:31.498528 12370 tablet_service.cc:1917] Received RequestConsensusVote() RPC: tablet_id: "369c4b8541bc46fe8f3f3b05abd08dba" candidate_uuid: "68e38405795643cc851b459fb05af43b" candidate_term: 1 candidate_status { last_received { term: 0 index: 0 } } ignore_live_leader: false dest_uuid: "11cec2d85a48407098b563e180faa6e4" is_pre_election: true
I20260608 13:05:31.498896 12445 tablet_service.cc:1917] Received RequestConsensusVote() RPC: tablet_id: "369c4b8541bc46fe8f3f3b05abd08dba" candidate_uuid: "68e38405795643cc851b459fb05af43b" candidate_term: 1 candidate_status { last_received { term: 0 index: 0 } } ignore_live_leader: false dest_uuid: "140501ee4617432b8a72711b467079d7" is_pre_election: true
I20260608 13:05:31.499046 12370 raft_consensus.cc:2468] T 369c4b8541bc46fe8f3f3b05abd08dba P 11cec2d85a48407098b563e180faa6e4 [term 0 FOLLOWER]: Leader pre-election vote request: Granting yes vote for candidate 68e38405795643cc851b459fb05af43b in term 0.
I20260608 13:05:31.499428 12445 raft_consensus.cc:2468] T 369c4b8541bc46fe8f3f3b05abd08dba P 140501ee4617432b8a72711b467079d7 [term 0 FOLLOWER]: Leader pre-election vote request: Granting yes vote for candidate 68e38405795643cc851b459fb05af43b in term 0.
I20260608 13:05:31.500051 12487 leader_election.cc:304] T 369c4b8541bc46fe8f3f3b05abd08dba P 68e38405795643cc851b459fb05af43b [CANDIDATE]: Term 1 pre-election: Election decided. Result: candidate won. Election summary: received 2 responses out of 3 voters: 2 yes votes; 0 no votes. yes voters: 11cec2d85a48407098b563e180faa6e4, 68e38405795643cc851b459fb05af43b; no voters: 
I20260608 13:05:31.500767 12574 raft_consensus.cc:2804] T 369c4b8541bc46fe8f3f3b05abd08dba P 68e38405795643cc851b459fb05af43b [term 0 FOLLOWER]: Leader pre-election won for term 1
I20260608 13:05:31.501121 12574 raft_consensus.cc:493] T 369c4b8541bc46fe8f3f3b05abd08dba P 68e38405795643cc851b459fb05af43b [term 0 FOLLOWER]: Starting leader election (no leader contacted us within the election timeout)
I20260608 13:05:31.501410 12574 raft_consensus.cc:3060] T 369c4b8541bc46fe8f3f3b05abd08dba P 68e38405795643cc851b459fb05af43b [term 0 FOLLOWER]: Advancing to term 1
I20260608 13:05:31.506130 12574 raft_consensus.cc:515] T 369c4b8541bc46fe8f3f3b05abd08dba P 68e38405795643cc851b459fb05af43b [term 1 FOLLOWER]: Starting leader election with config: opid_index: -1 OBSOLETE_local: false peers { permanent_uuid: "11cec2d85a48407098b563e180faa6e4" member_type: VOTER last_known_addr { host: "127.9.32.129" port: 46783 } } peers { permanent_uuid: "140501ee4617432b8a72711b467079d7" member_type: VOTER last_known_addr { host: "127.9.32.130" port: 40709 } } peers { permanent_uuid: "68e38405795643cc851b459fb05af43b" member_type: VOTER last_known_addr { host: "127.9.32.131" port: 43493 } }
I20260608 13:05:31.507918 12574 leader_election.cc:290] T 369c4b8541bc46fe8f3f3b05abd08dba P 68e38405795643cc851b459fb05af43b [CANDIDATE]: Term 1 election: Requested vote from peers 11cec2d85a48407098b563e180faa6e4 (127.9.32.129:46783), 140501ee4617432b8a72711b467079d7 (127.9.32.130:40709)
I20260608 13:05:31.508868 12370 tablet_service.cc:1917] Received RequestConsensusVote() RPC: tablet_id: "369c4b8541bc46fe8f3f3b05abd08dba" candidate_uuid: "68e38405795643cc851b459fb05af43b" candidate_term: 1 candidate_status { last_received { term: 0 index: 0 } } ignore_live_leader: false dest_uuid: "11cec2d85a48407098b563e180faa6e4"
I20260608 13:05:31.508996 12445 tablet_service.cc:1917] Received RequestConsensusVote() RPC: tablet_id: "369c4b8541bc46fe8f3f3b05abd08dba" candidate_uuid: "68e38405795643cc851b459fb05af43b" candidate_term: 1 candidate_status { last_received { term: 0 index: 0 } } ignore_live_leader: false dest_uuid: "140501ee4617432b8a72711b467079d7"
I20260608 13:05:31.509372 12370 raft_consensus.cc:3060] T 369c4b8541bc46fe8f3f3b05abd08dba P 11cec2d85a48407098b563e180faa6e4 [term 0 FOLLOWER]: Advancing to term 1
I20260608 13:05:31.509485 12445 raft_consensus.cc:3060] T 369c4b8541bc46fe8f3f3b05abd08dba P 140501ee4617432b8a72711b467079d7 [term 0 FOLLOWER]: Advancing to term 1
I20260608 13:05:31.514221 12370 raft_consensus.cc:2468] T 369c4b8541bc46fe8f3f3b05abd08dba P 11cec2d85a48407098b563e180faa6e4 [term 1 FOLLOWER]: Leader election vote request: Granting yes vote for candidate 68e38405795643cc851b459fb05af43b in term 1.
I20260608 13:05:31.514222 12445 raft_consensus.cc:2468] T 369c4b8541bc46fe8f3f3b05abd08dba P 140501ee4617432b8a72711b467079d7 [term 1 FOLLOWER]: Leader election vote request: Granting yes vote for candidate 68e38405795643cc851b459fb05af43b in term 1.
I20260608 13:05:31.515467 12487 leader_election.cc:304] T 369c4b8541bc46fe8f3f3b05abd08dba P 68e38405795643cc851b459fb05af43b [CANDIDATE]: Term 1 election: Election decided. Result: candidate won. Election summary: received 2 responses out of 3 voters: 2 yes votes; 0 no votes. yes voters: 11cec2d85a48407098b563e180faa6e4, 68e38405795643cc851b459fb05af43b; no voters: 
I20260608 13:05:31.516124 12574 raft_consensus.cc:2804] T 369c4b8541bc46fe8f3f3b05abd08dba P 68e38405795643cc851b459fb05af43b [term 1 FOLLOWER]: Leader election won for term 1
I20260608 13:05:31.516620 12574 raft_consensus.cc:697] T 369c4b8541bc46fe8f3f3b05abd08dba P 68e38405795643cc851b459fb05af43b [term 1 LEADER]: Becoming Leader. State: Replica: 68e38405795643cc851b459fb05af43b, State: Running, Role: LEADER
I20260608 13:05:31.517360 12574 consensus_queue.cc:237] T 369c4b8541bc46fe8f3f3b05abd08dba P 68e38405795643cc851b459fb05af43b [LEADER]: Queue going to LEADER mode. State: All replicated index: 0, Majority replicated index: 0, Committed index: 0, Last appended: 0.0, Last appended by leader: 0, Current term: 1, Majority size: 2, State: 0, Mode: LEADER, active raft config: opid_index: -1 OBSOLETE_local: false peers { permanent_uuid: "11cec2d85a48407098b563e180faa6e4" member_type: VOTER last_known_addr { host: "127.9.32.129" port: 46783 } } peers { permanent_uuid: "140501ee4617432b8a72711b467079d7" member_type: VOTER last_known_addr { host: "127.9.32.130" port: 40709 } } peers { permanent_uuid: "68e38405795643cc851b459fb05af43b" member_type: VOTER last_known_addr { host: "127.9.32.131" port: 43493 } }
I20260608 13:05:31.524984 12268 catalog_manager.cc:5696] T 369c4b8541bc46fe8f3f3b05abd08dba P 68e38405795643cc851b459fb05af43b reported cstate change: term changed from 0 to 1, leader changed from <none> to 68e38405795643cc851b459fb05af43b (127.9.32.131). New cstate: current_term: 1 leader_uuid: "68e38405795643cc851b459fb05af43b" committed_config { opid_index: -1 OBSOLETE_local: false peers { permanent_uuid: "11cec2d85a48407098b563e180faa6e4" member_type: VOTER last_known_addr { host: "127.9.32.129" port: 46783 } health_report { overall_health: UNKNOWN } } peers { permanent_uuid: "140501ee4617432b8a72711b467079d7" member_type: VOTER last_known_addr { host: "127.9.32.130" port: 40709 } health_report { overall_health: UNKNOWN } } peers { permanent_uuid: "68e38405795643cc851b459fb05af43b" member_type: VOTER last_known_addr { host: "127.9.32.131" port: 43493 } health_report { overall_health: HEALTHY } } }
I20260608 13:05:31.639664 12574 consensus_queue.cc:1048] T d6fe053515bf41d9a5b0d7870a0c794a P 68e38405795643cc851b459fb05af43b [LEADER]: Connected to new peer: Peer: permanent_uuid: "11cec2d85a48407098b563e180faa6e4" member_type: VOTER last_known_addr { host: "127.9.32.129" port: 46783 }, Status: LMP_MISMATCH, Last received: 0.0, Next index: 1, Last known committed idx: 0, Time since last communication: 0.000s
I20260608 13:05:31.651549 12593 consensus_queue.cc:1048] T d6fe053515bf41d9a5b0d7870a0c794a P 68e38405795643cc851b459fb05af43b [LEADER]: Connected to new peer: Peer: permanent_uuid: "140501ee4617432b8a72711b467079d7" member_type: VOTER last_known_addr { host: "127.9.32.130" port: 40709 }, Status: LMP_MISMATCH, Last received: 0.0, Next index: 1, Last known committed idx: 0, Time since last communication: 0.000s
I20260608 13:05:31.662896 12593 consensus_queue.cc:1048] T 14aff0cdbd674a47a93070f5c38a8493 P 68e38405795643cc851b459fb05af43b [LEADER]: Connected to new peer: Peer: permanent_uuid: "11cec2d85a48407098b563e180faa6e4" member_type: VOTER last_known_addr { host: "127.9.32.129" port: 46783 }, Status: LMP_MISMATCH, Last received: 0.0, Next index: 1, Last known committed idx: 0, Time since last communication: 0.000s
I20260608 13:05:31.668443 12579 raft_consensus.cc:493] T c4f15095bba24e199ef780d06341b874 P 140501ee4617432b8a72711b467079d7 [term 0 FOLLOWER]: Starting pre-election (no leader contacted us within the election timeout)
I20260608 13:05:31.669050 12579 raft_consensus.cc:515] T c4f15095bba24e199ef780d06341b874 P 140501ee4617432b8a72711b467079d7 [term 0 FOLLOWER]: Starting pre-election with config: opid_index: -1 OBSOLETE_local: false peers { permanent_uuid: "11cec2d85a48407098b563e180faa6e4" member_type: VOTER last_known_addr { host: "127.9.32.129" port: 46783 } } peers { permanent_uuid: "140501ee4617432b8a72711b467079d7" member_type: VOTER last_known_addr { host: "127.9.32.130" port: 40709 } } peers { permanent_uuid: "68e38405795643cc851b459fb05af43b" member_type: VOTER last_known_addr { host: "127.9.32.131" port: 43493 } }
I20260608 13:05:31.671252 12579 leader_election.cc:290] T c4f15095bba24e199ef780d06341b874 P 140501ee4617432b8a72711b467079d7 [CANDIDATE]: Term 1 pre-election: Requested pre-vote from peers 11cec2d85a48407098b563e180faa6e4 (127.9.32.129:46783), 68e38405795643cc851b459fb05af43b (127.9.32.131:43493)
I20260608 13:05:31.672032 12600 raft_consensus.cc:493] T a69dcdac24794944bc68e35404141c2c P 68e38405795643cc851b459fb05af43b [term 0 FOLLOWER]: Starting pre-election (no leader contacted us within the election timeout)
