I20260608 13:05:31.122294 12446 tablet_service.cc:1917] Received RequestConsensusVote() RPC: tablet_id: "d6fe053515bf41d9a5b0d7870a0c794a" candidate_uuid: "68e38405795643cc851b459fb05af43b" candidate_term: 1 candidate_status { last_received { term: 0 index: 0 } } ignore_live_leader: false dest_uuid: "140501ee4617432b8a72711b467079d7" is_pre_election: true
I20260608 13:05:31.123195 12446 raft_consensus.cc:2468] T d6fe053515bf41d9a5b0d7870a0c794a P 140501ee4617432b8a72711b467079d7 [term 0 FOLLOWER]: Leader pre-election vote request: Granting yes vote for candidate 68e38405795643cc851b459fb05af43b in term 0.
I20260608 13:05:31.120115 12447 tablet_service.cc:1917] Received RequestConsensusVote() RPC: tablet_id: "14aff0cdbd674a47a93070f5c38a8493" candidate_uuid: "68e38405795643cc851b459fb05af43b" candidate_term: 1 candidate_status { last_received { term: 0 index: 0 } } ignore_live_leader: false dest_uuid: "140501ee4617432b8a72711b467079d7" is_pre_election: true
I20260608 13:05:31.122429 12569 consensus_queue.cc:260] T 369c4b8541bc46fe8f3f3b05abd08dba P 68e38405795643cc851b459fb05af43b [NON_LEADER]: Queue going to NON_LEADER mode. State: All replicated index: 0, Majority replicated index: 0, Committed index: 0, Last appended: 0.0, Last appended by leader: 0, Current term: 0, Majority size: -1, State: 0, Mode: NON_LEADER, active raft config: opid_index: -1 OBSOLETE_local: false peers { permanent_uuid: "11cec2d85a48407098b563e180faa6e4" member_type: VOTER last_known_addr { host: "127.9.32.129" port: 46783 } } peers { permanent_uuid: "140501ee4617432b8a72711b467079d7" member_type: VOTER last_known_addr { host: "127.9.32.130" port: 40709 } } peers { permanent_uuid: "68e38405795643cc851b459fb05af43b" member_type: VOTER last_known_addr { host: "127.9.32.131" port: 43493 } }
I20260608 13:05:31.124616 12447 raft_consensus.cc:2468] T 14aff0cdbd674a47a93070f5c38a8493 P 140501ee4617432b8a72711b467079d7 [term 0 FOLLOWER]: Leader pre-election vote request: Granting yes vote for candidate 68e38405795643cc851b459fb05af43b in term 0.
I20260608 13:05:31.125875 12566 tablet_bootstrap.cc:492] T a69dcdac24794944bc68e35404141c2c P 140501ee4617432b8a72711b467079d7: No bootstrap required, opened a new log
I20260608 13:05:31.126497 12566 ts_tablet_manager.cc:1403] T a69dcdac24794944bc68e35404141c2c P 140501ee4617432b8a72711b467079d7: Time spent bootstrapping tablet: real 0.039s	user 0.019s	sys 0.011s
I20260608 13:05:31.126623 12487 leader_election.cc:304] T d6fe053515bf41d9a5b0d7870a0c794a P 68e38405795643cc851b459fb05af43b [CANDIDATE]: Term 1 pre-election: Election decided. Result: candidate won. Election summary: received 2 responses out of 3 voters: 2 yes votes; 0 no votes. yes voters: 140501ee4617432b8a72711b467079d7, 68e38405795643cc851b459fb05af43b; no voters: 
I20260608 13:05:31.129492 12574 raft_consensus.cc:2804] T d6fe053515bf41d9a5b0d7870a0c794a P 68e38405795643cc851b459fb05af43b [term 0 FOLLOWER]: Leader pre-election won for term 1
I20260608 13:05:31.129896 12574 raft_consensus.cc:493] T d6fe053515bf41d9a5b0d7870a0c794a P 68e38405795643cc851b459fb05af43b [term 0 FOLLOWER]: Starting leader election (no leader contacted us within the election timeout)
I20260608 13:05:31.130311 12574 raft_consensus.cc:3060] T d6fe053515bf41d9a5b0d7870a0c794a P 68e38405795643cc851b459fb05af43b [term 0 FOLLOWER]: Advancing to term 1
I20260608 13:05:31.130049 12566 raft_consensus.cc:359] T a69dcdac24794944bc68e35404141c2c P 140501ee4617432b8a72711b467079d7 [term 0 FOLLOWER]: Replica starting. Triggering 0 pending ops. Active config: opid_index: -1 OBSOLETE_local: false peers { permanent_uuid: "140501ee4617432b8a72711b467079d7" member_type: VOTER last_known_addr { host: "127.9.32.130" port: 40709 } } peers { permanent_uuid: "11cec2d85a48407098b563e180faa6e4" member_type: VOTER last_known_addr { host: "127.9.32.129" port: 46783 } } peers { permanent_uuid: "68e38405795643cc851b459fb05af43b" member_type: VOTER last_known_addr { host: "127.9.32.131" port: 43493 } }
I20260608 13:05:31.130981 12566 raft_consensus.cc:385] T a69dcdac24794944bc68e35404141c2c P 140501ee4617432b8a72711b467079d7 [term 0 FOLLOWER]: Consensus starting up: Expiring failure detector timer to make a prompt election more likely
I20260608 13:05:31.131290 12566 raft_consensus.cc:740] T a69dcdac24794944bc68e35404141c2c P 140501ee4617432b8a72711b467079d7 [term 0 FOLLOWER]: Becoming Follower/Learner. State: Replica: 140501ee4617432b8a72711b467079d7, State: Initialized, Role: FOLLOWER
I20260608 13:05:31.132169 12566 consensus_queue.cc:260] T a69dcdac24794944bc68e35404141c2c P 140501ee4617432b8a72711b467079d7 [NON_LEADER]: Queue going to NON_LEADER mode. State: All replicated index: 0, Majority replicated index: 0, Committed index: 0, Last appended: 0.0, Last appended by leader: 0, Current term: 0, Majority size: -1, State: 0, Mode: NON_LEADER, active raft config: opid_index: -1 OBSOLETE_local: false peers { permanent_uuid: "140501ee4617432b8a72711b467079d7" member_type: VOTER last_known_addr { host: "127.9.32.130" port: 40709 } } peers { permanent_uuid: "11cec2d85a48407098b563e180faa6e4" member_type: VOTER last_known_addr { host: "127.9.32.129" port: 46783 } } peers { permanent_uuid: "68e38405795643cc851b459fb05af43b" member_type: VOTER last_known_addr { host: "127.9.32.131" port: 43493 } }
I20260608 13:05:31.134158 12569 ts_tablet_manager.cc:1434] T 369c4b8541bc46fe8f3f3b05abd08dba P 68e38405795643cc851b459fb05af43b: Time spent starting tablet: real 0.032s	user 0.009s	sys 0.000s
I20260608 13:05:31.136722 12566 ts_tablet_manager.cc:1434] T a69dcdac24794944bc68e35404141c2c P 140501ee4617432b8a72711b467079d7: Time spent starting tablet: real 0.010s	user 0.004s	sys 0.003s
I20260608 13:05:31.136570 12487 leader_election.cc:304] T 14aff0cdbd674a47a93070f5c38a8493 P 68e38405795643cc851b459fb05af43b [CANDIDATE]: Term 1 pre-election: Election decided. Result: candidate won. Election summary: received 2 responses out of 3 voters: 2 yes votes; 0 no votes. yes voters: 140501ee4617432b8a72711b467079d7, 68e38405795643cc851b459fb05af43b; no voters: 
I20260608 13:05:31.139588 12569 tablet_bootstrap.cc:492] T c4f15095bba24e199ef780d06341b874 P 68e38405795643cc851b459fb05af43b: Bootstrap starting.
I20260608 13:05:31.141822 12566 tablet_bootstrap.cc:492] T c4f15095bba24e199ef780d06341b874 P 140501ee4617432b8a72711b467079d7: Bootstrap starting.
I20260608 13:05:31.143054 12574 raft_consensus.cc:515] T d6fe053515bf41d9a5b0d7870a0c794a P 68e38405795643cc851b459fb05af43b [term 1 FOLLOWER]: Starting leader election with config: opid_index: -1 OBSOLETE_local: false peers { permanent_uuid: "140501ee4617432b8a72711b467079d7" member_type: VOTER last_known_addr { host: "127.9.32.130" port: 40709 } } peers { permanent_uuid: "11cec2d85a48407098b563e180faa6e4" member_type: VOTER last_known_addr { host: "127.9.32.129" port: 46783 } } peers { permanent_uuid: "68e38405795643cc851b459fb05af43b" member_type: VOTER last_known_addr { host: "127.9.32.131" port: 43493 } }
I20260608 13:05:31.150763 12566 tablet_bootstrap.cc:654] T c4f15095bba24e199ef780d06341b874 P 140501ee4617432b8a72711b467079d7: Neither blocks nor log segments found. Creating new log.
I20260608 13:05:31.155905 12574 leader_election.cc:290] T d6fe053515bf41d9a5b0d7870a0c794a P 68e38405795643cc851b459fb05af43b [CANDIDATE]: Term 1 election: Requested vote from peers 140501ee4617432b8a72711b467079d7 (127.9.32.130:40709), 11cec2d85a48407098b563e180faa6e4 (127.9.32.129:46783)
I20260608 13:05:31.156564 12574 raft_consensus.cc:2804] T 14aff0cdbd674a47a93070f5c38a8493 P 68e38405795643cc851b459fb05af43b [term 0 FOLLOWER]: Leader pre-election won for term 1
I20260608 13:05:31.156919 12574 raft_consensus.cc:493] T 14aff0cdbd674a47a93070f5c38a8493 P 68e38405795643cc851b459fb05af43b [term 0 FOLLOWER]: Starting leader election (no leader contacted us within the election timeout)
I20260608 13:05:31.157259 12574 raft_consensus.cc:3060] T 14aff0cdbd674a47a93070f5c38a8493 P 68e38405795643cc851b459fb05af43b [term 0 FOLLOWER]: Advancing to term 1
I20260608 13:05:31.159190 12447 tablet_service.cc:1917] Received RequestConsensusVote() RPC: tablet_id: "d6fe053515bf41d9a5b0d7870a0c794a" candidate_uuid: "11cec2d85a48407098b563e180faa6e4" candidate_term: 1 candidate_status { last_received { term: 0 index: 0 } } ignore_live_leader: false dest_uuid: "140501ee4617432b8a72711b467079d7" is_pre_election: true
I20260608 13:05:31.159893 12447 raft_consensus.cc:2468] T d6fe053515bf41d9a5b0d7870a0c794a P 140501ee4617432b8a72711b467079d7 [term 0 FOLLOWER]: Leader pre-election vote request: Granting yes vote for candidate 11cec2d85a48407098b563e180faa6e4 in term 0.
I20260608 13:05:31.161552 12337 leader_election.cc:304] T d6fe053515bf41d9a5b0d7870a0c794a P 11cec2d85a48407098b563e180faa6e4 [CANDIDATE]: Term 1 pre-election: Election decided. Result: candidate won. Election summary: received 2 responses out of 3 voters: 2 yes votes; 0 no votes. yes voters: 11cec2d85a48407098b563e180faa6e4, 140501ee4617432b8a72711b467079d7; no voters: 
I20260608 13:05:31.162513 12570 raft_consensus.cc:2804] T d6fe053515bf41d9a5b0d7870a0c794a P 11cec2d85a48407098b563e180faa6e4 [term 0 FOLLOWER]: Leader pre-election won for term 1
I20260608 13:05:31.162884 12570 raft_consensus.cc:493] T d6fe053515bf41d9a5b0d7870a0c794a P 11cec2d85a48407098b563e180faa6e4 [term 0 FOLLOWER]: Starting leader election (no leader contacted us within the election timeout)
I20260608 13:05:31.163170 12566 tablet_bootstrap.cc:492] T c4f15095bba24e199ef780d06341b874 P 140501ee4617432b8a72711b467079d7: No bootstrap required, opened a new log
I20260608 13:05:31.163233 12570 raft_consensus.cc:3060] T d6fe053515bf41d9a5b0d7870a0c794a P 11cec2d85a48407098b563e180faa6e4 [term 0 FOLLOWER]: Advancing to term 1
I20260608 13:05:31.168128 12569 tablet_bootstrap.cc:654] T c4f15095bba24e199ef780d06341b874 P 68e38405795643cc851b459fb05af43b: Neither blocks nor log segments found. Creating new log.
I20260608 13:05:31.169662 12447 tablet_service.cc:1917] Received RequestConsensusVote() RPC: tablet_id: "d6fe053515bf41d9a5b0d7870a0c794a" candidate_uuid: "68e38405795643cc851b459fb05af43b" candidate_term: 1 candidate_status { last_received { term: 0 index: 0 } } ignore_live_leader: false dest_uuid: "140501ee4617432b8a72711b467079d7"
I20260608 13:05:31.171442 12579 leader_election.cc:290] T d6fe053515bf41d9a5b0d7870a0c794a P 140501ee4617432b8a72711b467079d7 [CANDIDATE]: Term 1 pre-election: Requested pre-vote from peers 11cec2d85a48407098b563e180faa6e4 (127.9.32.129:46783), 68e38405795643cc851b459fb05af43b (127.9.32.131:43493)
I20260608 13:05:31.171321 12570 raft_consensus.cc:515] T d6fe053515bf41d9a5b0d7870a0c794a P 11cec2d85a48407098b563e180faa6e4 [term 1 FOLLOWER]: Starting leader election with config: opid_index: -1 OBSOLETE_local: false peers { permanent_uuid: "140501ee4617432b8a72711b467079d7" member_type: VOTER last_known_addr { host: "127.9.32.130" port: 40709 } } peers { permanent_uuid: "11cec2d85a48407098b563e180faa6e4" member_type: VOTER last_known_addr { host: "127.9.32.129" port: 46783 } } peers { permanent_uuid: "68e38405795643cc851b459fb05af43b" member_type: VOTER last_known_addr { host: "127.9.32.131" port: 43493 } }
I20260608 13:05:31.172345 12566 ts_tablet_manager.cc:1403] T c4f15095bba24e199ef780d06341b874 P 140501ee4617432b8a72711b467079d7: Time spent bootstrapping tablet: real 0.031s	user 0.012s	sys 0.008s
I20260608 13:05:31.173336 12567 tablet_bootstrap.cc:654] T a69dcdac24794944bc68e35404141c2c P 11cec2d85a48407098b563e180faa6e4: Neither blocks nor log segments found. Creating new log.
I20260608 13:05:31.177862 12597 raft_consensus.cc:493] T c4f15095bba24e199ef780d06341b874 P 11cec2d85a48407098b563e180faa6e4 [term 0 FOLLOWER]: Starting pre-election (no leader contacted us within the election timeout)
I20260608 13:05:31.179569 12371 tablet_service.cc:1917] Received RequestConsensusVote() RPC: tablet_id: "d6fe053515bf41d9a5b0d7870a0c794a" candidate_uuid: "68e38405795643cc851b459fb05af43b" candidate_term: 1 candidate_status { last_received { term: 0 index: 0 } } ignore_live_leader: false dest_uuid: "11cec2d85a48407098b563e180faa6e4" is_pre_election: true
I20260608 13:05:31.185593 12597 raft_consensus.cc:515] T c4f15095bba24e199ef780d06341b874 P 11cec2d85a48407098b563e180faa6e4 [term 0 FOLLOWER]: Starting pre-election with config: opid_index: -1 OBSOLETE_local: false peers { permanent_uuid: "11cec2d85a48407098b563e180faa6e4" member_type: VOTER last_known_addr { host: "127.9.32.129" port: 46783 } } peers { permanent_uuid: "140501ee4617432b8a72711b467079d7" member_type: VOTER last_known_addr { host: "127.9.32.130" port: 40709 } } peers { permanent_uuid: "68e38405795643cc851b459fb05af43b" member_type: VOTER last_known_addr { host: "127.9.32.131" port: 43493 } }
I20260608 13:05:31.180519 12370 tablet_service.cc:1917] Received RequestConsensusVote() RPC: tablet_id: "d6fe053515bf41d9a5b0d7870a0c794a" candidate_uuid: "68e38405795643cc851b459fb05af43b" candidate_term: 1 candidate_status { last_received { term: 0 index: 0 } } ignore_live_leader: false dest_uuid: "11cec2d85a48407098b563e180faa6e4"
I20260608 13:05:31.178313 12447 raft_consensus.cc:3060] T d6fe053515bf41d9a5b0d7870a0c794a P 140501ee4617432b8a72711b467079d7 [term 0 FOLLOWER]: Advancing to term 1
I20260608 13:05:31.182801 12372 tablet_service.cc:1917] Received RequestConsensusVote() RPC: tablet_id: "14aff0cdbd674a47a93070f5c38a8493" candidate_uuid: "68e38405795643cc851b459fb05af43b" candidate_term: 1 candidate_status { last_received { term: 0 index: 0 } } ignore_live_leader: false dest_uuid: "11cec2d85a48407098b563e180faa6e4" is_pre_election: true
I20260608 13:05:31.184593 12574 raft_consensus.cc:515] T 14aff0cdbd674a47a93070f5c38a8493 P 68e38405795643cc851b459fb05af43b [term 1 FOLLOWER]: Starting leader election with config: opid_index: -1 OBSOLETE_local: false peers { permanent_uuid: "140501ee4617432b8a72711b467079d7" member_type: VOTER last_known_addr { host: "127.9.32.130" port: 40709 } } peers { permanent_uuid: "11cec2d85a48407098b563e180faa6e4" member_type: VOTER last_known_addr { host: "127.9.32.129" port: 46783 } } peers { permanent_uuid: "68e38405795643cc851b459fb05af43b" member_type: VOTER last_known_addr { host: "127.9.32.131" port: 43493 } }
I20260608 13:05:31.186025 12371 raft_consensus.cc:2393] T d6fe053515bf41d9a5b0d7870a0c794a P 11cec2d85a48407098b563e180faa6e4 [term 1 FOLLOWER]: Leader pre-election vote request: Denying vote to candidate 68e38405795643cc851b459fb05af43b in current term 1: Already voted for candidate 11cec2d85a48407098b563e180faa6e4 in this term.
I20260608 13:05:31.181787 12521 tablet_service.cc:1917] Received RequestConsensusVote() RPC: tablet_id: "d6fe053515bf41d9a5b0d7870a0c794a" candidate_uuid: "11cec2d85a48407098b563e180faa6e4" candidate_term: 1 candidate_status { last_received { term: 0 index: 0 } } ignore_live_leader: false dest_uuid: "68e38405795643cc851b459fb05af43b" is_pre_election: true
I20260608 13:05:31.182791 12593 raft_consensus.cc:493] T 4854ed54f89b45ed871c5373c1fe1fdf P 68e38405795643cc851b459fb05af43b [term 0 FOLLOWER]: Starting pre-election (no leader contacted us within the election timeout)
I20260608 13:05:31.187908 12597 leader_election.cc:290] T c4f15095bba24e199ef780d06341b874 P 11cec2d85a48407098b563e180faa6e4 [CANDIDATE]: Term 1 pre-election: Requested pre-vote from peers 140501ee4617432b8a72711b467079d7 (127.9.32.130:40709), 68e38405795643cc851b459fb05af43b (127.9.32.131:43493)
I20260608 13:05:31.190677 12445 tablet_service.cc:1917] Received RequestConsensusVote() RPC: tablet_id: "c4f15095bba24e199ef780d06341b874" candidate_uuid: "11cec2d85a48407098b563e180faa6e4" candidate_term: 1 candidate_status { last_received { term: 0 index: 0 } } ignore_live_leader: false dest_uuid: "140501ee4617432b8a72711b467079d7" is_pre_election: true
I20260608 13:05:31.201236 12593 raft_consensus.cc:515] T 4854ed54f89b45ed871c5373c1fe1fdf P 68e38405795643cc851b459fb05af43b [term 0 FOLLOWER]: Starting pre-election with config: opid_index: -1 OBSOLETE_local: false peers { permanent_uuid: "11cec2d85a48407098b563e180faa6e4" member_type: VOTER last_known_addr { host: "127.9.32.129" port: 46783 } } peers { permanent_uuid: "140501ee4617432b8a72711b467079d7" member_type: VOTER last_known_addr { host: "127.9.32.130" port: 40709 } } peers { permanent_uuid: "68e38405795643cc851b459fb05af43b" member_type: VOTER last_known_addr { host: "127.9.32.131" port: 43493 } }
I20260608 13:05:31.189066 12372 raft_consensus.cc:2468] T 14aff0cdbd674a47a93070f5c38a8493 P 11cec2d85a48407098b563e180faa6e4 [term 0 FOLLOWER]: Leader pre-election vote request: Granting yes vote for candidate 68e38405795643cc851b459fb05af43b in term 0.
I20260608 13:05:31.202328 12520 tablet_service.cc:1917] Received RequestConsensusVote() RPC: tablet_id: "c4f15095bba24e199ef780d06341b874" candidate_uuid: "11cec2d85a48407098b563e180faa6e4" candidate_term: 1 candidate_status { last_received { term: 0 index: 0 } } ignore_live_leader: false dest_uuid: "68e38405795643cc851b459fb05af43b" is_pre_election: true
I20260608 13:05:31.187793 12446 tablet_service.cc:1917] Received RequestConsensusVote() RPC: tablet_id: "d6fe053515bf41d9a5b0d7870a0c794a" candidate_uuid: "11cec2d85a48407098b563e180faa6e4" candidate_term: 1 candidate_status { last_received { term: 0 index: 0 } } ignore_live_leader: false dest_uuid: "140501ee4617432b8a72711b467079d7"
I20260608 13:05:31.201769 12521 raft_consensus.cc:2393] T d6fe053515bf41d9a5b0d7870a0c794a P 68e38405795643cc851b459fb05af43b [term 1 FOLLOWER]: Leader pre-election vote request: Denying vote to candidate 11cec2d85a48407098b563e180faa6e4 in current term 1: Already voted for candidate 68e38405795643cc851b459fb05af43b in this term.
W20260608 13:05:31.205873 12337 leader_election.cc:343] T c4f15095bba24e199ef780d06341b874 P 11cec2d85a48407098b563e180faa6e4 [CANDIDATE]: Term 1 pre-election: Tablet error from VoteRequest() call to peer 140501ee4617432b8a72711b467079d7 (127.9.32.130:40709): Illegal state: must be running to vote when last-logged opid is not known
I20260608 13:05:31.207403 12574 leader_election.cc:290] T 14aff0cdbd674a47a93070f5c38a8493 P 68e38405795643cc851b459fb05af43b [CANDIDATE]: Term 1 election: Requested vote from peers 140501ee4617432b8a72711b467079d7 (127.9.32.130:40709), 11cec2d85a48407098b563e180faa6e4 (127.9.32.129:46783)
I20260608 13:05:31.209601 12445 tablet_service.cc:1917] Received RequestConsensusVote() RPC: tablet_id: "14aff0cdbd674a47a93070f5c38a8493" candidate_uuid: "68e38405795643cc851b459fb05af43b" candidate_term: 1 candidate_status { last_received { term: 0 index: 0 } } ignore_live_leader: false dest_uuid: "140501ee4617432b8a72711b467079d7"
I20260608 13:05:31.211030 12570 leader_election.cc:290] T d6fe053515bf41d9a5b0d7870a0c794a P 11cec2d85a48407098b563e180faa6e4 [CANDIDATE]: Term 1 election: Requested vote from peers 140501ee4617432b8a72711b467079d7 (127.9.32.130:40709), 68e38405795643cc851b459fb05af43b (127.9.32.131:43493)
I20260608 13:05:31.211149 12445 raft_consensus.cc:3060] T 14aff0cdbd674a47a93070f5c38a8493 P 140501ee4617432b8a72711b467079d7 [term 0 FOLLOWER]: Advancing to term 1
W20260608 13:05:31.212523 12335 leader_election.cc:343] T c4f15095bba24e199ef780d06341b874 P 11cec2d85a48407098b563e180faa6e4 [CANDIDATE]: Term 1 pre-election: Tablet error from VoteRequest() call to peer 68e38405795643cc851b459fb05af43b (127.9.32.131:43493): Illegal state: must be running to vote when last-logged opid is not known
I20260608 13:05:31.212392 12566 raft_consensus.cc:359] T c4f15095bba24e199ef780d06341b874 P 140501ee4617432b8a72711b467079d7 [term 0 FOLLOWER]: Replica starting. Triggering 0 pending ops. Active config: opid_index: -1 OBSOLETE_local: false peers { permanent_uuid: "11cec2d85a48407098b563e180faa6e4" member_type: VOTER last_known_addr { host: "127.9.32.129" port: 46783 } } peers { permanent_uuid: "140501ee4617432b8a72711b467079d7" member_type: VOTER last_known_addr { host: "127.9.32.130" port: 40709 } } peers { permanent_uuid: "68e38405795643cc851b459fb05af43b" member_type: VOTER last_known_addr { host: "127.9.32.131" port: 43493 } }
I20260608 13:05:31.214632 12566 raft_consensus.cc:385] T c4f15095bba24e199ef780d06341b874 P 140501ee4617432b8a72711b467079d7 [term 0 FOLLOWER]: Consensus starting up: Expiring failure detector timer to make a prompt election more likely
I20260608 13:05:31.213698 12335 leader_election.cc:304] T c4f15095bba24e199ef780d06341b874 P 11cec2d85a48407098b563e180faa6e4 [CANDIDATE]: Term 1 pre-election: Election decided. Result: candidate lost. Election summary: received 3 responses out of 3 voters: 1 yes votes; 2 no votes. yes voters: 11cec2d85a48407098b563e180faa6e4; no voters: 140501ee4617432b8a72711b467079d7, 68e38405795643cc851b459fb05af43b
I20260608 13:05:31.215755 12566 raft_consensus.cc:740] T c4f15095bba24e199ef780d06341b874 P 140501ee4617432b8a72711b467079d7 [term 0 FOLLOWER]: Becoming Follower/Learner. State: Replica: 140501ee4617432b8a72711b467079d7, State: Initialized, Role: FOLLOWER
I20260608 13:05:31.216641 12566 consensus_queue.cc:260] T c4f15095bba24e199ef780d06341b874 P 140501ee4617432b8a72711b467079d7 [NON_LEADER]: Queue going to NON_LEADER mode. State: All replicated index: 0, Majority replicated index: 0, Committed index: 0, Last appended: 0.0, Last appended by leader: 0, Current term: 0, Majority size: -1, State: 0, Mode: NON_LEADER, active raft config: opid_index: -1 OBSOLETE_local: false peers { permanent_uuid: "11cec2d85a48407098b563e180faa6e4" member_type: VOTER last_known_addr { host: "127.9.32.129" port: 46783 } } peers { permanent_uuid: "140501ee4617432b8a72711b467079d7" member_type: VOTER last_known_addr { host: "127.9.32.130" port: 40709 } } peers { permanent_uuid: "68e38405795643cc851b459fb05af43b" member_type: VOTER last_known_addr { host: "127.9.32.131" port: 43493 } }
I20260608 13:05:31.217582 12567 tablet_bootstrap.cc:492] T a69dcdac24794944bc68e35404141c2c P 11cec2d85a48407098b563e180faa6e4: No bootstrap required, opened a new log
I20260608 13:05:31.218118 12567 ts_tablet_manager.cc:1403] T a69dcdac24794944bc68e35404141c2c P 11cec2d85a48407098b563e180faa6e4: Time spent bootstrapping tablet: real 0.132s	user 0.020s	sys 0.002s
I20260608 13:05:31.220670 12593 leader_election.cc:290] T 4854ed54f89b45ed871c5373c1fe1fdf P 68e38405795643cc851b459fb05af43b [CANDIDATE]: Term 1 pre-election: Requested pre-vote from peers 11cec2d85a48407098b563e180faa6e4 (127.9.32.129:46783), 140501ee4617432b8a72711b467079d7 (127.9.32.130:40709)
I20260608 13:05:31.221563 12566 ts_tablet_manager.cc:1434] T c4f15095bba24e199ef780d06341b874 P 140501ee4617432b8a72711b467079d7: Time spent starting tablet: real 0.040s	user 0.007s	sys 0.000s
I20260608 13:05:31.212726 12447 raft_consensus.cc:2468] T d6fe053515bf41d9a5b0d7870a0c794a P 140501ee4617432b8a72711b467079d7 [term 1 FOLLOWER]: Leader election vote request: Granting yes vote for candidate 68e38405795643cc851b459fb05af43b in term 1.
I20260608 13:05:31.223138 12566 tablet_bootstrap.cc:492] T b42f1e68392044dfb54c7cc39a51919d P 140501ee4617432b8a72711b467079d7: Bootstrap starting.
I20260608 13:05:31.225244 12569 tablet_bootstrap.cc:492] T c4f15095bba24e199ef780d06341b874 P 68e38405795643cc851b459fb05af43b: No bootstrap required, opened a new log
I20260608 13:05:31.225790 12569 ts_tablet_manager.cc:1403] T c4f15095bba24e199ef780d06341b874 P 68e38405795643cc851b459fb05af43b: Time spent bootstrapping tablet: real 0.086s	user 0.010s	sys 0.003s
I20260608 13:05:31.226433 12487 leader_election.cc:304] T d6fe053515bf41d9a5b0d7870a0c794a P 68e38405795643cc851b459fb05af43b [CANDIDATE]: Term 1 election: Election decided. Result: candidate won. Election summary: received 3 responses out of 3 voters: 2 yes votes; 1 no votes. yes voters: 140501ee4617432b8a72711b467079d7, 68e38405795643cc851b459fb05af43b; no voters: 11cec2d85a48407098b563e180faa6e4
I20260608 13:05:31.228633 12593 raft_consensus.cc:2804] T d6fe053515bf41d9a5b0d7870a0c794a P 68e38405795643cc851b459fb05af43b [term 1 FOLLOWER]: Leader election won for term 1
I20260608 13:05:31.229048 12569 raft_consensus.cc:359] T c4f15095bba24e199ef780d06341b874 P 68e38405795643cc851b459fb05af43b [term 0 FOLLOWER]: Replica starting. Triggering 0 pending ops. Active config: opid_index: -1 OBSOLETE_local: false peers { permanent_uuid: "11cec2d85a48407098b563e180faa6e4" member_type: VOTER last_known_addr { host: "127.9.32.129" port: 46783 } } peers { permanent_uuid: "140501ee4617432b8a72711b467079d7" member_type: VOTER last_known_addr { host: "127.9.32.130" port: 40709 } } peers { permanent_uuid: "68e38405795643cc851b459fb05af43b" member_type: VOTER last_known_addr { host: "127.9.32.131" port: 43493 } }
I20260608 13:05:31.229897 12569 raft_consensus.cc:385] T c4f15095bba24e199ef780d06341b874 P 68e38405795643cc851b459fb05af43b [term 0 FOLLOWER]: Consensus starting up: Expiring failure detector timer to make a prompt election more likely
I20260608 13:05:31.230195 12569 raft_consensus.cc:740] T c4f15095bba24e199ef780d06341b874 P 68e38405795643cc851b459fb05af43b [term 0 FOLLOWER]: Becoming Follower/Learner. State: Replica: 68e38405795643cc851b459fb05af43b, State: Initialized, Role: FOLLOWER
I20260608 13:05:31.230397 12447 tablet_service.cc:1917] Received RequestConsensusVote() RPC: tablet_id: "4854ed54f89b45ed871c5373c1fe1fdf" candidate_uuid: "68e38405795643cc851b459fb05af43b" candidate_term: 1 candidate_status { last_received { term: 0 index: 0 } } ignore_live_leader: false dest_uuid: "140501ee4617432b8a72711b467079d7" is_pre_election: true
I20260608 13:05:31.231096 12447 raft_consensus.cc:2468] T 4854ed54f89b45ed871c5373c1fe1fdf P 140501ee4617432b8a72711b467079d7 [term 0 FOLLOWER]: Leader pre-election vote request: Granting yes vote for candidate 68e38405795643cc851b459fb05af43b in term 0.
I20260608 13:05:31.231191 12569 consensus_queue.cc:260] T c4f15095bba24e199ef780d06341b874 P 68e38405795643cc851b459fb05af43b [NON_LEADER]: Queue going to NON_LEADER mode. State: All replicated index: 0, Majority replicated index: 0, Committed index: 0, Last appended: 0.0, Last appended by leader: 0, Current term: 0, Majority size: -1, State: 0, Mode: NON_LEADER, active raft config: opid_index: -1 OBSOLETE_local: false peers { permanent_uuid: "11cec2d85a48407098b563e180faa6e4" member_type: VOTER last_known_addr { host: "127.9.32.129" port: 46783 } } peers { permanent_uuid: "140501ee4617432b8a72711b467079d7" member_type: VOTER last_known_addr { host: "127.9.32.130" port: 40709 } } peers { permanent_uuid: "68e38405795643cc851b459fb05af43b" member_type: VOTER last_known_addr { host: "127.9.32.131" port: 43493 } }
I20260608 13:05:31.232738 12487 leader_election.cc:304] T 4854ed54f89b45ed871c5373c1fe1fdf P 68e38405795643cc851b459fb05af43b [CANDIDATE]: Term 1 pre-election: Election decided. Result: candidate won. Election summary: received 2 responses out of 3 voters: 2 yes votes; 0 no votes. yes voters: 140501ee4617432b8a72711b467079d7, 68e38405795643cc851b459fb05af43b; no voters: 
I20260608 13:05:31.233702 12569 ts_tablet_manager.cc:1434] T c4f15095bba24e199ef780d06341b874 P 68e38405795643cc851b459fb05af43b: Time spent starting tablet: real 0.008s	user 0.007s	sys 0.001s
I20260608 13:05:31.234222 12574 raft_consensus.cc:2804] T 4854ed54f89b45ed871c5373c1fe1fdf P 68e38405795643cc851b459fb05af43b [term 0 FOLLOWER]: Leader pre-election won for term 1
I20260608 13:05:31.234604 12574 raft_consensus.cc:493] T 4854ed54f89b45ed871c5373c1fe1fdf P 68e38405795643cc851b459fb05af43b [term 0 FOLLOWER]: Starting leader election (no leader contacted us within the election timeout)
I20260608 13:05:31.234766 12569 tablet_bootstrap.cc:492] T 4ac9985156504bea9ce4822396ff6b06 P 68e38405795643cc851b459fb05af43b: Bootstrap starting.
I20260608 13:05:31.234931 12372 tablet_service.cc:1917] Received RequestConsensusVote() RPC: tablet_id: "d6fe053515bf41d9a5b0d7870a0c794a" candidate_uuid: "140501ee4617432b8a72711b467079d7" candidate_term: 1 candidate_status { last_received { term: 0 index: 0 } } ignore_live_leader: false dest_uuid: "11cec2d85a48407098b563e180faa6e4" is_pre_election: true
I20260608 13:05:31.234954 12574 raft_consensus.cc:3060] T 4854ed54f89b45ed871c5373c1fe1fdf P 68e38405795643cc851b459fb05af43b [term 0 FOLLOWER]: Advancing to term 1
I20260608 13:05:31.236184 12372 raft_consensus.cc:2393] T d6fe053515bf41d9a5b0d7870a0c794a P 11cec2d85a48407098b563e180faa6e4 [term 1 FOLLOWER]: Leader pre-election vote request: Denying vote to candidate 140501ee4617432b8a72711b467079d7 in current term 1: Already voted for candidate 11cec2d85a48407098b563e180faa6e4 in this term.
I20260608 13:05:31.229132 12593 raft_consensus.cc:697] T d6fe053515bf41d9a5b0d7870a0c794a P 68e38405795643cc851b459fb05af43b [term 1 LEADER]: Becoming Leader. State: Replica: 68e38405795643cc851b459fb05af43b, State: Running, Role: LEADER
I20260608 13:05:31.238102 12566 tablet_bootstrap.cc:654] T b42f1e68392044dfb54c7cc39a51919d P 140501ee4617432b8a72711b467079d7: Neither blocks nor log segments found. Creating new log.
I20260608 13:05:31.238356 12593 consensus_queue.cc:237] T d6fe053515bf41d9a5b0d7870a0c794a P 68e38405795643cc851b459fb05af43b [LEADER]: Queue going to LEADER mode. State: All replicated index: 0, Majority replicated index: 0, Committed index: 0, Last appended: 0.0, Last appended by leader: 0, Current term: 1, Majority size: 2, State: 0, Mode: LEADER, active raft config: opid_index: -1 OBSOLETE_local: false peers { permanent_uuid: "140501ee4617432b8a72711b467079d7" member_type: VOTER last_known_addr { host: "127.9.32.130" port: 40709 } } peers { permanent_uuid: "11cec2d85a48407098b563e180faa6e4" member_type: VOTER last_known_addr { host: "127.9.32.129" port: 46783 } } peers { permanent_uuid: "68e38405795643cc851b459fb05af43b" member_type: VOTER last_known_addr { host: "127.9.32.131" port: 43493 } }
I20260608 13:05:31.229019 12445 raft_consensus.cc:2468] T 14aff0cdbd674a47a93070f5c38a8493 P 140501ee4617432b8a72711b467079d7 [term 1 FOLLOWER]: Leader election vote request: Granting yes vote for candidate 68e38405795643cc851b459fb05af43b in term 1.
I20260608 13:05:31.240929 12570 raft_consensus.cc:2749] T c4f15095bba24e199ef780d06341b874 P 11cec2d85a48407098b563e180faa6e4 [term 0 FOLLOWER]: Leader pre-election lost for term 1. Reason: could not achieve majority
I20260608 13:05:31.243129 12567 raft_consensus.cc:359] T a69dcdac24794944bc68e35404141c2c P 11cec2d85a48407098b563e180faa6e4 [term 0 FOLLOWER]: Replica starting. Triggering 0 pending ops. Active config: opid_index: -1 OBSOLETE_local: false peers { permanent_uuid: "140501ee4617432b8a72711b467079d7" member_type: VOTER last_known_addr { host: "127.9.32.130" port: 40709 } } peers { permanent_uuid: "11cec2d85a48407098b563e180faa6e4" member_type: VOTER last_known_addr { host: "127.9.32.129" port: 46783 } } peers { permanent_uuid: "68e38405795643cc851b459fb05af43b" member_type: VOTER last_known_addr { host: "127.9.32.131" port: 43493 } }
I20260608 13:05:31.243923 12567 raft_consensus.cc:385] T a69dcdac24794944bc68e35404141c2c P 11cec2d85a48407098b563e180faa6e4 [term 0 FOLLOWER]: Consensus starting up: Expiring failure detector timer to make a prompt election more likely
I20260608 13:05:31.244272 12567 raft_consensus.cc:740] T a69dcdac24794944bc68e35404141c2c P 11cec2d85a48407098b563e180faa6e4 [term 0 FOLLOWER]: Becoming Follower/Learner. State: Replica: 11cec2d85a48407098b563e180faa6e4, State: Initialized, Role: FOLLOWER
I20260608 13:05:31.244819 12569 tablet_bootstrap.cc:654] T 4ac9985156504bea9ce4822396ff6b06 P 68e38405795643cc851b459fb05af43b: Neither blocks nor log segments found. Creating new log.
I20260608 13:05:31.245335 12567 consensus_queue.cc:260] T a69dcdac24794944bc68e35404141c2c P 11cec2d85a48407098b563e180faa6e4 [NON_LEADER]: Queue going to NON_LEADER mode. State: All replicated index: 0, Majority replicated index: 0, Committed index: 0, Last appended: 0.0, Last appended by leader: 0, Current term: 0, Majority size: -1, State: 0, Mode: NON_LEADER, active raft config: opid_index: -1 OBSOLETE_local: false peers { permanent_uuid: "140501ee4617432b8a72711b467079d7" member_type: VOTER last_known_addr { host: "127.9.32.130" port: 40709 } } peers { permanent_uuid: "11cec2d85a48407098b563e180faa6e4" member_type: VOTER last_known_addr { host: "127.9.32.129" port: 46783 } } peers { permanent_uuid: "68e38405795643cc851b459fb05af43b" member_type: VOTER last_known_addr { host: "127.9.32.131" port: 43493 } }
I20260608 13:05:31.250917 12566 tablet_bootstrap.cc:492] T b42f1e68392044dfb54c7cc39a51919d P 140501ee4617432b8a72711b467079d7: No bootstrap required, opened a new log
I20260608 13:05:31.255949 12566 ts_tablet_manager.cc:1403] T b42f1e68392044dfb54c7cc39a51919d P 140501ee4617432b8a72711b467079d7: Time spent bootstrapping tablet: real 0.033s	user 0.016s	sys 0.003s
I20260608 13:05:31.255455 12268 catalog_manager.cc:5696] T d6fe053515bf41d9a5b0d7870a0c794a P 68e38405795643cc851b459fb05af43b reported cstate change: term changed from 0 to 1, leader changed from <none> to 68e38405795643cc851b459fb05af43b (127.9.32.131). New cstate: current_term: 1 leader_uuid: "68e38405795643cc851b459fb05af43b" committed_config { opid_index: -1 OBSOLETE_local: false peers { permanent_uuid: "140501ee4617432b8a72711b467079d7" member_type: VOTER last_known_addr { host: "127.9.32.130" port: 40709 } health_report { overall_health: UNKNOWN } } peers { permanent_uuid: "11cec2d85a48407098b563e180faa6e4" member_type: VOTER last_known_addr { host: "127.9.32.129" port: 46783 } health_report { overall_health: UNKNOWN } } peers { permanent_uuid: "68e38405795643cc851b459fb05af43b" member_type: VOTER last_known_addr { host: "127.9.32.131" port: 43493 } health_report { overall_health: HEALTHY } } }
I20260608 13:05:31.256582 12487 leader_election.cc:304] T 14aff0cdbd674a47a93070f5c38a8493 P 68e38405795643cc851b459fb05af43b [CANDIDATE]: Term 1 election: Election decided. Result: candidate won. Election summary: received 2 responses out of 3 voters: 2 yes votes; 0 no votes. yes voters: 140501ee4617432b8a72711b467079d7, 68e38405795643cc851b459fb05af43b; no voters: 
I20260608 13:05:31.257475 12593 raft_consensus.cc:2804] T 14aff0cdbd674a47a93070f5c38a8493 P 68e38405795643cc851b459fb05af43b [term 1 FOLLOWER]: Leader election won for term 1
I20260608 13:05:31.257969 12593 raft_consensus.cc:697] T 14aff0cdbd674a47a93070f5c38a8493 P 68e38405795643cc851b459fb05af43b [term 1 LEADER]: Becoming Leader. State: Replica: 68e38405795643cc851b459fb05af43b, State: Running, Role: LEADER
I20260608 13:05:31.258278 12579 raft_consensus.cc:493] T 4ac9985156504bea9ce4822396ff6b06 P 140501ee4617432b8a72711b467079d7 [term 0 FOLLOWER]: Starting pre-election (no leader contacted us within the election timeout)
I20260608 13:05:31.258708 12579 raft_consensus.cc:515] T 4ac9985156504bea9ce4822396ff6b06 P 140501ee4617432b8a72711b467079d7 [term 0 FOLLOWER]: Starting pre-election with config: opid_index: -1 OBSOLETE_local: false peers { permanent_uuid: "140501ee4617432b8a72711b467079d7" member_type: VOTER last_known_addr { host: "127.9.32.130" port: 40709 } } peers { permanent_uuid: "11cec2d85a48407098b563e180faa6e4" member_type: VOTER last_known_addr { host: "127.9.32.129" port: 46783 } } peers { permanent_uuid: "68e38405795643cc851b459fb05af43b" member_type: VOTER last_known_addr { host: "127.9.32.131" port: 43493 } }
I20260608 13:05:31.247996 12567 ts_tablet_manager.cc:1434] T a69dcdac24794944bc68e35404141c2c P 11cec2d85a48407098b563e180faa6e4: Time spent starting tablet: real 0.030s	user 0.004s	sys 0.004s
W20260608 13:05:31.251662 12335 outbound_call.cc:321] RPC callback for RPC call kudu.consensus.ConsensusService.RequestConsensusVote -> {remote=127.9.32.131:43493, user_credentials={real_user=slave}} blocked reactor thread for 43524.3us
I20260608 13:05:31.258826 12593 consensus_queue.cc:237] T 14aff0cdbd674a47a93070f5c38a8493 P 68e38405795643cc851b459fb05af43b [LEADER]: Queue going to LEADER mode. State: All replicated index: 0, Majority replicated index: 0, Committed index: 0, Last appended: 0.0, Last appended by leader: 0, Current term: 1, Majority size: 2, State: 0, Mode: LEADER, active raft config: opid_index: -1 OBSOLETE_local: false peers { permanent_uuid: "140501ee4617432b8a72711b467079d7" member_type: VOTER last_known_addr { host: "127.9.32.130" port: 40709 } } peers { permanent_uuid: "11cec2d85a48407098b563e180faa6e4" member_type: VOTER last_known_addr { host: "127.9.32.129" port: 46783 } } peers { permanent_uuid: "68e38405795643cc851b459fb05af43b" member_type: VOTER last_known_addr { host: "127.9.32.131" port: 43493 } }
I20260608 13:05:31.260318 12567 tablet_bootstrap.cc:492] T 369c4b8541bc46fe8f3f3b05abd08dba P 11cec2d85a48407098b563e180faa6e4: Bootstrap starting.
I20260608 13:05:31.260888 12579 leader_election.cc:290] T 4ac9985156504bea9ce4822396ff6b06 P 140501ee4617432b8a72711b467079d7 [CANDIDATE]: Term 1 pre-election: Requested pre-vote from peers 11cec2d85a48407098b563e180faa6e4 (127.9.32.129:46783), 68e38405795643cc851b459fb05af43b (127.9.32.131:43493)
I20260608 13:05:31.261363 12521 tablet_service.cc:1917] Received RequestConsensusVote() RPC: tablet_id: "d6fe053515bf41d9a5b0d7870a0c794a" candidate_uuid: "11cec2d85a48407098b563e180faa6e4" candidate_term: 1 candidate_status { last_received { term: 0 index: 0 } } ignore_live_leader: false dest_uuid: "68e38405795643cc851b459fb05af43b"
I20260608 13:05:31.254577 12569 tablet_bootstrap.cc:492] T 4ac9985156504bea9ce4822396ff6b06 P 68e38405795643cc851b459fb05af43b: No bootstrap required, opened a new log
I20260608 13:05:31.263389 12372 tablet_service.cc:1917] Received RequestConsensusVote() RPC: tablet_id: "4ac9985156504bea9ce4822396ff6b06" candidate_uuid: "140501ee4617432b8a72711b467079d7" candidate_term: 1 candidate_status { last_received { term: 0 index: 0 } } ignore_live_leader: false dest_uuid: "11cec2d85a48407098b563e180faa6e4" is_pre_election: true
I20260608 13:05:31.263782 12371 tablet_service.cc:1917] Received RequestConsensusVote() RPC: tablet_id: "14aff0cdbd674a47a93070f5c38a8493" candidate_uuid: "68e38405795643cc851b459fb05af43b" candidate_term: 1 candidate_status { last_received { term: 0 index: 0 } } ignore_live_leader: false dest_uuid: "11cec2d85a48407098b563e180faa6e4"
I20260608 13:05:31.265260 12371 raft_consensus.cc:3060] T 14aff0cdbd674a47a93070f5c38a8493 P 11cec2d85a48407098b563e180faa6e4 [term 0 FOLLOWER]: Advancing to term 1
I20260608 13:05:31.265202 12372 raft_consensus.cc:2468] T 4ac9985156504bea9ce4822396ff6b06 P 11cec2d85a48407098b563e180faa6e4 [term 0 FOLLOWER]: Leader pre-election vote request: Granting yes vote for candidate 140501ee4617432b8a72711b467079d7 in term 0.
I20260608 13:05:31.259150 12566 raft_consensus.cc:359] T b42f1e68392044dfb54c7cc39a51919d P 140501ee4617432b8a72711b467079d7 [term 0 FOLLOWER]: Replica starting. Triggering 0 pending ops. Active config: opid_index: -1 OBSOLETE_local: false peers { permanent_uuid: "11cec2d85a48407098b563e180faa6e4" member_type: VOTER last_known_addr { host: "127.9.32.129" port: 46783 } } peers { permanent_uuid: "140501ee4617432b8a72711b467079d7" member_type: VOTER last_known_addr { host: "127.9.32.130" port: 40709 } } peers { permanent_uuid: "68e38405795643cc851b459fb05af43b" member_type: VOTER last_known_addr { host: "127.9.32.131" port: 43493 } }
I20260608 13:05:31.266721 12370 tablet_service.cc:1917] Received RequestConsensusVote() RPC: tablet_id: "4854ed54f89b45ed871c5373c1fe1fdf" candidate_uuid: "68e38405795643cc851b459fb05af43b" candidate_term: 1 candidate_status { last_received { term: 0 index: 0 } } ignore_live_leader: false dest_uuid: "11cec2d85a48407098b563e180faa6e4" is_pre_election: true
I20260608 13:05:31.266726 12521 tablet_service.cc:1917] Received RequestConsensusVote() RPC: tablet_id: "d6fe053515bf41d9a5b0d7870a0c794a" candidate_uuid: "140501ee4617432b8a72711b467079d7" candidate_term: 1 candidate_status { last_received { term: 0 index: 0 } } ignore_live_leader: false dest_uuid: "68e38405795643cc851b459fb05af43b" is_pre_election: true
I20260608 13:05:31.267408 12569 ts_tablet_manager.cc:1403] T 4ac9985156504bea9ce4822396ff6b06 P 68e38405795643cc851b459fb05af43b: Time spent bootstrapping tablet: real 0.033s	user 0.017s	sys 0.000s
I20260608 13:05:31.265978 12520 tablet_service.cc:1917] Received RequestConsensusVote() RPC: tablet_id: "4ac9985156504bea9ce4822396ff6b06" candidate_uuid: "140501ee4617432b8a72711b467079d7" candidate_term: 1 candidate_status { last_received { term: 0 index: 0 } } ignore_live_leader: false dest_uuid: "68e38405795643cc851b459fb05af43b" is_pre_election: true
I20260608 13:05:31.269722 12413 leader_election.cc:304] T 4ac9985156504bea9ce4822396ff6b06 P 140501ee4617432b8a72711b467079d7 [CANDIDATE]: Term 1 pre-election: Election decided. Result: candidate won. Election summary: received 2 responses out of 3 voters: 2 yes votes; 0 no votes. yes voters: 11cec2d85a48407098b563e180faa6e4, 140501ee4617432b8a72711b467079d7; no voters: 
I20260608 13:05:31.270279 12411 leader_election.cc:304] T d6fe053515bf41d9a5b0d7870a0c794a P 140501ee4617432b8a72711b467079d7 [CANDIDATE]: Term 1 pre-election: Election decided. Result: candidate lost. Election summary: received 3 responses out of 3 voters: 1 yes votes; 2 no votes. yes voters: 140501ee4617432b8a72711b467079d7; no voters: 11cec2d85a48407098b563e180faa6e4, 68e38405795643cc851b459fb05af43b
W20260608 13:05:31.271581 12411 leader_election.cc:343] T 4ac9985156504bea9ce4822396ff6b06 P 140501ee4617432b8a72711b467079d7 [CANDIDATE]: Term 1 pre-election: Tablet error from VoteRequest() call to peer 68e38405795643cc851b459fb05af43b (127.9.32.131:43493): Illegal state: must be running to vote when last-logged opid is not known
I20260608 13:05:31.272356 12371 raft_consensus.cc:2468] T 14aff0cdbd674a47a93070f5c38a8493 P 11cec2d85a48407098b563e180faa6e4 [term 1 FOLLOWER]: Leader election vote request: Granting yes vote for candidate 68e38405795643cc851b459fb05af43b in term 1.
I20260608 13:05:31.272501 12579 raft_consensus.cc:2804] T 4ac9985156504bea9ce4822396ff6b06 P 140501ee4617432b8a72711b467079d7 [term 0 FOLLOWER]: Leader pre-election won for term 1
I20260608 13:05:31.272914 12579 raft_consensus.cc:493] T 4ac9985156504bea9ce4822396ff6b06 P 140501ee4617432b8a72711b467079d7 [term 0 FOLLOWER]: Starting leader election (no leader contacted us within the election timeout)
I20260608 13:05:31.273245 12579 raft_consensus.cc:3060] T 4ac9985156504bea9ce4822396ff6b06 P 140501ee4617432b8a72711b467079d7 [term 0 FOLLOWER]: Advancing to term 1
I20260608 13:05:31.269755 12567 tablet_bootstrap.cc:654] T 369c4b8541bc46fe8f3f3b05abd08dba P 11cec2d85a48407098b563e180faa6e4: Neither blocks nor log segments found. Creating new log.
W20260608 13:05:31.274732 12487 leader_election.cc:343] T 4854ed54f89b45ed871c5373c1fe1fdf P 68e38405795643cc851b459fb05af43b [CANDIDATE]: Term 1 pre-election: Tablet error from VoteRequest() call to peer 11cec2d85a48407098b563e180faa6e4 (127.9.32.129:46783): Illegal state: must be running to vote when last-logged opid is not known
I20260608 13:05:31.275730 12569 raft_consensus.cc:359] T 4ac9985156504bea9ce4822396ff6b06 P 68e38405795643cc851b459fb05af43b [term 0 FOLLOWER]: Replica starting. Triggering 0 pending ops. Active config: opid_index: -1 OBSOLETE_local: false peers { permanent_uuid: "140501ee4617432b8a72711b467079d7" member_type: VOTER last_known_addr { host: "127.9.32.130" port: 40709 } } peers { permanent_uuid: "11cec2d85a48407098b563e180faa6e4" member_type: VOTER last_known_addr { host: "127.9.32.129" port: 46783 } } peers { permanent_uuid: "68e38405795643cc851b459fb05af43b" member_type: VOTER last_known_addr { host: "127.9.32.131" port: 43493 } }
I20260608 13:05:31.276603 12569 raft_consensus.cc:385] T 4ac9985156504bea9ce4822396ff6b06 P 68e38405795643cc851b459fb05af43b [term 0 FOLLOWER]: Consensus starting up: Expiring failure detector timer to make a prompt election more likely
I20260608 13:05:31.276938 12569 raft_consensus.cc:740] T 4ac9985156504bea9ce4822396ff6b06 P 68e38405795643cc851b459fb05af43b [term 0 FOLLOWER]: Becoming Follower/Learner. State: Replica: 68e38405795643cc851b459fb05af43b, State: Initialized, Role: FOLLOWER
I20260608 13:05:31.272256 12566 raft_consensus.cc:385] T b42f1e68392044dfb54c7cc39a51919d P 140501ee4617432b8a72711b467079d7 [term 0 FOLLOWER]: Consensus starting up: Expiring failure detector timer to make a prompt election more likely
I20260608 13:05:31.277485 12575 raft_consensus.cc:2749] T d6fe053515bf41d9a5b0d7870a0c794a P 140501ee4617432b8a72711b467079d7 [term 1 FOLLOWER]: Leader pre-election lost for term 1. Reason: could not achieve majority
I20260608 13:05:31.277294 12574 raft_consensus.cc:515] T 4854ed54f89b45ed871c5373c1fe1fdf P 68e38405795643cc851b459fb05af43b [term 1 FOLLOWER]: Starting leader election with config: opid_index: -1 OBSOLETE_local: false peers { permanent_uuid: "11cec2d85a48407098b563e180faa6e4" member_type: VOTER last_known_addr { host: "127.9.32.129" port: 46783 } } peers { permanent_uuid: "140501ee4617432b8a72711b467079d7" member_type: VOTER last_known_addr { host: "127.9.32.130" port: 40709 } } peers { permanent_uuid: "68e38405795643cc851b459fb05af43b" member_type: VOTER last_known_addr { host: "127.9.32.131" port: 43493 } }
I20260608 13:05:31.278216 12569 consensus_queue.cc:260] T 4ac9985156504bea9ce4822396ff6b06 P 68e38405795643cc851b459fb05af43b [NON_LEADER]: Queue going to NON_LEADER mode. State: All replicated index: 0, Majority replicated index: 0, Committed index: 0, Last appended: 0.0, Last appended by leader: 0, Current term: 0, Majority size: -1, State: 0, Mode: NON_LEADER, active raft config: opid_index: -1 OBSOLETE_local: false peers { permanent_uuid: "140501ee4617432b8a72711b467079d7" member_type: VOTER last_known_addr { host: "127.9.32.130" port: 40709 } } peers { permanent_uuid: "11cec2d85a48407098b563e180faa6e4" member_type: VOTER last_known_addr { host: "127.9.32.129" port: 46783 } } peers { permanent_uuid: "68e38405795643cc851b459fb05af43b" member_type: VOTER last_known_addr { host: "127.9.32.131" port: 43493 } }
I20260608 13:05:31.282769 12569 ts_tablet_manager.cc:1434] T 4ac9985156504bea9ce4822396ff6b06 P 68e38405795643cc851b459fb05af43b: Time spent starting tablet: real 0.012s	user 0.006s	sys 0.000s
I20260608 13:05:31.283313 12579 raft_consensus.cc:515] T 4ac9985156504bea9ce4822396ff6b06 P 140501ee4617432b8a72711b467079d7 [term 1 FOLLOWER]: Starting leader election with config: opid_index: -1 OBSOLETE_local: false peers { permanent_uuid: "140501ee4617432b8a72711b467079d7" member_type: VOTER last_known_addr { host: "127.9.32.130" port: 40709 } } peers { permanent_uuid: "11cec2d85a48407098b563e180faa6e4" member_type: VOTER last_known_addr { host: "127.9.32.129" port: 46783 } } peers { permanent_uuid: "68e38405795643cc851b459fb05af43b" member_type: VOTER last_known_addr { host: "127.9.32.131" port: 43493 } }
I20260608 13:05:31.283927 12574 leader_election.cc:290] T 4854ed54f89b45ed871c5373c1fe1fdf P 68e38405795643cc851b459fb05af43b [CANDIDATE]: Term 1 election: Requested vote from peers 11cec2d85a48407098b563e180faa6e4 (127.9.32.129:46783), 140501ee4617432b8a72711b467079d7 (127.9.32.130:40709)
I20260608 13:05:31.278533 12566 raft_consensus.cc:740] T b42f1e68392044dfb54c7cc39a51919d P 140501ee4617432b8a72711b467079d7 [term 0 FOLLOWER]: Becoming Follower/Learner. State: Replica: 140501ee4617432b8a72711b467079d7, State: Initialized, Role: FOLLOWER
I20260608 13:05:31.283880 12569 tablet_bootstrap.cc:492] T b42f1e68392044dfb54c7cc39a51919d P 68e38405795643cc851b459fb05af43b: Bootstrap starting.
I20260608 13:05:31.285211 12445 tablet_service.cc:1917] Received RequestConsensusVote() RPC: tablet_id: "4854ed54f89b45ed871c5373c1fe1fdf" candidate_uuid: "68e38405795643cc851b459fb05af43b" candidate_term: 1 candidate_status { last_received { term: 0 index: 0 } } ignore_live_leader: false dest_uuid: "140501ee4617432b8a72711b467079d7"
I20260608 13:05:31.286067 12445 raft_consensus.cc:3060] T 4854ed54f89b45ed871c5373c1fe1fdf P 140501ee4617432b8a72711b467079d7 [term 0 FOLLOWER]: Advancing to term 1
I20260608 13:05:31.288669 12371 tablet_service.cc:1917] Received RequestConsensusVote() RPC: tablet_id: "4ac9985156504bea9ce4822396ff6b06" candidate_uuid: "140501ee4617432b8a72711b467079d7" candidate_term: 1 candidate_status { last_received { term: 0 index: 0 } } ignore_live_leader: false dest_uuid: "11cec2d85a48407098b563e180faa6e4"
I20260608 13:05:31.289278 12371 raft_consensus.cc:3060] T 4ac9985156504bea9ce4822396ff6b06 P 11cec2d85a48407098b563e180faa6e4 [term 0 FOLLOWER]: Advancing to term 1
I20260608 13:05:31.285221 12566 consensus_queue.cc:260] T b42f1e68392044dfb54c7cc39a51919d P 140501ee4617432b8a72711b467079d7 [NON_LEADER]: Queue going to NON_LEADER mode. State: All replicated index: 0, Majority replicated index: 0, Committed index: 0, Last appended: 0.0, Last appended by leader: 0, Current term: 0, Majority size: -1, State: 0, Mode: NON_LEADER, active raft config: opid_index: -1 OBSOLETE_local: false peers { permanent_uuid: "11cec2d85a48407098b563e180faa6e4" member_type: VOTER last_known_addr { host: "127.9.32.129" port: 46783 } } peers { permanent_uuid: "140501ee4617432b8a72711b467079d7" member_type: VOTER last_known_addr { host: "127.9.32.130" port: 40709 } } peers { permanent_uuid: "68e38405795643cc851b459fb05af43b" member_type: VOTER last_known_addr { host: "127.9.32.131" port: 43493 } }
I20260608 13:05:31.292932 12569 tablet_bootstrap.cc:654] T b42f1e68392044dfb54c7cc39a51919d P 68e38405795643cc851b459fb05af43b: Neither blocks nor log segments found. Creating new log.
I20260608 13:05:31.295152 12566 ts_tablet_manager.cc:1434] T b42f1e68392044dfb54c7cc39a51919d P 140501ee4617432b8a72711b467079d7: Time spent starting tablet: real 0.039s	user 0.000s	sys 0.006s
