[==========] Running 24 tests from 2 test suites.
[----------] Global test environment set-up.
[----------] 22 tests from AutoRebalancerTest
[ RUN      ] AutoRebalancerTest.OnlyLeaderDoesAutoRebalancing
WARNING: Logging before InitGoogleLogging() is written to STDERR
I20260608 12:39:26.942931   431 internal_mini_cluster.cc:156] Creating distributed mini masters. Addrs: 127.0.107.254:38741,127.0.107.253:46451,127.0.107.252:38043
I20260608 12:39:26.946157   431 env_posix.cc:2267] Not raising this process' open files per process limit of 1048576; it is already as high as it can go
I20260608 12:39:26.947916   431 file_cache.cc:492] Constructed file cache file cache with capacity 419430
W20260608 12:39:26.980459   437 instance_detector.cc:116] could not retrieve AWS instance metadata: Network error: curl error: HTTP response code said error: The requested URL returned error: 404
I20260608 12:39:26.990437   431 server_base.cc:1061] running on GCE node
W20260608 12:39:26.985960   440 instance_detector.cc:116] could not retrieve OpenStack instance metadata: Network error: curl error: HTTP response code said error: The requested URL returned error: 404
W20260608 12:39:26.980492   438 instance_detector.cc:116] could not retrieve Azure instance metadata: Network error: curl error: HTTP response code said error: The requested URL returned error: 404
I20260608 12:39:28.522893   431 hybrid_clock.cc:584] initializing the hybrid clock with 'system_unsync' time source
W20260608 12:39:28.523241   431 system_unsync_time.cc:38] NTP support is disabled. Clock error bounds will not be accurate. This configuration is not suitable for distributed clusters.
I20260608 12:39:28.523578   431 hybrid_clock.cc:648] HybridClock initialized: now 1780922368523521 us; error 0 us; skew 500 ppm
I20260608 12:39:28.525069   431 server_base.cc:861] Flag tcmalloc_max_total_thread_cache_bytes is not working since tcmalloc is not enabled.
I20260608 12:39:28.534763   431 webserver.cc:533] Webserver started at http://127.0.107.254:39297/ using document root <none> and password file <none>
I20260608 12:39:28.535993   431 fs_manager.cc:362] Metadata directory not provided
I20260608 12:39:28.536280   431 fs_manager.cc:368] Using write-ahead log directory (fs_wal_dir) as metadata directory
I20260608 12:39:28.537230   431 server_base.cc:909] This appears to be a new deployment of Kudu; creating new FS layout
I20260608 12:39:28.545356   431 fs_manager.cc:1068] Generated new instance metadata in path /tmp/dist-test-task4J6qEJ/test-tmp/auto_rebalancer-test.0.AutoRebalancerTest.OnlyLeaderDoesAutoRebalancing.1780922366720958-431-0/minicluster-data/master-0-root/instance:
uuid: "727bc556886c45878a631b43bf725aee"
format_stamp: "Formatted at 2026-06-08 12:39:28 on dist-test-slave-zrr8"
I20260608 12:39:28.560951   431 fs_manager.cc:696] Time spent creating directory manager: real 0.014s	user 0.009s	sys 0.004s
I20260608 12:39:28.570175   446 log_block_manager.cc:4031] Time spent loading block containers with low live blocks: real 0.000s	user 0.000s	sys 0.000s
I20260608 12:39:28.572561   431 fs_manager.cc:730] Time spent opening block manager: real 0.008s	user 0.005s	sys 0.003s
I20260608 12:39:28.573096   431 fs_manager.cc:647] Opened local filesystem: /tmp/dist-test-task4J6qEJ/test-tmp/auto_rebalancer-test.0.AutoRebalancerTest.OnlyLeaderDoesAutoRebalancing.1780922366720958-431-0/minicluster-data/master-0-root
uuid: "727bc556886c45878a631b43bf725aee"
format_stamp: "Formatted at 2026-06-08 12:39:28 on dist-test-slave-zrr8"
I20260608 12:39:28.573684   431 fs_report.cc:389] FS layout report
--------------------
wal directory: /tmp/dist-test-task4J6qEJ/test-tmp/auto_rebalancer-test.0.AutoRebalancerTest.OnlyLeaderDoesAutoRebalancing.1780922366720958-431-0/minicluster-data/master-0-root
metadata directory: /tmp/dist-test-task4J6qEJ/test-tmp/auto_rebalancer-test.0.AutoRebalancerTest.OnlyLeaderDoesAutoRebalancing.1780922366720958-431-0/minicluster-data/master-0-root
1 data directories: /tmp/dist-test-task4J6qEJ/test-tmp/auto_rebalancer-test.0.AutoRebalancerTest.OnlyLeaderDoesAutoRebalancing.1780922366720958-431-0/minicluster-data/master-0-root/data
Total live blocks: 0
Total live bytes: 0
Total live bytes (after alignment): 0
Total number of LBM containers: 0 (0 full)
Did not check for missing blocks
Did not check for orphaned blocks
Total full LBM containers with extra space: 0 (0 repaired)
Total full LBM container extra space in bytes: 0 (0 repaired)
Total incomplete LBM containers: 0 (0 repaired)
Total LBM partial records: 0 (0 repaired)
Total corrupted LBM metadata records in RocksDB: 0 (0 repaired)
I20260608 12:39:28.650032   431 rpc_server.cc:225] running with OpenSSL 1.1.1  11 Sep 2018
I20260608 12:39:28.653857   431 env_posix.cc:2267] Not raising this process' running threads per effective uid limit of 18446744073709551615; it is already as high as it can go
I20260608 12:39:28.654755   431 kserver.cc:163] Server-wide thread pool size limit: 3276
I20260608 12:39:28.902357   431 rpc_server.cc:307] RPC server started. Bound to: 127.0.107.254:38741
I20260608 12:39:28.902360   497 acceptor_pool.cc:272] collecting diagnostics on the listening RPC socket 127.0.107.254:38741 every 8 connection(s)
I20260608 12:39:28.918881   431 file_cache.cc:492] Constructed file cache file cache with capacity 419430
I20260608 12:39:28.920758   498 data_dirs.cc:400] Could only allocate 1 dirs of requested 3 for tablet 00000000000000000000000000000000. 1 dirs total, 0 dirs full, 0 dirs failed
W20260608 12:39:28.933322   500 instance_detector.cc:116] could not retrieve AWS instance metadata: Network error: curl error: HTTP response code said error: The requested URL returned error: 404
W20260608 12:39:28.941301   501 instance_detector.cc:116] could not retrieve Azure instance metadata: Network error: curl error: HTTP response code said error: The requested URL returned error: 404
I20260608 12:39:28.953881   431 server_base.cc:1061] running on GCE node
W20260608 12:39:28.953879   503 instance_detector.cc:116] could not retrieve OpenStack instance metadata: Network error: curl error: HTTP response code said error: The requested URL returned error: 404
I20260608 12:39:28.955322   431 hybrid_clock.cc:584] initializing the hybrid clock with 'system_unsync' time source
W20260608 12:39:28.955552   431 system_unsync_time.cc:38] NTP support is disabled. Clock error bounds will not be accurate. This configuration is not suitable for distributed clusters.
I20260608 12:39:28.955817   431 hybrid_clock.cc:648] HybridClock initialized: now 1780922368955767 us; error 0 us; skew 500 ppm
I20260608 12:39:28.956530   431 server_base.cc:861] Flag tcmalloc_max_total_thread_cache_bytes is not working since tcmalloc is not enabled.
I20260608 12:39:28.966123   431 webserver.cc:533] Webserver started at http://127.0.107.253:33645/ using document root <none> and password file <none>
I20260608 12:39:28.966939   431 fs_manager.cc:362] Metadata directory not provided
I20260608 12:39:28.967427   431 fs_manager.cc:368] Using write-ahead log directory (fs_wal_dir) as metadata directory
I20260608 12:39:28.967880   431 server_base.cc:909] This appears to be a new deployment of Kudu; creating new FS layout
I20260608 12:39:28.969496   431 fs_manager.cc:1068] Generated new instance metadata in path /tmp/dist-test-task4J6qEJ/test-tmp/auto_rebalancer-test.0.AutoRebalancerTest.OnlyLeaderDoesAutoRebalancing.1780922366720958-431-0/minicluster-data/master-1-root/instance:
uuid: "7f7c71d53ba7497a9cb25aae76c1821c"
format_stamp: "Formatted at 2026-06-08 12:39:28 on dist-test-slave-zrr8"
I20260608 12:39:28.972672   498 sys_catalog.cc:422] member_type: VOTER last_known_addr { host: "127.0.107.254" port: 38741 } has no permanent_uuid. Determining permanent_uuid...
I20260608 12:39:28.981732   431 fs_manager.cc:696] Time spent creating directory manager: real 0.011s	user 0.005s	sys 0.005s
I20260608 12:39:28.998276   510 log_block_manager.cc:4031] Time spent loading block containers with low live blocks: real 0.000s	user 0.000s	sys 0.000s
I20260608 12:39:29.002139   431 fs_manager.cc:730] Time spent opening block manager: real 0.015s	user 0.007s	sys 0.006s
I20260608 12:39:29.002614   431 fs_manager.cc:647] Opened local filesystem: /tmp/dist-test-task4J6qEJ/test-tmp/auto_rebalancer-test.0.AutoRebalancerTest.OnlyLeaderDoesAutoRebalancing.1780922366720958-431-0/minicluster-data/master-1-root
uuid: "7f7c71d53ba7497a9cb25aae76c1821c"
format_stamp: "Formatted at 2026-06-08 12:39:28 on dist-test-slave-zrr8"
I20260608 12:39:29.002987   431 fs_report.cc:389] FS layout report
--------------------
wal directory: /tmp/dist-test-task4J6qEJ/test-tmp/auto_rebalancer-test.0.AutoRebalancerTest.OnlyLeaderDoesAutoRebalancing.1780922366720958-431-0/minicluster-data/master-1-root
metadata directory: /tmp/dist-test-task4J6qEJ/test-tmp/auto_rebalancer-test.0.AutoRebalancerTest.OnlyLeaderDoesAutoRebalancing.1780922366720958-431-0/minicluster-data/master-1-root
1 data directories: /tmp/dist-test-task4J6qEJ/test-tmp/auto_rebalancer-test.0.AutoRebalancerTest.OnlyLeaderDoesAutoRebalancing.1780922366720958-431-0/minicluster-data/master-1-root/data
Total live blocks: 0
Total live bytes: 0
Total live bytes (after alignment): 0
Total number of LBM containers: 0 (0 full)
Did not check for missing blocks
Did not check for orphaned blocks
Total full LBM containers with extra space: 0 (0 repaired)
Total full LBM container extra space in bytes: 0 (0 repaired)
Total incomplete LBM containers: 0 (0 repaired)
Total LBM partial records: 0 (0 repaired)
Total corrupted LBM metadata records in RocksDB: 0 (0 repaired)
I20260608 12:39:29.042546   498 sys_catalog.cc:422] member_type: VOTER last_known_addr { host: "127.0.107.253" port: 46451 } has no permanent_uuid. Determining permanent_uuid...
W20260608 12:39:29.047674   447 proxy.cc:239] Call had error, refreshing address and retrying: Network error: Client connection negotiation failed: client connection to 127.0.107.253:46451: connect: Connection refused (error 111)
I20260608 12:39:29.049429   431 rpc_server.cc:225] running with OpenSSL 1.1.1  11 Sep 2018
I20260608 12:39:29.052153   431 kserver.cc:163] Server-wide thread pool size limit: 3276
W20260608 12:39:29.059906   498 consensus_peers.cc:760] Error getting permanent uuid from config peer 127.0.107.253:46451: Network error: Client connection negotiation failed: client connection to 127.0.107.253:46451: connect: Connection refused (error 111)
I20260608 12:39:29.111510   498 consensus_peers.cc:770] Retrying to get permanent uuid for remote peer: member_type: VOTER last_known_addr { host: "127.0.107.253" port: 46451 } attempt: 1
W20260608 12:39:29.127274   498 consensus_peers.cc:760] Error getting permanent uuid from config peer 127.0.107.253:46451: Network error: Client connection negotiation failed: client connection to 127.0.107.253:46451: connect: Connection refused (error 111)
I20260608 12:39:29.196616   498 consensus_peers.cc:770] Retrying to get permanent uuid for remote peer: member_type: VOTER last_known_addr { host: "127.0.107.253" port: 46451 } attempt: 2
W20260608 12:39:29.209896   498 consensus_peers.cc:760] Error getting permanent uuid from config peer 127.0.107.253:46451: Network error: Client connection negotiation failed: client connection to 127.0.107.253:46451: connect: Connection refused (error 111)
I20260608 12:39:29.278625   431 rpc_server.cc:307] RPC server started. Bound to: 127.0.107.253:46451
I20260608 12:39:29.279495   562 acceptor_pool.cc:272] collecting diagnostics on the listening RPC socket 127.0.107.253:46451 every 8 connection(s)
I20260608 12:39:29.292423   563 data_dirs.cc:400] Could only allocate 1 dirs of requested 3 for tablet 00000000000000000000000000000000. 1 dirs total, 0 dirs full, 0 dirs failed
I20260608 12:39:29.296146   431 file_cache.cc:492] Constructed file cache file cache with capacity 419430
I20260608 12:39:29.303380   498 consensus_peers.cc:770] Retrying to get permanent uuid for remote peer: member_type: VOTER last_known_addr { host: "127.0.107.253" port: 46451 } attempt: 3
I20260608 12:39:29.309046   563 sys_catalog.cc:422] member_type: VOTER last_known_addr { host: "127.0.107.254" port: 38741 } has no permanent_uuid. Determining permanent_uuid...
W20260608 12:39:29.311204   565 instance_detector.cc:116] could not retrieve AWS instance metadata: Network error: curl error: HTTP response code said error: The requested URL returned error: 404
W20260608 12:39:29.337833   566 instance_detector.cc:116] could not retrieve Azure instance metadata: Network error: curl error: HTTP response code said error: The requested URL returned error: 404
I20260608 12:39:29.355011   563 sys_catalog.cc:422] member_type: VOTER last_known_addr { host: "127.0.107.253" port: 46451 } has no permanent_uuid. Determining permanent_uuid...
I20260608 12:39:29.357869   498 sys_catalog.cc:422] member_type: VOTER last_known_addr { host: "127.0.107.252" port: 38043 } has no permanent_uuid. Determining permanent_uuid...
W20260608 12:39:29.361896   570 instance_detector.cc:116] could not retrieve OpenStack instance metadata: Network error: curl error: HTTP response code said error: The requested URL returned error: 404
I20260608 12:39:29.363134   431 server_base.cc:1061] running on GCE node
I20260608 12:39:29.364627   431 hybrid_clock.cc:584] initializing the hybrid clock with 'system_unsync' time source
W20260608 12:39:29.365036   431 system_unsync_time.cc:38] NTP support is disabled. Clock error bounds will not be accurate. This configuration is not suitable for distributed clusters.
I20260608 12:39:29.365326   431 hybrid_clock.cc:648] HybridClock initialized: now 1780922369365299 us; error 0 us; skew 500 ppm
I20260608 12:39:29.366187   431 server_base.cc:861] Flag tcmalloc_max_total_thread_cache_bytes is not working since tcmalloc is not enabled.
W20260608 12:39:29.369170   498 consensus_peers.cc:760] Error getting permanent uuid from config peer 127.0.107.252:38043: Network error: Client connection negotiation failed: client connection to 127.0.107.252:38043: connect: Connection refused (error 111)
I20260608 12:39:29.371778   431 webserver.cc:533] Webserver started at http://127.0.107.252:41829/ using document root <none> and password file <none>
I20260608 12:39:29.372566   431 fs_manager.cc:362] Metadata directory not provided
I20260608 12:39:29.372828   431 fs_manager.cc:368] Using write-ahead log directory (fs_wal_dir) as metadata directory
I20260608 12:39:29.373155   431 server_base.cc:909] This appears to be a new deployment of Kudu; creating new FS layout
I20260608 12:39:29.375100   431 fs_manager.cc:1068] Generated new instance metadata in path /tmp/dist-test-task4J6qEJ/test-tmp/auto_rebalancer-test.0.AutoRebalancerTest.OnlyLeaderDoesAutoRebalancing.1780922366720958-431-0/minicluster-data/master-2-root/instance:
uuid: "907a049fdb234c87865dc0e5958d9f57"
format_stamp: "Formatted at 2026-06-08 12:39:29 on dist-test-slave-zrr8"
I20260608 12:39:29.376771   563 sys_catalog.cc:422] member_type: VOTER last_known_addr { host: "127.0.107.252" port: 38043 } has no permanent_uuid. Determining permanent_uuid...
I20260608 12:39:29.388718   431 fs_manager.cc:696] Time spent creating directory manager: real 0.013s	user 0.010s	sys 0.003s
W20260608 12:39:29.391721   563 consensus_peers.cc:760] Error getting permanent uuid from config peer 127.0.107.252:38043: Network error: Client connection negotiation failed: client connection to 127.0.107.252:38043: connect: Connection refused (error 111)
I20260608 12:39:29.398198   576 log_block_manager.cc:4031] Time spent loading block containers with low live blocks: real 0.000s	user 0.000s	sys 0.000s
I20260608 12:39:29.399318   431 fs_manager.cc:730] Time spent opening block manager: real 0.007s	user 0.000s	sys 0.008s
I20260608 12:39:29.399677   431 fs_manager.cc:647] Opened local filesystem: /tmp/dist-test-task4J6qEJ/test-tmp/auto_rebalancer-test.0.AutoRebalancerTest.OnlyLeaderDoesAutoRebalancing.1780922366720958-431-0/minicluster-data/master-2-root
uuid: "907a049fdb234c87865dc0e5958d9f57"
format_stamp: "Formatted at 2026-06-08 12:39:29 on dist-test-slave-zrr8"
I20260608 12:39:29.400033   431 fs_report.cc:389] FS layout report
--------------------
wal directory: /tmp/dist-test-task4J6qEJ/test-tmp/auto_rebalancer-test.0.AutoRebalancerTest.OnlyLeaderDoesAutoRebalancing.1780922366720958-431-0/minicluster-data/master-2-root
metadata directory: /tmp/dist-test-task4J6qEJ/test-tmp/auto_rebalancer-test.0.AutoRebalancerTest.OnlyLeaderDoesAutoRebalancing.1780922366720958-431-0/minicluster-data/master-2-root
1 data directories: /tmp/dist-test-task4J6qEJ/test-tmp/auto_rebalancer-test.0.AutoRebalancerTest.OnlyLeaderDoesAutoRebalancing.1780922366720958-431-0/minicluster-data/master-2-root/data
Total live blocks: 0
Total live bytes: 0
Total live bytes (after alignment): 0
Total number of LBM containers: 0 (0 full)
Did not check for missing blocks
Did not check for orphaned blocks
Total full LBM containers with extra space: 0 (0 repaired)
Total full LBM container extra space in bytes: 0 (0 repaired)
Total incomplete LBM containers: 0 (0 repaired)
Total LBM partial records: 0 (0 repaired)
Total corrupted LBM metadata records in RocksDB: 0 (0 repaired)
I20260608 12:39:29.400838   498 consensus_peers.cc:770] Retrying to get permanent uuid for remote peer: member_type: VOTER last_known_addr { host: "127.0.107.252" port: 38043 } attempt: 1
W20260608 12:39:29.410087   498 consensus_peers.cc:760] Error getting permanent uuid from config peer 127.0.107.252:38043: Network error: Client connection negotiation failed: client connection to 127.0.107.252:38043: connect: Connection refused (error 111)
I20260608 12:39:29.451431   563 consensus_peers.cc:770] Retrying to get permanent uuid for remote peer: member_type: VOTER last_known_addr { host: "127.0.107.252" port: 38043 } attempt: 1
I20260608 12:39:29.458914   431 rpc_server.cc:225] running with OpenSSL 1.1.1  11 Sep 2018
W20260608 12:39:29.459906   563 consensus_peers.cc:760] Error getting permanent uuid from config peer 127.0.107.252:38043: Network error: Client connection negotiation failed: client connection to 127.0.107.252:38043: connect: Connection refused (error 111)
I20260608 12:39:29.462356   431 kserver.cc:163] Server-wide thread pool size limit: 3276
I20260608 12:39:29.477849   498 consensus_peers.cc:770] Retrying to get permanent uuid for remote peer: member_type: VOTER last_known_addr { host: "127.0.107.252" port: 38043 } attempt: 2
W20260608 12:39:29.488986   498 consensus_peers.cc:760] Error getting permanent uuid from config peer 127.0.107.252:38043: Network error: Client connection negotiation failed: client connection to 127.0.107.252:38043: connect: Connection refused (error 111)
I20260608 12:39:29.528820   563 consensus_peers.cc:770] Retrying to get permanent uuid for remote peer: member_type: VOTER last_known_addr { host: "127.0.107.252" port: 38043 } attempt: 2
W20260608 12:39:29.538625   563 consensus_peers.cc:760] Error getting permanent uuid from config peer 127.0.107.252:38043: Network error: Client connection negotiation failed: client connection to 127.0.107.252:38043: connect: Connection refused (error 111)
I20260608 12:39:29.599052   498 consensus_peers.cc:770] Retrying to get permanent uuid for remote peer: member_type: VOTER last_known_addr { host: "127.0.107.252" port: 38043 } attempt: 3
W20260608 12:39:29.613730   498 consensus_peers.cc:760] Error getting permanent uuid from config peer 127.0.107.252:38043: Network error: Client connection negotiation failed: client connection to 127.0.107.252:38043: connect: Connection refused (error 111)
I20260608 12:39:29.653563   563 consensus_peers.cc:770] Retrying to get permanent uuid for remote peer: member_type: VOTER last_known_addr { host: "127.0.107.252" port: 38043 } attempt: 3
W20260608 12:39:29.665386   563 consensus_peers.cc:760] Error getting permanent uuid from config peer 127.0.107.252:38043: Network error: Client connection negotiation failed: client connection to 127.0.107.252:38043: connect: Connection refused (error 111)
I20260608 12:39:29.720351   431 rpc_server.cc:307] RPC server started. Bound to: 127.0.107.252:38043
I20260608 12:39:29.720804   627 acceptor_pool.cc:272] collecting diagnostics on the listening RPC socket 127.0.107.252:38043 every 8 connection(s)
I20260608 12:39:29.730677   628 data_dirs.cc:400] Could only allocate 1 dirs of requested 3 for tablet 00000000000000000000000000000000. 1 dirs total, 0 dirs full, 0 dirs failed
I20260608 12:39:29.732942   431 internal_mini_cluster.cc:184] Waiting to initialize catalog manager on master 0
I20260608 12:39:29.743263   628 sys_catalog.cc:422] member_type: VOTER last_known_addr { host: "127.0.107.254" port: 38741 } has no permanent_uuid. Determining permanent_uuid...
I20260608 12:39:29.763692   498 consensus_peers.cc:770] Retrying to get permanent uuid for remote peer: member_type: VOTER last_known_addr { host: "127.0.107.252" port: 38043 } attempt: 4
I20260608 12:39:29.771202   628 sys_catalog.cc:422] member_type: VOTER last_known_addr { host: "127.0.107.253" port: 46451 } has no permanent_uuid. Determining permanent_uuid...
I20260608 12:39:29.792299   628 sys_catalog.cc:422] member_type: VOTER last_known_addr { host: "127.0.107.252" port: 38043 } has no permanent_uuid. Determining permanent_uuid...
I20260608 12:39:29.806208   563 consensus_peers.cc:770] Retrying to get permanent uuid for remote peer: member_type: VOTER last_known_addr { host: "127.0.107.252" port: 38043 } attempt: 4
I20260608 12:39:29.810695   498 tablet_bootstrap.cc:492] T 00000000000000000000000000000000 P 727bc556886c45878a631b43bf725aee: Bootstrap starting.
I20260608 12:39:29.832268   628 tablet_bootstrap.cc:492] T 00000000000000000000000000000000 P 907a049fdb234c87865dc0e5958d9f57: Bootstrap starting.
I20260608 12:39:29.834441   498 tablet_bootstrap.cc:654] T 00000000000000000000000000000000 P 727bc556886c45878a631b43bf725aee: Neither blocks nor log segments found. Creating new log.
I20260608 12:39:29.836889   563 tablet_bootstrap.cc:492] T 00000000000000000000000000000000 P 7f7c71d53ba7497a9cb25aae76c1821c: Bootstrap starting.
I20260608 12:39:29.841897   498 log.cc:826] T 00000000000000000000000000000000 P 727bc556886c45878a631b43bf725aee: Log is configured to *not* fsync() on all Append() calls
I20260608 12:39:29.851619   628 tablet_bootstrap.cc:654] T 00000000000000000000000000000000 P 907a049fdb234c87865dc0e5958d9f57: Neither blocks nor log segments found. Creating new log.
I20260608 12:39:29.852998   563 tablet_bootstrap.cc:654] T 00000000000000000000000000000000 P 7f7c71d53ba7497a9cb25aae76c1821c: Neither blocks nor log segments found. Creating new log.
I20260608 12:39:29.862206   498 tablet_bootstrap.cc:492] T 00000000000000000000000000000000 P 727bc556886c45878a631b43bf725aee: No bootstrap required, opened a new log
I20260608 12:39:29.873965   563 tablet_bootstrap.cc:492] T 00000000000000000000000000000000 P 7f7c71d53ba7497a9cb25aae76c1821c: No bootstrap required, opened a new log
I20260608 12:39:29.874603   628 tablet_bootstrap.cc:492] T 00000000000000000000000000000000 P 907a049fdb234c87865dc0e5958d9f57: No bootstrap required, opened a new log
I20260608 12:39:29.908480   563 raft_consensus.cc:359] T 00000000000000000000000000000000 P 7f7c71d53ba7497a9cb25aae76c1821c [term 0 FOLLOWER]: Replica starting. Triggering 0 pending ops. Active config: opid_index: -1 OBSOLETE_local: false peers { permanent_uuid: "727bc556886c45878a631b43bf725aee" member_type: VOTER last_known_addr { host: "127.0.107.254" port: 38741 } } peers { permanent_uuid: "7f7c71d53ba7497a9cb25aae76c1821c" member_type: VOTER last_known_addr { host: "127.0.107.253" port: 46451 } } peers { permanent_uuid: "907a049fdb234c87865dc0e5958d9f57" member_type: VOTER last_known_addr { host: "127.0.107.252" port: 38043 } }
I20260608 12:39:29.909668   563 raft_consensus.cc:385] T 00000000000000000000000000000000 P 7f7c71d53ba7497a9cb25aae76c1821c [term 0 FOLLOWER]: Consensus starting up: Expiring failure detector timer to make a prompt election more likely
I20260608 12:39:29.908615   628 raft_consensus.cc:359] T 00000000000000000000000000000000 P 907a049fdb234c87865dc0e5958d9f57 [term 0 FOLLOWER]: Replica starting. Triggering 0 pending ops. Active config: opid_index: -1 OBSOLETE_local: false peers { permanent_uuid: "727bc556886c45878a631b43bf725aee" member_type: VOTER last_known_addr { host: "127.0.107.254" port: 38741 } } peers { permanent_uuid: "7f7c71d53ba7497a9cb25aae76c1821c" member_type: VOTER last_known_addr { host: "127.0.107.253" port: 46451 } } peers { permanent_uuid: "907a049fdb234c87865dc0e5958d9f57" member_type: VOTER last_known_addr { host: "127.0.107.252" port: 38043 } }
I20260608 12:39:29.908650   498 raft_consensus.cc:359] T 00000000000000000000000000000000 P 727bc556886c45878a631b43bf725aee [term 0 FOLLOWER]: Replica starting. Triggering 0 pending ops. Active config: opid_index: -1 OBSOLETE_local: false peers { permanent_uuid: "727bc556886c45878a631b43bf725aee" member_type: VOTER last_known_addr { host: "127.0.107.254" port: 38741 } } peers { permanent_uuid: "7f7c71d53ba7497a9cb25aae76c1821c" member_type: VOTER last_known_addr { host: "127.0.107.253" port: 46451 } } peers { permanent_uuid: "907a049fdb234c87865dc0e5958d9f57" member_type: VOTER last_known_addr { host: "127.0.107.252" port: 38043 } }
I20260608 12:39:29.910079   563 raft_consensus.cc:740] T 00000000000000000000000000000000 P 7f7c71d53ba7497a9cb25aae76c1821c [term 0 FOLLOWER]: Becoming Follower/Learner. State: Replica: 7f7c71d53ba7497a9cb25aae76c1821c, State: Initialized, Role: FOLLOWER
I20260608 12:39:29.910306   628 raft_consensus.cc:385] T 00000000000000000000000000000000 P 907a049fdb234c87865dc0e5958d9f57 [term 0 FOLLOWER]: Consensus starting up: Expiring failure detector timer to make a prompt election more likely
I20260608 12:39:29.910351   498 raft_consensus.cc:385] T 00000000000000000000000000000000 P 727bc556886c45878a631b43bf725aee [term 0 FOLLOWER]: Consensus starting up: Expiring failure detector timer to make a prompt election more likely
I20260608 12:39:29.910877   628 raft_consensus.cc:740] T 00000000000000000000000000000000 P 907a049fdb234c87865dc0e5958d9f57 [term 0 FOLLOWER]: Becoming Follower/Learner. State: Replica: 907a049fdb234c87865dc0e5958d9f57, State: Initialized, Role: FOLLOWER
I20260608 12:39:29.910892   498 raft_consensus.cc:740] T 00000000000000000000000000000000 P 727bc556886c45878a631b43bf725aee [term 0 FOLLOWER]: Becoming Follower/Learner. State: Replica: 727bc556886c45878a631b43bf725aee, State: Initialized, Role: FOLLOWER
I20260608 12:39:29.912207   563 consensus_queue.cc:260] T 00000000000000000000000000000000 P 7f7c71d53ba7497a9cb25aae76c1821c [NON_LEADER]: Queue going to NON_LEADER mode. State: All replicated index: 0, Majority replicated index: 0, Committed index: 0, Last appended: 0.0, Last appended by leader: 0, Current term: 0, Majority size: -1, State: 0, Mode: NON_LEADER, active raft config: opid_index: -1 OBSOLETE_local: false peers { permanent_uuid: "727bc556886c45878a631b43bf725aee" member_type: VOTER last_known_addr { host: "127.0.107.254" port: 38741 } } peers { permanent_uuid: "7f7c71d53ba7497a9cb25aae76c1821c" member_type: VOTER last_known_addr { host: "127.0.107.253" port: 46451 } } peers { permanent_uuid: "907a049fdb234c87865dc0e5958d9f57" member_type: VOTER last_known_addr { host: "127.0.107.252" port: 38043 } }
I20260608 12:39:29.912803   628 consensus_queue.cc:260] T 00000000000000000000000000000000 P 907a049fdb234c87865dc0e5958d9f57 [NON_LEADER]: Queue going to NON_LEADER mode. State: All replicated index: 0, Majority replicated index: 0, Committed index: 0, Last appended: 0.0, Last appended by leader: 0, Current term: 0, Majority size: -1, State: 0, Mode: NON_LEADER, active raft config: opid_index: -1 OBSOLETE_local: false peers { permanent_uuid: "727bc556886c45878a631b43bf725aee" member_type: VOTER last_known_addr { host: "127.0.107.254" port: 38741 } } peers { permanent_uuid: "7f7c71d53ba7497a9cb25aae76c1821c" member_type: VOTER last_known_addr { host: "127.0.107.253" port: 46451 } } peers { permanent_uuid: "907a049fdb234c87865dc0e5958d9f57" member_type: VOTER last_known_addr { host: "127.0.107.252" port: 38043 } }
I20260608 12:39:29.913182   498 consensus_queue.cc:260] T 00000000000000000000000000000000 P 727bc556886c45878a631b43bf725aee [NON_LEADER]: Queue going to NON_LEADER mode. State: All replicated index: 0, Majority replicated index: 0, Committed index: 0, Last appended: 0.0, Last appended by leader: 0, Current term: 0, Majority size: -1, State: 0, Mode: NON_LEADER, active raft config: opid_index: -1 OBSOLETE_local: false peers { permanent_uuid: "727bc556886c45878a631b43bf725aee" member_type: VOTER last_known_addr { host: "127.0.107.254" port: 38741 } } peers { permanent_uuid: "7f7c71d53ba7497a9cb25aae76c1821c" member_type: VOTER last_known_addr { host: "127.0.107.253" port: 46451 } } peers { permanent_uuid: "907a049fdb234c87865dc0e5958d9f57" member_type: VOTER last_known_addr { host: "127.0.107.252" port: 38043 } }
I20260608 12:39:29.926460   563 sys_catalog.cc:565] T 00000000000000000000000000000000 P 7f7c71d53ba7497a9cb25aae76c1821c [sys.catalog]: configured and running, proceeding with master startup.
I20260608 12:39:29.927136   635 sys_catalog.cc:455] T 00000000000000000000000000000000 P 7f7c71d53ba7497a9cb25aae76c1821c [sys.catalog]: SysCatalogTable state changed. Reason: RaftConsensus started. Latest consensus state: current_term: 0 committed_config { opid_index: -1 OBSOLETE_local: false peers { permanent_uuid: "727bc556886c45878a631b43bf725aee" member_type: VOTER last_known_addr { host: "127.0.107.254" port: 38741 } } peers { permanent_uuid: "7f7c71d53ba7497a9cb25aae76c1821c" member_type: VOTER last_known_addr { host: "127.0.107.253" port: 46451 } } peers { permanent_uuid: "907a049fdb234c87865dc0e5958d9f57" member_type: VOTER last_known_addr { host: "127.0.107.252" port: 38043 } } }
I20260608 12:39:29.930497   635 sys_catalog.cc:458] T 00000000000000000000000000000000 P 7f7c71d53ba7497a9cb25aae76c1821c [sys.catalog]: This master's current role is: FOLLOWER
I20260608 12:39:29.928356   636 sys_catalog.cc:455] T 00000000000000000000000000000000 P 907a049fdb234c87865dc0e5958d9f57 [sys.catalog]: SysCatalogTable state changed. Reason: RaftConsensus started. Latest consensus state: current_term: 0 committed_config { opid_index: -1 OBSOLETE_local: false peers { permanent_uuid: "727bc556886c45878a631b43bf725aee" member_type: VOTER last_known_addr { host: "127.0.107.254" port: 38741 } } peers { permanent_uuid: "7f7c71d53ba7497a9cb25aae76c1821c" member_type: VOTER last_known_addr { host: "127.0.107.253" port: 46451 } } peers { permanent_uuid: "907a049fdb234c87865dc0e5958d9f57" member_type: VOTER last_known_addr { host: "127.0.107.252" port: 38043 } } }
I20260608 12:39:29.929945   637 sys_catalog.cc:455] T 00000000000000000000000000000000 P 727bc556886c45878a631b43bf725aee [sys.catalog]: SysCatalogTable state changed. Reason: RaftConsensus started. Latest consensus state: current_term: 0 committed_config { opid_index: -1 OBSOLETE_local: false peers { permanent_uuid: "727bc556886c45878a631b43bf725aee" member_type: VOTER last_known_addr { host: "127.0.107.254" port: 38741 } } peers { permanent_uuid: "7f7c71d53ba7497a9cb25aae76c1821c" member_type: VOTER last_known_addr { host: "127.0.107.253" port: 46451 } } peers { permanent_uuid: "907a049fdb234c87865dc0e5958d9f57" member_type: VOTER last_known_addr { host: "127.0.107.252" port: 38043 } } }
I20260608 12:39:29.931713   636 sys_catalog.cc:458] T 00000000000000000000000000000000 P 907a049fdb234c87865dc0e5958d9f57 [sys.catalog]: This master's current role is: FOLLOWER
I20260608 12:39:29.931856   637 sys_catalog.cc:458] T 00000000000000000000000000000000 P 727bc556886c45878a631b43bf725aee [sys.catalog]: This master's current role is: FOLLOWER
I20260608 12:39:29.932739   498 sys_catalog.cc:565] T 00000000000000000000000000000000 P 727bc556886c45878a631b43bf725aee [sys.catalog]: configured and running, proceeding with master startup.
I20260608 12:39:29.934507   628 sys_catalog.cc:565] T 00000000000000000000000000000000 P 907a049fdb234c87865dc0e5958d9f57 [sys.catalog]: configured and running, proceeding with master startup.
W20260608 12:39:29.979153   582 tablet.cc:2404] T 00000000000000000000000000000000 P 907a049fdb234c87865dc0e5958d9f57: Can't schedule compaction. Clean time has not been advanced past its initial value.
I20260608 12:39:30.030980   635 raft_consensus.cc:493] T 00000000000000000000000000000000 P 7f7c71d53ba7497a9cb25aae76c1821c [term 0 FOLLOWER]: Starting pre-election (no leader contacted us within the election timeout)
I20260608 12:39:30.033296   637 raft_consensus.cc:493] T 00000000000000000000000000000000 P 727bc556886c45878a631b43bf725aee [term 0 FOLLOWER]: Starting pre-election (no leader contacted us within the election timeout)
I20260608 12:39:30.033250   635 raft_consensus.cc:515] T 00000000000000000000000000000000 P 7f7c71d53ba7497a9cb25aae76c1821c [term 0 FOLLOWER]: Starting pre-election with config: opid_index: -1 OBSOLETE_local: false peers { permanent_uuid: "727bc556886c45878a631b43bf725aee" member_type: VOTER last_known_addr { host: "127.0.107.254" port: 38741 } } peers { permanent_uuid: "7f7c71d53ba7497a9cb25aae76c1821c" member_type: VOTER last_known_addr { host: "127.0.107.253" port: 46451 } } peers { permanent_uuid: "907a049fdb234c87865dc0e5958d9f57" member_type: VOTER last_known_addr { host: "127.0.107.252" port: 38043 } }
I20260608 12:39:30.035028   637 raft_consensus.cc:515] T 00000000000000000000000000000000 P 727bc556886c45878a631b43bf725aee [term 0 FOLLOWER]: Starting pre-election with config: opid_index: -1 OBSOLETE_local: false peers { permanent_uuid: "727bc556886c45878a631b43bf725aee" member_type: VOTER last_known_addr { host: "127.0.107.254" port: 38741 } } peers { permanent_uuid: "7f7c71d53ba7497a9cb25aae76c1821c" member_type: VOTER last_known_addr { host: "127.0.107.253" port: 46451 } } peers { permanent_uuid: "907a049fdb234c87865dc0e5958d9f57" member_type: VOTER last_known_addr { host: "127.0.107.252" port: 38043 } }
I20260608 12:39:30.047395   538 tablet_service.cc:1917] Received RequestConsensusVote() RPC: tablet_id: "00000000000000000000000000000000" candidate_uuid: "727bc556886c45878a631b43bf725aee" candidate_term: 1 candidate_status { last_received { term: 0 index: 0 } } ignore_live_leader: false dest_uuid: "7f7c71d53ba7497a9cb25aae76c1821c" is_pre_election: true
I20260608 12:39:30.050135   603 tablet_service.cc:1917] Received RequestConsensusVote() RPC: tablet_id: "00000000000000000000000000000000" candidate_uuid: "727bc556886c45878a631b43bf725aee" candidate_term: 1 candidate_status { last_received { term: 0 index: 0 } } ignore_live_leader: false dest_uuid: "907a049fdb234c87865dc0e5958d9f57" is_pre_election: true
I20260608 12:39:30.050522   473 tablet_service.cc:1917] Received RequestConsensusVote() RPC: tablet_id: "00000000000000000000000000000000" candidate_uuid: "7f7c71d53ba7497a9cb25aae76c1821c" candidate_term: 1 candidate_status { last_received { term: 0 index: 0 } } ignore_live_leader: false dest_uuid: "727bc556886c45878a631b43bf725aee" is_pre_election: true
I20260608 12:39:30.049396   538 raft_consensus.cc:2468] T 00000000000000000000000000000000 P 7f7c71d53ba7497a9cb25aae76c1821c [term 0 FOLLOWER]: Leader pre-election vote request: Granting yes vote for candidate 727bc556886c45878a631b43bf725aee in term 0.
I20260608 12:39:30.051911   473 raft_consensus.cc:2468] T 00000000000000000000000000000000 P 727bc556886c45878a631b43bf725aee [term 0 FOLLOWER]: Leader pre-election vote request: Granting yes vote for candidate 7f7c71d53ba7497a9cb25aae76c1821c in term 0.
I20260608 12:39:30.053699   603 raft_consensus.cc:2468] T 00000000000000000000000000000000 P 907a049fdb234c87865dc0e5958d9f57 [term 0 FOLLOWER]: Leader pre-election vote request: Granting yes vote for candidate 727bc556886c45878a631b43bf725aee in term 0.
I20260608 12:39:30.054633   447 leader_election.cc:304] T 00000000000000000000000000000000 P 727bc556886c45878a631b43bf725aee [CANDIDATE]: Term 1 pre-election: Election decided. Result: candidate won. Election summary: received 2 responses out of 3 voters: 2 yes votes; 0 no votes. yes voters: 727bc556886c45878a631b43bf725aee, 7f7c71d53ba7497a9cb25aae76c1821c; no voters: 
I20260608 12:39:30.059428   513 leader_election.cc:304] T 00000000000000000000000000000000 P 7f7c71d53ba7497a9cb25aae76c1821c [CANDIDATE]: Term 1 pre-election: Election decided. Result: candidate won. Election summary: received 2 responses out of 3 voters: 2 yes votes; 0 no votes. yes voters: 727bc556886c45878a631b43bf725aee, 7f7c71d53ba7497a9cb25aae76c1821c; no voters: 
I20260608 12:39:30.052563   637 leader_election.cc:290] T 00000000000000000000000000000000 P 727bc556886c45878a631b43bf725aee [CANDIDATE]: Term 1 pre-election: Requested pre-vote from peers 7f7c71d53ba7497a9cb25aae76c1821c (127.0.107.253:46451), 907a049fdb234c87865dc0e5958d9f57 (127.0.107.252:38043)
I20260608 12:39:30.068797   637 raft_consensus.cc:2804] T 00000000000000000000000000000000 P 727bc556886c45878a631b43bf725aee [term 0 FOLLOWER]: Leader pre-election won for term 1
I20260608 12:39:30.069545   637 raft_consensus.cc:493] T 00000000000000000000000000000000 P 727bc556886c45878a631b43bf725aee [term 0 FOLLOWER]: Starting leader election (no leader contacted us within the election timeout)
I20260608 12:39:30.070645   637 raft_consensus.cc:3060] T 00000000000000000000000000000000 P 727bc556886c45878a631b43bf725aee [term 0 FOLLOWER]: Advancing to term 1
I20260608 12:39:30.070823   635 leader_election.cc:290] T 00000000000000000000000000000000 P 7f7c71d53ba7497a9cb25aae76c1821c [CANDIDATE]: Term 1 pre-election: Requested pre-vote from peers 727bc556886c45878a631b43bf725aee (127.0.107.254:38741), 907a049fdb234c87865dc0e5958d9f57 (127.0.107.252:38043)
I20260608 12:39:30.075742   635 raft_consensus.cc:2804] T 00000000000000000000000000000000 P 7f7c71d53ba7497a9cb25aae76c1821c [term 0 FOLLOWER]: Leader pre-election won for term 1
I20260608 12:39:30.077055   635 raft_consensus.cc:493] T 00000000000000000000000000000000 P 7f7c71d53ba7497a9cb25aae76c1821c [term 0 FOLLOWER]: Starting leader election (no leader contacted us within the election timeout)
I20260608 12:39:30.077968   635 raft_consensus.cc:3060] T 00000000000000000000000000000000 P 7f7c71d53ba7497a9cb25aae76c1821c [term 0 FOLLOWER]: Advancing to term 1
W20260608 12:39:30.105589   447 outbound_call.cc:321] RPC callback for RPC call kudu.consensus.ConsensusService.RequestConsensusVote -> {remote=127.0.107.253:46451, user_credentials={real_user=slave}} blocked reactor thread for 51276.8us
W20260608 12:39:30.114239   513 outbound_call.cc:321] RPC callback for RPC call kudu.consensus.ConsensusService.RequestConsensusVote -> {remote=127.0.107.254:38741, user_credentials={real_user=slave}} blocked reactor thread for 56137.9us
I20260608 12:39:30.119385   603 tablet_service.cc:1917] Received RequestConsensusVote() RPC: tablet_id: "00000000000000000000000000000000" candidate_uuid: "7f7c71d53ba7497a9cb25aae76c1821c" candidate_term: 1 candidate_status { last_received { term: 0 index: 0 } } ignore_live_leader: false dest_uuid: "907a049fdb234c87865dc0e5958d9f57" is_pre_election: true
I20260608 12:39:30.120707   603 raft_consensus.cc:2468] T 00000000000000000000000000000000 P 907a049fdb234c87865dc0e5958d9f57 [term 0 FOLLOWER]: Leader pre-election vote request: Granting yes vote for candidate 7f7c71d53ba7497a9cb25aae76c1821c in term 0.
I20260608 12:39:30.137056   637 raft_consensus.cc:515] T 00000000000000000000000000000000 P 727bc556886c45878a631b43bf725aee [term 1 FOLLOWER]: Starting leader election with config: opid_index: -1 OBSOLETE_local: false peers { permanent_uuid: "727bc556886c45878a631b43bf725aee" member_type: VOTER last_known_addr { host: "127.0.107.254" port: 38741 } } peers { permanent_uuid: "7f7c71d53ba7497a9cb25aae76c1821c" member_type: VOTER last_known_addr { host: "127.0.107.253" port: 46451 } } peers { permanent_uuid: "907a049fdb234c87865dc0e5958d9f57" member_type: VOTER last_known_addr { host: "127.0.107.252" port: 38043 } }
I20260608 12:39:30.146512   637 leader_election.cc:290] T 00000000000000000000000000000000 P 727bc556886c45878a631b43bf725aee [CANDIDATE]: Term 1 election: Requested vote from peers 7f7c71d53ba7497a9cb25aae76c1821c (127.0.107.253:46451), 907a049fdb234c87865dc0e5958d9f57 (127.0.107.252:38043)
I20260608 12:39:30.146584   538 tablet_service.cc:1917] Received RequestConsensusVote() RPC: tablet_id: "00000000000000000000000000000000" candidate_uuid: "727bc556886c45878a631b43bf725aee" candidate_term: 1 candidate_status { last_received { term: 0 index: 0 } } ignore_live_leader: false dest_uuid: "7f7c71d53ba7497a9cb25aae76c1821c"
I20260608 12:39:30.150509   603 tablet_service.cc:1917] Received RequestConsensusVote() RPC: tablet_id: "00000000000000000000000000000000" candidate_uuid: "727bc556886c45878a631b43bf725aee" candidate_term: 1 candidate_status { last_received { term: 0 index: 0 } } ignore_live_leader: false dest_uuid: "907a049fdb234c87865dc0e5958d9f57"
I20260608 12:39:30.152776   603 raft_consensus.cc:3060] T 00000000000000000000000000000000 P 907a049fdb234c87865dc0e5958d9f57 [term 0 FOLLOWER]: Advancing to term 1
I20260608 12:39:30.150830   635 raft_consensus.cc:515] T 00000000000000000000000000000000 P 7f7c71d53ba7497a9cb25aae76c1821c [term 1 FOLLOWER]: Starting leader election with config: opid_index: -1 OBSOLETE_local: false peers { permanent_uuid: "727bc556886c45878a631b43bf725aee" member_type: VOTER last_known_addr { host: "127.0.107.254" port: 38741 } } peers { permanent_uuid: "7f7c71d53ba7497a9cb25aae76c1821c" member_type: VOTER last_known_addr { host: "127.0.107.253" port: 46451 } } peers { permanent_uuid: "907a049fdb234c87865dc0e5958d9f57" member_type: VOTER last_known_addr { host: "127.0.107.252" port: 38043 } }
I20260608 12:39:30.157967   538 raft_consensus.cc:2393] T 00000000000000000000000000000000 P 7f7c71d53ba7497a9cb25aae76c1821c [term 1 FOLLOWER]: Leader election vote request: Denying vote to candidate 727bc556886c45878a631b43bf725aee in current term 1: Already voted for candidate 7f7c71d53ba7497a9cb25aae76c1821c in this term.
I20260608 12:39:30.167459   635 leader_election.cc:290] T 00000000000000000000000000000000 P 7f7c71d53ba7497a9cb25aae76c1821c [CANDIDATE]: Term 1 election: Requested vote from peers 727bc556886c45878a631b43bf725aee (127.0.107.254:38741), 907a049fdb234c87865dc0e5958d9f57 (127.0.107.252:38043)
I20260608 12:39:30.172456   473 tablet_service.cc:1917] Received RequestConsensusVote() RPC: tablet_id: "00000000000000000000000000000000" candidate_uuid: "7f7c71d53ba7497a9cb25aae76c1821c" candidate_term: 1 candidate_status { last_received { term: 0 index: 0 } } ignore_live_leader: false dest_uuid: "727bc556886c45878a631b43bf725aee"
I20260608 12:39:30.175571   473 raft_consensus.cc:2393] T 00000000000000000000000000000000 P 727bc556886c45878a631b43bf725aee [term 1 FOLLOWER]: Leader election vote request: Denying vote to candidate 7f7c71d53ba7497a9cb25aae76c1821c in current term 1: Already voted for candidate 727bc556886c45878a631b43bf725aee in this term.
I20260608 12:39:30.177114   670 catalog_manager.cc:805] Waiting for catalog manager background task thread to start: Service unavailable: Catalog manager is not initialized. State: Starting
I20260608 12:39:30.172608   602 tablet_service.cc:1917] Received RequestConsensusVote() RPC: tablet_id: "00000000000000000000000000000000" candidate_uuid: "7f7c71d53ba7497a9cb25aae76c1821c" candidate_term: 1 candidate_status { last_received { term: 0 index: 0 } } ignore_live_leader: false dest_uuid: "907a049fdb234c87865dc0e5958d9f57"
I20260608 12:39:30.178221   431 internal_mini_cluster.cc:184] Waiting to initialize catalog manager on master 1
I20260608 12:39:30.179418   603 raft_consensus.cc:2468] T 00000000000000000000000000000000 P 907a049fdb234c87865dc0e5958d9f57 [term 1 FOLLOWER]: Leader election vote request: Granting yes vote for candidate 727bc556886c45878a631b43bf725aee in term 1.
I20260608 12:39:30.182582   449 leader_election.cc:304] T 00000000000000000000000000000000 P 727bc556886c45878a631b43bf725aee [CANDIDATE]: Term 1 election: Election decided. Result: candidate won. Election summary: received 2 responses out of 3 voters: 2 yes votes; 0 no votes. yes voters: 727bc556886c45878a631b43bf725aee, 907a049fdb234c87865dc0e5958d9f57; no voters: 
I20260608 12:39:30.182967   513 leader_election.cc:304] T 00000000000000000000000000000000 P 7f7c71d53ba7497a9cb25aae76c1821c [CANDIDATE]: Term 1 election: Election decided. Result: candidate lost. Election summary: received 3 responses out of 3 voters: 1 yes votes; 2 no votes. yes voters: 7f7c71d53ba7497a9cb25aae76c1821c; no voters: 727bc556886c45878a631b43bf725aee, 907a049fdb234c87865dc0e5958d9f57
I20260608 12:39:30.183939   637 raft_consensus.cc:2804] T 00000000000000000000000000000000 P 727bc556886c45878a631b43bf725aee [term 1 FOLLOWER]: Leader election won for term 1
I20260608 12:39:30.184834   637 raft_consensus.cc:697] T 00000000000000000000000000000000 P 727bc556886c45878a631b43bf725aee [term 1 LEADER]: Becoming Leader. State: Replica: 727bc556886c45878a631b43bf725aee, State: Running, Role: LEADER
I20260608 12:39:30.185520   635 raft_consensus.cc:2749] T 00000000000000000000000000000000 P 7f7c71d53ba7497a9cb25aae76c1821c [term 1 FOLLOWER]: Leader election lost for term 1. Reason: could not achieve majority
I20260608 12:39:30.187580   637 consensus_queue.cc:237] T 00000000000000000000000000000000 P 727bc556886c45878a631b43bf725aee [LEADER]: Queue going to LEADER mode. State: All replicated index: 0, Majority replicated index: 0, Committed index: 0, Last appended: 0.0, Last appended by leader: 0, Current term: 1, Majority size: 2, State: 0, Mode: LEADER, active raft config: opid_index: -1 OBSOLETE_local: false peers { permanent_uuid: "727bc556886c45878a631b43bf725aee" member_type: VOTER last_known_addr { host: "127.0.107.254" port: 38741 } } peers { permanent_uuid: "7f7c71d53ba7497a9cb25aae76c1821c" member_type: VOTER last_known_addr { host: "127.0.107.253" port: 46451 } } peers { permanent_uuid: "907a049fdb234c87865dc0e5958d9f57" member_type: VOTER last_known_addr { host: "127.0.107.252" port: 38043 } }
I20260608 12:39:30.199471   431 internal_mini_cluster.cc:184] Waiting to initialize catalog manager on master 2
I20260608 12:39:30.205615   431 file_cache.cc:492] Constructed file cache file cache with capacity 419430
W20260608 12:39:30.217231   671 catalog_manager.cc:1593] T 00000000000000000000000000000000 P 907a049fdb234c87865dc0e5958d9f57: loading cluster ID for follower catalog manager: Not found: cluster ID entry not found
W20260608 12:39:30.218148   671 catalog_manager.cc:883] Not found: cluster ID entry not found: failed to prepare follower catalog manager, will retry
I20260608 12:39:30.228829   660 sys_catalog.cc:455] T 00000000000000000000000000000000 P 727bc556886c45878a631b43bf725aee [sys.catalog]: SysCatalogTable state changed. Reason: New leader 727bc556886c45878a631b43bf725aee. Latest consensus state: current_term: 1 leader_uuid: "727bc556886c45878a631b43bf725aee" committed_config { opid_index: -1 OBSOLETE_local: false peers { permanent_uuid: "727bc556886c45878a631b43bf725aee" member_type: VOTER last_known_addr { host: "127.0.107.254" port: 38741 } } peers { permanent_uuid: "7f7c71d53ba7497a9cb25aae76c1821c" member_type: VOTER last_known_addr { host: "127.0.107.253" port: 46451 } } peers { permanent_uuid: "907a049fdb234c87865dc0e5958d9f57" member_type: VOTER last_known_addr { host: "127.0.107.252" port: 38043 } } }
I20260608 12:39:30.241839   660 sys_catalog.cc:458] T 00000000000000000000000000000000 P 727bc556886c45878a631b43bf725aee [sys.catalog]: This master's current role is: LEADER
W20260608 12:39:30.265156   672 catalog_manager.cc:1593] T 00000000000000000000000000000000 P 7f7c71d53ba7497a9cb25aae76c1821c: loading cluster ID for follower catalog manager: Not found: cluster ID entry not found
W20260608 12:39:30.267030   672 catalog_manager.cc:883] Not found: cluster ID entry not found: failed to prepare follower catalog manager, will retry
I20260608 12:39:30.270328   677 catalog_manager.cc:1510] Loading table and tablet metadata into memory...
W20260608 12:39:30.275756   675 instance_detector.cc:116] could not retrieve AWS instance metadata: Network error: curl error: HTTP response code said error: The requested URL returned error: 404
W20260608 12:39:30.276320   676 instance_detector.cc:116] could not retrieve Azure instance metadata: Network error: curl error: HTTP response code said error: The requested URL returned error: 404
W20260608 12:39:30.283715   679 instance_detector.cc:116] could not retrieve OpenStack instance metadata: Network error: curl error: HTTP response code said error: The requested URL returned error: 404
I20260608 12:39:30.291985   431 server_base.cc:1061] running on GCE node
I20260608 12:39:30.294106   431 hybrid_clock.cc:584] initializing the hybrid clock with 'system_unsync' time source
W20260608 12:39:30.294473   431 system_unsync_time.cc:38] NTP support is disabled. Clock error bounds will not be accurate. This configuration is not suitable for distributed clusters.
I20260608 12:39:30.294755   431 hybrid_clock.cc:648] HybridClock initialized: now 1780922370294728 us; error 0 us; skew 500 ppm
I20260608 12:39:30.294977   677 catalog_manager.cc:1519] Initializing Kudu cluster ID...
I20260608 12:39:30.295827   431 server_base.cc:861] Flag tcmalloc_max_total_thread_cache_bytes is not working since tcmalloc is not enabled.
I20260608 12:39:30.310150   431 webserver.cc:533] Webserver started at http://127.0.107.193:33281/ using document root <none> and password file <none>
I20260608 12:39:30.311517   431 fs_manager.cc:362] Metadata directory not provided
