I20260608 13:05:33.023226 13120 consensus_queue.cc:237] T fe9769d906e54659b88536c470eceae5 P 099766aa4ebc4d55abeb34bb68e58783 [LEADER]: Queue going to LEADER mode. State: All replicated index: 0, Majority replicated index: 0, Committed index: 0, Last appended: 0.0, Last appended by leader: 0, Current term: 1, Majority size: 2, State: 0, Mode: LEADER, active raft config: opid_index: -1 OBSOLETE_local: false peers { permanent_uuid: "b9ef54b181e44912ad40ec0fcd8c0933" member_type: VOTER last_known_addr { host: "127.8.219.194" port: 34349 } } peers { permanent_uuid: "099766aa4ebc4d55abeb34bb68e58783" member_type: VOTER last_known_addr { host: "127.8.219.193" port: 40767 } } peers { permanent_uuid: "018abdb0fc624e54a4bb6859cdc1302b" member_type: VOTER last_known_addr { host: "127.8.219.195" port: 46323 } }
I20260608 13:05:33.031453 12741 catalog_manager.cc:5696] T fe9769d906e54659b88536c470eceae5 P 099766aa4ebc4d55abeb34bb68e58783 reported cstate change: term changed from 0 to 1, leader changed from <none> to 099766aa4ebc4d55abeb34bb68e58783 (127.8.219.193). New cstate: current_term: 1 leader_uuid: "099766aa4ebc4d55abeb34bb68e58783" committed_config { opid_index: -1 OBSOLETE_local: false peers { permanent_uuid: "b9ef54b181e44912ad40ec0fcd8c0933" member_type: VOTER last_known_addr { host: "127.8.219.194" port: 34349 } health_report { overall_health: UNKNOWN } } peers { permanent_uuid: "099766aa4ebc4d55abeb34bb68e58783" member_type: VOTER last_known_addr { host: "127.8.219.193" port: 40767 } health_report { overall_health: HEALTHY } } peers { permanent_uuid: "018abdb0fc624e54a4bb6859cdc1302b" member_type: VOTER last_known_addr { host: "127.8.219.195" port: 46323 } health_report { overall_health: UNKNOWN } } }
I20260608 13:05:33.066078 13092 heartbeater.cc:499] Master 127.8.219.254:45561 was elected leader, sending a full tablet report...
I20260608 13:05:33.493270 12795 auto_leader_rebalancer.cc:140] leader rebalance for table test-workload
I20260608 13:05:33.494918 12795 auto_leader_rebalancer.cc:388] table: test-workload, leader rebalance finish, leader transfer count: 0
I20260608 13:05:33.495327 12795 auto_leader_rebalancer.cc:451] All tables' leader rebalancing finished this round
I20260608 13:05:33.549492 13126 consensus_queue.cc:1048] T fe9769d906e54659b88536c470eceae5 P 099766aa4ebc4d55abeb34bb68e58783 [LEADER]: Connected to new peer: Peer: permanent_uuid: "b9ef54b181e44912ad40ec0fcd8c0933" member_type: VOTER last_known_addr { host: "127.8.219.194" port: 34349 }, Status: LMP_MISMATCH, Last received: 0.0, Next index: 1, Last known committed idx: 0, Time since last communication: 0.001s
I20260608 13:05:33.566431 13126 consensus_queue.cc:1048] T fe9769d906e54659b88536c470eceae5 P 099766aa4ebc4d55abeb34bb68e58783 [LEADER]: Connected to new peer: Peer: permanent_uuid: "018abdb0fc624e54a4bb6859cdc1302b" member_type: VOTER last_known_addr { host: "127.8.219.195" port: 46323 }, Status: LMP_MISMATCH, Last received: 0.0, Next index: 1, Last known committed idx: 0, Time since last communication: 0.001s
I20260608 13:05:35.496273 12795 auto_leader_rebalancer.cc:140] leader rebalance for table test-workload
I20260608 13:05:35.497593 12795 auto_leader_rebalancer.cc:388] table: test-workload, leader rebalance finish, leader transfer count: 0
I20260608 13:05:35.497910 12795 auto_leader_rebalancer.cc:451] All tables' leader rebalancing finished this round
I20260608 13:05:37.499044 12795 auto_leader_rebalancer.cc:140] leader rebalance for table test-workload
I20260608 13:05:37.500586 12795 auto_leader_rebalancer.cc:388] table: test-workload, leader rebalance finish, leader transfer count: 0
I20260608 13:05:37.500922 12795 auto_leader_rebalancer.cc:451] All tables' leader rebalancing finished this round
I20260608 13:05:39.502264 12795 auto_leader_rebalancer.cc:140] leader rebalance for table test-workload
I20260608 13:05:39.504083 12795 auto_leader_rebalancer.cc:388] table: test-workload, leader rebalance finish, leader transfer count: 0
I20260608 13:05:39.504446 12795 auto_leader_rebalancer.cc:451] All tables' leader rebalancing finished this round
I20260608 13:05:41.505380 12795 auto_leader_rebalancer.cc:140] leader rebalance for table test-workload
I20260608 13:05:41.506718 12795 auto_leader_rebalancer.cc:388] table: test-workload, leader rebalance finish, leader transfer count: 0
I20260608 13:05:41.507006 12795 auto_leader_rebalancer.cc:451] All tables' leader rebalancing finished this round
I20260608 13:05:43.508070 12795 auto_leader_rebalancer.cc:140] leader rebalance for table test-workload
I20260608 13:05:43.509622 12795 auto_leader_rebalancer.cc:388] table: test-workload, leader rebalance finish, leader transfer count: 0
I20260608 13:05:43.509979 12795 auto_leader_rebalancer.cc:451] All tables' leader rebalancing finished this round
I20260608 13:05:44.135700  9071 tablet_server.cc:179] TabletServer@127.8.219.193:0 shutting down...
I20260608 13:05:44.168932  9071 ts_tablet_manager.cc:1507] Shutting down tablet manager...
I20260608 13:05:44.169872  9071 tablet_replica.cc:333] T fe9769d906e54659b88536c470eceae5 P 099766aa4ebc4d55abeb34bb68e58783: stopping tablet replica
I20260608 13:05:44.170544  9071 raft_consensus.cc:2243] T fe9769d906e54659b88536c470eceae5 P 099766aa4ebc4d55abeb34bb68e58783 [term 1 LEADER]: Raft consensus shutting down.
I20260608 13:05:44.171746  9071 raft_consensus.cc:2272] T fe9769d906e54659b88536c470eceae5 P 099766aa4ebc4d55abeb34bb68e58783 [term 1 FOLLOWER]: Raft consensus is shut down!
I20260608 13:05:44.194198  9071 tablet_server.cc:196] TabletServer@127.8.219.193:0 shutdown complete.
I20260608 13:05:44.208997  9071 tablet_server.cc:179] TabletServer@127.8.219.194:0 shutting down...
I20260608 13:05:44.232481  9071 ts_tablet_manager.cc:1507] Shutting down tablet manager...
I20260608 13:05:44.233390  9071 tablet_replica.cc:333] T fe9769d906e54659b88536c470eceae5 P b9ef54b181e44912ad40ec0fcd8c0933: stopping tablet replica
I20260608 13:05:44.234158  9071 raft_consensus.cc:2243] T fe9769d906e54659b88536c470eceae5 P b9ef54b181e44912ad40ec0fcd8c0933 [term 1 FOLLOWER]: Raft consensus shutting down.
I20260608 13:05:44.234750  9071 raft_consensus.cc:2272] T fe9769d906e54659b88536c470eceae5 P b9ef54b181e44912ad40ec0fcd8c0933 [term 1 FOLLOWER]: Raft consensus is shut down!
I20260608 13:05:44.256494  9071 tablet_server.cc:196] TabletServer@127.8.219.194:0 shutdown complete.
I20260608 13:05:44.270642  9071 tablet_server.cc:179] TabletServer@127.8.219.195:0 shutting down...
I20260608 13:05:44.296069  9071 ts_tablet_manager.cc:1507] Shutting down tablet manager...
I20260608 13:05:44.296777  9071 tablet_replica.cc:333] T fe9769d906e54659b88536c470eceae5 P 018abdb0fc624e54a4bb6859cdc1302b: stopping tablet replica
I20260608 13:05:44.297339  9071 raft_consensus.cc:2243] T fe9769d906e54659b88536c470eceae5 P 018abdb0fc624e54a4bb6859cdc1302b [term 1 FOLLOWER]: Raft consensus shutting down.
I20260608 13:05:44.297873  9071 raft_consensus.cc:2272] T fe9769d906e54659b88536c470eceae5 P 018abdb0fc624e54a4bb6859cdc1302b [term 1 FOLLOWER]: Raft consensus is shut down!
I20260608 13:05:44.317884  9071 tablet_server.cc:196] TabletServer@127.8.219.195:0 shutdown complete.
I20260608 13:05:44.328739  9071 tablet_server.cc:179] TabletServer@127.8.219.196:0 shutting down...
I20260608 13:05:44.352972  9071 ts_tablet_manager.cc:1507] Shutting down tablet manager...
I20260608 13:05:44.369968  9071 tablet_server.cc:196] TabletServer@127.8.219.196:0 shutdown complete.
I20260608 13:05:44.379868  9071 master.cc:562] Master@127.8.219.254:45561 shutting down...
I20260608 13:05:44.400096  9071 raft_consensus.cc:2243] T 00000000000000000000000000000000 P a848df4a41ed426ebf08b585da7765fe [term 1 LEADER]: Raft consensus shutting down.
I20260608 13:05:44.400851  9071 raft_consensus.cc:2272] T 00000000000000000000000000000000 P a848df4a41ed426ebf08b585da7765fe [term 1 FOLLOWER]: Raft consensus is shut down!
I20260608 13:05:44.401185  9071 tablet_replica.cc:333] T 00000000000000000000000000000000 P a848df4a41ed426ebf08b585da7765fe: stopping tablet replica
I20260608 13:05:44.421203  9071 master.cc:584] Master@127.8.219.254:45561 shutdown complete.
[       OK ] AutoRebalancerTest.NoReplicaMovesIfLocationLoadSkewedByOne (13132 ms)
[ RUN      ] AutoRebalancerTest.NoReplicaMovesIfCannotFixPlacementPolicy
I20260608 13:05:44.466178  9071 internal_mini_cluster.cc:156] Creating distributed mini masters. Addrs: 127.8.219.254:33487
I20260608 13:05:44.467710  9071 file_cache.cc:492] Constructed file cache file cache with capacity 419430
W20260608 13:05:44.474408 13142 instance_detector.cc:116] could not retrieve Azure instance metadata: Network error: curl error: HTTP response code said error: The requested URL returned error: 404
W20260608 13:05:44.474507 13141 instance_detector.cc:116] could not retrieve AWS instance metadata: Network error: curl error: HTTP response code said error: The requested URL returned error: 404
W20260608 13:05:44.475106 13144 instance_detector.cc:116] could not retrieve OpenStack instance metadata: Network error: curl error: HTTP response code said error: The requested URL returned error: 404
I20260608 13:05:44.476460  9071 server_base.cc:1061] running on GCE node
I20260608 13:05:44.477427  9071 hybrid_clock.cc:584] initializing the hybrid clock with 'system_unsync' time source
W20260608 13:05:44.477639  9071 system_unsync_time.cc:38] NTP support is disabled. Clock error bounds will not be accurate. This configuration is not suitable for distributed clusters.
I20260608 13:05:44.477964  9071 hybrid_clock.cc:648] HybridClock initialized: now 1780923944477944 us; error 0 us; skew 500 ppm
I20260608 13:05:44.478597  9071 server_base.cc:861] Flag tcmalloc_max_total_thread_cache_bytes is not working since tcmalloc is not enabled.
I20260608 13:05:44.481436  9071 webserver.cc:533] Webserver started at http://127.8.219.254:39211/ using document root <none> and password file <none>
I20260608 13:05:44.482074  9071 fs_manager.cc:362] Metadata directory not provided
I20260608 13:05:44.482272  9071 fs_manager.cc:368] Using write-ahead log directory (fs_wal_dir) as metadata directory
I20260608 13:05:44.482546  9071 server_base.cc:909] This appears to be a new deployment of Kudu; creating new FS layout
I20260608 13:05:44.483935  9071 fs_manager.cc:1068] Generated new instance metadata in path /tmp/dist-test-taskEPowBa/test-tmp/auto_rebalancer-test.0.AutoRebalancerTest.NoReplicaMovesIfCannotFixPlacementPolicy.1780923837482331-9071-0/minicluster-data/master-0-root/instance:
uuid: "644d0bfcf1ee44f0b7c713d12c0f4b83"
format_stamp: "Formatted at 2026-06-08 13:05:44 on dist-test-slave-ddh4"
I20260608 13:05:44.489217  9071 fs_manager.cc:696] Time spent creating directory manager: real 0.005s	user 0.007s	sys 0.000s
I20260608 13:05:44.493546 13149 log_block_manager.cc:4031] Time spent loading block containers with low live blocks: real 0.000s	user 0.000s	sys 0.000s
I20260608 13:05:44.494540  9071 fs_manager.cc:730] Time spent opening block manager: real 0.003s	user 0.003s	sys 0.000s
I20260608 13:05:44.494800  9071 fs_manager.cc:647] Opened local filesystem: /tmp/dist-test-taskEPowBa/test-tmp/auto_rebalancer-test.0.AutoRebalancerTest.NoReplicaMovesIfCannotFixPlacementPolicy.1780923837482331-9071-0/minicluster-data/master-0-root
uuid: "644d0bfcf1ee44f0b7c713d12c0f4b83"
format_stamp: "Formatted at 2026-06-08 13:05:44 on dist-test-slave-ddh4"
I20260608 13:05:44.495071  9071 fs_report.cc:389] FS layout report
--------------------
wal directory: /tmp/dist-test-taskEPowBa/test-tmp/auto_rebalancer-test.0.AutoRebalancerTest.NoReplicaMovesIfCannotFixPlacementPolicy.1780923837482331-9071-0/minicluster-data/master-0-root
metadata directory: /tmp/dist-test-taskEPowBa/test-tmp/auto_rebalancer-test.0.AutoRebalancerTest.NoReplicaMovesIfCannotFixPlacementPolicy.1780923837482331-9071-0/minicluster-data/master-0-root
1 data directories: /tmp/dist-test-taskEPowBa/test-tmp/auto_rebalancer-test.0.AutoRebalancerTest.NoReplicaMovesIfCannotFixPlacementPolicy.1780923837482331-9071-0/minicluster-data/master-0-root/data
Total live blocks: 0
Total live bytes: 0
Total live bytes (after alignment): 0
Total number of LBM containers: 0 (0 full)
Did not check for missing blocks
Did not check for orphaned blocks
Total full LBM containers with extra space: 0 (0 repaired)
Total full LBM container extra space in bytes: 0 (0 repaired)
Total incomplete LBM containers: 0 (0 repaired)
Total LBM partial records: 0 (0 repaired)
Total corrupted LBM metadata records in RocksDB: 0 (0 repaired)
I20260608 13:05:44.509554  9071 rpc_server.cc:225] running with OpenSSL 1.1.1  11 Sep 2018
I20260608 13:05:44.510828  9071 kserver.cc:163] Server-wide thread pool size limit: 3276
I20260608 13:05:44.554092  9071 rpc_server.cc:307] RPC server started. Bound to: 127.8.219.254:33487
I20260608 13:05:44.554281 13200 acceptor_pool.cc:272] collecting diagnostics on the listening RPC socket 127.8.219.254:33487 every 8 connection(s)
I20260608 13:05:44.558718 13201 data_dirs.cc:400] Could only allocate 1 dirs of requested 3 for tablet 00000000000000000000000000000000. 1 dirs total, 0 dirs full, 0 dirs failed
I20260608 13:05:44.572491 13201 tablet_bootstrap.cc:492] T 00000000000000000000000000000000 P 644d0bfcf1ee44f0b7c713d12c0f4b83: Bootstrap starting.
I20260608 13:05:44.578128 13201 tablet_bootstrap.cc:654] T 00000000000000000000000000000000 P 644d0bfcf1ee44f0b7c713d12c0f4b83: Neither blocks nor log segments found. Creating new log.
I20260608 13:05:44.583213 13201 tablet_bootstrap.cc:492] T 00000000000000000000000000000000 P 644d0bfcf1ee44f0b7c713d12c0f4b83: No bootstrap required, opened a new log
I20260608 13:05:44.585887 13201 raft_consensus.cc:359] T 00000000000000000000000000000000 P 644d0bfcf1ee44f0b7c713d12c0f4b83 [term 0 FOLLOWER]: Replica starting. Triggering 0 pending ops. Active config: opid_index: -1 OBSOLETE_local: true peers { permanent_uuid: "644d0bfcf1ee44f0b7c713d12c0f4b83" member_type: VOTER }
I20260608 13:05:44.586385 13201 raft_consensus.cc:385] T 00000000000000000000000000000000 P 644d0bfcf1ee44f0b7c713d12c0f4b83 [term 0 FOLLOWER]: Consensus starting up: Expiring failure detector timer to make a prompt election more likely
I20260608 13:05:44.586572 13201 raft_consensus.cc:740] T 00000000000000000000000000000000 P 644d0bfcf1ee44f0b7c713d12c0f4b83 [term 0 FOLLOWER]: Becoming Follower/Learner. State: Replica: 644d0bfcf1ee44f0b7c713d12c0f4b83, State: Initialized, Role: FOLLOWER
I20260608 13:05:44.587189 13201 consensus_queue.cc:260] T 00000000000000000000000000000000 P 644d0bfcf1ee44f0b7c713d12c0f4b83 [NON_LEADER]: Queue going to NON_LEADER mode. State: All replicated index: 0, Majority replicated index: 0, Committed index: 0, Last appended: 0.0, Last appended by leader: 0, Current term: 0, Majority size: -1, State: 0, Mode: NON_LEADER, active raft config: opid_index: -1 OBSOLETE_local: true peers { permanent_uuid: "644d0bfcf1ee44f0b7c713d12c0f4b83" member_type: VOTER }
I20260608 13:05:44.587648 13201 raft_consensus.cc:399] T 00000000000000000000000000000000 P 644d0bfcf1ee44f0b7c713d12c0f4b83 [term 0 FOLLOWER]: Only one voter in the Raft config. Triggering election immediately
I20260608 13:05:44.587847 13201 raft_consensus.cc:493] T 00000000000000000000000000000000 P 644d0bfcf1ee44f0b7c713d12c0f4b83 [term 0 FOLLOWER]: Starting leader election (initial election of a single-replica configuration)
I20260608 13:05:44.588068 13201 raft_consensus.cc:3060] T 00000000000000000000000000000000 P 644d0bfcf1ee44f0b7c713d12c0f4b83 [term 0 FOLLOWER]: Advancing to term 1
I20260608 13:05:44.593360 13201 raft_consensus.cc:515] T 00000000000000000000000000000000 P 644d0bfcf1ee44f0b7c713d12c0f4b83 [term 1 FOLLOWER]: Starting leader election with config: opid_index: -1 OBSOLETE_local: true peers { permanent_uuid: "644d0bfcf1ee44f0b7c713d12c0f4b83" member_type: VOTER }
I20260608 13:05:44.593936 13201 leader_election.cc:304] T 00000000000000000000000000000000 P 644d0bfcf1ee44f0b7c713d12c0f4b83 [CANDIDATE]: Term 1 election: Election decided. Result: candidate won. Election summary: received 1 responses out of 1 voters: 1 yes votes; 0 no votes. yes voters: 644d0bfcf1ee44f0b7c713d12c0f4b83; no voters: 
I20260608 13:05:44.595352 13201 leader_election.cc:290] T 00000000000000000000000000000000 P 644d0bfcf1ee44f0b7c713d12c0f4b83 [CANDIDATE]: Term 1 election: Requested vote from peers 
I20260608 13:05:44.595811 13204 raft_consensus.cc:2804] T 00000000000000000000000000000000 P 644d0bfcf1ee44f0b7c713d12c0f4b83 [term 1 FOLLOWER]: Leader election won for term 1
I20260608 13:05:44.597456 13204 raft_consensus.cc:697] T 00000000000000000000000000000000 P 644d0bfcf1ee44f0b7c713d12c0f4b83 [term 1 LEADER]: Becoming Leader. State: Replica: 644d0bfcf1ee44f0b7c713d12c0f4b83, State: Running, Role: LEADER
I20260608 13:05:44.598312 13204 consensus_queue.cc:237] T 00000000000000000000000000000000 P 644d0bfcf1ee44f0b7c713d12c0f4b83 [LEADER]: Queue going to LEADER mode. State: All replicated index: 0, Majority replicated index: 0, Committed index: 0, Last appended: 0.0, Last appended by leader: 0, Current term: 1, Majority size: 1, State: 0, Mode: LEADER, active raft config: opid_index: -1 OBSOLETE_local: true peers { permanent_uuid: "644d0bfcf1ee44f0b7c713d12c0f4b83" member_type: VOTER }
I20260608 13:05:44.598980 13201 sys_catalog.cc:565] T 00000000000000000000000000000000 P 644d0bfcf1ee44f0b7c713d12c0f4b83 [sys.catalog]: configured and running, proceeding with master startup.
I20260608 13:05:44.602036 13206 sys_catalog.cc:455] T 00000000000000000000000000000000 P 644d0bfcf1ee44f0b7c713d12c0f4b83 [sys.catalog]: SysCatalogTable state changed. Reason: New leader 644d0bfcf1ee44f0b7c713d12c0f4b83. Latest consensus state: current_term: 1 leader_uuid: "644d0bfcf1ee44f0b7c713d12c0f4b83" committed_config { opid_index: -1 OBSOLETE_local: true peers { permanent_uuid: "644d0bfcf1ee44f0b7c713d12c0f4b83" member_type: VOTER } }
I20260608 13:05:44.602173 13205 sys_catalog.cc:455] T 00000000000000000000000000000000 P 644d0bfcf1ee44f0b7c713d12c0f4b83 [sys.catalog]: SysCatalogTable state changed. Reason: RaftConsensus started. Latest consensus state: current_term: 1 leader_uuid: "644d0bfcf1ee44f0b7c713d12c0f4b83" committed_config { opid_index: -1 OBSOLETE_local: true peers { permanent_uuid: "644d0bfcf1ee44f0b7c713d12c0f4b83" member_type: VOTER } }
I20260608 13:05:44.602655 13206 sys_catalog.cc:458] T 00000000000000000000000000000000 P 644d0bfcf1ee44f0b7c713d12c0f4b83 [sys.catalog]: This master's current role is: LEADER
I20260608 13:05:44.602994 13205 sys_catalog.cc:458] T 00000000000000000000000000000000 P 644d0bfcf1ee44f0b7c713d12c0f4b83 [sys.catalog]: This master's current role is: LEADER
I20260608 13:05:44.615602 13210 catalog_manager.cc:1510] Loading table and tablet metadata into memory...
I20260608 13:05:44.615608  9071 internal_mini_cluster.cc:184] Waiting to initialize catalog manager on master 0
I20260608 13:05:44.621102 13210 catalog_manager.cc:1519] Initializing Kudu cluster ID...
I20260608 13:05:44.631116 13210 catalog_manager.cc:1382] Generated new cluster ID: 6bb43e2e5264480d8450c4af6a454619
I20260608 13:05:44.631402 13210 catalog_manager.cc:1530] Initializing Kudu internal certificate authority...
I20260608 13:05:44.644182 13210 catalog_manager.cc:1405] Generated new certificate authority record
I20260608 13:05:44.645428 13210 catalog_manager.cc:1539] Loading token signing keys...
I20260608 13:05:44.662106 13210 catalog_manager.cc:6069] T 00000000000000000000000000000000 P 644d0bfcf1ee44f0b7c713d12c0f4b83: Generated new TSK 0
I20260608 13:05:44.662640 13210 catalog_manager.cc:1549] Initializing in-progress tserver states...
I20260608 13:05:44.683071  9071 file_cache.cc:492] Constructed file cache file cache with capacity 419430
W20260608 13:05:44.689942 13222 instance_detector.cc:116] could not retrieve AWS instance metadata: Network error: curl error: HTTP response code said error: The requested URL returned error: 404
W20260608 13:05:44.691416 13223 instance_detector.cc:116] could not retrieve Azure instance metadata: Network error: curl error: HTTP response code said error: The requested URL returned error: 404
W20260608 13:05:44.692982 13225 instance_detector.cc:116] could not retrieve OpenStack instance metadata: Network error: curl error: HTTP response code said error: The requested URL returned error: 404
I20260608 13:05:44.693884  9071 server_base.cc:1061] running on GCE node
I20260608 13:05:44.694875  9071 hybrid_clock.cc:584] initializing the hybrid clock with 'system_unsync' time source
W20260608 13:05:44.695080  9071 system_unsync_time.cc:38] NTP support is disabled. Clock error bounds will not be accurate. This configuration is not suitable for distributed clusters.
I20260608 13:05:44.695242  9071 hybrid_clock.cc:648] HybridClock initialized: now 1780923944695216 us; error 0 us; skew 500 ppm
I20260608 13:05:44.695866  9071 server_base.cc:861] Flag tcmalloc_max_total_thread_cache_bytes is not working since tcmalloc is not enabled.
I20260608 13:05:44.698662  9071 webserver.cc:533] Webserver started at http://127.8.219.193:44441/ using document root <none> and password file <none>
I20260608 13:05:44.699216  9071 fs_manager.cc:362] Metadata directory not provided
I20260608 13:05:44.699422  9071 fs_manager.cc:368] Using write-ahead log directory (fs_wal_dir) as metadata directory
I20260608 13:05:44.699714  9071 server_base.cc:909] This appears to be a new deployment of Kudu; creating new FS layout
I20260608 13:05:44.701210  9071 fs_manager.cc:1068] Generated new instance metadata in path /tmp/dist-test-taskEPowBa/test-tmp/auto_rebalancer-test.0.AutoRebalancerTest.NoReplicaMovesIfCannotFixPlacementPolicy.1780923837482331-9071-0/minicluster-data/ts-0-root/instance:
uuid: "7c026450b896446c979476c8314cb0f3"
format_stamp: "Formatted at 2026-06-08 13:05:44 on dist-test-slave-ddh4"
I20260608 13:05:44.706496  9071 fs_manager.cc:696] Time spent creating directory manager: real 0.005s	user 0.004s	sys 0.000s
I20260608 13:05:44.710548 13230 log_block_manager.cc:4031] Time spent loading block containers with low live blocks: real 0.000s	user 0.000s	sys 0.000s
I20260608 13:05:44.711431  9071 fs_manager.cc:730] Time spent opening block manager: real 0.003s	user 0.003s	sys 0.001s
I20260608 13:05:44.711768  9071 fs_manager.cc:647] Opened local filesystem: /tmp/dist-test-taskEPowBa/test-tmp/auto_rebalancer-test.0.AutoRebalancerTest.NoReplicaMovesIfCannotFixPlacementPolicy.1780923837482331-9071-0/minicluster-data/ts-0-root
uuid: "7c026450b896446c979476c8314cb0f3"
format_stamp: "Formatted at 2026-06-08 13:05:44 on dist-test-slave-ddh4"
I20260608 13:05:44.712077  9071 fs_report.cc:389] FS layout report
--------------------
wal directory: /tmp/dist-test-taskEPowBa/test-tmp/auto_rebalancer-test.0.AutoRebalancerTest.NoReplicaMovesIfCannotFixPlacementPolicy.1780923837482331-9071-0/minicluster-data/ts-0-root
metadata directory: /tmp/dist-test-taskEPowBa/test-tmp/auto_rebalancer-test.0.AutoRebalancerTest.NoReplicaMovesIfCannotFixPlacementPolicy.1780923837482331-9071-0/minicluster-data/ts-0-root
1 data directories: /tmp/dist-test-taskEPowBa/test-tmp/auto_rebalancer-test.0.AutoRebalancerTest.NoReplicaMovesIfCannotFixPlacementPolicy.1780923837482331-9071-0/minicluster-data/ts-0-root/data
Total live blocks: 0
Total live bytes: 0
Total live bytes (after alignment): 0
Total number of LBM containers: 0 (0 full)
Did not check for missing blocks
Did not check for orphaned blocks
Total full LBM containers with extra space: 0 (0 repaired)
Total full LBM container extra space in bytes: 0 (0 repaired)
Total incomplete LBM containers: 0 (0 repaired)
Total LBM partial records: 0 (0 repaired)
Total corrupted LBM metadata records in RocksDB: 0 (0 repaired)
I20260608 13:05:44.731119  9071 rpc_server.cc:225] running with OpenSSL 1.1.1  11 Sep 2018
I20260608 13:05:44.732529  9071 kserver.cc:163] Server-wide thread pool size limit: 3276
I20260608 13:05:44.734239  9071 txn_system_client.cc:432] TxnSystemClient initialization is disabled...
I20260608 13:05:44.736891  9071 ts_tablet_manager.cc:585] Loaded tablet metadata (0 total tablets, 0 live tablets)
I20260608 13:05:44.737093  9071 ts_tablet_manager.cc:531] Time spent load tablet metadata: real 0.000s	user 0.000s	sys 0.000s
I20260608 13:05:44.737334  9071 ts_tablet_manager.cc:616] Registered 0 tablets
I20260608 13:05:44.737498  9071 ts_tablet_manager.cc:595] Time spent register tablets: real 0.000s	user 0.000s	sys 0.000s
I20260608 13:05:44.786481  9071 rpc_server.cc:307] RPC server started. Bound to: 127.8.219.193:37089
I20260608 13:05:44.786599 13292 acceptor_pool.cc:272] collecting diagnostics on the listening RPC socket 127.8.219.193:37089 every 8 connection(s)
I20260608 13:05:44.792506  9071 file_cache.cc:492] Constructed file cache file cache with capacity 419430
W20260608 13:05:44.801170 13297 instance_detector.cc:116] could not retrieve AWS instance metadata: Network error: curl error: HTTP response code said error: The requested URL returned error: 404
W20260608 13:05:44.801920 13298 instance_detector.cc:116] could not retrieve Azure instance metadata: Network error: curl error: HTTP response code said error: The requested URL returned error: 404
I20260608 13:05:44.809374 13293 heartbeater.cc:344] Connected to a master server at 127.8.219.254:33487
W20260608 13:05:44.806370 13300 instance_detector.cc:116] could not retrieve OpenStack instance metadata: Network error: curl error: HTTP response code said error: The requested URL returned error: 404
I20260608 13:05:44.809965 13293 heartbeater.cc:461] Registering TS with master...
I20260608 13:05:44.811046 13293 heartbeater.cc:507] Master 127.8.219.254:33487 requested a full tablet report, sending...
I20260608 13:05:44.812940  9071 server_base.cc:1061] running on GCE node
I20260608 13:05:44.813872 13166 ts_manager.cc:194] Registered new tserver with Master: 7c026450b896446c979476c8314cb0f3 (127.8.219.193:37089)
I20260608 13:05:44.814510  9071 hybrid_clock.cc:584] initializing the hybrid clock with 'system_unsync' time source
W20260608 13:05:44.814824  9071 system_unsync_time.cc:38] NTP support is disabled. Clock error bounds will not be accurate. This configuration is not suitable for distributed clusters.
I20260608 13:05:44.815048  9071 hybrid_clock.cc:648] HybridClock initialized: now 1780923944815025 us; error 0 us; skew 500 ppm
I20260608 13:05:44.816000  9071 server_base.cc:861] Flag tcmalloc_max_total_thread_cache_bytes is not working since tcmalloc is not enabled.
I20260608 13:05:44.816812 13166 master_service.cc:502] Signed X509 certificate for tserver {username='slave'} at 127.0.0.1:56506
I20260608 13:05:44.819449  9071 webserver.cc:533] Webserver started at http://127.8.219.194:33245/ using document root <none> and password file <none>
I20260608 13:05:44.820084  9071 fs_manager.cc:362] Metadata directory not provided
I20260608 13:05:44.820287  9071 fs_manager.cc:368] Using write-ahead log directory (fs_wal_dir) as metadata directory
I20260608 13:05:44.820567  9071 server_base.cc:909] This appears to be a new deployment of Kudu; creating new FS layout
I20260608 13:05:44.821949  9071 fs_manager.cc:1068] Generated new instance metadata in path /tmp/dist-test-taskEPowBa/test-tmp/auto_rebalancer-test.0.AutoRebalancerTest.NoReplicaMovesIfCannotFixPlacementPolicy.1780923837482331-9071-0/minicluster-data/ts-1-root/instance:
uuid: "e2d59372784f4564a16397f64a9d7d3d"
format_stamp: "Formatted at 2026-06-08 13:05:44 on dist-test-slave-ddh4"
I20260608 13:05:44.827005  9071 fs_manager.cc:696] Time spent creating directory manager: real 0.005s	user 0.001s	sys 0.003s
I20260608 13:05:44.830910 13305 log_block_manager.cc:4031] Time spent loading block containers with low live blocks: real 0.000s	user 0.000s	sys 0.000s
I20260608 13:05:44.831748  9071 fs_manager.cc:730] Time spent opening block manager: real 0.003s	user 0.004s	sys 0.000s
I20260608 13:05:44.832074  9071 fs_manager.cc:647] Opened local filesystem: /tmp/dist-test-taskEPowBa/test-tmp/auto_rebalancer-test.0.AutoRebalancerTest.NoReplicaMovesIfCannotFixPlacementPolicy.1780923837482331-9071-0/minicluster-data/ts-1-root
uuid: "e2d59372784f4564a16397f64a9d7d3d"
format_stamp: "Formatted at 2026-06-08 13:05:44 on dist-test-slave-ddh4"
I20260608 13:05:44.832408  9071 fs_report.cc:389] FS layout report
--------------------
wal directory: /tmp/dist-test-taskEPowBa/test-tmp/auto_rebalancer-test.0.AutoRebalancerTest.NoReplicaMovesIfCannotFixPlacementPolicy.1780923837482331-9071-0/minicluster-data/ts-1-root
metadata directory: /tmp/dist-test-taskEPowBa/test-tmp/auto_rebalancer-test.0.AutoRebalancerTest.NoReplicaMovesIfCannotFixPlacementPolicy.1780923837482331-9071-0/minicluster-data/ts-1-root
1 data directories: /tmp/dist-test-taskEPowBa/test-tmp/auto_rebalancer-test.0.AutoRebalancerTest.NoReplicaMovesIfCannotFixPlacementPolicy.1780923837482331-9071-0/minicluster-data/ts-1-root/data
Total live blocks: 0
Total live bytes: 0
Total live bytes (after alignment): 0
Total number of LBM containers: 0 (0 full)
Did not check for missing blocks
Did not check for orphaned blocks
Total full LBM containers with extra space: 0 (0 repaired)
Total full LBM container extra space in bytes: 0 (0 repaired)
Total incomplete LBM containers: 0 (0 repaired)
Total LBM partial records: 0 (0 repaired)
Total corrupted LBM metadata records in RocksDB: 0 (0 repaired)
I20260608 13:05:44.845171  9071 rpc_server.cc:225] running with OpenSSL 1.1.1  11 Sep 2018
I20260608 13:05:44.846448  9071 kserver.cc:163] Server-wide thread pool size limit: 3276
I20260608 13:05:44.848033  9071 txn_system_client.cc:432] TxnSystemClient initialization is disabled...
I20260608 13:05:44.850378  9071 ts_tablet_manager.cc:585] Loaded tablet metadata (0 total tablets, 0 live tablets)
I20260608 13:05:44.850572  9071 ts_tablet_manager.cc:531] Time spent load tablet metadata: real 0.000s	user 0.000s	sys 0.000s
I20260608 13:05:44.850793  9071 ts_tablet_manager.cc:616] Registered 0 tablets
I20260608 13:05:44.850953  9071 ts_tablet_manager.cc:595] Time spent register tablets: real 0.000s	user 0.000s	sys 0.000s
I20260608 13:05:44.893982  9071 rpc_server.cc:307] RPC server started. Bound to: 127.8.219.194:43245
I20260608 13:05:44.894129 13367 acceptor_pool.cc:272] collecting diagnostics on the listening RPC socket 127.8.219.194:43245 every 8 connection(s)
I20260608 13:05:44.899449  9071 file_cache.cc:492] Constructed file cache file cache with capacity 419430
W20260608 13:05:44.906657 13371 instance_detector.cc:116] could not retrieve AWS instance metadata: Network error: curl error: HTTP response code said error: The requested URL returned error: 404
W20260608 13:05:44.907966 13372 instance_detector.cc:116] could not retrieve Azure instance metadata: Network error: curl error: HTTP response code said error: The requested URL returned error: 404
W20260608 13:05:44.909431 13374 instance_detector.cc:116] could not retrieve OpenStack instance metadata: Network error: curl error: HTTP response code said error: The requested URL returned error: 404
I20260608 13:05:44.909642  9071 server_base.cc:1061] running on GCE node
I20260608 13:05:44.910658  9071 hybrid_clock.cc:584] initializing the hybrid clock with 'system_unsync' time source
W20260608 13:05:44.910848  9071 system_unsync_time.cc:38] NTP support is disabled. Clock error bounds will not be accurate. This configuration is not suitable for distributed clusters.
I20260608 13:05:44.911146  9071 hybrid_clock.cc:648] HybridClock initialized: now 1780923944911116 us; error 0 us; skew 500 ppm
I20260608 13:05:44.911927  9071 server_base.cc:861] Flag tcmalloc_max_total_thread_cache_bytes is not working since tcmalloc is not enabled.
I20260608 13:05:44.912706 13368 heartbeater.cc:344] Connected to a master server at 127.8.219.254:33487
I20260608 13:05:44.913100 13368 heartbeater.cc:461] Registering TS with master...
I20260608 13:05:44.913966 13368 heartbeater.cc:507] Master 127.8.219.254:33487 requested a full tablet report, sending...
I20260608 13:05:44.915187  9071 webserver.cc:533] Webserver started at http://127.8.219.195:45631/ using document root <none> and password file <none>
I20260608 13:05:44.915840  9071 fs_manager.cc:362] Metadata directory not provided
I20260608 13:05:44.916011  9071 fs_manager.cc:368] Using write-ahead log directory (fs_wal_dir) as metadata directory
I20260608 13:05:44.916208 13166 ts_manager.cc:194] Registered new tserver with Master: e2d59372784f4564a16397f64a9d7d3d (127.8.219.194:43245)
I20260608 13:05:44.916541  9071 server_base.cc:909] This appears to be a new deployment of Kudu; creating new FS layout
I20260608 13:05:44.917686 13166 master_service.cc:502] Signed X509 certificate for tserver {username='slave'} at 127.0.0.1:56516
I20260608 13:05:44.917744  9071 fs_manager.cc:1068] Generated new instance metadata in path /tmp/dist-test-taskEPowBa/test-tmp/auto_rebalancer-test.0.AutoRebalancerTest.NoReplicaMovesIfCannotFixPlacementPolicy.1780923837482331-9071-0/minicluster-data/ts-2-root/instance:
uuid: "f5a627dcea844ef987c7a77f6972f920"
format_stamp: "Formatted at 2026-06-08 13:05:44 on dist-test-slave-ddh4"
I20260608 13:05:44.922511  9071 fs_manager.cc:696] Time spent creating directory manager: real 0.004s	user 0.002s	sys 0.002s
I20260608 13:05:44.926072 13379 log_block_manager.cc:4031] Time spent loading block containers with low live blocks: real 0.000s	user 0.000s	sys 0.000s
I20260608 13:05:44.926872  9071 fs_manager.cc:730] Time spent opening block manager: real 0.002s	user 0.002s	sys 0.001s
I20260608 13:05:44.927152  9071 fs_manager.cc:647] Opened local filesystem: /tmp/dist-test-taskEPowBa/test-tmp/auto_rebalancer-test.0.AutoRebalancerTest.NoReplicaMovesIfCannotFixPlacementPolicy.1780923837482331-9071-0/minicluster-data/ts-2-root
uuid: "f5a627dcea844ef987c7a77f6972f920"
format_stamp: "Formatted at 2026-06-08 13:05:44 on dist-test-slave-ddh4"
I20260608 13:05:44.927431  9071 fs_report.cc:389] FS layout report
--------------------
wal directory: /tmp/dist-test-taskEPowBa/test-tmp/auto_rebalancer-test.0.AutoRebalancerTest.NoReplicaMovesIfCannotFixPlacementPolicy.1780923837482331-9071-0/minicluster-data/ts-2-root
metadata directory: /tmp/dist-test-taskEPowBa/test-tmp/auto_rebalancer-test.0.AutoRebalancerTest.NoReplicaMovesIfCannotFixPlacementPolicy.1780923837482331-9071-0/minicluster-data/ts-2-root
1 data directories: /tmp/dist-test-taskEPowBa/test-tmp/auto_rebalancer-test.0.AutoRebalancerTest.NoReplicaMovesIfCannotFixPlacementPolicy.1780923837482331-9071-0/minicluster-data/ts-2-root/data
Total live blocks: 0
Total live bytes: 0
Total live bytes (after alignment): 0
Total number of LBM containers: 0 (0 full)
Did not check for missing blocks
Did not check for orphaned blocks
Total full LBM containers with extra space: 0 (0 repaired)
Total full LBM container extra space in bytes: 0 (0 repaired)
Total incomplete LBM containers: 0 (0 repaired)
Total LBM partial records: 0 (0 repaired)
Total corrupted LBM metadata records in RocksDB: 0 (0 repaired)
I20260608 13:05:44.953157  9071 rpc_server.cc:225] running with OpenSSL 1.1.1  11 Sep 2018
I20260608 13:05:44.954367  9071 kserver.cc:163] Server-wide thread pool size limit: 3276
I20260608 13:05:44.955838  9071 txn_system_client.cc:432] TxnSystemClient initialization is disabled...
I20260608 13:05:44.958105  9071 ts_tablet_manager.cc:585] Loaded tablet metadata (0 total tablets, 0 live tablets)
I20260608 13:05:44.958302  9071 ts_tablet_manager.cc:531] Time spent load tablet metadata: real 0.000s	user 0.000s	sys 0.000s
I20260608 13:05:44.958532  9071 ts_tablet_manager.cc:616] Registered 0 tablets
I20260608 13:05:44.958688  9071 ts_tablet_manager.cc:595] Time spent register tablets: real 0.000s	user 0.000s	sys 0.000s
I20260608 13:05:45.001893  9071 rpc_server.cc:307] RPC server started. Bound to: 127.8.219.195:41291
I20260608 13:05:45.002036 13441 acceptor_pool.cc:272] collecting diagnostics on the listening RPC socket 127.8.219.195:41291 every 8 connection(s)
I20260608 13:05:45.015873 13442 heartbeater.cc:344] Connected to a master server at 127.8.219.254:33487
I20260608 13:05:45.016291 13442 heartbeater.cc:461] Registering TS with master...
I20260608 13:05:45.017066 13442 heartbeater.cc:507] Master 127.8.219.254:33487 requested a full tablet report, sending...
I20260608 13:05:45.018970 13166 ts_manager.cc:194] Registered new tserver with Master: f5a627dcea844ef987c7a77f6972f920 (127.8.219.195:41291)
I20260608 13:05:45.020033  9071 internal_mini_cluster.cc:371] 3 TS(s) registered with all masters after 0.014719252s
I20260608 13:05:45.020277 13166 master_service.cc:502] Signed X509 certificate for tserver {username='slave'} at 127.0.0.1:56524
I20260608 13:05:45.820411 13293 heartbeater.cc:499] Master 127.8.219.254:33487 was elected leader, sending a full tablet report...
I20260608 13:05:45.920409 13368 heartbeater.cc:499] Master 127.8.219.254:33487 was elected leader, sending a full tablet report...
I20260608 13:05:46.022872 13442 heartbeater.cc:499] Master 127.8.219.254:33487 was elected leader, sending a full tablet report...
I20260608 13:05:46.094206 13166 catalog_manager.cc:2282] Servicing CreateTable request from {username='slave'} at 127.0.0.1:56548:
name: "test-workload"
schema {
  columns {
    name: "key"
    type: INT32
    is_key: true
    is_nullable: false
    encoding: AUTO_ENCODING
    compression: DEFAULT_COMPRESSION
    cfile_block_size: 0
    immutable: false
  }
  columns {
    name: "int_val"
    type: INT32
    is_key: false
    is_nullable: false
    encoding: AUTO_ENCODING
    compression: DEFAULT_COMPRESSION
    cfile_block_size: 0
    immutable: false
  }
  columns {
    name: "string_val"
    type: STRING
    is_key: false
    is_nullable: true
    encoding: AUTO_ENCODING
    compression: DEFAULT_COMPRESSION
    cfile_block_size: 0
    immutable: false
  }
}
num_replicas: 3
split_rows_range_bounds {
}
partition_schema {
  range_schema {
    columns {
      name: "key"
    }
  }
}
W20260608 13:05:46.096485 13166 catalog_manager.cc:7076] The number of live tablet servers is not enough to re-replicate a tablet replica of the newly created table test-workload in case of a server failure: 4 tablet servers would be needed, 3 are available. Consider bringing up more tablet servers.
I20260608 13:05:46.144783 13258 tablet_service.cc:1511] Processing CreateTablet for tablet 9a0a8d40592540619fc0c2ed5f3da0ec (DEFAULT_TABLE table=test-workload [id=9ae3c9ed57bc499c9a0436d6161ba78e]), partition=RANGE (key) PARTITION UNBOUNDED
I20260608 13:05:46.146524 13258 data_dirs.cc:400] Could only allocate 1 dirs of requested 3 for tablet 9a0a8d40592540619fc0c2ed5f3da0ec. 1 dirs total, 0 dirs full, 0 dirs failed
I20260608 13:05:46.146317 13407 tablet_service.cc:1511] Processing CreateTablet for tablet 9a0a8d40592540619fc0c2ed5f3da0ec (DEFAULT_TABLE table=test-workload [id=9ae3c9ed57bc499c9a0436d6161ba78e]), partition=RANGE (key) PARTITION UNBOUNDED
I20260608 13:05:46.147626 13407 data_dirs.cc:400] Could only allocate 1 dirs of requested 3 for tablet 9a0a8d40592540619fc0c2ed5f3da0ec. 1 dirs total, 0 dirs full, 0 dirs failed
I20260608 13:05:46.158567 13333 tablet_service.cc:1511] Processing CreateTablet for tablet 9a0a8d40592540619fc0c2ed5f3da0ec (DEFAULT_TABLE table=test-workload [id=9ae3c9ed57bc499c9a0436d6161ba78e]), partition=RANGE (key) PARTITION UNBOUNDED
I20260608 13:05:46.160199 13333 data_dirs.cc:400] Could only allocate 1 dirs of requested 3 for tablet 9a0a8d40592540619fc0c2ed5f3da0ec. 1 dirs total, 0 dirs full, 0 dirs failed
I20260608 13:05:46.170619 13464 tablet_bootstrap.cc:492] T 9a0a8d40592540619fc0c2ed5f3da0ec P 7c026450b896446c979476c8314cb0f3: Bootstrap starting.
I20260608 13:05:46.172271 13463 tablet_bootstrap.cc:492] T 9a0a8d40592540619fc0c2ed5f3da0ec P f5a627dcea844ef987c7a77f6972f920: Bootstrap starting.
I20260608 13:05:46.178890 13464 tablet_bootstrap.cc:654] T 9a0a8d40592540619fc0c2ed5f3da0ec P 7c026450b896446c979476c8314cb0f3: Neither blocks nor log segments found. Creating new log.
I20260608 13:05:46.179786 13465 tablet_bootstrap.cc:492] T 9a0a8d40592540619fc0c2ed5f3da0ec P e2d59372784f4564a16397f64a9d7d3d: Bootstrap starting.
I20260608 13:05:46.180326 13463 tablet_bootstrap.cc:654] T 9a0a8d40592540619fc0c2ed5f3da0ec P f5a627dcea844ef987c7a77f6972f920: Neither blocks nor log segments found. Creating new log.
I20260608 13:05:46.186538 13464 tablet_bootstrap.cc:492] T 9a0a8d40592540619fc0c2ed5f3da0ec P 7c026450b896446c979476c8314cb0f3: No bootstrap required, opened a new log
I20260608 13:05:46.187454 13464 ts_tablet_manager.cc:1403] T 9a0a8d40592540619fc0c2ed5f3da0ec P 7c026450b896446c979476c8314cb0f3: Time spent bootstrapping tablet: real 0.017s	user 0.015s	sys 0.000s
I20260608 13:05:46.188158 13465 tablet_bootstrap.cc:654] T 9a0a8d40592540619fc0c2ed5f3da0ec P e2d59372784f4564a16397f64a9d7d3d: Neither blocks nor log segments found. Creating new log.
I20260608 13:05:46.191509 13463 tablet_bootstrap.cc:492] T 9a0a8d40592540619fc0c2ed5f3da0ec P f5a627dcea844ef987c7a77f6972f920: No bootstrap required, opened a new log
I20260608 13:05:46.191120 13464 raft_consensus.cc:359] T 9a0a8d40592540619fc0c2ed5f3da0ec P 7c026450b896446c979476c8314cb0f3 [term 0 FOLLOWER]: Replica starting. Triggering 0 pending ops. Active config: opid_index: -1 OBSOLETE_local: false peers { permanent_uuid: "f5a627dcea844ef987c7a77f6972f920" member_type: VOTER last_known_addr { host: "127.8.219.195" port: 41291 } } peers { permanent_uuid: "7c026450b896446c979476c8314cb0f3" member_type: VOTER last_known_addr { host: "127.8.219.193" port: 37089 } } peers { permanent_uuid: "e2d59372784f4564a16397f64a9d7d3d" member_type: VOTER last_known_addr { host: "127.8.219.194" port: 43245 } }
I20260608 13:05:46.192090 13464 raft_consensus.cc:385] T 9a0a8d40592540619fc0c2ed5f3da0ec P 7c026450b896446c979476c8314cb0f3 [term 0 FOLLOWER]: Consensus starting up: Expiring failure detector timer to make a prompt election more likely
I20260608 13:05:46.192171 13463 ts_tablet_manager.cc:1403] T 9a0a8d40592540619fc0c2ed5f3da0ec P f5a627dcea844ef987c7a77f6972f920: Time spent bootstrapping tablet: real 0.020s	user 0.019s	sys 0.000s
I20260608 13:05:46.192445 13464 raft_consensus.cc:740] T 9a0a8d40592540619fc0c2ed5f3da0ec P 7c026450b896446c979476c8314cb0f3 [term 0 FOLLOWER]: Becoming Follower/Learner. State: Replica: 7c026450b896446c979476c8314cb0f3, State: Initialized, Role: FOLLOWER
I20260608 13:05:46.193342 13464 consensus_queue.cc:260] T 9a0a8d40592540619fc0c2ed5f3da0ec P 7c026450b896446c979476c8314cb0f3 [NON_LEADER]: Queue going to NON_LEADER mode. State: All replicated index: 0, Majority replicated index: 0, Committed index: 0, Last appended: 0.0, Last appended by leader: 0, Current term: 0, Majority size: -1, State: 0, Mode: NON_LEADER, active raft config: opid_index: -1 OBSOLETE_local: false peers { permanent_uuid: "f5a627dcea844ef987c7a77f6972f920" member_type: VOTER last_known_addr { host: "127.8.219.195" port: 41291 } } peers { permanent_uuid: "7c026450b896446c979476c8314cb0f3" member_type: VOTER last_known_addr { host: "127.8.219.193" port: 37089 } } peers { permanent_uuid: "e2d59372784f4564a16397f64a9d7d3d" member_type: VOTER last_known_addr { host: "127.8.219.194" port: 43245 } }
I20260608 13:05:46.194774 13465 tablet_bootstrap.cc:492] T 9a0a8d40592540619fc0c2ed5f3da0ec P e2d59372784f4564a16397f64a9d7d3d: No bootstrap required, opened a new log
I20260608 13:05:46.195497 13465 ts_tablet_manager.cc:1403] T 9a0a8d40592540619fc0c2ed5f3da0ec P e2d59372784f4564a16397f64a9d7d3d: Time spent bootstrapping tablet: real 0.016s	user 0.015s	sys 0.000s
I20260608 13:05:46.195276 13463 raft_consensus.cc:359] T 9a0a8d40592540619fc0c2ed5f3da0ec P f5a627dcea844ef987c7a77f6972f920 [term 0 FOLLOWER]: Replica starting. Triggering 0 pending ops. Active config: opid_index: -1 OBSOLETE_local: false peers { permanent_uuid: "f5a627dcea844ef987c7a77f6972f920" member_type: VOTER last_known_addr { host: "127.8.219.195" port: 41291 } } peers { permanent_uuid: "7c026450b896446c979476c8314cb0f3" member_type: VOTER last_known_addr { host: "127.8.219.193" port: 37089 } } peers { permanent_uuid: "e2d59372784f4564a16397f64a9d7d3d" member_type: VOTER last_known_addr { host: "127.8.219.194" port: 43245 } }
I20260608 13:05:46.196084 13463 raft_consensus.cc:385] T 9a0a8d40592540619fc0c2ed5f3da0ec P f5a627dcea844ef987c7a77f6972f920 [term 0 FOLLOWER]: Consensus starting up: Expiring failure detector timer to make a prompt election more likely
I20260608 13:05:46.196461 13463 raft_consensus.cc:740] T 9a0a8d40592540619fc0c2ed5f3da0ec P f5a627dcea844ef987c7a77f6972f920 [term 0 FOLLOWER]: Becoming Follower/Learner. State: Replica: f5a627dcea844ef987c7a77f6972f920, State: Initialized, Role: FOLLOWER
I20260608 13:05:46.197592 13463 consensus_queue.cc:260] T 9a0a8d40592540619fc0c2ed5f3da0ec P f5a627dcea844ef987c7a77f6972f920 [NON_LEADER]: Queue going to NON_LEADER mode. State: All replicated index: 0, Majority replicated index: 0, Committed index: 0, Last appended: 0.0, Last appended by leader: 0, Current term: 0, Majority size: -1, State: 0, Mode: NON_LEADER, active raft config: opid_index: -1 OBSOLETE_local: false peers { permanent_uuid: "f5a627dcea844ef987c7a77f6972f920" member_type: VOTER last_known_addr { host: "127.8.219.195" port: 41291 } } peers { permanent_uuid: "7c026450b896446c979476c8314cb0f3" member_type: VOTER last_known_addr { host: "127.8.219.193" port: 37089 } } peers { permanent_uuid: "e2d59372784f4564a16397f64a9d7d3d" member_type: VOTER last_known_addr { host: "127.8.219.194" port: 43245 } }
I20260608 13:05:46.199410 13465 raft_consensus.cc:359] T 9a0a8d40592540619fc0c2ed5f3da0ec P e2d59372784f4564a16397f64a9d7d3d [term 0 FOLLOWER]: Replica starting. Triggering 0 pending ops. Active config: opid_index: -1 OBSOLETE_local: false peers { permanent_uuid: "f5a627dcea844ef987c7a77f6972f920" member_type: VOTER last_known_addr { host: "127.8.219.195" port: 41291 } } peers { permanent_uuid: "7c026450b896446c979476c8314cb0f3" member_type: VOTER last_known_addr { host: "127.8.219.193" port: 37089 } } peers { permanent_uuid: "e2d59372784f4564a16397f64a9d7d3d" member_type: VOTER last_known_addr { host: "127.8.219.194" port: 43245 } }
I20260608 13:05:46.200314 13465 raft_consensus.cc:385] T 9a0a8d40592540619fc0c2ed5f3da0ec P e2d59372784f4564a16397f64a9d7d3d [term 0 FOLLOWER]: Consensus starting up: Expiring failure detector timer to make a prompt election more likely
I20260608 13:05:46.200639 13465 raft_consensus.cc:740] T 9a0a8d40592540619fc0c2ed5f3da0ec P e2d59372784f4564a16397f64a9d7d3d [term 0 FOLLOWER]: Becoming Follower/Learner. State: Replica: e2d59372784f4564a16397f64a9d7d3d, State: Initialized, Role: FOLLOWER
I20260608 13:05:46.201557 13465 consensus_queue.cc:260] T 9a0a8d40592540619fc0c2ed5f3da0ec P e2d59372784f4564a16397f64a9d7d3d [NON_LEADER]: Queue going to NON_LEADER mode. State: All replicated index: 0, Majority replicated index: 0, Committed index: 0, Last appended: 0.0, Last appended by leader: 0, Current term: 0, Majority size: -1, State: 0, Mode: NON_LEADER, active raft config: opid_index: -1 OBSOLETE_local: false peers { permanent_uuid: "f5a627dcea844ef987c7a77f6972f920" member_type: VOTER last_known_addr { host: "127.8.219.195" port: 41291 } } peers { permanent_uuid: "7c026450b896446c979476c8314cb0f3" member_type: VOTER last_known_addr { host: "127.8.219.193" port: 37089 } } peers { permanent_uuid: "e2d59372784f4564a16397f64a9d7d3d" member_type: VOTER last_known_addr { host: "127.8.219.194" port: 43245 } }
I20260608 13:05:46.203634 13464 ts_tablet_manager.cc:1434] T 9a0a8d40592540619fc0c2ed5f3da0ec P 7c026450b896446c979476c8314cb0f3: Time spent starting tablet: real 0.016s	user 0.015s	sys 0.000s
I20260608 13:05:46.204077 13470 raft_consensus.cc:493] T 9a0a8d40592540619fc0c2ed5f3da0ec P 7c026450b896446c979476c8314cb0f3 [term 0 FOLLOWER]: Starting pre-election (no leader contacted us within the election timeout)
I20260608 13:05:46.204624 13470 raft_consensus.cc:515] T 9a0a8d40592540619fc0c2ed5f3da0ec P 7c026450b896446c979476c8314cb0f3 [term 0 FOLLOWER]: Starting pre-election with config: opid_index: -1 OBSOLETE_local: false peers { permanent_uuid: "f5a627dcea844ef987c7a77f6972f920" member_type: VOTER last_known_addr { host: "127.8.219.195" port: 41291 } } peers { permanent_uuid: "7c026450b896446c979476c8314cb0f3" member_type: VOTER last_known_addr { host: "127.8.219.193" port: 37089 } } peers { permanent_uuid: "e2d59372784f4564a16397f64a9d7d3d" member_type: VOTER last_known_addr { host: "127.8.219.194" port: 43245 } }
I20260608 13:05:46.206513 13473 raft_consensus.cc:493] T 9a0a8d40592540619fc0c2ed5f3da0ec P f5a627dcea844ef987c7a77f6972f920 [term 0 FOLLOWER]: Starting pre-election (no leader contacted us within the election timeout)
I20260608 13:05:46.207082 13473 raft_consensus.cc:515] T 9a0a8d40592540619fc0c2ed5f3da0ec P f5a627dcea844ef987c7a77f6972f920 [term 0 FOLLOWER]: Starting pre-election with config: opid_index: -1 OBSOLETE_local: false peers { permanent_uuid: "f5a627dcea844ef987c7a77f6972f920" member_type: VOTER last_known_addr { host: "127.8.219.195" port: 41291 } } peers { permanent_uuid: "7c026450b896446c979476c8314cb0f3" member_type: VOTER last_known_addr { host: "127.8.219.193" port: 37089 } } peers { permanent_uuid: "e2d59372784f4564a16397f64a9d7d3d" member_type: VOTER last_known_addr { host: "127.8.219.194" port: 43245 } }
I20260608 13:05:46.219662 13473 leader_election.cc:290] T 9a0a8d40592540619fc0c2ed5f3da0ec P f5a627dcea844ef987c7a77f6972f920 [CANDIDATE]: Term 1 pre-election: Requested pre-vote from peers 7c026450b896446c979476c8314cb0f3 (127.8.219.193:37089), e2d59372784f4564a16397f64a9d7d3d (127.8.219.194:43245)
I20260608 13:05:46.230409 13463 ts_tablet_manager.cc:1434] T 9a0a8d40592540619fc0c2ed5f3da0ec P f5a627dcea844ef987c7a77f6972f920: Time spent starting tablet: real 0.038s	user 0.019s	sys 0.014s
