[==========] Running 24 tests from 2 test suites.
[----------] Global test environment set-up.
[----------] 22 tests from AutoRebalancerTest
[ RUN      ] AutoRebalancerTest.OnlyLeaderDoesAutoRebalancing
WARNING: Logging before InitGoogleLogging() is written to STDERR
I20260608 13:03:37.637701  8981 internal_mini_cluster.cc:156] Creating distributed mini masters. Addrs: 127.8.197.126:40197,127.8.197.125:37439,127.8.197.124:42947
I20260608 13:03:37.639640  8981 env_posix.cc:2267] Not raising this process' open files per process limit of 1048576; it is already as high as it can go
I20260608 13:03:37.640785  8981 file_cache.cc:492] Constructed file cache file cache with capacity 419430
W20260608 13:03:37.659309  8990 instance_detector.cc:116] could not retrieve OpenStack instance metadata: Network error: curl error: HTTP response code said error: The requested URL returned error: 404
W20260608 13:03:37.660267  8987 instance_detector.cc:116] could not retrieve AWS instance metadata: Network error: curl error: HTTP response code said error: The requested URL returned error: 404
I20260608 13:03:37.661480  8981 server_base.cc:1061] running on GCE node
W20260608 13:03:37.659344  8988 instance_detector.cc:116] could not retrieve Azure instance metadata: Network error: curl error: HTTP response code said error: The requested URL returned error: 404
I20260608 13:03:38.925010  8981 hybrid_clock.cc:584] initializing the hybrid clock with 'system_unsync' time source
W20260608 13:03:38.925284  8981 system_unsync_time.cc:38] NTP support is disabled. Clock error bounds will not be accurate. This configuration is not suitable for distributed clusters.
I20260608 13:03:38.925531  8981 hybrid_clock.cc:648] HybridClock initialized: now 1780923818925510 us; error 0 us; skew 500 ppm
I20260608 13:03:38.926555  8981 server_base.cc:861] Flag tcmalloc_max_total_thread_cache_bytes is not working since tcmalloc is not enabled.
I20260608 13:03:38.932497  8981 webserver.cc:533] Webserver started at http://127.8.197.126:41935/ using document root <none> and password file <none>
I20260608 13:03:38.933491  8981 fs_manager.cc:362] Metadata directory not provided
I20260608 13:03:38.933751  8981 fs_manager.cc:368] Using write-ahead log directory (fs_wal_dir) as metadata directory
I20260608 13:03:38.934270  8981 server_base.cc:909] This appears to be a new deployment of Kudu; creating new FS layout
I20260608 13:03:38.940121  8981 fs_manager.cc:1068] Generated new instance metadata in path /tmp/dist-test-taskEfjZKu/test-tmp/auto_rebalancer-test.0.AutoRebalancerTest.OnlyLeaderDoesAutoRebalancing.1780923817443722-8981-0/minicluster-data/master-0-root/instance:
uuid: "b2f9969e6fd948b3bdc5de78d88fc39b"
format_stamp: "Formatted at 2026-06-08 13:03:38 on dist-test-slave-31p4"
I20260608 13:03:38.950711  8981 fs_manager.cc:696] Time spent creating directory manager: real 0.010s	user 0.004s	sys 0.004s
I20260608 13:03:38.957579  8996 log_block_manager.cc:4031] Time spent loading block containers with low live blocks: real 0.000s	user 0.000s	sys 0.000s
I20260608 13:03:38.959086  8981 fs_manager.cc:730] Time spent opening block manager: real 0.004s	user 0.004s	sys 0.000s
I20260608 13:03:38.959494  8981 fs_manager.cc:647] Opened local filesystem: /tmp/dist-test-taskEfjZKu/test-tmp/auto_rebalancer-test.0.AutoRebalancerTest.OnlyLeaderDoesAutoRebalancing.1780923817443722-8981-0/minicluster-data/master-0-root
uuid: "b2f9969e6fd948b3bdc5de78d88fc39b"
format_stamp: "Formatted at 2026-06-08 13:03:38 on dist-test-slave-31p4"
I20260608 13:03:38.959844  8981 fs_report.cc:389] FS layout report
--------------------
wal directory: /tmp/dist-test-taskEfjZKu/test-tmp/auto_rebalancer-test.0.AutoRebalancerTest.OnlyLeaderDoesAutoRebalancing.1780923817443722-8981-0/minicluster-data/master-0-root
metadata directory: /tmp/dist-test-taskEfjZKu/test-tmp/auto_rebalancer-test.0.AutoRebalancerTest.OnlyLeaderDoesAutoRebalancing.1780923817443722-8981-0/minicluster-data/master-0-root
1 data directories: /tmp/dist-test-taskEfjZKu/test-tmp/auto_rebalancer-test.0.AutoRebalancerTest.OnlyLeaderDoesAutoRebalancing.1780923817443722-8981-0/minicluster-data/master-0-root/data
Total live blocks: 0
Total live bytes: 0
Total live bytes (after alignment): 0
Total number of LBM containers: 0 (0 full)
Did not check for missing blocks
Did not check for orphaned blocks
Total full LBM containers with extra space: 0 (0 repaired)
Total full LBM container extra space in bytes: 0 (0 repaired)
Total incomplete LBM containers: 0 (0 repaired)
Total LBM partial records: 0 (0 repaired)
Total corrupted LBM metadata records in RocksDB: 0 (0 repaired)
I20260608 13:03:39.011998  8981 rpc_server.cc:225] running with OpenSSL 1.1.1  11 Sep 2018
I20260608 13:03:39.013706  8981 env_posix.cc:2267] Not raising this process' running threads per effective uid limit of 18446744073709551615; it is already as high as it can go
I20260608 13:03:39.014219  8981 kserver.cc:163] Server-wide thread pool size limit: 3276
I20260608 13:03:39.091794  8981 rpc_server.cc:307] RPC server started. Bound to: 127.8.197.126:40197
I20260608 13:03:39.091892  9047 acceptor_pool.cc:272] collecting diagnostics on the listening RPC socket 127.8.197.126:40197 every 8 connection(s)
I20260608 13:03:39.098502  8981 file_cache.cc:492] Constructed file cache file cache with capacity 419430
I20260608 13:03:39.100634  9048 data_dirs.cc:400] Could only allocate 1 dirs of requested 3 for tablet 00000000000000000000000000000000. 1 dirs total, 0 dirs full, 0 dirs failed
W20260608 13:03:39.105765  9050 instance_detector.cc:116] could not retrieve AWS instance metadata: Network error: curl error: HTTP response code said error: The requested URL returned error: 404
W20260608 13:03:39.106971  9051 instance_detector.cc:116] could not retrieve Azure instance metadata: Network error: curl error: HTTP response code said error: The requested URL returned error: 404
I20260608 13:03:39.111147  8981 server_base.cc:1061] running on GCE node
W20260608 13:03:39.111608  9053 instance_detector.cc:116] could not retrieve OpenStack instance metadata: Network error: curl error: HTTP response code said error: The requested URL returned error: 404
I20260608 13:03:39.112654  8981 hybrid_clock.cc:584] initializing the hybrid clock with 'system_unsync' time source
W20260608 13:03:39.112957  8981 system_unsync_time.cc:38] NTP support is disabled. Clock error bounds will not be accurate. This configuration is not suitable for distributed clusters.
I20260608 13:03:39.113165  8981 hybrid_clock.cc:648] HybridClock initialized: now 1780923819113140 us; error 0 us; skew 500 ppm
I20260608 13:03:39.113885  8981 server_base.cc:861] Flag tcmalloc_max_total_thread_cache_bytes is not working since tcmalloc is not enabled.
I20260608 13:03:39.117813  8981 webserver.cc:533] Webserver started at http://127.8.197.125:36527/ using document root <none> and password file <none>
I20260608 13:03:39.118414  8981 fs_manager.cc:362] Metadata directory not provided
I20260608 13:03:39.118651  8981 fs_manager.cc:368] Using write-ahead log directory (fs_wal_dir) as metadata directory
I20260608 13:03:39.118958  8981 server_base.cc:909] This appears to be a new deployment of Kudu; creating new FS layout
I20260608 13:03:39.120070  8981 fs_manager.cc:1068] Generated new instance metadata in path /tmp/dist-test-taskEfjZKu/test-tmp/auto_rebalancer-test.0.AutoRebalancerTest.OnlyLeaderDoesAutoRebalancing.1780923817443722-8981-0/minicluster-data/master-1-root/instance:
uuid: "85f075aaf50b400291b0bc8213def942"
format_stamp: "Formatted at 2026-06-08 13:03:39 on dist-test-slave-31p4"
I20260608 13:03:39.125797  8981 fs_manager.cc:696] Time spent creating directory manager: real 0.005s	user 0.002s	sys 0.003s
I20260608 13:03:39.123438  9048 sys_catalog.cc:422] member_type: VOTER last_known_addr { host: "127.8.197.126" port: 40197 } has no permanent_uuid. Determining permanent_uuid...
I20260608 13:03:39.131937  9058 log_block_manager.cc:4031] Time spent loading block containers with low live blocks: real 0.000s	user 0.000s	sys 0.000s
I20260608 13:03:39.133019  8981 fs_manager.cc:730] Time spent opening block manager: real 0.005s	user 0.002s	sys 0.001s
I20260608 13:03:39.133659  8981 fs_manager.cc:647] Opened local filesystem: /tmp/dist-test-taskEfjZKu/test-tmp/auto_rebalancer-test.0.AutoRebalancerTest.OnlyLeaderDoesAutoRebalancing.1780923817443722-8981-0/minicluster-data/master-1-root
uuid: "85f075aaf50b400291b0bc8213def942"
format_stamp: "Formatted at 2026-06-08 13:03:39 on dist-test-slave-31p4"
I20260608 13:03:39.134243  8981 fs_report.cc:389] FS layout report
--------------------
wal directory: /tmp/dist-test-taskEfjZKu/test-tmp/auto_rebalancer-test.0.AutoRebalancerTest.OnlyLeaderDoesAutoRebalancing.1780923817443722-8981-0/minicluster-data/master-1-root
metadata directory: /tmp/dist-test-taskEfjZKu/test-tmp/auto_rebalancer-test.0.AutoRebalancerTest.OnlyLeaderDoesAutoRebalancing.1780923817443722-8981-0/minicluster-data/master-1-root
1 data directories: /tmp/dist-test-taskEfjZKu/test-tmp/auto_rebalancer-test.0.AutoRebalancerTest.OnlyLeaderDoesAutoRebalancing.1780923817443722-8981-0/minicluster-data/master-1-root/data
Total live blocks: 0
Total live bytes: 0
Total live bytes (after alignment): 0
Total number of LBM containers: 0 (0 full)
Did not check for missing blocks
Did not check for orphaned blocks
Total full LBM containers with extra space: 0 (0 repaired)
Total full LBM container extra space in bytes: 0 (0 repaired)
Total incomplete LBM containers: 0 (0 repaired)
Total LBM partial records: 0 (0 repaired)
Total corrupted LBM metadata records in RocksDB: 0 (0 repaired)
I20260608 13:03:39.151901  8981 rpc_server.cc:225] running with OpenSSL 1.1.1  11 Sep 2018
I20260608 13:03:39.153494  8981 kserver.cc:163] Server-wide thread pool size limit: 3276
I20260608 13:03:39.161679  9048 sys_catalog.cc:422] member_type: VOTER last_known_addr { host: "127.8.197.125" port: 37439 } has no permanent_uuid. Determining permanent_uuid...
W20260608 13:03:39.165045  8997 proxy.cc:239] Call had error, refreshing address and retrying: Network error: Client connection negotiation failed: client connection to 127.8.197.125:37439: connect: Connection refused (error 111)
W20260608 13:03:39.170207  9048 consensus_peers.cc:760] Error getting permanent uuid from config peer 127.8.197.125:37439: Network error: Client connection negotiation failed: client connection to 127.8.197.125:37439: connect: Connection refused (error 111)
I20260608 13:03:39.219852  9048 consensus_peers.cc:770] Retrying to get permanent uuid for remote peer: member_type: VOTER last_known_addr { host: "127.8.197.125" port: 37439 } attempt: 1
W20260608 13:03:39.225064  9048 consensus_peers.cc:760] Error getting permanent uuid from config peer 127.8.197.125:37439: Network error: Client connection negotiation failed: client connection to 127.8.197.125:37439: connect: Connection refused (error 111)
I20260608 13:03:39.232159  8981 rpc_server.cc:307] RPC server started. Bound to: 127.8.197.125:37439
I20260608 13:03:39.232477  9112 acceptor_pool.cc:272] collecting diagnostics on the listening RPC socket 127.8.197.125:37439 every 8 connection(s)
I20260608 13:03:39.237715  9113 data_dirs.cc:400] Could only allocate 1 dirs of requested 3 for tablet 00000000000000000000000000000000. 1 dirs total, 0 dirs full, 0 dirs failed
I20260608 13:03:39.238485  8981 file_cache.cc:492] Constructed file cache file cache with capacity 419430
I20260608 13:03:39.243539  9113 sys_catalog.cc:422] member_type: VOTER last_known_addr { host: "127.8.197.126" port: 40197 } has no permanent_uuid. Determining permanent_uuid...
W20260608 13:03:39.245627  9115 instance_detector.cc:116] could not retrieve AWS instance metadata: Network error: curl error: HTTP response code said error: The requested URL returned error: 404
W20260608 13:03:39.248927  9116 instance_detector.cc:116] could not retrieve Azure instance metadata: Network error: curl error: HTTP response code said error: The requested URL returned error: 404
W20260608 13:03:39.254034  9118 instance_detector.cc:116] could not retrieve OpenStack instance metadata: Network error: curl error: HTTP response code said error: The requested URL returned error: 404
I20260608 13:03:39.256155  8981 server_base.cc:1061] running on GCE node
I20260608 13:03:39.257297  8981 hybrid_clock.cc:584] initializing the hybrid clock with 'system_unsync' time source
W20260608 13:03:39.257688  8981 system_unsync_time.cc:38] NTP support is disabled. Clock error bounds will not be accurate. This configuration is not suitable for distributed clusters.
I20260608 13:03:39.257928  8981 hybrid_clock.cc:648] HybridClock initialized: now 1780923819257906 us; error 0 us; skew 500 ppm
I20260608 13:03:39.258893  8981 server_base.cc:861] Flag tcmalloc_max_total_thread_cache_bytes is not working since tcmalloc is not enabled.
I20260608 13:03:39.262953  8981 webserver.cc:533] Webserver started at http://127.8.197.124:38641/ using document root <none> and password file <none>
I20260608 13:03:39.264581  8981 fs_manager.cc:362] Metadata directory not provided
I20260608 13:03:39.264861  8981 fs_manager.cc:368] Using write-ahead log directory (fs_wal_dir) as metadata directory
I20260608 13:03:39.264746  9113 sys_catalog.cc:422] member_type: VOTER last_known_addr { host: "127.8.197.125" port: 37439 } has no permanent_uuid. Determining permanent_uuid...
I20260608 13:03:39.265255  8981 server_base.cc:909] This appears to be a new deployment of Kudu; creating new FS layout
I20260608 13:03:39.266952  8981 fs_manager.cc:1068] Generated new instance metadata in path /tmp/dist-test-taskEfjZKu/test-tmp/auto_rebalancer-test.0.AutoRebalancerTest.OnlyLeaderDoesAutoRebalancing.1780923817443722-8981-0/minicluster-data/master-2-root/instance:
uuid: "be3e023af3c841e1a7251dd87aca7bf1"
format_stamp: "Formatted at 2026-06-08 13:03:39 on dist-test-slave-31p4"
I20260608 13:03:39.273933  8981 fs_manager.cc:696] Time spent creating directory manager: real 0.006s	user 0.008s	sys 0.000s
I20260608 13:03:39.279259  9113 sys_catalog.cc:422] member_type: VOTER last_known_addr { host: "127.8.197.124" port: 42947 } has no permanent_uuid. Determining permanent_uuid...
I20260608 13:03:39.280704  9125 log_block_manager.cc:4031] Time spent loading block containers with low live blocks: real 0.000s	user 0.000s	sys 0.000s
I20260608 13:03:39.281708  8981 fs_manager.cc:730] Time spent opening block manager: real 0.004s	user 0.004s	sys 0.000s
I20260608 13:03:39.282076  8981 fs_manager.cc:647] Opened local filesystem: /tmp/dist-test-taskEfjZKu/test-tmp/auto_rebalancer-test.0.AutoRebalancerTest.OnlyLeaderDoesAutoRebalancing.1780923817443722-8981-0/minicluster-data/master-2-root
uuid: "be3e023af3c841e1a7251dd87aca7bf1"
format_stamp: "Formatted at 2026-06-08 13:03:39 on dist-test-slave-31p4"
I20260608 13:03:39.282451  8981 fs_report.cc:389] FS layout report
--------------------
wal directory: /tmp/dist-test-taskEfjZKu/test-tmp/auto_rebalancer-test.0.AutoRebalancerTest.OnlyLeaderDoesAutoRebalancing.1780923817443722-8981-0/minicluster-data/master-2-root
metadata directory: /tmp/dist-test-taskEfjZKu/test-tmp/auto_rebalancer-test.0.AutoRebalancerTest.OnlyLeaderDoesAutoRebalancing.1780923817443722-8981-0/minicluster-data/master-2-root
1 data directories: /tmp/dist-test-taskEfjZKu/test-tmp/auto_rebalancer-test.0.AutoRebalancerTest.OnlyLeaderDoesAutoRebalancing.1780923817443722-8981-0/minicluster-data/master-2-root/data
Total live blocks: 0
Total live bytes: 0
Total live bytes (after alignment): 0
Total number of LBM containers: 0 (0 full)
Did not check for missing blocks
Did not check for orphaned blocks
Total full LBM containers with extra space: 0 (0 repaired)
Total full LBM container extra space in bytes: 0 (0 repaired)
Total incomplete LBM containers: 0 (0 repaired)
Total LBM partial records: 0 (0 repaired)
Total corrupted LBM metadata records in RocksDB: 0 (0 repaired)
W20260608 13:03:39.285333  9113 consensus_peers.cc:760] Error getting permanent uuid from config peer 127.8.197.124:42947: Network error: Client connection negotiation failed: client connection to 127.8.197.124:42947: connect: Connection refused (error 111)
I20260608 13:03:39.293678  9048 consensus_peers.cc:770] Retrying to get permanent uuid for remote peer: member_type: VOTER last_known_addr { host: "127.8.197.125" port: 37439 } attempt: 2
I20260608 13:03:39.299472  8981 rpc_server.cc:225] running with OpenSSL 1.1.1  11 Sep 2018
I20260608 13:03:39.301108  8981 kserver.cc:163] Server-wide thread pool size limit: 3276
I20260608 13:03:39.304678  9048 sys_catalog.cc:422] member_type: VOTER last_known_addr { host: "127.8.197.124" port: 42947 } has no permanent_uuid. Determining permanent_uuid...
W20260608 13:03:39.310766  9048 consensus_peers.cc:760] Error getting permanent uuid from config peer 127.8.197.124:42947: Network error: Client connection negotiation failed: client connection to 127.8.197.124:42947: connect: Connection refused (error 111)
I20260608 13:03:39.328830  9113 consensus_peers.cc:770] Retrying to get permanent uuid for remote peer: member_type: VOTER last_known_addr { host: "127.8.197.124" port: 42947 } attempt: 1
W20260608 13:03:39.334693  9113 consensus_peers.cc:760] Error getting permanent uuid from config peer 127.8.197.124:42947: Network error: Client connection negotiation failed: client connection to 127.8.197.124:42947: connect: Connection refused (error 111)
I20260608 13:03:39.342481  9048 consensus_peers.cc:770] Retrying to get permanent uuid for remote peer: member_type: VOTER last_known_addr { host: "127.8.197.124" port: 42947 } attempt: 1
W20260608 13:03:39.349241  9048 consensus_peers.cc:760] Error getting permanent uuid from config peer 127.8.197.124:42947: Network error: Client connection negotiation failed: client connection to 127.8.197.124:42947: connect: Connection refused (error 111)
I20260608 13:03:39.375221  8981 rpc_server.cc:307] RPC server started. Bound to: 127.8.197.124:42947
I20260608 13:03:39.375370  9177 acceptor_pool.cc:272] collecting diagnostics on the listening RPC socket 127.8.197.124:42947 every 8 connection(s)
I20260608 13:03:39.379977  8981 internal_mini_cluster.cc:184] Waiting to initialize catalog manager on master 0
I20260608 13:03:39.380076  9178 data_dirs.cc:400] Could only allocate 1 dirs of requested 3 for tablet 00000000000000000000000000000000. 1 dirs total, 0 dirs full, 0 dirs failed
I20260608 13:03:39.386183  9178 sys_catalog.cc:422] member_type: VOTER last_known_addr { host: "127.8.197.126" port: 40197 } has no permanent_uuid. Determining permanent_uuid...
I20260608 13:03:39.399581  9178 sys_catalog.cc:422] member_type: VOTER last_known_addr { host: "127.8.197.125" port: 37439 } has no permanent_uuid. Determining permanent_uuid...
I20260608 13:03:39.410008  9178 sys_catalog.cc:422] member_type: VOTER last_known_addr { host: "127.8.197.124" port: 42947 } has no permanent_uuid. Determining permanent_uuid...
I20260608 13:03:39.410240  9113 consensus_peers.cc:770] Retrying to get permanent uuid for remote peer: member_type: VOTER last_known_addr { host: "127.8.197.124" port: 42947 } attempt: 2
I20260608 13:03:39.416760  9048 consensus_peers.cc:770] Retrying to get permanent uuid for remote peer: member_type: VOTER last_known_addr { host: "127.8.197.124" port: 42947 } attempt: 2
I20260608 13:03:39.435277  9178 tablet_bootstrap.cc:492] T 00000000000000000000000000000000 P be3e023af3c841e1a7251dd87aca7bf1: Bootstrap starting.
I20260608 13:03:39.438681  9113 tablet_bootstrap.cc:492] T 00000000000000000000000000000000 P 85f075aaf50b400291b0bc8213def942: Bootstrap starting.
I20260608 13:03:39.441780  9048 tablet_bootstrap.cc:492] T 00000000000000000000000000000000 P b2f9969e6fd948b3bdc5de78d88fc39b: Bootstrap starting.
I20260608 13:03:39.442442  9178 tablet_bootstrap.cc:654] T 00000000000000000000000000000000 P be3e023af3c841e1a7251dd87aca7bf1: Neither blocks nor log segments found. Creating new log.
I20260608 13:03:39.445299  9178 log.cc:826] T 00000000000000000000000000000000 P be3e023af3c841e1a7251dd87aca7bf1: Log is configured to *not* fsync() on all Append() calls
I20260608 13:03:39.449194  9113 tablet_bootstrap.cc:654] T 00000000000000000000000000000000 P 85f075aaf50b400291b0bc8213def942: Neither blocks nor log segments found. Creating new log.
I20260608 13:03:39.450817  9048 tablet_bootstrap.cc:654] T 00000000000000000000000000000000 P b2f9969e6fd948b3bdc5de78d88fc39b: Neither blocks nor log segments found. Creating new log.
I20260608 13:03:39.451231  9178 tablet_bootstrap.cc:492] T 00000000000000000000000000000000 P be3e023af3c841e1a7251dd87aca7bf1: No bootstrap required, opened a new log
I20260608 13:03:39.456871  9113 tablet_bootstrap.cc:492] T 00000000000000000000000000000000 P 85f075aaf50b400291b0bc8213def942: No bootstrap required, opened a new log
I20260608 13:03:39.459319  9048 tablet_bootstrap.cc:492] T 00000000000000000000000000000000 P b2f9969e6fd948b3bdc5de78d88fc39b: No bootstrap required, opened a new log
I20260608 13:03:39.472090  9178 raft_consensus.cc:359] T 00000000000000000000000000000000 P be3e023af3c841e1a7251dd87aca7bf1 [term 0 FOLLOWER]: Replica starting. Triggering 0 pending ops. Active config: opid_index: -1 OBSOLETE_local: false peers { permanent_uuid: "b2f9969e6fd948b3bdc5de78d88fc39b" member_type: VOTER last_known_addr { host: "127.8.197.126" port: 40197 } } peers { permanent_uuid: "85f075aaf50b400291b0bc8213def942" member_type: VOTER last_known_addr { host: "127.8.197.125" port: 37439 } } peers { permanent_uuid: "be3e023af3c841e1a7251dd87aca7bf1" member_type: VOTER last_known_addr { host: "127.8.197.124" port: 42947 } }
I20260608 13:03:39.472107  9113 raft_consensus.cc:359] T 00000000000000000000000000000000 P 85f075aaf50b400291b0bc8213def942 [term 0 FOLLOWER]: Replica starting. Triggering 0 pending ops. Active config: opid_index: -1 OBSOLETE_local: false peers { permanent_uuid: "b2f9969e6fd948b3bdc5de78d88fc39b" member_type: VOTER last_known_addr { host: "127.8.197.126" port: 40197 } } peers { permanent_uuid: "85f075aaf50b400291b0bc8213def942" member_type: VOTER last_known_addr { host: "127.8.197.125" port: 37439 } } peers { permanent_uuid: "be3e023af3c841e1a7251dd87aca7bf1" member_type: VOTER last_known_addr { host: "127.8.197.124" port: 42947 } }
I20260608 13:03:39.472982  9178 raft_consensus.cc:385] T 00000000000000000000000000000000 P be3e023af3c841e1a7251dd87aca7bf1 [term 0 FOLLOWER]: Consensus starting up: Expiring failure detector timer to make a prompt election more likely
I20260608 13:03:39.472324  9048 raft_consensus.cc:359] T 00000000000000000000000000000000 P b2f9969e6fd948b3bdc5de78d88fc39b [term 0 FOLLOWER]: Replica starting. Triggering 0 pending ops. Active config: opid_index: -1 OBSOLETE_local: false peers { permanent_uuid: "b2f9969e6fd948b3bdc5de78d88fc39b" member_type: VOTER last_known_addr { host: "127.8.197.126" port: 40197 } } peers { permanent_uuid: "85f075aaf50b400291b0bc8213def942" member_type: VOTER last_known_addr { host: "127.8.197.125" port: 37439 } } peers { permanent_uuid: "be3e023af3c841e1a7251dd87aca7bf1" member_type: VOTER last_known_addr { host: "127.8.197.124" port: 42947 } }
I20260608 13:03:39.473145  9113 raft_consensus.cc:385] T 00000000000000000000000000000000 P 85f075aaf50b400291b0bc8213def942 [term 0 FOLLOWER]: Consensus starting up: Expiring failure detector timer to make a prompt election more likely
I20260608 13:03:39.473335  9178 raft_consensus.cc:740] T 00000000000000000000000000000000 P be3e023af3c841e1a7251dd87aca7bf1 [term 0 FOLLOWER]: Becoming Follower/Learner. State: Replica: be3e023af3c841e1a7251dd87aca7bf1, State: Initialized, Role: FOLLOWER
I20260608 13:03:39.473469  9048 raft_consensus.cc:385] T 00000000000000000000000000000000 P b2f9969e6fd948b3bdc5de78d88fc39b [term 0 FOLLOWER]: Consensus starting up: Expiring failure detector timer to make a prompt election more likely
I20260608 13:03:39.473501  9113 raft_consensus.cc:740] T 00000000000000000000000000000000 P 85f075aaf50b400291b0bc8213def942 [term 0 FOLLOWER]: Becoming Follower/Learner. State: Replica: 85f075aaf50b400291b0bc8213def942, State: Initialized, Role: FOLLOWER
I20260608 13:03:39.473882  9048 raft_consensus.cc:740] T 00000000000000000000000000000000 P b2f9969e6fd948b3bdc5de78d88fc39b [term 0 FOLLOWER]: Becoming Follower/Learner. State: Replica: b2f9969e6fd948b3bdc5de78d88fc39b, State: Initialized, Role: FOLLOWER
I20260608 13:03:39.474602  9178 consensus_queue.cc:260] T 00000000000000000000000000000000 P be3e023af3c841e1a7251dd87aca7bf1 [NON_LEADER]: Queue going to NON_LEADER mode. State: All replicated index: 0, Majority replicated index: 0, Committed index: 0, Last appended: 0.0, Last appended by leader: 0, Current term: 0, Majority size: -1, State: 0, Mode: NON_LEADER, active raft config: opid_index: -1 OBSOLETE_local: false peers { permanent_uuid: "b2f9969e6fd948b3bdc5de78d88fc39b" member_type: VOTER last_known_addr { host: "127.8.197.126" port: 40197 } } peers { permanent_uuid: "85f075aaf50b400291b0bc8213def942" member_type: VOTER last_known_addr { host: "127.8.197.125" port: 37439 } } peers { permanent_uuid: "be3e023af3c841e1a7251dd87aca7bf1" member_type: VOTER last_known_addr { host: "127.8.197.124" port: 42947 } }
I20260608 13:03:39.474609  9113 consensus_queue.cc:260] T 00000000000000000000000000000000 P 85f075aaf50b400291b0bc8213def942 [NON_LEADER]: Queue going to NON_LEADER mode. State: All replicated index: 0, Majority replicated index: 0, Committed index: 0, Last appended: 0.0, Last appended by leader: 0, Current term: 0, Majority size: -1, State: 0, Mode: NON_LEADER, active raft config: opid_index: -1 OBSOLETE_local: false peers { permanent_uuid: "b2f9969e6fd948b3bdc5de78d88fc39b" member_type: VOTER last_known_addr { host: "127.8.197.126" port: 40197 } } peers { permanent_uuid: "85f075aaf50b400291b0bc8213def942" member_type: VOTER last_known_addr { host: "127.8.197.125" port: 37439 } } peers { permanent_uuid: "be3e023af3c841e1a7251dd87aca7bf1" member_type: VOTER last_known_addr { host: "127.8.197.124" port: 42947 } }
I20260608 13:03:39.474887  9048 consensus_queue.cc:260] T 00000000000000000000000000000000 P b2f9969e6fd948b3bdc5de78d88fc39b [NON_LEADER]: Queue going to NON_LEADER mode. State: All replicated index: 0, Majority replicated index: 0, Committed index: 0, Last appended: 0.0, Last appended by leader: 0, Current term: 0, Majority size: -1, State: 0, Mode: NON_LEADER, active raft config: opid_index: -1 OBSOLETE_local: false peers { permanent_uuid: "b2f9969e6fd948b3bdc5de78d88fc39b" member_type: VOTER last_known_addr { host: "127.8.197.126" port: 40197 } } peers { permanent_uuid: "85f075aaf50b400291b0bc8213def942" member_type: VOTER last_known_addr { host: "127.8.197.125" port: 37439 } } peers { permanent_uuid: "be3e023af3c841e1a7251dd87aca7bf1" member_type: VOTER last_known_addr { host: "127.8.197.124" port: 42947 } }
I20260608 13:03:39.479452  9188 sys_catalog.cc:455] T 00000000000000000000000000000000 P b2f9969e6fd948b3bdc5de78d88fc39b [sys.catalog]: SysCatalogTable state changed. Reason: RaftConsensus started. Latest consensus state: current_term: 0 committed_config { opid_index: -1 OBSOLETE_local: false peers { permanent_uuid: "b2f9969e6fd948b3bdc5de78d88fc39b" member_type: VOTER last_known_addr { host: "127.8.197.126" port: 40197 } } peers { permanent_uuid: "85f075aaf50b400291b0bc8213def942" member_type: VOTER last_known_addr { host: "127.8.197.125" port: 37439 } } peers { permanent_uuid: "be3e023af3c841e1a7251dd87aca7bf1" member_type: VOTER last_known_addr { host: "127.8.197.124" port: 42947 } } }
I20260608 13:03:39.480641  9188 sys_catalog.cc:458] T 00000000000000000000000000000000 P b2f9969e6fd948b3bdc5de78d88fc39b [sys.catalog]: This master's current role is: FOLLOWER
I20260608 13:03:39.481962  9187 sys_catalog.cc:455] T 00000000000000000000000000000000 P 85f075aaf50b400291b0bc8213def942 [sys.catalog]: SysCatalogTable state changed. Reason: RaftConsensus started. Latest consensus state: current_term: 0 committed_config { opid_index: -1 OBSOLETE_local: false peers { permanent_uuid: "b2f9969e6fd948b3bdc5de78d88fc39b" member_type: VOTER last_known_addr { host: "127.8.197.126" port: 40197 } } peers { permanent_uuid: "85f075aaf50b400291b0bc8213def942" member_type: VOTER last_known_addr { host: "127.8.197.125" port: 37439 } } peers { permanent_uuid: "be3e023af3c841e1a7251dd87aca7bf1" member_type: VOTER last_known_addr { host: "127.8.197.124" port: 42947 } } }
I20260608 13:03:39.482506  9048 sys_catalog.cc:565] T 00000000000000000000000000000000 P b2f9969e6fd948b3bdc5de78d88fc39b [sys.catalog]: configured and running, proceeding with master startup.
I20260608 13:03:39.482761  9187 sys_catalog.cc:458] T 00000000000000000000000000000000 P 85f075aaf50b400291b0bc8213def942 [sys.catalog]: This master's current role is: FOLLOWER
I20260608 13:03:39.483841  9113 sys_catalog.cc:565] T 00000000000000000000000000000000 P 85f075aaf50b400291b0bc8213def942 [sys.catalog]: configured and running, proceeding with master startup.
I20260608 13:03:39.483698  9189 sys_catalog.cc:455] T 00000000000000000000000000000000 P be3e023af3c841e1a7251dd87aca7bf1 [sys.catalog]: SysCatalogTable state changed. Reason: RaftConsensus started. Latest consensus state: current_term: 0 committed_config { opid_index: -1 OBSOLETE_local: false peers { permanent_uuid: "b2f9969e6fd948b3bdc5de78d88fc39b" member_type: VOTER last_known_addr { host: "127.8.197.126" port: 40197 } } peers { permanent_uuid: "85f075aaf50b400291b0bc8213def942" member_type: VOTER last_known_addr { host: "127.8.197.125" port: 37439 } } peers { permanent_uuid: "be3e023af3c841e1a7251dd87aca7bf1" member_type: VOTER last_known_addr { host: "127.8.197.124" port: 42947 } } }
I20260608 13:03:39.484480  9189 sys_catalog.cc:458] T 00000000000000000000000000000000 P be3e023af3c841e1a7251dd87aca7bf1 [sys.catalog]: This master's current role is: FOLLOWER
I20260608 13:03:39.485657  9178 sys_catalog.cc:565] T 00000000000000000000000000000000 P be3e023af3c841e1a7251dd87aca7bf1 [sys.catalog]: configured and running, proceeding with master startup.
I20260608 13:03:39.492280  9187 raft_consensus.cc:493] T 00000000000000000000000000000000 P 85f075aaf50b400291b0bc8213def942 [term 0 FOLLOWER]: Starting pre-election (no leader contacted us within the election timeout)
I20260608 13:03:39.493031  9187 raft_consensus.cc:515] T 00000000000000000000000000000000 P 85f075aaf50b400291b0bc8213def942 [term 0 FOLLOWER]: Starting pre-election with config: opid_index: -1 OBSOLETE_local: false peers { permanent_uuid: "b2f9969e6fd948b3bdc5de78d88fc39b" member_type: VOTER last_known_addr { host: "127.8.197.126" port: 40197 } } peers { permanent_uuid: "85f075aaf50b400291b0bc8213def942" member_type: VOTER last_known_addr { host: "127.8.197.125" port: 37439 } } peers { permanent_uuid: "be3e023af3c841e1a7251dd87aca7bf1" member_type: VOTER last_known_addr { host: "127.8.197.124" port: 42947 } }
I20260608 13:03:39.498543  9023 tablet_service.cc:1917] Received RequestConsensusVote() RPC: tablet_id: "00000000000000000000000000000000" candidate_uuid: "85f075aaf50b400291b0bc8213def942" candidate_term: 1 candidate_status { last_received { term: 0 index: 0 } } ignore_live_leader: false dest_uuid: "b2f9969e6fd948b3bdc5de78d88fc39b" is_pre_election: true
I20260608 13:03:39.499609  9023 raft_consensus.cc:2468] T 00000000000000000000000000000000 P b2f9969e6fd948b3bdc5de78d88fc39b [term 0 FOLLOWER]: Leader pre-election vote request: Granting yes vote for candidate 85f075aaf50b400291b0bc8213def942 in term 0.
I20260608 13:03:39.500578  9153 tablet_service.cc:1917] Received RequestConsensusVote() RPC: tablet_id: "00000000000000000000000000000000" candidate_uuid: "85f075aaf50b400291b0bc8213def942" candidate_term: 1 candidate_status { last_received { term: 0 index: 0 } } ignore_live_leader: false dest_uuid: "be3e023af3c841e1a7251dd87aca7bf1" is_pre_election: true
I20260608 13:03:39.501467  9153 raft_consensus.cc:2468] T 00000000000000000000000000000000 P be3e023af3c841e1a7251dd87aca7bf1 [term 0 FOLLOWER]: Leader pre-election vote request: Granting yes vote for candidate 85f075aaf50b400291b0bc8213def942 in term 0.
I20260608 13:03:39.503657  9187 leader_election.cc:290] T 00000000000000000000000000000000 P 85f075aaf50b400291b0bc8213def942 [CANDIDATE]: Term 1 pre-election: Requested pre-vote from peers b2f9969e6fd948b3bdc5de78d88fc39b (127.8.197.126:40197), be3e023af3c841e1a7251dd87aca7bf1 (127.8.197.124:42947)
I20260608 13:03:39.503651  9062 leader_election.cc:304] T 00000000000000000000000000000000 P 85f075aaf50b400291b0bc8213def942 [CANDIDATE]: Term 1 pre-election: Election decided. Result: candidate won. Election summary: received 3 responses out of 3 voters: 3 yes votes; 0 no votes. yes voters: 85f075aaf50b400291b0bc8213def942, b2f9969e6fd948b3bdc5de78d88fc39b, be3e023af3c841e1a7251dd87aca7bf1; no voters: 
I20260608 13:03:39.512477  9187 raft_consensus.cc:2804] T 00000000000000000000000000000000 P 85f075aaf50b400291b0bc8213def942 [term 0 FOLLOWER]: Leader pre-election won for term 1
I20260608 13:03:39.513069  9187 raft_consensus.cc:493] T 00000000000000000000000000000000 P 85f075aaf50b400291b0bc8213def942 [term 0 FOLLOWER]: Starting leader election (no leader contacted us within the election timeout)
I20260608 13:03:39.513550  9187 raft_consensus.cc:3060] T 00000000000000000000000000000000 P 85f075aaf50b400291b0bc8213def942 [term 0 FOLLOWER]: Advancing to term 1
W20260608 13:03:39.520357  9002 tablet.cc:2404] T 00000000000000000000000000000000 P b2f9969e6fd948b3bdc5de78d88fc39b: Can't schedule compaction. Clean time has not been advanced past its initial value.
I20260608 13:03:39.526438  9187 raft_consensus.cc:515] T 00000000000000000000000000000000 P 85f075aaf50b400291b0bc8213def942 [term 1 FOLLOWER]: Starting leader election with config: opid_index: -1 OBSOLETE_local: false peers { permanent_uuid: "b2f9969e6fd948b3bdc5de78d88fc39b" member_type: VOTER last_known_addr { host: "127.8.197.126" port: 40197 } } peers { permanent_uuid: "85f075aaf50b400291b0bc8213def942" member_type: VOTER last_known_addr { host: "127.8.197.125" port: 37439 } } peers { permanent_uuid: "be3e023af3c841e1a7251dd87aca7bf1" member_type: VOTER last_known_addr { host: "127.8.197.124" port: 42947 } }
I20260608 13:03:39.534483  9023 tablet_service.cc:1917] Received RequestConsensusVote() RPC: tablet_id: "00000000000000000000000000000000" candidate_uuid: "85f075aaf50b400291b0bc8213def942" candidate_term: 1 candidate_status { last_received { term: 0 index: 0 } } ignore_live_leader: false dest_uuid: "b2f9969e6fd948b3bdc5de78d88fc39b"
I20260608 13:03:39.535310  9023 raft_consensus.cc:3060] T 00000000000000000000000000000000 P b2f9969e6fd948b3bdc5de78d88fc39b [term 0 FOLLOWER]: Advancing to term 1
I20260608 13:03:39.547184  9153 tablet_service.cc:1917] Received RequestConsensusVote() RPC: tablet_id: "00000000000000000000000000000000" candidate_uuid: "85f075aaf50b400291b0bc8213def942" candidate_term: 1 candidate_status { last_received { term: 0 index: 0 } } ignore_live_leader: false dest_uuid: "be3e023af3c841e1a7251dd87aca7bf1"
I20260608 13:03:39.547951  9153 raft_consensus.cc:3060] T 00000000000000000000000000000000 P be3e023af3c841e1a7251dd87aca7bf1 [term 0 FOLLOWER]: Advancing to term 1
I20260608 13:03:39.556313  9187 leader_election.cc:290] T 00000000000000000000000000000000 P 85f075aaf50b400291b0bc8213def942 [CANDIDATE]: Term 1 election: Requested vote from peers b2f9969e6fd948b3bdc5de78d88fc39b (127.8.197.126:40197), be3e023af3c841e1a7251dd87aca7bf1 (127.8.197.124:42947)
I20260608 13:03:39.558650  9153 raft_consensus.cc:2468] T 00000000000000000000000000000000 P be3e023af3c841e1a7251dd87aca7bf1 [term 1 FOLLOWER]: Leader election vote request: Granting yes vote for candidate 85f075aaf50b400291b0bc8213def942 in term 1.
I20260608 13:03:39.544056  9023 raft_consensus.cc:2468] T 00000000000000000000000000000000 P b2f9969e6fd948b3bdc5de78d88fc39b [term 1 FOLLOWER]: Leader election vote request: Granting yes vote for candidate 85f075aaf50b400291b0bc8213def942 in term 1.
I20260608 13:03:39.561892  9064 leader_election.cc:304] T 00000000000000000000000000000000 P 85f075aaf50b400291b0bc8213def942 [CANDIDATE]: Term 1 election: Election decided. Result: candidate won. Election summary: received 2 responses out of 3 voters: 2 yes votes; 0 no votes. yes voters: 85f075aaf50b400291b0bc8213def942, b2f9969e6fd948b3bdc5de78d88fc39b; no voters: 
I20260608 13:03:39.563254  9187 raft_consensus.cc:2804] T 00000000000000000000000000000000 P 85f075aaf50b400291b0bc8213def942 [term 1 FOLLOWER]: Leader election won for term 1
I20260608 13:03:39.567955  9187 raft_consensus.cc:697] T 00000000000000000000000000000000 P 85f075aaf50b400291b0bc8213def942 [term 1 LEADER]: Becoming Leader. State: Replica: 85f075aaf50b400291b0bc8213def942, State: Running, Role: LEADER
I20260608 13:03:39.569641  9187 consensus_queue.cc:237] T 00000000000000000000000000000000 P 85f075aaf50b400291b0bc8213def942 [LEADER]: Queue going to LEADER mode. State: All replicated index: 0, Majority replicated index: 0, Committed index: 0, Last appended: 0.0, Last appended by leader: 0, Current term: 1, Majority size: 2, State: 0, Mode: LEADER, active raft config: opid_index: -1 OBSOLETE_local: false peers { permanent_uuid: "b2f9969e6fd948b3bdc5de78d88fc39b" member_type: VOTER last_known_addr { host: "127.8.197.126" port: 40197 } } peers { permanent_uuid: "85f075aaf50b400291b0bc8213def942" member_type: VOTER last_known_addr { host: "127.8.197.125" port: 37439 } } peers { permanent_uuid: "be3e023af3c841e1a7251dd87aca7bf1" member_type: VOTER last_known_addr { host: "127.8.197.124" port: 42947 } }
I20260608 13:03:39.585992  9205 sys_catalog.cc:455] T 00000000000000000000000000000000 P 85f075aaf50b400291b0bc8213def942 [sys.catalog]: SysCatalogTable state changed. Reason: New leader 85f075aaf50b400291b0bc8213def942. Latest consensus state: current_term: 1 leader_uuid: "85f075aaf50b400291b0bc8213def942" committed_config { opid_index: -1 OBSOLETE_local: false peers { permanent_uuid: "b2f9969e6fd948b3bdc5de78d88fc39b" member_type: VOTER last_known_addr { host: "127.8.197.126" port: 40197 } } peers { permanent_uuid: "85f075aaf50b400291b0bc8213def942" member_type: VOTER last_known_addr { host: "127.8.197.125" port: 37439 } } peers { permanent_uuid: "be3e023af3c841e1a7251dd87aca7bf1" member_type: VOTER last_known_addr { host: "127.8.197.124" port: 42947 } } }
I20260608 13:03:39.587211  9205 sys_catalog.cc:458] T 00000000000000000000000000000000 P 85f075aaf50b400291b0bc8213def942 [sys.catalog]: This master's current role is: LEADER
W20260608 13:03:39.612460  9216 catalog_manager.cc:1593] T 00000000000000000000000000000000 P 85f075aaf50b400291b0bc8213def942: loading cluster ID for follower catalog manager: Not found: cluster ID entry not found
W20260608 13:03:39.613016  9216 catalog_manager.cc:883] Not found: cluster ID entry not found: failed to prepare follower catalog manager, will retry
I20260608 13:03:39.613641  9215 catalog_manager.cc:1510] Loading table and tablet metadata into memory...
I20260608 13:03:39.621587  8981 internal_mini_cluster.cc:184] Waiting to initialize catalog manager on master 1
I20260608 13:03:39.621928  8981 internal_mini_cluster.cc:184] Waiting to initialize catalog manager on master 2
W20260608 13:03:39.626330  9226 catalog_manager.cc:1593] T 00000000000000000000000000000000 P b2f9969e6fd948b3bdc5de78d88fc39b: loading cluster ID for follower catalog manager: Not found: cluster ID entry not found
W20260608 13:03:39.626698  9226 catalog_manager.cc:883] Not found: cluster ID entry not found: failed to prepare follower catalog manager, will retry
I20260608 13:03:39.626986  9215 catalog_manager.cc:1519] Initializing Kudu cluster ID...
I20260608 13:03:39.628340  9225 catalog_manager.cc:805] Waiting for catalog manager background task thread to start: Service unavailable: Catalog manager is not initialized. State: Starting
I20260608 13:03:39.630332  8981 file_cache.cc:492] Constructed file cache file cache with capacity 419430
W20260608 13:03:39.640709  9228 instance_detector.cc:116] could not retrieve AWS instance metadata: Network error: curl error: HTTP response code said error: The requested URL returned error: 404
I20260608 13:03:39.647253  9153 raft_consensus.cc:1275] T 00000000000000000000000000000000 P be3e023af3c841e1a7251dd87aca7bf1 [term 1 FOLLOWER]: Refusing update from remote peer 85f075aaf50b400291b0bc8213def942: Log matching property violated. Preceding OpId in replica: term: 0 index: 0. Preceding OpId from leader: term: 1 index: 2. (index mismatch)
I20260608 13:03:39.647593  9023 raft_consensus.cc:1275] T 00000000000000000000000000000000 P b2f9969e6fd948b3bdc5de78d88fc39b [term 1 FOLLOWER]: Refusing update from remote peer 85f075aaf50b400291b0bc8213def942: Log matching property violated. Preceding OpId in replica: term: 0 index: 0. Preceding OpId from leader: term: 1 index: 2. (index mismatch)
I20260608 13:03:39.649312  9187 consensus_queue.cc:1048] T 00000000000000000000000000000000 P 85f075aaf50b400291b0bc8213def942 [LEADER]: Connected to new peer: Peer: permanent_uuid: "be3e023af3c841e1a7251dd87aca7bf1" member_type: VOTER last_known_addr { host: "127.8.197.124" port: 42947 }, Status: LMP_MISMATCH, Last received: 0.0, Next index: 1, Last known committed idx: 0, Time since last communication: 0.000s
I20260608 13:03:39.651125  9187 consensus_queue.cc:1048] T 00000000000000000000000000000000 P 85f075aaf50b400291b0bc8213def942 [LEADER]: Connected to new peer: Peer: permanent_uuid: "b2f9969e6fd948b3bdc5de78d88fc39b" member_type: VOTER last_known_addr { host: "127.8.197.126" port: 40197 }, Status: LMP_MISMATCH, Last received: 0.0, Next index: 1, Last known committed idx: 0, Time since last communication: 0.000s
W20260608 13:03:39.664916  9229 instance_detector.cc:116] could not retrieve Azure instance metadata: Network error: curl error: HTTP response code said error: The requested URL returned error: 404
I20260608 13:03:39.674682  9189 sys_catalog.cc:455] T 00000000000000000000000000000000 P be3e023af3c841e1a7251dd87aca7bf1 [sys.catalog]: SysCatalogTable state changed. Reason: New leader 85f075aaf50b400291b0bc8213def942. Latest consensus state: current_term: 1 leader_uuid: "85f075aaf50b400291b0bc8213def942" committed_config { opid_index: -1 OBSOLETE_local: false peers { permanent_uuid: "b2f9969e6fd948b3bdc5de78d88fc39b" member_type: VOTER last_known_addr { host: "127.8.197.126" port: 40197 } } peers { permanent_uuid: "85f075aaf50b400291b0bc8213def942" member_type: VOTER last_known_addr { host: "127.8.197.125" port: 37439 } } peers { permanent_uuid: "be3e023af3c841e1a7251dd87aca7bf1" member_type: VOTER last_known_addr { host: "127.8.197.124" port: 42947 } } }
I20260608 13:03:39.675467  9189 sys_catalog.cc:458] T 00000000000000000000000000000000 P be3e023af3c841e1a7251dd87aca7bf1 [sys.catalog]: This master's current role is: FOLLOWER
I20260608 13:03:39.685649  9230 mvcc.cc:204] Tried to move back new op lower bound from 7294663965249142784 to 7294663964979171328. Current Snapshot: MvccSnapshot[applied={T|T < 7294663965249142784}]
I20260608 13:03:39.708115  9189 sys_catalog.cc:455] T 00000000000000000000000000000000 P be3e023af3c841e1a7251dd87aca7bf1 [sys.catalog]: SysCatalogTable state changed. Reason: Replicated consensus-only round. Latest consensus state: current_term: 1 leader_uuid: "85f075aaf50b400291b0bc8213def942" committed_config { opid_index: -1 OBSOLETE_local: false peers { permanent_uuid: "b2f9969e6fd948b3bdc5de78d88fc39b" member_type: VOTER last_known_addr { host: "127.8.197.126" port: 40197 } } peers { permanent_uuid: "85f075aaf50b400291b0bc8213def942" member_type: VOTER last_known_addr { host: "127.8.197.125" port: 37439 } } peers { permanent_uuid: "be3e023af3c841e1a7251dd87aca7bf1" member_type: VOTER last_known_addr { host: "127.8.197.124" port: 42947 } } }
I20260608 13:03:39.709080  9189 sys_catalog.cc:458] T 00000000000000000000000000000000 P be3e023af3c841e1a7251dd87aca7bf1 [sys.catalog]: This master's current role is: FOLLOWER
I20260608 13:03:39.718649  9187 sys_catalog.cc:455] T 00000000000000000000000000000000 P 85f075aaf50b400291b0bc8213def942 [sys.catalog]: SysCatalogTable state changed. Reason: Peer health change. Latest consensus state: current_term: 1 leader_uuid: "85f075aaf50b400291b0bc8213def942" committed_config { opid_index: -1 OBSOLETE_local: false peers { permanent_uuid: "b2f9969e6fd948b3bdc5de78d88fc39b" member_type: VOTER last_known_addr { host: "127.8.197.126" port: 40197 } } peers { permanent_uuid: "85f075aaf50b400291b0bc8213def942" member_type: VOTER last_known_addr { host: "127.8.197.125" port: 37439 } } peers { permanent_uuid: "be3e023af3c841e1a7251dd87aca7bf1" member_type: VOTER last_known_addr { host: "127.8.197.124" port: 42947 } } }
I20260608 13:03:39.720561  9187 sys_catalog.cc:458] T 00000000000000000000000000000000 P 85f075aaf50b400291b0bc8213def942 [sys.catalog]: This master's current role is: LEADER
I20260608 13:03:39.729480  9188 sys_catalog.cc:455] T 00000000000000000000000000000000 P b2f9969e6fd948b3bdc5de78d88fc39b [sys.catalog]: SysCatalogTable state changed. Reason: New leader 85f075aaf50b400291b0bc8213def942. Latest consensus state: current_term: 1 leader_uuid: "85f075aaf50b400291b0bc8213def942" committed_config { opid_index: -1 OBSOLETE_local: false peers { permanent_uuid: "b2f9969e6fd948b3bdc5de78d88fc39b" member_type: VOTER last_known_addr { host: "127.8.197.126" port: 40197 } } peers { permanent_uuid: "85f075aaf50b400291b0bc8213def942" member_type: VOTER last_known_addr { host: "127.8.197.125" port: 37439 } } peers { permanent_uuid: "be3e023af3c841e1a7251dd87aca7bf1" member_type: VOTER last_known_addr { host: "127.8.197.124" port: 42947 } } }
I20260608 13:03:39.730306  9188 sys_catalog.cc:458] T 00000000000000000000000000000000 P b2f9969e6fd948b3bdc5de78d88fc39b [sys.catalog]: This master's current role is: FOLLOWER
I20260608 13:03:39.735909  8981 server_base.cc:1061] running on GCE node
I20260608 13:03:39.736780  9215 catalog_manager.cc:1382] Generated new cluster ID: 74d385bfb59f445f832c3970dd7bf24d
I20260608 13:03:39.737092  9215 catalog_manager.cc:1530] Initializing Kudu internal certificate authority...
W20260608 13:03:39.737440  9239 instance_detector.cc:116] could not retrieve OpenStack instance metadata: Network error: curl error: HTTP response code said error: The requested URL returned error: 404
I20260608 13:03:39.738698  8981 hybrid_clock.cc:584] initializing the hybrid clock with 'system_unsync' time source
W20260608 13:03:39.739295  8981 system_unsync_time.cc:38] NTP support is disabled. Clock error bounds will not be accurate. This configuration is not suitable for distributed clusters.
I20260608 13:03:39.739588  8981 hybrid_clock.cc:648] HybridClock initialized: now 1780923819739566 us; error 0 us; skew 500 ppm
I20260608 13:03:39.740722  8981 server_base.cc:861] Flag tcmalloc_max_total_thread_cache_bytes is not working since tcmalloc is not enabled.
I20260608 13:03:39.745415  9188 sys_catalog.cc:455] T 00000000000000000000000000000000 P b2f9969e6fd948b3bdc5de78d88fc39b [sys.catalog]: SysCatalogTable state changed. Reason: Replicated consensus-only round. Latest consensus state: current_term: 1 leader_uuid: "85f075aaf50b400291b0bc8213def942" committed_config { opid_index: -1 OBSOLETE_local: false peers { permanent_uuid: "b2f9969e6fd948b3bdc5de78d88fc39b" member_type: VOTER last_known_addr { host: "127.8.197.126" port: 40197 } } peers { permanent_uuid: "85f075aaf50b400291b0bc8213def942" member_type: VOTER last_known_addr { host: "127.8.197.125" port: 37439 } } peers { permanent_uuid: "be3e023af3c841e1a7251dd87aca7bf1" member_type: VOTER last_known_addr { host: "127.8.197.124" port: 42947 } } }
I20260608 13:03:39.746409  9188 sys_catalog.cc:458] T 00000000000000000000000000000000 P b2f9969e6fd948b3bdc5de78d88fc39b [sys.catalog]: This master's current role is: FOLLOWER
I20260608 13:03:39.753034  8981 webserver.cc:533] Webserver started at http://127.8.197.65:33059/ using document root <none> and password file <none>
I20260608 13:03:39.753695  8981 fs_manager.cc:362] Metadata directory not provided
I20260608 13:03:39.753206  9205 sys_catalog.cc:455] T 00000000000000000000000000000000 P 85f075aaf50b400291b0bc8213def942 [sys.catalog]: SysCatalogTable state changed. Reason: Peer health change. Latest consensus state: current_term: 1 leader_uuid: "85f075aaf50b400291b0bc8213def942" committed_config { opid_index: -1 OBSOLETE_local: false peers { permanent_uuid: "b2f9969e6fd948b3bdc5de78d88fc39b" member_type: VOTER last_known_addr { host: "127.8.197.126" port: 40197 } } peers { permanent_uuid: "85f075aaf50b400291b0bc8213def942" member_type: VOTER last_known_addr { host: "127.8.197.125" port: 37439 } } peers { permanent_uuid: "be3e023af3c841e1a7251dd87aca7bf1" member_type: VOTER last_known_addr { host: "127.8.197.124" port: 42947 } } }
I20260608 13:03:39.753940  8981 fs_manager.cc:368] Using write-ahead log directory (fs_wal_dir) as metadata directory
I20260608 13:03:39.754011  9205 sys_catalog.cc:458] T 00000000000000000000000000000000 P 85f075aaf50b400291b0bc8213def942 [sys.catalog]: This master's current role is: LEADER
I20260608 13:03:39.754312  8981 server_base.cc:909] This appears to be a new deployment of Kudu; creating new FS layout
I20260608 13:03:39.755494  8981 fs_manager.cc:1068] Generated new instance metadata in path /tmp/dist-test-taskEfjZKu/test-tmp/auto_rebalancer-test.0.AutoRebalancerTest.OnlyLeaderDoesAutoRebalancing.1780923817443722-8981-0/minicluster-data/ts-0-root/instance:
uuid: "f3cab7921a9444f9a4c8850386b26318"
format_stamp: "Formatted at 2026-06-08 13:03:39 on dist-test-slave-31p4"
I20260608 13:03:39.772122  8981 fs_manager.cc:696] Time spent creating directory manager: real 0.016s	user 0.005s	sys 0.009s
I20260608 13:03:39.777786  9215 catalog_manager.cc:1405] Generated new certificate authority record
I20260608 13:03:39.781021  9215 catalog_manager.cc:1539] Loading token signing keys...
