I20260608 13:05:05.663991 11986 raft_consensus.cc:2955] T 44e428b3458e42758e2f1d6579896535 P a885461a49c247a7bf6b879ef5a967df [term 1 FOLLOWER]: Committing config change with OpId 1.4: config changed from index 3 to 4, VOTER 39108142e73f4cf897ca23fbcab6d683 (127.8.197.67) evicted. New config: { opid_index: 4 OBSOLETE_local: false peers { permanent_uuid: "8370a33a166d4f808fa4ae46d48e1769" member_type: VOTER last_known_addr { host: "127.8.197.66" port: 45035 } } peers { permanent_uuid: "a885461a49c247a7bf6b879ef5a967df" member_type: VOTER last_known_addr { host: "127.8.197.65" port: 46299 } } peers { permanent_uuid: "a1e2b4c09e7946258af6cc6c6d617c84" member_type: VOTER last_known_addr { host: "127.8.197.68" port: 40041 } attrs { promote: false } } }
I20260608 13:05:05.665705 11971 tablet_service.cc:1558] Processing DeleteTablet for tablet afab733ac0064aaf99e8b2d35991cbd4 with delete_type TABLET_DATA_TOMBSTONED (TS a885461a49c247a7bf6b879ef5a967df not found in new config with opid_index 4) from {username='slave'} at 127.0.0.1:36144
I20260608 13:05:05.672307 12290 raft_consensus.cc:1275] T 44e428b3458e42758e2f1d6579896535 P a1e2b4c09e7946258af6cc6c6d617c84 [term 1 FOLLOWER]: Refusing update from remote peer 8370a33a166d4f808fa4ae46d48e1769: Log matching property violated. Preceding OpId in replica: term: 1 index: 3. Preceding OpId from leader: term: 1 index: 4. (index mismatch)
I20260608 13:05:05.677027 11985 raft_consensus.cc:1275] T b701492ece2043a2aa7c908c0fc39e05 P a885461a49c247a7bf6b879ef5a967df [term 2 FOLLOWER]: Refusing update from remote peer a1e2b4c09e7946258af6cc6c6d617c84: Log matching property violated. Preceding OpId in replica: term: 1 index: 1. Preceding OpId from leader: term: 2 index: 2. (index mismatch)
I20260608 13:05:05.679152 12456 consensus_queue.cc:1048] T b701492ece2043a2aa7c908c0fc39e05 P a1e2b4c09e7946258af6cc6c6d617c84 [LEADER]: Connected to new peer: Peer: permanent_uuid: "a885461a49c247a7bf6b879ef5a967df" member_type: VOTER last_known_addr { host: "127.8.197.65" port: 46299 }, Status: LMP_MISMATCH, Last received: 0.0, Next index: 2, Last known committed idx: 1, Time since last communication: 0.000s
I20260608 13:05:05.680642 12290 raft_consensus.cc:2955] T 23f710c6bb78474fbeece02834da4c81 P a1e2b4c09e7946258af6cc6c6d617c84 [term 2 FOLLOWER]: Committing config change with OpId 2.4: config changed from index 2 to 4, a1e2b4c09e7946258af6cc6c6d617c84 (127.8.197.68) changed from NON_VOTER to VOTER. New config: { opid_index: 4 OBSOLETE_local: false peers { permanent_uuid: "a885461a49c247a7bf6b879ef5a967df" member_type: VOTER last_known_addr { host: "127.8.197.65" port: 46299 } attrs { replace: true } } peers { permanent_uuid: "8370a33a166d4f808fa4ae46d48e1769" member_type: VOTER last_known_addr { host: "127.8.197.66" port: 45035 } } peers { permanent_uuid: "39108142e73f4cf897ca23fbcab6d683" member_type: VOTER last_known_addr { host: "127.8.197.67" port: 35551 } } peers { permanent_uuid: "a1e2b4c09e7946258af6cc6c6d617c84" member_type: VOTER last_known_addr { host: "127.8.197.68" port: 40041 } attrs { promote: false } } }
I20260608 13:05:05.688896 12419 consensus_queue.cc:1048] T 44e428b3458e42758e2f1d6579896535 P 8370a33a166d4f808fa4ae46d48e1769 [LEADER]: Connected to new peer: Peer: permanent_uuid: "a1e2b4c09e7946258af6cc6c6d617c84" member_type: VOTER last_known_addr { host: "127.8.197.68" port: 40041 } attrs { promote: false }, Status: LMP_MISMATCH, Last received: 0.0, Next index: 4, Last known committed idx: 3, Time since last communication: 0.001s
I20260608 13:05:05.698714 11871 catalog_manager.cc:5209] ChangeConfig:REMOVE_PEER RPC for tablet 44e428b3458e42758e2f1d6579896535 with cas_config_opid_index 3: ChangeConfig:REMOVE_PEER succeeded (attempt 1)
I20260608 13:05:05.705166 12490 tablet_replica.cc:333] T afab733ac0064aaf99e8b2d35991cbd4 P a885461a49c247a7bf6b879ef5a967df: stopping tablet replica
I20260608 13:05:05.706950 12490 raft_consensus.cc:2243] T afab733ac0064aaf99e8b2d35991cbd4 P a885461a49c247a7bf6b879ef5a967df [term 1 FOLLOWER]: Raft consensus shutting down.
I20260608 13:05:05.707671 12490 raft_consensus.cc:2272] T afab733ac0064aaf99e8b2d35991cbd4 P a885461a49c247a7bf6b879ef5a967df [term 1 FOLLOWER]: Raft consensus is shut down!
I20260608 13:05:05.710140 12293 raft_consensus.cc:2955] T 44e428b3458e42758e2f1d6579896535 P a1e2b4c09e7946258af6cc6c6d617c84 [term 1 FOLLOWER]: Committing config change with OpId 1.4: config changed from index 3 to 4, VOTER 39108142e73f4cf897ca23fbcab6d683 (127.8.197.67) evicted. New config: { opid_index: 4 OBSOLETE_local: false peers { permanent_uuid: "8370a33a166d4f808fa4ae46d48e1769" member_type: VOTER last_known_addr { host: "127.8.197.66" port: 45035 } } peers { permanent_uuid: "a885461a49c247a7bf6b879ef5a967df" member_type: VOTER last_known_addr { host: "127.8.197.65" port: 46299 } } peers { permanent_uuid: "a1e2b4c09e7946258af6cc6c6d617c84" member_type: VOTER last_known_addr { host: "127.8.197.68" port: 40041 } attrs { promote: false } } }
I20260608 13:05:05.713513 12490 ts_tablet_manager.cc:1916] T afab733ac0064aaf99e8b2d35991cbd4 P a885461a49c247a7bf6b879ef5a967df: Deleting tablet data with delete state TABLET_DATA_TOMBSTONED
I20260608 13:05:05.721025 11881 catalog_manager.cc:5696] T 44e428b3458e42758e2f1d6579896535 P a885461a49c247a7bf6b879ef5a967df reported cstate change: config changed from index 3 to 4, VOTER 39108142e73f4cf897ca23fbcab6d683 (127.8.197.67) evicted. New cstate: current_term: 1 leader_uuid: "8370a33a166d4f808fa4ae46d48e1769" committed_config { opid_index: 4 OBSOLETE_local: false peers { permanent_uuid: "8370a33a166d4f808fa4ae46d48e1769" member_type: VOTER last_known_addr { host: "127.8.197.66" port: 45035 } } peers { permanent_uuid: "a885461a49c247a7bf6b879ef5a967df" member_type: VOTER last_known_addr { host: "127.8.197.65" port: 46299 } } peers { permanent_uuid: "a1e2b4c09e7946258af6cc6c6d617c84" member_type: VOTER last_known_addr { host: "127.8.197.68" port: 40041 } attrs { promote: false } } }
I20260608 13:05:05.729812 12490 ts_tablet_manager.cc:1929] T afab733ac0064aaf99e8b2d35991cbd4 P a885461a49c247a7bf6b879ef5a967df: tablet deleted with delete type TABLET_DATA_TOMBSTONED: last-logged OpId 1.3
I20260608 13:05:05.730388 12490 log.cc:1199] T afab733ac0064aaf99e8b2d35991cbd4 P a885461a49c247a7bf6b879ef5a967df: Deleting WAL directory at /tmp/dist-test-taskEfjZKu/test-tmp/auto_rebalancer-test.0.AutoRebalancerTest.RangeAwareRebalancesNewRangeReplicas.1780923817443722-8981-0/minicluster-data/ts-0-root/wals/afab733ac0064aaf99e8b2d35991cbd4
I20260608 13:05:05.732050 11869 catalog_manager.cc:5027] TS a885461a49c247a7bf6b879ef5a967df (127.8.197.65:46299): tablet afab733ac0064aaf99e8b2d35991cbd4 (table range_aware_rebalance_new_range [id=f63214adb0e74282a7459bda42aae30d]) successfully deleted
I20260608 13:05:05.736445 12122 tablet_service.cc:1558] Processing DeleteTablet for tablet 44e428b3458e42758e2f1d6579896535 with delete_type TABLET_DATA_TOMBSTONED (TS 39108142e73f4cf897ca23fbcab6d683 not found in new config with opid_index 4) from {username='slave'} at 127.0.0.1:48878
W20260608 13:05:05.739199 12446 consensus_queue.cc:1175] T 23f710c6bb78474fbeece02834da4c81 P 8370a33a166d4f808fa4ae46d48e1769 [LEADER]: Queue is closed or peer was untracked, disregarding peer response. Response: responder_uuid: "a1e2b4c09e7946258af6cc6c6d617c84" responder_term: 2 status { last_received { term: 2 index: 4 } last_committed_idx: 4 last_received_current_leader { term: 2 index: 4 } }
I20260608 13:05:05.747995 12060 consensus_queue.cc:237] T 23f710c6bb78474fbeece02834da4c81 P 8370a33a166d4f808fa4ae46d48e1769 [LEADER]: Queue going to LEADER mode. State: All replicated index: 0, Majority replicated index: 4, Committed index: 4, Last appended: 2.4, Last appended by leader: 2, Current term: 2, Majority size: 2, State: 0, Mode: LEADER, active raft config: opid_index: 5 OBSOLETE_local: false peers { permanent_uuid: "8370a33a166d4f808fa4ae46d48e1769" member_type: VOTER last_known_addr { host: "127.8.197.66" port: 45035 } } peers { permanent_uuid: "39108142e73f4cf897ca23fbcab6d683" member_type: VOTER last_known_addr { host: "127.8.197.67" port: 35551 } } peers { permanent_uuid: "a1e2b4c09e7946258af6cc6c6d617c84" member_type: VOTER last_known_addr { host: "127.8.197.68" port: 40041 } attrs { promote: false } }
I20260608 13:05:05.749130 12493 tablet_replica.cc:333] T 44e428b3458e42758e2f1d6579896535 P 39108142e73f4cf897ca23fbcab6d683: stopping tablet replica
I20260608 13:05:05.750171 12493 raft_consensus.cc:2243] T 44e428b3458e42758e2f1d6579896535 P 39108142e73f4cf897ca23fbcab6d683 [term 1 FOLLOWER]: Raft consensus shutting down.
I20260608 13:05:05.751022 12493 raft_consensus.cc:2272] T 44e428b3458e42758e2f1d6579896535 P 39108142e73f4cf897ca23fbcab6d683 [term 1 FOLLOWER]: Raft consensus is shut down!
I20260608 13:05:05.758478 12493 ts_tablet_manager.cc:1916] T 44e428b3458e42758e2f1d6579896535 P 39108142e73f4cf897ca23fbcab6d683: Deleting tablet data with delete state TABLET_DATA_TOMBSTONED
I20260608 13:05:05.763988 12134 raft_consensus.cc:1275] T 23f710c6bb78474fbeece02834da4c81 P 39108142e73f4cf897ca23fbcab6d683 [term 2 FOLLOWER]: Refusing update from remote peer 8370a33a166d4f808fa4ae46d48e1769: Log matching property violated. Preceding OpId in replica: term: 2 index: 4. Preceding OpId from leader: term: 2 index: 5. (index mismatch)
I20260608 13:05:05.765689 12446 consensus_queue.cc:1048] T 23f710c6bb78474fbeece02834da4c81 P 8370a33a166d4f808fa4ae46d48e1769 [LEADER]: Connected to new peer: Peer: permanent_uuid: "39108142e73f4cf897ca23fbcab6d683" member_type: VOTER last_known_addr { host: "127.8.197.67" port: 35551 }, Status: LMP_MISMATCH, Last received: 0.0, Next index: 5, Last known committed idx: 4, Time since last communication: 0.000s
I20260608 13:05:05.774200 12493 ts_tablet_manager.cc:1929] T 44e428b3458e42758e2f1d6579896535 P 39108142e73f4cf897ca23fbcab6d683: tablet deleted with delete type TABLET_DATA_TOMBSTONED: last-logged OpId 1.3
I20260608 13:05:05.774654 12493 log.cc:1199] T 44e428b3458e42758e2f1d6579896535 P 39108142e73f4cf897ca23fbcab6d683: Deleting WAL directory at /tmp/dist-test-taskEfjZKu/test-tmp/auto_rebalancer-test.0.AutoRebalancerTest.RangeAwareRebalancesNewRangeReplicas.1780923817443722-8981-0/minicluster-data/ts-2-root/wals/44e428b3458e42758e2f1d6579896535
I20260608 13:05:05.773876 12445 raft_consensus.cc:2955] T 23f710c6bb78474fbeece02834da4c81 P 8370a33a166d4f808fa4ae46d48e1769 [term 2 LEADER]: Committing config change with OpId 2.5: config changed from index 4 to 5, VOTER a885461a49c247a7bf6b879ef5a967df (127.8.197.65) evicted. New config: { opid_index: 5 OBSOLETE_local: false peers { permanent_uuid: "8370a33a166d4f808fa4ae46d48e1769" member_type: VOTER last_known_addr { host: "127.8.197.66" port: 45035 } } peers { permanent_uuid: "39108142e73f4cf897ca23fbcab6d683" member_type: VOTER last_known_addr { host: "127.8.197.67" port: 35551 } } peers { permanent_uuid: "a1e2b4c09e7946258af6cc6c6d617c84" member_type: VOTER last_known_addr { host: "127.8.197.68" port: 40041 } attrs { promote: false } } }
I20260608 13:05:05.775813 12133 raft_consensus.cc:2955] T 23f710c6bb78474fbeece02834da4c81 P 39108142e73f4cf897ca23fbcab6d683 [term 2 FOLLOWER]: Committing config change with OpId 2.5: config changed from index 4 to 5, VOTER a885461a49c247a7bf6b879ef5a967df (127.8.197.65) evicted. New config: { opid_index: 5 OBSOLETE_local: false peers { permanent_uuid: "8370a33a166d4f808fa4ae46d48e1769" member_type: VOTER last_known_addr { host: "127.8.197.66" port: 45035 } } peers { permanent_uuid: "39108142e73f4cf897ca23fbcab6d683" member_type: VOTER last_known_addr { host: "127.8.197.67" port: 35551 } } peers { permanent_uuid: "a1e2b4c09e7946258af6cc6c6d617c84" member_type: VOTER last_known_addr { host: "127.8.197.68" port: 40041 } attrs { promote: false } } }
I20260608 13:05:05.776729 11871 catalog_manager.cc:5027] TS 39108142e73f4cf897ca23fbcab6d683 (127.8.197.67:35551): tablet 44e428b3458e42758e2f1d6579896535 (table range_aware_rebalance_new_range [id=f63214adb0e74282a7459bda42aae30d]) successfully deleted
I20260608 13:05:05.764011 12293 raft_consensus.cc:1275] T 23f710c6bb78474fbeece02834da4c81 P a1e2b4c09e7946258af6cc6c6d617c84 [term 2 FOLLOWER]: Refusing update from remote peer 8370a33a166d4f808fa4ae46d48e1769: Log matching property violated. Preceding OpId in replica: term: 2 index: 4. Preceding OpId from leader: term: 2 index: 5. (index mismatch)
I20260608 13:05:05.779393 12488 consensus_queue.cc:1048] T 23f710c6bb78474fbeece02834da4c81 P 8370a33a166d4f808fa4ae46d48e1769 [LEADER]: Connected to new peer: Peer: permanent_uuid: "a1e2b4c09e7946258af6cc6c6d617c84" member_type: VOTER last_known_addr { host: "127.8.197.68" port: 40041 } attrs { promote: false }, Status: LMP_MISMATCH, Last received: 0.0, Next index: 5, Last known committed idx: 4, Time since last communication: 0.000s
I20260608 13:05:05.784500 12293 raft_consensus.cc:2955] T 23f710c6bb78474fbeece02834da4c81 P a1e2b4c09e7946258af6cc6c6d617c84 [term 2 FOLLOWER]: Committing config change with OpId 2.5: config changed from index 4 to 5, VOTER a885461a49c247a7bf6b879ef5a967df (127.8.197.65) evicted. New config: { opid_index: 5 OBSOLETE_local: false peers { permanent_uuid: "8370a33a166d4f808fa4ae46d48e1769" member_type: VOTER last_known_addr { host: "127.8.197.66" port: 45035 } } peers { permanent_uuid: "39108142e73f4cf897ca23fbcab6d683" member_type: VOTER last_known_addr { host: "127.8.197.67" port: 35551 } } peers { permanent_uuid: "a1e2b4c09e7946258af6cc6c6d617c84" member_type: VOTER last_known_addr { host: "127.8.197.68" port: 40041 } attrs { promote: false } } }
I20260608 13:05:05.799947 11884 catalog_manager.cc:5696] T 23f710c6bb78474fbeece02834da4c81 P 39108142e73f4cf897ca23fbcab6d683 reported cstate change: config changed from index 4 to 5, VOTER a885461a49c247a7bf6b879ef5a967df (127.8.197.65) evicted. New cstate: current_term: 2 leader_uuid: "8370a33a166d4f808fa4ae46d48e1769" committed_config { opid_index: 5 OBSOLETE_local: false peers { permanent_uuid: "8370a33a166d4f808fa4ae46d48e1769" member_type: VOTER last_known_addr { host: "127.8.197.66" port: 45035 } } peers { permanent_uuid: "39108142e73f4cf897ca23fbcab6d683" member_type: VOTER last_known_addr { host: "127.8.197.67" port: 35551 } } peers { permanent_uuid: "a1e2b4c09e7946258af6cc6c6d617c84" member_type: VOTER last_known_addr { host: "127.8.197.68" port: 40041 } attrs { promote: false } } }
I20260608 13:05:05.802511 11871 catalog_manager.cc:5209] ChangeConfig:REMOVE_PEER RPC for tablet 23f710c6bb78474fbeece02834da4c81 with cas_config_opid_index 4: ChangeConfig:REMOVE_PEER succeeded (attempt 1)
I20260608 13:05:05.812438 11971 tablet_service.cc:1558] Processing DeleteTablet for tablet 23f710c6bb78474fbeece02834da4c81 with delete_type TABLET_DATA_TOMBSTONED (TS a885461a49c247a7bf6b879ef5a967df not found in new config with opid_index 5) from {username='slave'} at 127.0.0.1:36144
I20260608 13:05:05.813478 12490 tablet_replica.cc:333] T 23f710c6bb78474fbeece02834da4c81 P a885461a49c247a7bf6b879ef5a967df: stopping tablet replica
I20260608 13:05:05.814487 12490 raft_consensus.cc:2243] T 23f710c6bb78474fbeece02834da4c81 P a885461a49c247a7bf6b879ef5a967df [term 2 FOLLOWER]: Raft consensus shutting down.
I20260608 13:05:05.815141 12490 raft_consensus.cc:2272] T 23f710c6bb78474fbeece02834da4c81 P a885461a49c247a7bf6b879ef5a967df [term 2 FOLLOWER]: Raft consensus is shut down!
I20260608 13:05:05.818148 12490 ts_tablet_manager.cc:1916] T 23f710c6bb78474fbeece02834da4c81 P a885461a49c247a7bf6b879ef5a967df: Deleting tablet data with delete state TABLET_DATA_TOMBSTONED
I20260608 13:05:05.829730 12490 ts_tablet_manager.cc:1929] T 23f710c6bb78474fbeece02834da4c81 P a885461a49c247a7bf6b879ef5a967df: tablet deleted with delete type TABLET_DATA_TOMBSTONED: last-logged OpId 2.4
I20260608 13:05:05.830037 12490 log.cc:1199] T 23f710c6bb78474fbeece02834da4c81 P a885461a49c247a7bf6b879ef5a967df: Deleting WAL directory at /tmp/dist-test-taskEfjZKu/test-tmp/auto_rebalancer-test.0.AutoRebalancerTest.RangeAwareRebalancesNewRangeReplicas.1780923817443722-8981-0/minicluster-data/ts-0-root/wals/23f710c6bb78474fbeece02834da4c81
I20260608 13:05:05.831336 11869 catalog_manager.cc:5027] TS a885461a49c247a7bf6b879ef5a967df (127.8.197.65:46299): tablet 23f710c6bb78474fbeece02834da4c81 (table range_aware_rebalance_new_range [id=f63214adb0e74282a7459bda42aae30d]) successfully deleted
I20260608 13:05:06.501888 11937 auto_leader_rebalancer.cc:140] leader rebalance for table range_aware_rebalance_new_range
I20260608 13:05:06.516563 12133 tablet_service.cc:2072] Received LeaderStepDown RPC: tablet_id: "afab733ac0064aaf99e8b2d35991cbd4"
dest_uuid: "39108142e73f4cf897ca23fbcab6d683"
mode: GRACEFUL
new_leader_uuid: "a1e2b4c09e7946258af6cc6c6d617c84"
 from {username='slave'} at 127.0.0.1:48934
I20260608 13:05:06.517081 12133 raft_consensus.cc:606] T afab733ac0064aaf99e8b2d35991cbd4 P 39108142e73f4cf897ca23fbcab6d683 [term 1 LEADER]: Received request to transfer leadership to TS a1e2b4c09e7946258af6cc6c6d617c84
I20260608 13:05:06.518513 11937 auto_leader_rebalancer.cc:388] table: range_aware_rebalance_new_range, leader rebalance finish, leader transfer count: 1
I20260608 13:05:06.519171 11937 auto_leader_rebalancer.cc:451] All tables' leader rebalancing finished this round
I20260608 13:05:06.615950 12436 raft_consensus.cc:993] T afab733ac0064aaf99e8b2d35991cbd4 P 39108142e73f4cf897ca23fbcab6d683: : Instructing follower a1e2b4c09e7946258af6cc6c6d617c84 to start an election
I20260608 13:05:06.616568 12494 raft_consensus.cc:1081] T afab733ac0064aaf99e8b2d35991cbd4 P 39108142e73f4cf897ca23fbcab6d683 [term 1 LEADER]: Signalling peer a1e2b4c09e7946258af6cc6c6d617c84 to start an election
I20260608 13:05:06.618654 12292 tablet_service.cc:2044] Received Run Leader Election RPC: tablet_id: "afab733ac0064aaf99e8b2d35991cbd4"
dest_uuid: "a1e2b4c09e7946258af6cc6c6d617c84"
 from {username='slave'} at 127.0.0.1:44606
I20260608 13:05:06.619262 12292 raft_consensus.cc:493] T afab733ac0064aaf99e8b2d35991cbd4 P a1e2b4c09e7946258af6cc6c6d617c84 [term 1 FOLLOWER]: Starting forced leader election (received explicit request)
I20260608 13:05:06.619570 12292 raft_consensus.cc:3060] T afab733ac0064aaf99e8b2d35991cbd4 P a1e2b4c09e7946258af6cc6c6d617c84 [term 1 FOLLOWER]: Advancing to term 2
I20260608 13:05:06.624459 12292 raft_consensus.cc:515] T afab733ac0064aaf99e8b2d35991cbd4 P a1e2b4c09e7946258af6cc6c6d617c84 [term 2 FOLLOWER]: Starting forced leader election with config: opid_index: 4 OBSOLETE_local: false peers { permanent_uuid: "8370a33a166d4f808fa4ae46d48e1769" member_type: VOTER last_known_addr { host: "127.8.197.66" port: 45035 } } peers { permanent_uuid: "39108142e73f4cf897ca23fbcab6d683" member_type: VOTER last_known_addr { host: "127.8.197.67" port: 35551 } } peers { permanent_uuid: "a1e2b4c09e7946258af6cc6c6d617c84" member_type: VOTER last_known_addr { host: "127.8.197.68" port: 40041 } attrs { promote: false } }
I20260608 13:05:06.626097 12292 leader_election.cc:290] T afab733ac0064aaf99e8b2d35991cbd4 P a1e2b4c09e7946258af6cc6c6d617c84 [CANDIDATE]: Term 2 election: Requested vote from peers 8370a33a166d4f808fa4ae46d48e1769 (127.8.197.66:45035), 39108142e73f4cf897ca23fbcab6d683 (127.8.197.67:35551)
I20260608 13:05:06.626968 12061 tablet_service.cc:1917] Received RequestConsensusVote() RPC: tablet_id: "afab733ac0064aaf99e8b2d35991cbd4" candidate_uuid: "a1e2b4c09e7946258af6cc6c6d617c84" candidate_term: 2 candidate_status { last_received { term: 1 index: 4 } } ignore_live_leader: true dest_uuid: "8370a33a166d4f808fa4ae46d48e1769"
I20260608 13:05:06.627350 12133 tablet_service.cc:1917] Received RequestConsensusVote() RPC: tablet_id: "afab733ac0064aaf99e8b2d35991cbd4" candidate_uuid: "a1e2b4c09e7946258af6cc6c6d617c84" candidate_term: 2 candidate_status { last_received { term: 1 index: 4 } } ignore_live_leader: true dest_uuid: "39108142e73f4cf897ca23fbcab6d683"
I20260608 13:05:06.627490 12061 raft_consensus.cc:3060] T afab733ac0064aaf99e8b2d35991cbd4 P 8370a33a166d4f808fa4ae46d48e1769 [term 1 FOLLOWER]: Advancing to term 2
I20260608 13:05:06.627873 12133 raft_consensus.cc:3055] T afab733ac0064aaf99e8b2d35991cbd4 P 39108142e73f4cf897ca23fbcab6d683 [term 1 LEADER]: Stepping down as leader of term 1
I20260608 13:05:06.628149 12133 raft_consensus.cc:740] T afab733ac0064aaf99e8b2d35991cbd4 P 39108142e73f4cf897ca23fbcab6d683 [term 1 LEADER]: Becoming Follower/Learner. State: Replica: 39108142e73f4cf897ca23fbcab6d683, State: Running, Role: LEADER
I20260608 13:05:06.629179 12133 consensus_queue.cc:260] T afab733ac0064aaf99e8b2d35991cbd4 P 39108142e73f4cf897ca23fbcab6d683 [NON_LEADER]: Queue going to NON_LEADER mode. State: All replicated index: 0, Majority replicated index: 4, Committed index: 4, Last appended: 1.4, Last appended by leader: 4, Current term: 1, Majority size: -1, State: 0, Mode: NON_LEADER, active raft config: opid_index: 4 OBSOLETE_local: false peers { permanent_uuid: "8370a33a166d4f808fa4ae46d48e1769" member_type: VOTER last_known_addr { host: "127.8.197.66" port: 45035 } } peers { permanent_uuid: "39108142e73f4cf897ca23fbcab6d683" member_type: VOTER last_known_addr { host: "127.8.197.67" port: 35551 } } peers { permanent_uuid: "a1e2b4c09e7946258af6cc6c6d617c84" member_type: VOTER last_known_addr { host: "127.8.197.68" port: 40041 } attrs { promote: false } }
I20260608 13:05:06.630430 12133 raft_consensus.cc:3060] T afab733ac0064aaf99e8b2d35991cbd4 P 39108142e73f4cf897ca23fbcab6d683 [term 1 FOLLOWER]: Advancing to term 2
I20260608 13:05:06.634208 12061 raft_consensus.cc:2468] T afab733ac0064aaf99e8b2d35991cbd4 P 8370a33a166d4f808fa4ae46d48e1769 [term 2 FOLLOWER]: Leader election vote request: Granting yes vote for candidate a1e2b4c09e7946258af6cc6c6d617c84 in term 2.
I20260608 13:05:06.635542 12257 leader_election.cc:304] T afab733ac0064aaf99e8b2d35991cbd4 P a1e2b4c09e7946258af6cc6c6d617c84 [CANDIDATE]: Term 2 election: Election decided. Result: candidate won. Election summary: received 2 responses out of 3 voters: 2 yes votes; 0 no votes. yes voters: 8370a33a166d4f808fa4ae46d48e1769, a1e2b4c09e7946258af6cc6c6d617c84; no voters: 
I20260608 13:05:06.636453 12491 raft_consensus.cc:2804] T afab733ac0064aaf99e8b2d35991cbd4 P a1e2b4c09e7946258af6cc6c6d617c84 [term 2 FOLLOWER]: Leader election won for term 2
I20260608 13:05:06.636838 12133 raft_consensus.cc:2468] T afab733ac0064aaf99e8b2d35991cbd4 P 39108142e73f4cf897ca23fbcab6d683 [term 2 FOLLOWER]: Leader election vote request: Granting yes vote for candidate a1e2b4c09e7946258af6cc6c6d617c84 in term 2.
I20260608 13:05:06.637698 12491 raft_consensus.cc:697] T afab733ac0064aaf99e8b2d35991cbd4 P a1e2b4c09e7946258af6cc6c6d617c84 [term 2 LEADER]: Becoming Leader. State: Replica: a1e2b4c09e7946258af6cc6c6d617c84, State: Running, Role: LEADER
I20260608 13:05:06.639209 12491 consensus_queue.cc:237] T afab733ac0064aaf99e8b2d35991cbd4 P a1e2b4c09e7946258af6cc6c6d617c84 [LEADER]: Queue going to LEADER mode. State: All replicated index: 0, Majority replicated index: 4, Committed index: 4, Last appended: 1.4, Last appended by leader: 4, Current term: 2, Majority size: 2, State: 0, Mode: LEADER, active raft config: opid_index: 4 OBSOLETE_local: false peers { permanent_uuid: "8370a33a166d4f808fa4ae46d48e1769" member_type: VOTER last_known_addr { host: "127.8.197.66" port: 45035 } } peers { permanent_uuid: "39108142e73f4cf897ca23fbcab6d683" member_type: VOTER last_known_addr { host: "127.8.197.67" port: 35551 } } peers { permanent_uuid: "a1e2b4c09e7946258af6cc6c6d617c84" member_type: VOTER last_known_addr { host: "127.8.197.68" port: 40041 } attrs { promote: false } }
I20260608 13:05:06.650833 11883 catalog_manager.cc:5696] T afab733ac0064aaf99e8b2d35991cbd4 P a1e2b4c09e7946258af6cc6c6d617c84 reported cstate change: term changed from 1 to 2, leader changed from 39108142e73f4cf897ca23fbcab6d683 (127.8.197.67) to a1e2b4c09e7946258af6cc6c6d617c84 (127.8.197.68). New cstate: current_term: 2 leader_uuid: "a1e2b4c09e7946258af6cc6c6d617c84" committed_config { opid_index: 4 OBSOLETE_local: false peers { permanent_uuid: "8370a33a166d4f808fa4ae46d48e1769" member_type: VOTER last_known_addr { host: "127.8.197.66" port: 45035 } health_report { overall_health: UNKNOWN } } peers { permanent_uuid: "39108142e73f4cf897ca23fbcab6d683" member_type: VOTER last_known_addr { host: "127.8.197.67" port: 35551 } health_report { overall_health: UNKNOWN } } peers { permanent_uuid: "a1e2b4c09e7946258af6cc6c6d617c84" member_type: VOTER last_known_addr { host: "127.8.197.68" port: 40041 } attrs { promote: false } health_report { overall_health: HEALTHY } } }
I20260608 13:05:06.837618 12133 consensus_queue.cc:237] T 03845961e58746c7b8db72d76d0d8af3 P 39108142e73f4cf897ca23fbcab6d683 [LEADER]: Queue going to LEADER mode. State: All replicated index: 0, Majority replicated index: 2, Committed index: 2, Last appended: 2.2, Last appended by leader: 1, Current term: 2, Majority size: 2, State: 0, Mode: LEADER, active raft config: opid_index: 3 OBSOLETE_local: false peers { permanent_uuid: "39108142e73f4cf897ca23fbcab6d683" member_type: VOTER last_known_addr { host: "127.8.197.67" port: 35551 } } peers { permanent_uuid: "a885461a49c247a7bf6b879ef5a967df" member_type: VOTER last_known_addr { host: "127.8.197.65" port: 46299 } } peers { permanent_uuid: "a1e2b4c09e7946258af6cc6c6d617c84" member_type: VOTER last_known_addr { host: "127.8.197.68" port: 40041 } attrs { replace: true } } peers { permanent_uuid: "8370a33a166d4f808fa4ae46d48e1769" member_type: NON_VOTER last_known_addr { host: "127.8.197.66" port: 45035 } attrs { promote: true } }
I20260608 13:05:06.845027 12292 raft_consensus.cc:1275] T 03845961e58746c7b8db72d76d0d8af3 P a1e2b4c09e7946258af6cc6c6d617c84 [term 2 FOLLOWER]: Refusing update from remote peer 39108142e73f4cf897ca23fbcab6d683: Log matching property violated. Preceding OpId in replica: term: 2 index: 2. Preceding OpId from leader: term: 2 index: 3. (index mismatch)
I20260608 13:05:06.845064 11985 raft_consensus.cc:1275] T 03845961e58746c7b8db72d76d0d8af3 P a885461a49c247a7bf6b879ef5a967df [term 2 FOLLOWER]: Refusing update from remote peer 39108142e73f4cf897ca23fbcab6d683: Log matching property violated. Preceding OpId in replica: term: 2 index: 2. Preceding OpId from leader: term: 2 index: 3. (index mismatch)
W20260608 13:05:06.845476 12101 consensus_peers.cc:597] T 03845961e58746c7b8db72d76d0d8af3 P 39108142e73f4cf897ca23fbcab6d683 -> Peer 8370a33a166d4f808fa4ae46d48e1769 (127.8.197.66:45035): Couldn't send request to peer 8370a33a166d4f808fa4ae46d48e1769. Error code: TABLET_NOT_FOUND (6). Status: Not found: Tablet not found: 03845961e58746c7b8db72d76d0d8af3. This is attempt 1: this message will repeat every 5th retry.
I20260608 13:05:06.846482 12494 consensus_queue.cc:1048] T 03845961e58746c7b8db72d76d0d8af3 P 39108142e73f4cf897ca23fbcab6d683 [LEADER]: Connected to new peer: Peer: permanent_uuid: "a1e2b4c09e7946258af6cc6c6d617c84" member_type: VOTER last_known_addr { host: "127.8.197.68" port: 40041 } attrs { replace: true }, Status: LMP_MISMATCH, Last received: 0.0, Next index: 3, Last known committed idx: 2, Time since last communication: 0.000s
I20260608 13:05:06.847324 12501 consensus_queue.cc:1048] T 03845961e58746c7b8db72d76d0d8af3 P 39108142e73f4cf897ca23fbcab6d683 [LEADER]: Connected to new peer: Peer: permanent_uuid: "a885461a49c247a7bf6b879ef5a967df" member_type: VOTER last_known_addr { host: "127.8.197.65" port: 46299 }, Status: LMP_MISMATCH, Last received: 0.0, Next index: 3, Last known committed idx: 2, Time since last communication: 0.000s
I20260608 13:05:06.855052 12494 raft_consensus.cc:2955] T 03845961e58746c7b8db72d76d0d8af3 P 39108142e73f4cf897ca23fbcab6d683 [term 2 LEADER]: Committing config change with OpId 2.3: config changed from index -1 to 3, NON_VOTER 8370a33a166d4f808fa4ae46d48e1769 (127.8.197.66) added. New config: { opid_index: 3 OBSOLETE_local: false peers { permanent_uuid: "39108142e73f4cf897ca23fbcab6d683" member_type: VOTER last_known_addr { host: "127.8.197.67" port: 35551 } } peers { permanent_uuid: "a885461a49c247a7bf6b879ef5a967df" member_type: VOTER last_known_addr { host: "127.8.197.65" port: 46299 } } peers { permanent_uuid: "a1e2b4c09e7946258af6cc6c6d617c84" member_type: VOTER last_known_addr { host: "127.8.197.68" port: 40041 } attrs { replace: true } } peers { permanent_uuid: "8370a33a166d4f808fa4ae46d48e1769" member_type: NON_VOTER last_known_addr { host: "127.8.197.66" port: 45035 } attrs { promote: true } } }
I20260608 13:05:06.857061 12292 raft_consensus.cc:2955] T 03845961e58746c7b8db72d76d0d8af3 P a1e2b4c09e7946258af6cc6c6d617c84 [term 2 FOLLOWER]: Committing config change with OpId 2.3: config changed from index -1 to 3, NON_VOTER 8370a33a166d4f808fa4ae46d48e1769 (127.8.197.66) added. New config: { opid_index: 3 OBSOLETE_local: false peers { permanent_uuid: "39108142e73f4cf897ca23fbcab6d683" member_type: VOTER last_known_addr { host: "127.8.197.67" port: 35551 } } peers { permanent_uuid: "a885461a49c247a7bf6b879ef5a967df" member_type: VOTER last_known_addr { host: "127.8.197.65" port: 46299 } } peers { permanent_uuid: "a1e2b4c09e7946258af6cc6c6d617c84" member_type: VOTER last_known_addr { host: "127.8.197.68" port: 40041 } attrs { replace: true } } peers { permanent_uuid: "8370a33a166d4f808fa4ae46d48e1769" member_type: NON_VOTER last_known_addr { host: "127.8.197.66" port: 45035 } attrs { promote: true } } }
I20260608 13:05:06.860311 11985 raft_consensus.cc:2955] T 03845961e58746c7b8db72d76d0d8af3 P a885461a49c247a7bf6b879ef5a967df [term 2 FOLLOWER]: Committing config change with OpId 2.3: config changed from index -1 to 3, NON_VOTER 8370a33a166d4f808fa4ae46d48e1769 (127.8.197.66) added. New config: { opid_index: 3 OBSOLETE_local: false peers { permanent_uuid: "39108142e73f4cf897ca23fbcab6d683" member_type: VOTER last_known_addr { host: "127.8.197.67" port: 35551 } } peers { permanent_uuid: "a885461a49c247a7bf6b879ef5a967df" member_type: VOTER last_known_addr { host: "127.8.197.65" port: 46299 } } peers { permanent_uuid: "a1e2b4c09e7946258af6cc6c6d617c84" member_type: VOTER last_known_addr { host: "127.8.197.68" port: 40041 } attrs { replace: true } } peers { permanent_uuid: "8370a33a166d4f808fa4ae46d48e1769" member_type: NON_VOTER last_known_addr { host: "127.8.197.66" port: 45035 } attrs { promote: true } } }
I20260608 13:05:06.871008 11883 catalog_manager.cc:5696] T 03845961e58746c7b8db72d76d0d8af3 P 39108142e73f4cf897ca23fbcab6d683 reported cstate change: config changed from index -1 to 3, NON_VOTER 8370a33a166d4f808fa4ae46d48e1769 (127.8.197.66) added. New cstate: current_term: 2 leader_uuid: "39108142e73f4cf897ca23fbcab6d683" committed_config { opid_index: 3 OBSOLETE_local: false peers { permanent_uuid: "39108142e73f4cf897ca23fbcab6d683" member_type: VOTER last_known_addr { host: "127.8.197.67" port: 35551 } health_report { overall_health: HEALTHY } } peers { permanent_uuid: "a885461a49c247a7bf6b879ef5a967df" member_type: VOTER last_known_addr { host: "127.8.197.65" port: 46299 } health_report { overall_health: HEALTHY } } peers { permanent_uuid: "a1e2b4c09e7946258af6cc6c6d617c84" member_type: VOTER last_known_addr { host: "127.8.197.68" port: 40041 } attrs { replace: true } health_report { overall_health: HEALTHY } } peers { permanent_uuid: "8370a33a166d4f808fa4ae46d48e1769" member_type: NON_VOTER last_known_addr { host: "127.8.197.66" port: 45035 } attrs { promote: true } health_report { overall_health: UNKNOWN } } }
I20260608 13:05:06.891330 11985 consensus_queue.cc:237] T 7d207c7a585140359fb8aac06485076e P a885461a49c247a7bf6b879ef5a967df [LEADER]: Queue going to LEADER mode. State: All replicated index: 0, Majority replicated index: 1, Committed index: 1, Last appended: 1.1, Last appended by leader: 0, Current term: 1, Majority size: 2, State: 0, Mode: LEADER, active raft config: opid_index: 2 OBSOLETE_local: false peers { permanent_uuid: "a885461a49c247a7bf6b879ef5a967df" member_type: VOTER last_known_addr { host: "127.8.197.65" port: 46299 } } peers { permanent_uuid: "8370a33a166d4f808fa4ae46d48e1769" member_type: VOTER last_known_addr { host: "127.8.197.66" port: 45035 } attrs { replace: true } } peers { permanent_uuid: "39108142e73f4cf897ca23fbcab6d683" member_type: VOTER last_known_addr { host: "127.8.197.67" port: 35551 } } peers { permanent_uuid: "a1e2b4c09e7946258af6cc6c6d617c84" member_type: NON_VOTER last_known_addr { host: "127.8.197.68" port: 40041 } attrs { promote: true } }
I20260608 13:05:06.898681 12133 raft_consensus.cc:1275] T 7d207c7a585140359fb8aac06485076e P 39108142e73f4cf897ca23fbcab6d683 [term 1 FOLLOWER]: Refusing update from remote peer a885461a49c247a7bf6b879ef5a967df: Log matching property violated. Preceding OpId in replica: term: 1 index: 1. Preceding OpId from leader: term: 1 index: 2. (index mismatch)
I20260608 13:05:06.900126 12507 consensus_queue.cc:1048] T 7d207c7a585140359fb8aac06485076e P a885461a49c247a7bf6b879ef5a967df [LEADER]: Connected to new peer: Peer: permanent_uuid: "39108142e73f4cf897ca23fbcab6d683" member_type: VOTER last_known_addr { host: "127.8.197.67" port: 35551 }, Status: LMP_MISMATCH, Last received: 0.0, Next index: 2, Last known committed idx: 1, Time since last communication: 0.000s
I20260608 13:05:06.900503 12061 raft_consensus.cc:1275] T 7d207c7a585140359fb8aac06485076e P 8370a33a166d4f808fa4ae46d48e1769 [term 1 FOLLOWER]: Refusing update from remote peer a885461a49c247a7bf6b879ef5a967df: Log matching property violated. Preceding OpId in replica: term: 1 index: 1. Preceding OpId from leader: term: 1 index: 2. (index mismatch)
W20260608 13:05:06.901067 11949 consensus_peers.cc:597] T 7d207c7a585140359fb8aac06485076e P a885461a49c247a7bf6b879ef5a967df -> Peer a1e2b4c09e7946258af6cc6c6d617c84 (127.8.197.68:40041): Couldn't send request to peer a1e2b4c09e7946258af6cc6c6d617c84. Error code: TABLET_NOT_FOUND (6). Status: Not found: Tablet not found: 7d207c7a585140359fb8aac06485076e. This is attempt 1: this message will repeat every 5th retry.
I20260608 13:05:06.902112 12440 consensus_queue.cc:1048] T 7d207c7a585140359fb8aac06485076e P a885461a49c247a7bf6b879ef5a967df [LEADER]: Connected to new peer: Peer: permanent_uuid: "8370a33a166d4f808fa4ae46d48e1769" member_type: VOTER last_known_addr { host: "127.8.197.66" port: 45035 } attrs { replace: true }, Status: LMP_MISMATCH, Last received: 0.0, Next index: 2, Last known committed idx: 1, Time since last communication: 0.000s
I20260608 13:05:06.911968 12440 raft_consensus.cc:2955] T 7d207c7a585140359fb8aac06485076e P a885461a49c247a7bf6b879ef5a967df [term 1 LEADER]: Committing config change with OpId 1.2: config changed from index -1 to 2, NON_VOTER a1e2b4c09e7946258af6cc6c6d617c84 (127.8.197.68) added. New config: { opid_index: 2 OBSOLETE_local: false peers { permanent_uuid: "a885461a49c247a7bf6b879ef5a967df" member_type: VOTER last_known_addr { host: "127.8.197.65" port: 46299 } } peers { permanent_uuid: "8370a33a166d4f808fa4ae46d48e1769" member_type: VOTER last_known_addr { host: "127.8.197.66" port: 45035 } attrs { replace: true } } peers { permanent_uuid: "39108142e73f4cf897ca23fbcab6d683" member_type: VOTER last_known_addr { host: "127.8.197.67" port: 35551 } } peers { permanent_uuid: "a1e2b4c09e7946258af6cc6c6d617c84" member_type: NON_VOTER last_known_addr { host: "127.8.197.68" port: 40041 } attrs { promote: true } } }
I20260608 13:05:06.914194 12133 raft_consensus.cc:2955] T 7d207c7a585140359fb8aac06485076e P 39108142e73f4cf897ca23fbcab6d683 [term 1 FOLLOWER]: Committing config change with OpId 1.2: config changed from index -1 to 2, NON_VOTER a1e2b4c09e7946258af6cc6c6d617c84 (127.8.197.68) added. New config: { opid_index: 2 OBSOLETE_local: false peers { permanent_uuid: "a885461a49c247a7bf6b879ef5a967df" member_type: VOTER last_known_addr { host: "127.8.197.65" port: 46299 } } peers { permanent_uuid: "8370a33a166d4f808fa4ae46d48e1769" member_type: VOTER last_known_addr { host: "127.8.197.66" port: 45035 } attrs { replace: true } } peers { permanent_uuid: "39108142e73f4cf897ca23fbcab6d683" member_type: VOTER last_known_addr { host: "127.8.197.67" port: 35551 } } peers { permanent_uuid: "a1e2b4c09e7946258af6cc6c6d617c84" member_type: NON_VOTER last_known_addr { host: "127.8.197.68" port: 40041 } attrs { promote: true } } }
I20260608 13:05:06.916704 12061 raft_consensus.cc:2955] T 7d207c7a585140359fb8aac06485076e P 8370a33a166d4f808fa4ae46d48e1769 [term 1 FOLLOWER]: Committing config change with OpId 1.2: config changed from index -1 to 2, NON_VOTER a1e2b4c09e7946258af6cc6c6d617c84 (127.8.197.68) added. New config: { opid_index: 2 OBSOLETE_local: false peers { permanent_uuid: "a885461a49c247a7bf6b879ef5a967df" member_type: VOTER last_known_addr { host: "127.8.197.65" port: 46299 } } peers { permanent_uuid: "8370a33a166d4f808fa4ae46d48e1769" member_type: VOTER last_known_addr { host: "127.8.197.66" port: 45035 } attrs { replace: true } } peers { permanent_uuid: "39108142e73f4cf897ca23fbcab6d683" member_type: VOTER last_known_addr { host: "127.8.197.67" port: 35551 } } peers { permanent_uuid: "a1e2b4c09e7946258af6cc6c6d617c84" member_type: NON_VOTER last_known_addr { host: "127.8.197.68" port: 40041 } attrs { promote: true } } }
I20260608 13:05:06.929073 11884 catalog_manager.cc:5696] T 7d207c7a585140359fb8aac06485076e P 39108142e73f4cf897ca23fbcab6d683 reported cstate change: config changed from index -1 to 2, NON_VOTER a1e2b4c09e7946258af6cc6c6d617c84 (127.8.197.68) added. New cstate: current_term: 1 leader_uuid: "a885461a49c247a7bf6b879ef5a967df" committed_config { opid_index: 2 OBSOLETE_local: false peers { permanent_uuid: "a885461a49c247a7bf6b879ef5a967df" member_type: VOTER last_known_addr { host: "127.8.197.65" port: 46299 } } peers { permanent_uuid: "8370a33a166d4f808fa4ae46d48e1769" member_type: VOTER last_known_addr { host: "127.8.197.66" port: 45035 } attrs { replace: true } } peers { permanent_uuid: "39108142e73f4cf897ca23fbcab6d683" member_type: VOTER last_known_addr { host: "127.8.197.67" port: 35551 } } peers { permanent_uuid: "a1e2b4c09e7946258af6cc6c6d617c84" member_type: NON_VOTER last_known_addr { host: "127.8.197.68" port: 40041 } attrs { promote: true } } }
I20260608 13:05:06.931030 11985 consensus_queue.cc:237] T d2e21f728d834f4f9ef7952a38824682 P a885461a49c247a7bf6b879ef5a967df [LEADER]: Queue going to LEADER mode. State: All replicated index: 0, Majority replicated index: 1, Committed index: 1, Last appended: 1.1, Last appended by leader: 0, Current term: 1, Majority size: 2, State: 0, Mode: LEADER, active raft config: opid_index: 2 OBSOLETE_local: false peers { permanent_uuid: "a1e2b4c09e7946258af6cc6c6d617c84" member_type: VOTER last_known_addr { host: "127.8.197.68" port: 40041 } attrs { replace: true } } peers { permanent_uuid: "a885461a49c247a7bf6b879ef5a967df" member_type: VOTER last_known_addr { host: "127.8.197.65" port: 46299 } } peers { permanent_uuid: "8370a33a166d4f808fa4ae46d48e1769" member_type: VOTER last_known_addr { host: "127.8.197.66" port: 45035 } } peers { permanent_uuid: "39108142e73f4cf897ca23fbcab6d683" member_type: NON_VOTER last_known_addr { host: "127.8.197.67" port: 35551 } attrs { promote: true } }
I20260608 13:05:06.939497 12061 raft_consensus.cc:1275] T d2e21f728d834f4f9ef7952a38824682 P 8370a33a166d4f808fa4ae46d48e1769 [term 1 FOLLOWER]: Refusing update from remote peer a885461a49c247a7bf6b879ef5a967df: Log matching property violated. Preceding OpId in replica: term: 1 index: 1. Preceding OpId from leader: term: 1 index: 2. (index mismatch)
W20260608 13:05:06.939618 11952 consensus_peers.cc:597] T d2e21f728d834f4f9ef7952a38824682 P a885461a49c247a7bf6b879ef5a967df -> Peer 39108142e73f4cf897ca23fbcab6d683 (127.8.197.67:35551): Couldn't send request to peer 39108142e73f4cf897ca23fbcab6d683. Error code: TABLET_NOT_FOUND (6). Status: Not found: Tablet not found: d2e21f728d834f4f9ef7952a38824682. This is attempt 1: this message will repeat every 5th retry.
I20260608 13:05:06.940843 12292 raft_consensus.cc:1275] T d2e21f728d834f4f9ef7952a38824682 P a1e2b4c09e7946258af6cc6c6d617c84 [term 1 FOLLOWER]: Refusing update from remote peer a885461a49c247a7bf6b879ef5a967df: Log matching property violated. Preceding OpId in replica: term: 1 index: 1. Preceding OpId from leader: term: 1 index: 2. (index mismatch)
I20260608 13:05:06.941237 12507 consensus_queue.cc:1048] T d2e21f728d834f4f9ef7952a38824682 P a885461a49c247a7bf6b879ef5a967df [LEADER]: Connected to new peer: Peer: permanent_uuid: "8370a33a166d4f808fa4ae46d48e1769" member_type: VOTER last_known_addr { host: "127.8.197.66" port: 45035 }, Status: LMP_MISMATCH, Last received: 0.0, Next index: 2, Last known committed idx: 1, Time since last communication: 0.000s
I20260608 13:05:06.942528 12440 consensus_queue.cc:1048] T d2e21f728d834f4f9ef7952a38824682 P a885461a49c247a7bf6b879ef5a967df [LEADER]: Connected to new peer: Peer: permanent_uuid: "a1e2b4c09e7946258af6cc6c6d617c84" member_type: VOTER last_known_addr { host: "127.8.197.68" port: 40041 } attrs { replace: true }, Status: LMP_MISMATCH, Last received: 0.0, Next index: 2, Last known committed idx: 1, Time since last communication: 0.000s
I20260608 13:05:06.965226 12507 raft_consensus.cc:2955] T d2e21f728d834f4f9ef7952a38824682 P a885461a49c247a7bf6b879ef5a967df [term 1 LEADER]: Committing config change with OpId 1.2: config changed from index -1 to 2, NON_VOTER 39108142e73f4cf897ca23fbcab6d683 (127.8.197.67) added. New config: { opid_index: 2 OBSOLETE_local: false peers { permanent_uuid: "a1e2b4c09e7946258af6cc6c6d617c84" member_type: VOTER last_known_addr { host: "127.8.197.68" port: 40041 } attrs { replace: true } } peers { permanent_uuid: "a885461a49c247a7bf6b879ef5a967df" member_type: VOTER last_known_addr { host: "127.8.197.65" port: 46299 } } peers { permanent_uuid: "8370a33a166d4f808fa4ae46d48e1769" member_type: VOTER last_known_addr { host: "127.8.197.66" port: 45035 } } peers { permanent_uuid: "39108142e73f4cf897ca23fbcab6d683" member_type: NON_VOTER last_known_addr { host: "127.8.197.67" port: 35551 } attrs { promote: true } } }
I20260608 13:05:06.970296 12292 raft_consensus.cc:2955] T d2e21f728d834f4f9ef7952a38824682 P a1e2b4c09e7946258af6cc6c6d617c84 [term 1 FOLLOWER]: Committing config change with OpId 1.2: config changed from index -1 to 2, NON_VOTER 39108142e73f4cf897ca23fbcab6d683 (127.8.197.67) added. New config: { opid_index: 2 OBSOLETE_local: false peers { permanent_uuid: "a1e2b4c09e7946258af6cc6c6d617c84" member_type: VOTER last_known_addr { host: "127.8.197.68" port: 40041 } attrs { replace: true } } peers { permanent_uuid: "a885461a49c247a7bf6b879ef5a967df" member_type: VOTER last_known_addr { host: "127.8.197.65" port: 46299 } } peers { permanent_uuid: "8370a33a166d4f808fa4ae46d48e1769" member_type: VOTER last_known_addr { host: "127.8.197.66" port: 45035 } } peers { permanent_uuid: "39108142e73f4cf897ca23fbcab6d683" member_type: NON_VOTER last_known_addr { host: "127.8.197.67" port: 35551 } attrs { promote: true } } }
I20260608 13:05:06.970604 12061 raft_consensus.cc:2955] T d2e21f728d834f4f9ef7952a38824682 P 8370a33a166d4f808fa4ae46d48e1769 [term 1 FOLLOWER]: Committing config change with OpId 1.2: config changed from index -1 to 2, NON_VOTER 39108142e73f4cf897ca23fbcab6d683 (127.8.197.67) added. New config: { opid_index: 2 OBSOLETE_local: false peers { permanent_uuid: "a1e2b4c09e7946258af6cc6c6d617c84" member_type: VOTER last_known_addr { host: "127.8.197.68" port: 40041 } attrs { replace: true } } peers { permanent_uuid: "a885461a49c247a7bf6b879ef5a967df" member_type: VOTER last_known_addr { host: "127.8.197.65" port: 46299 } } peers { permanent_uuid: "8370a33a166d4f808fa4ae46d48e1769" member_type: VOTER last_known_addr { host: "127.8.197.66" port: 45035 } } peers { permanent_uuid: "39108142e73f4cf897ca23fbcab6d683" member_type: NON_VOTER last_known_addr { host: "127.8.197.67" port: 35551 } attrs { promote: true } } }
I20260608 13:05:06.983896 11881 catalog_manager.cc:5696] T d2e21f728d834f4f9ef7952a38824682 P 8370a33a166d4f808fa4ae46d48e1769 reported cstate change: config changed from index -1 to 2, NON_VOTER 39108142e73f4cf897ca23fbcab6d683 (127.8.197.67) added. New cstate: current_term: 1 leader_uuid: "a885461a49c247a7bf6b879ef5a967df" committed_config { opid_index: 2 OBSOLETE_local: false peers { permanent_uuid: "a1e2b4c09e7946258af6cc6c6d617c84" member_type: VOTER last_known_addr { host: "127.8.197.68" port: 40041 } attrs { replace: true } } peers { permanent_uuid: "a885461a49c247a7bf6b879ef5a967df" member_type: VOTER last_known_addr { host: "127.8.197.65" port: 46299 } } peers { permanent_uuid: "8370a33a166d4f808fa4ae46d48e1769" member_type: VOTER last_known_addr { host: "127.8.197.66" port: 45035 } } peers { permanent_uuid: "39108142e73f4cf897ca23fbcab6d683" member_type: NON_VOTER last_known_addr { host: "127.8.197.67" port: 35551 } attrs { promote: true } } }
I20260608 13:05:06.987988 12061 consensus_queue.cc:237] T 6c1a3a594c0f4ee6ae44a3bb6c956d60 P 8370a33a166d4f808fa4ae46d48e1769 [LEADER]: Queue going to LEADER mode. State: All replicated index: 0, Majority replicated index: 2, Committed index: 2, Last appended: 2.2, Last appended by leader: 1, Current term: 2, Majority size: 2, State: 0, Mode: LEADER, active raft config: opid_index: 3 OBSOLETE_local: false peers { permanent_uuid: "8370a33a166d4f808fa4ae46d48e1769" member_type: VOTER last_known_addr { host: "127.8.197.66" port: 45035 } } peers { permanent_uuid: "a885461a49c247a7bf6b879ef5a967df" member_type: VOTER last_known_addr { host: "127.8.197.65" port: 46299 } } peers { permanent_uuid: "39108142e73f4cf897ca23fbcab6d683" member_type: VOTER last_known_addr { host: "127.8.197.67" port: 35551 } attrs { replace: true } } peers { permanent_uuid: "a1e2b4c09e7946258af6cc6c6d617c84" member_type: NON_VOTER last_known_addr { host: "127.8.197.68" port: 40041 } attrs { promote: true } }
I20260608 13:05:06.997346 12133 raft_consensus.cc:1275] T 6c1a3a594c0f4ee6ae44a3bb6c956d60 P 39108142e73f4cf897ca23fbcab6d683 [term 2 FOLLOWER]: Refusing update from remote peer 8370a33a166d4f808fa4ae46d48e1769: Log matching property violated. Preceding OpId in replica: term: 2 index: 2. Preceding OpId from leader: term: 2 index: 3. (index mismatch)
I20260608 13:05:06.999492 12478 consensus_queue.cc:1048] T 6c1a3a594c0f4ee6ae44a3bb6c956d60 P 8370a33a166d4f808fa4ae46d48e1769 [LEADER]: Connected to new peer: Peer: permanent_uuid: "39108142e73f4cf897ca23fbcab6d683" member_type: VOTER last_known_addr { host: "127.8.197.67" port: 35551 } attrs { replace: true }, Status: LMP_MISMATCH, Last received: 0.0, Next index: 3, Last known committed idx: 2, Time since last communication: 0.000s
W20260608 13:05:07.002370 12024 consensus_peers.cc:597] T 6c1a3a594c0f4ee6ae44a3bb6c956d60 P 8370a33a166d4f808fa4ae46d48e1769 -> Peer a1e2b4c09e7946258af6cc6c6d617c84 (127.8.197.68:40041): Couldn't send request to peer a1e2b4c09e7946258af6cc6c6d617c84. Error code: TABLET_NOT_FOUND (6). Status: Not found: Tablet not found: 6c1a3a594c0f4ee6ae44a3bb6c956d60. This is attempt 1: this message will repeat every 5th retry.
I20260608 13:05:07.003341 11985 raft_consensus.cc:1275] T 6c1a3a594c0f4ee6ae44a3bb6c956d60 P a885461a49c247a7bf6b879ef5a967df [term 2 FOLLOWER]: Refusing update from remote peer 8370a33a166d4f808fa4ae46d48e1769: Log matching property violated. Preceding OpId in replica: term: 2 index: 2. Preceding OpId from leader: term: 2 index: 3. (index mismatch)
I20260608 13:05:07.005522 12515 consensus_queue.cc:1048] T 6c1a3a594c0f4ee6ae44a3bb6c956d60 P 8370a33a166d4f808fa4ae46d48e1769 [LEADER]: Connected to new peer: Peer: permanent_uuid: "a885461a49c247a7bf6b879ef5a967df" member_type: VOTER last_known_addr { host: "127.8.197.65" port: 46299 }, Status: LMP_MISMATCH, Last received: 0.0, Next index: 3, Last known committed idx: 2, Time since last communication: 0.000s
I20260608 13:05:07.011962 12478 raft_consensus.cc:2955] T 6c1a3a594c0f4ee6ae44a3bb6c956d60 P 8370a33a166d4f808fa4ae46d48e1769 [term 2 LEADER]: Committing config change with OpId 2.3: config changed from index -1 to 3, NON_VOTER a1e2b4c09e7946258af6cc6c6d617c84 (127.8.197.68) added. New config: { opid_index: 3 OBSOLETE_local: false peers { permanent_uuid: "8370a33a166d4f808fa4ae46d48e1769" member_type: VOTER last_known_addr { host: "127.8.197.66" port: 45035 } } peers { permanent_uuid: "a885461a49c247a7bf6b879ef5a967df" member_type: VOTER last_known_addr { host: "127.8.197.65" port: 46299 } } peers { permanent_uuid: "39108142e73f4cf897ca23fbcab6d683" member_type: VOTER last_known_addr { host: "127.8.197.67" port: 35551 } attrs { replace: true } } peers { permanent_uuid: "a1e2b4c09e7946258af6cc6c6d617c84" member_type: NON_VOTER last_known_addr { host: "127.8.197.68" port: 40041 } attrs { promote: true } } }
I20260608 13:05:07.014045 12134 raft_consensus.cc:2955] T 6c1a3a594c0f4ee6ae44a3bb6c956d60 P 39108142e73f4cf897ca23fbcab6d683 [term 2 FOLLOWER]: Committing config change with OpId 2.3: config changed from index -1 to 3, NON_VOTER a1e2b4c09e7946258af6cc6c6d617c84 (127.8.197.68) added. New config: { opid_index: 3 OBSOLETE_local: false peers { permanent_uuid: "8370a33a166d4f808fa4ae46d48e1769" member_type: VOTER last_known_addr { host: "127.8.197.66" port: 45035 } } peers { permanent_uuid: "a885461a49c247a7bf6b879ef5a967df" member_type: VOTER last_known_addr { host: "127.8.197.65" port: 46299 } } peers { permanent_uuid: "39108142e73f4cf897ca23fbcab6d683" member_type: VOTER last_known_addr { host: "127.8.197.67" port: 35551 } attrs { replace: true } } peers { permanent_uuid: "a1e2b4c09e7946258af6cc6c6d617c84" member_type: NON_VOTER last_known_addr { host: "127.8.197.68" port: 40041 } attrs { promote: true } } }
