I20260608 13:04:56.466717 11850 raft_consensus.cc:3060] T 9f8c4b3d72e148b18c1825088585e9ff P 70b66fc3a82a47889b55665672fc4f4e [term 0 FOLLOWER]: Advancing to term 1
I20260608 13:04:56.466833 11896 raft_consensus.cc:385] T 80bfa8d3632a476b91c2c514ee7ad920 P 70b66fc3a82a47889b55665672fc4f4e [term 0 FOLLOWER]: Consensus starting up: Expiring failure detector timer to make a prompt election more likely
I20260608 13:04:56.467284 11896 raft_consensus.cc:740] T 80bfa8d3632a476b91c2c514ee7ad920 P 70b66fc3a82a47889b55665672fc4f4e [term 0 FOLLOWER]: Becoming Follower/Learner. State: Replica: 70b66fc3a82a47889b55665672fc4f4e, State: Initialized, Role: FOLLOWER
I20260608 13:04:56.468304 11896 consensus_queue.cc:260] T 80bfa8d3632a476b91c2c514ee7ad920 P 70b66fc3a82a47889b55665672fc4f4e [NON_LEADER]: Queue going to NON_LEADER mode. State: All replicated index: 0, Majority replicated index: 0, Committed index: 0, Last appended: 0.0, Last appended by leader: 0, Current term: 0, Majority size: -1, State: 0, Mode: NON_LEADER, active raft config: opid_index: -1 OBSOLETE_local: false peers { permanent_uuid: "3d74aedb68fc4c378d10942cad2bfaa8" member_type: VOTER last_known_addr { host: "127.8.137.66" port: 42765 } } peers { permanent_uuid: "7880a4d56dd84c05b10054899218595d" member_type: VOTER last_known_addr { host: "127.8.137.65" port: 45897 } } peers { permanent_uuid: "70b66fc3a82a47889b55665672fc4f4e" member_type: VOTER last_known_addr { host: "127.8.137.67" port: 36399 } }
I20260608 13:04:56.469666 11777 raft_consensus.cc:2468] T 9f8c4b3d72e148b18c1825088585e9ff P 3d74aedb68fc4c378d10942cad2bfaa8 [term 1 FOLLOWER]: Leader election vote request: Granting yes vote for candidate 7880a4d56dd84c05b10054899218595d in term 1.
I20260608 13:04:56.471038 11666 leader_election.cc:304] T 9f8c4b3d72e148b18c1825088585e9ff P 7880a4d56dd84c05b10054899218595d [CANDIDATE]: Term 1 election: Election decided. Result: candidate won. Election summary: received 2 responses out of 3 voters: 2 yes votes; 0 no votes. yes voters: 3d74aedb68fc4c378d10942cad2bfaa8, 7880a4d56dd84c05b10054899218595d; no voters: 
I20260608 13:04:56.471985 11923 raft_consensus.cc:2804] T 9f8c4b3d72e148b18c1825088585e9ff P 7880a4d56dd84c05b10054899218595d [term 1 FOLLOWER]: Leader election won for term 1
I20260608 13:04:56.472484 11923 raft_consensus.cc:697] T 9f8c4b3d72e148b18c1825088585e9ff P 7880a4d56dd84c05b10054899218595d [term 1 LEADER]: Becoming Leader. State: Replica: 7880a4d56dd84c05b10054899218595d, State: Running, Role: LEADER
I20260608 13:04:56.473330 11923 consensus_queue.cc:237] T 9f8c4b3d72e148b18c1825088585e9ff P 7880a4d56dd84c05b10054899218595d [LEADER]: Queue going to LEADER mode. State: All replicated index: 0, Majority replicated index: 0, Committed index: 0, Last appended: 0.0, Last appended by leader: 0, Current term: 1, Majority size: 2, State: 0, Mode: LEADER, active raft config: opid_index: -1 OBSOLETE_local: false peers { permanent_uuid: "7880a4d56dd84c05b10054899218595d" member_type: VOTER last_known_addr { host: "127.8.137.65" port: 45897 } } peers { permanent_uuid: "3d74aedb68fc4c378d10942cad2bfaa8" member_type: VOTER last_known_addr { host: "127.8.137.66" port: 42765 } } peers { permanent_uuid: "70b66fc3a82a47889b55665672fc4f4e" member_type: VOTER last_known_addr { host: "127.8.137.67" port: 36399 } }
I20260608 13:04:56.473819 11896 ts_tablet_manager.cc:1434] T 80bfa8d3632a476b91c2c514ee7ad920 P 70b66fc3a82a47889b55665672fc4f4e: Time spent starting tablet: real 0.011s	user 0.007s	sys 0.000s
I20260608 13:04:56.475185 11896 tablet_bootstrap.cc:492] T 06dc213b9d384c17957084c53756a40b P 70b66fc3a82a47889b55665672fc4f4e: Bootstrap starting.
I20260608 13:04:56.462040 11897 tablet_bootstrap.cc:492] T 06dc213b9d384c17957084c53756a40b P 7880a4d56dd84c05b10054899218595d: No bootstrap required, opened a new log
I20260608 13:04:56.476497 11850 raft_consensus.cc:2468] T 9f8c4b3d72e148b18c1825088585e9ff P 70b66fc3a82a47889b55665672fc4f4e [term 1 FOLLOWER]: Leader election vote request: Granting yes vote for candidate 7880a4d56dd84c05b10054899218595d in term 1.
I20260608 13:04:56.477031 11897 ts_tablet_manager.cc:1403] T 06dc213b9d384c17957084c53756a40b P 7880a4d56dd84c05b10054899218595d: Time spent bootstrapping tablet: real 0.051s	user 0.010s	sys 0.003s
I20260608 13:04:56.477948 11902 leader_election.cc:290] T 9f8c4b3d72e148b18c1825088585e9ff P 7880a4d56dd84c05b10054899218595d [CANDIDATE]: Term 1 election: Requested vote from peers 3d74aedb68fc4c378d10942cad2bfaa8 (127.8.137.66:42765), 70b66fc3a82a47889b55665672fc4f4e (127.8.137.67:36399)
I20260608 13:04:56.478595 11931 raft_consensus.cc:493] T cfa849f3b0064a5fa1684f9e9f62f2a6 P 3d74aedb68fc4c378d10942cad2bfaa8 [term 0 FOLLOWER]: Starting pre-election (no leader contacted us within the election timeout)
I20260608 13:04:56.479054 11931 raft_consensus.cc:515] T cfa849f3b0064a5fa1684f9e9f62f2a6 P 3d74aedb68fc4c378d10942cad2bfaa8 [term 0 FOLLOWER]: Starting pre-election with config: opid_index: -1 OBSOLETE_local: false peers { permanent_uuid: "7880a4d56dd84c05b10054899218595d" member_type: VOTER last_known_addr { host: "127.8.137.65" port: 45897 } } peers { permanent_uuid: "3d74aedb68fc4c378d10942cad2bfaa8" member_type: VOTER last_known_addr { host: "127.8.137.66" port: 42765 } } peers { permanent_uuid: "70b66fc3a82a47889b55665672fc4f4e" member_type: VOTER last_known_addr { host: "127.8.137.67" port: 36399 } }
I20260608 13:04:56.481824 11931 leader_election.cc:290] T cfa849f3b0064a5fa1684f9e9f62f2a6 P 3d74aedb68fc4c378d10942cad2bfaa8 [CANDIDATE]: Term 1 pre-election: Requested pre-vote from peers 7880a4d56dd84c05b10054899218595d (127.8.137.65:45897), 70b66fc3a82a47889b55665672fc4f4e (127.8.137.67:36399)
I20260608 13:04:56.482208 11599 catalog_manager.cc:5696] T cfa849f3b0064a5fa1684f9e9f62f2a6 P 7880a4d56dd84c05b10054899218595d reported cstate change: term changed from 0 to 1, leader changed from <none> to 7880a4d56dd84c05b10054899218595d (127.8.137.65). New cstate: current_term: 1 leader_uuid: "7880a4d56dd84c05b10054899218595d" committed_config { opid_index: -1 OBSOLETE_local: false peers { permanent_uuid: "7880a4d56dd84c05b10054899218595d" member_type: VOTER last_known_addr { host: "127.8.137.65" port: 45897 } health_report { overall_health: HEALTHY } } peers { permanent_uuid: "3d74aedb68fc4c378d10942cad2bfaa8" member_type: VOTER last_known_addr { host: "127.8.137.66" port: 42765 } health_report { overall_health: UNKNOWN } } peers { permanent_uuid: "70b66fc3a82a47889b55665672fc4f4e" member_type: VOTER last_known_addr { host: "127.8.137.67" port: 36399 } health_report { overall_health: UNKNOWN } } }
I20260608 13:04:56.483110 11847 tablet_service.cc:1917] Received RequestConsensusVote() RPC: tablet_id: "cfa849f3b0064a5fa1684f9e9f62f2a6" candidate_uuid: "3d74aedb68fc4c378d10942cad2bfaa8" candidate_term: 1 candidate_status { last_received { term: 0 index: 0 } } ignore_live_leader: false dest_uuid: "70b66fc3a82a47889b55665672fc4f4e" is_pre_election: true
I20260608 13:04:56.484098 11847 raft_consensus.cc:2393] T cfa849f3b0064a5fa1684f9e9f62f2a6 P 70b66fc3a82a47889b55665672fc4f4e [term 1 FOLLOWER]: Leader pre-election vote request: Denying vote to candidate 3d74aedb68fc4c378d10942cad2bfaa8 in current term 1: Already voted for candidate 7880a4d56dd84c05b10054899218595d in this term.
I20260608 13:04:56.487105 11701 tablet_service.cc:1917] Received RequestConsensusVote() RPC: tablet_id: "cfa849f3b0064a5fa1684f9e9f62f2a6" candidate_uuid: "3d74aedb68fc4c378d10942cad2bfaa8" candidate_term: 1 candidate_status { last_received { term: 0 index: 0 } } ignore_live_leader: false dest_uuid: "7880a4d56dd84c05b10054899218595d" is_pre_election: true
I20260608 13:04:56.495224 11896 tablet_bootstrap.cc:654] T 06dc213b9d384c17957084c53756a40b P 70b66fc3a82a47889b55665672fc4f4e: Neither blocks nor log segments found. Creating new log.
I20260608 13:04:56.496035 11740 leader_election.cc:304] T cfa849f3b0064a5fa1684f9e9f62f2a6 P 3d74aedb68fc4c378d10942cad2bfaa8 [CANDIDATE]: Term 1 pre-election: Election decided. Result: candidate lost. Election summary: received 3 responses out of 3 voters: 1 yes votes; 2 no votes. yes voters: 3d74aedb68fc4c378d10942cad2bfaa8; no voters: 70b66fc3a82a47889b55665672fc4f4e, 7880a4d56dd84c05b10054899218595d
I20260608 13:04:56.497447 11931 raft_consensus.cc:3060] T cfa849f3b0064a5fa1684f9e9f62f2a6 P 3d74aedb68fc4c378d10942cad2bfaa8 [term 0 FOLLOWER]: Advancing to term 1
I20260608 13:04:56.485775 11897 raft_consensus.cc:359] T 06dc213b9d384c17957084c53756a40b P 7880a4d56dd84c05b10054899218595d [term 0 FOLLOWER]: Replica starting. Triggering 0 pending ops. Active config: opid_index: -1 OBSOLETE_local: false peers { permanent_uuid: "7880a4d56dd84c05b10054899218595d" member_type: VOTER last_known_addr { host: "127.8.137.65" port: 45897 } } peers { permanent_uuid: "3d74aedb68fc4c378d10942cad2bfaa8" member_type: VOTER last_known_addr { host: "127.8.137.66" port: 42765 } } peers { permanent_uuid: "70b66fc3a82a47889b55665672fc4f4e" member_type: VOTER last_known_addr { host: "127.8.137.67" port: 36399 } }
I20260608 13:04:56.504738 11897 raft_consensus.cc:385] T 06dc213b9d384c17957084c53756a40b P 7880a4d56dd84c05b10054899218595d [term 0 FOLLOWER]: Consensus starting up: Expiring failure detector timer to make a prompt election more likely
I20260608 13:04:56.505088 11897 raft_consensus.cc:740] T 06dc213b9d384c17957084c53756a40b P 7880a4d56dd84c05b10054899218595d [term 0 FOLLOWER]: Becoming Follower/Learner. State: Replica: 7880a4d56dd84c05b10054899218595d, State: Initialized, Role: FOLLOWER
I20260608 13:04:56.505748 11931 raft_consensus.cc:2749] T cfa849f3b0064a5fa1684f9e9f62f2a6 P 3d74aedb68fc4c378d10942cad2bfaa8 [term 1 FOLLOWER]: Leader pre-election lost for term 1. Reason: could not achieve majority
I20260608 13:04:56.505957 11897 consensus_queue.cc:260] T 06dc213b9d384c17957084c53756a40b P 7880a4d56dd84c05b10054899218595d [NON_LEADER]: Queue going to NON_LEADER mode. State: All replicated index: 0, Majority replicated index: 0, Committed index: 0, Last appended: 0.0, Last appended by leader: 0, Current term: 0, Majority size: -1, State: 0, Mode: NON_LEADER, active raft config: opid_index: -1 OBSOLETE_local: false peers { permanent_uuid: "7880a4d56dd84c05b10054899218595d" member_type: VOTER last_known_addr { host: "127.8.137.65" port: 45897 } } peers { permanent_uuid: "3d74aedb68fc4c378d10942cad2bfaa8" member_type: VOTER last_known_addr { host: "127.8.137.66" port: 42765 } } peers { permanent_uuid: "70b66fc3a82a47889b55665672fc4f4e" member_type: VOTER last_known_addr { host: "127.8.137.67" port: 36399 } }
I20260608 13:04:56.508397 11897 ts_tablet_manager.cc:1434] T 06dc213b9d384c17957084c53756a40b P 7880a4d56dd84c05b10054899218595d: Time spent starting tablet: real 0.031s	user 0.006s	sys 0.002s
I20260608 13:04:56.509441 11897 tablet_bootstrap.cc:492] T 849501bc2c334cb6918cb35c96325a91 P 7880a4d56dd84c05b10054899218595d: Bootstrap starting.
I20260608 13:04:56.513053 11598 catalog_manager.cc:5696] T 9446522644274118add40ff52a687621 P 3d74aedb68fc4c378d10942cad2bfaa8 reported cstate change: term changed from 0 to 1, leader changed from <none> to 3d74aedb68fc4c378d10942cad2bfaa8 (127.8.137.66). New cstate: current_term: 1 leader_uuid: "3d74aedb68fc4c378d10942cad2bfaa8" committed_config { opid_index: -1 OBSOLETE_local: false peers { permanent_uuid: "7880a4d56dd84c05b10054899218595d" member_type: VOTER last_known_addr { host: "127.8.137.65" port: 45897 } health_report { overall_health: UNKNOWN } } peers { permanent_uuid: "3d74aedb68fc4c378d10942cad2bfaa8" member_type: VOTER last_known_addr { host: "127.8.137.66" port: 42765 } health_report { overall_health: HEALTHY } } peers { permanent_uuid: "70b66fc3a82a47889b55665672fc4f4e" member_type: VOTER last_known_addr { host: "127.8.137.67" port: 36399 } health_report { overall_health: UNKNOWN } } }
I20260608 13:04:56.521193 11897 tablet_bootstrap.cc:654] T 849501bc2c334cb6918cb35c96325a91 P 7880a4d56dd84c05b10054899218595d: Neither blocks nor log segments found. Creating new log.
I20260608 13:04:56.531898 11599 catalog_manager.cc:5696] T 9f8c4b3d72e148b18c1825088585e9ff P 7880a4d56dd84c05b10054899218595d reported cstate change: term changed from 0 to 1, leader changed from <none> to 7880a4d56dd84c05b10054899218595d (127.8.137.65). New cstate: current_term: 1 leader_uuid: "7880a4d56dd84c05b10054899218595d" committed_config { opid_index: -1 OBSOLETE_local: false peers { permanent_uuid: "7880a4d56dd84c05b10054899218595d" member_type: VOTER last_known_addr { host: "127.8.137.65" port: 45897 } health_report { overall_health: HEALTHY } } peers { permanent_uuid: "3d74aedb68fc4c378d10942cad2bfaa8" member_type: VOTER last_known_addr { host: "127.8.137.66" port: 42765 } health_report { overall_health: UNKNOWN } } peers { permanent_uuid: "70b66fc3a82a47889b55665672fc4f4e" member_type: VOTER last_known_addr { host: "127.8.137.67" port: 36399 } health_report { overall_health: UNKNOWN } } }
I20260608 13:04:56.543643 11896 tablet_bootstrap.cc:492] T 06dc213b9d384c17957084c53756a40b P 70b66fc3a82a47889b55665672fc4f4e: No bootstrap required, opened a new log
I20260608 13:04:56.544287 11896 ts_tablet_manager.cc:1403] T 06dc213b9d384c17957084c53756a40b P 70b66fc3a82a47889b55665672fc4f4e: Time spent bootstrapping tablet: real 0.069s	user 0.032s	sys 0.015s
I20260608 13:04:56.547746 11896 raft_consensus.cc:359] T 06dc213b9d384c17957084c53756a40b P 70b66fc3a82a47889b55665672fc4f4e [term 0 FOLLOWER]: Replica starting. Triggering 0 pending ops. Active config: opid_index: -1 OBSOLETE_local: false peers { permanent_uuid: "7880a4d56dd84c05b10054899218595d" member_type: VOTER last_known_addr { host: "127.8.137.65" port: 45897 } } peers { permanent_uuid: "3d74aedb68fc4c378d10942cad2bfaa8" member_type: VOTER last_known_addr { host: "127.8.137.66" port: 42765 } } peers { permanent_uuid: "70b66fc3a82a47889b55665672fc4f4e" member_type: VOTER last_known_addr { host: "127.8.137.67" port: 36399 } }
I20260608 13:04:56.548521 11896 raft_consensus.cc:385] T 06dc213b9d384c17957084c53756a40b P 70b66fc3a82a47889b55665672fc4f4e [term 0 FOLLOWER]: Consensus starting up: Expiring failure detector timer to make a prompt election more likely
I20260608 13:04:56.548830 11896 raft_consensus.cc:740] T 06dc213b9d384c17957084c53756a40b P 70b66fc3a82a47889b55665672fc4f4e [term 0 FOLLOWER]: Becoming Follower/Learner. State: Replica: 70b66fc3a82a47889b55665672fc4f4e, State: Initialized, Role: FOLLOWER
I20260608 13:04:56.549520 11897 tablet_bootstrap.cc:492] T 849501bc2c334cb6918cb35c96325a91 P 7880a4d56dd84c05b10054899218595d: No bootstrap required, opened a new log
I20260608 13:04:56.549963 11897 ts_tablet_manager.cc:1403] T 849501bc2c334cb6918cb35c96325a91 P 7880a4d56dd84c05b10054899218595d: Time spent bootstrapping tablet: real 0.041s	user 0.025s	sys 0.003s
I20260608 13:04:56.549600 11896 consensus_queue.cc:260] T 06dc213b9d384c17957084c53756a40b P 70b66fc3a82a47889b55665672fc4f4e [NON_LEADER]: Queue going to NON_LEADER mode. State: All replicated index: 0, Majority replicated index: 0, Committed index: 0, Last appended: 0.0, Last appended by leader: 0, Current term: 0, Majority size: -1, State: 0, Mode: NON_LEADER, active raft config: opid_index: -1 OBSOLETE_local: false peers { permanent_uuid: "7880a4d56dd84c05b10054899218595d" member_type: VOTER last_known_addr { host: "127.8.137.65" port: 45897 } } peers { permanent_uuid: "3d74aedb68fc4c378d10942cad2bfaa8" member_type: VOTER last_known_addr { host: "127.8.137.66" port: 42765 } } peers { permanent_uuid: "70b66fc3a82a47889b55665672fc4f4e" member_type: VOTER last_known_addr { host: "127.8.137.67" port: 36399 } }
I20260608 13:04:56.552112 11896 ts_tablet_manager.cc:1434] T 06dc213b9d384c17957084c53756a40b P 70b66fc3a82a47889b55665672fc4f4e: Time spent starting tablet: real 0.007s	user 0.001s	sys 0.007s
I20260608 13:04:56.552750 11897 raft_consensus.cc:359] T 849501bc2c334cb6918cb35c96325a91 P 7880a4d56dd84c05b10054899218595d [term 0 FOLLOWER]: Replica starting. Triggering 0 pending ops. Active config: opid_index: -1 OBSOLETE_local: false peers { permanent_uuid: "7880a4d56dd84c05b10054899218595d" member_type: VOTER last_known_addr { host: "127.8.137.65" port: 45897 } } peers { permanent_uuid: "3d74aedb68fc4c378d10942cad2bfaa8" member_type: VOTER last_known_addr { host: "127.8.137.66" port: 42765 } } peers { permanent_uuid: "70b66fc3a82a47889b55665672fc4f4e" member_type: VOTER last_known_addr { host: "127.8.137.67" port: 36399 } }
I20260608 13:04:56.553200 11896 tablet_bootstrap.cc:492] T 9446522644274118add40ff52a687621 P 70b66fc3a82a47889b55665672fc4f4e: Bootstrap starting.
I20260608 13:04:56.553431 11897 raft_consensus.cc:385] T 849501bc2c334cb6918cb35c96325a91 P 7880a4d56dd84c05b10054899218595d [term 0 FOLLOWER]: Consensus starting up: Expiring failure detector timer to make a prompt election more likely
I20260608 13:04:56.553751 11897 raft_consensus.cc:740] T 849501bc2c334cb6918cb35c96325a91 P 7880a4d56dd84c05b10054899218595d [term 0 FOLLOWER]: Becoming Follower/Learner. State: Replica: 7880a4d56dd84c05b10054899218595d, State: Initialized, Role: FOLLOWER
I20260608 13:04:56.554991 11904 raft_consensus.cc:493] T 80bfa8d3632a476b91c2c514ee7ad920 P 70b66fc3a82a47889b55665672fc4f4e [term 0 FOLLOWER]: Starting pre-election (no leader contacted us within the election timeout)
I20260608 13:04:56.554657 11897 consensus_queue.cc:260] T 849501bc2c334cb6918cb35c96325a91 P 7880a4d56dd84c05b10054899218595d [NON_LEADER]: Queue going to NON_LEADER mode. State: All replicated index: 0, Majority replicated index: 0, Committed index: 0, Last appended: 0.0, Last appended by leader: 0, Current term: 0, Majority size: -1, State: 0, Mode: NON_LEADER, active raft config: opid_index: -1 OBSOLETE_local: false peers { permanent_uuid: "7880a4d56dd84c05b10054899218595d" member_type: VOTER last_known_addr { host: "127.8.137.65" port: 45897 } } peers { permanent_uuid: "3d74aedb68fc4c378d10942cad2bfaa8" member_type: VOTER last_known_addr { host: "127.8.137.66" port: 42765 } } peers { permanent_uuid: "70b66fc3a82a47889b55665672fc4f4e" member_type: VOTER last_known_addr { host: "127.8.137.67" port: 36399 } }
I20260608 13:04:56.555562 11904 raft_consensus.cc:515] T 80bfa8d3632a476b91c2c514ee7ad920 P 70b66fc3a82a47889b55665672fc4f4e [term 0 FOLLOWER]: Starting pre-election with config: opid_index: -1 OBSOLETE_local: false peers { permanent_uuid: "3d74aedb68fc4c378d10942cad2bfaa8" member_type: VOTER last_known_addr { host: "127.8.137.66" port: 42765 } } peers { permanent_uuid: "7880a4d56dd84c05b10054899218595d" member_type: VOTER last_known_addr { host: "127.8.137.65" port: 45897 } } peers { permanent_uuid: "70b66fc3a82a47889b55665672fc4f4e" member_type: VOTER last_known_addr { host: "127.8.137.67" port: 36399 } }
I20260608 13:04:56.559816 11777 tablet_service.cc:1917] Received RequestConsensusVote() RPC: tablet_id: "80bfa8d3632a476b91c2c514ee7ad920" candidate_uuid: "70b66fc3a82a47889b55665672fc4f4e" candidate_term: 1 candidate_status { last_received { term: 0 index: 0 } } ignore_live_leader: false dest_uuid: "3d74aedb68fc4c378d10942cad2bfaa8" is_pre_election: true
I20260608 13:04:56.560480 11777 raft_consensus.cc:2468] T 80bfa8d3632a476b91c2c514ee7ad920 P 3d74aedb68fc4c378d10942cad2bfaa8 [term 0 FOLLOWER]: Leader pre-election vote request: Granting yes vote for candidate 70b66fc3a82a47889b55665672fc4f4e in term 0.
I20260608 13:04:56.560943 11897 ts_tablet_manager.cc:1434] T 849501bc2c334cb6918cb35c96325a91 P 7880a4d56dd84c05b10054899218595d: Time spent starting tablet: real 0.011s	user 0.007s	sys 0.000s
I20260608 13:04:56.559839 11701 tablet_service.cc:1917] Received RequestConsensusVote() RPC: tablet_id: "80bfa8d3632a476b91c2c514ee7ad920" candidate_uuid: "70b66fc3a82a47889b55665672fc4f4e" candidate_term: 1 candidate_status { last_received { term: 0 index: 0 } } ignore_live_leader: false dest_uuid: "7880a4d56dd84c05b10054899218595d" is_pre_election: true
I20260608 13:04:56.566190 11896 tablet_bootstrap.cc:654] T 9446522644274118add40ff52a687621 P 70b66fc3a82a47889b55665672fc4f4e: Neither blocks nor log segments found. Creating new log.
I20260608 13:04:56.565327 11815 leader_election.cc:304] T 80bfa8d3632a476b91c2c514ee7ad920 P 70b66fc3a82a47889b55665672fc4f4e [CANDIDATE]: Term 1 pre-election: Election decided. Result: candidate won. Election summary: received 2 responses out of 3 voters: 2 yes votes; 0 no votes. yes voters: 3d74aedb68fc4c378d10942cad2bfaa8, 70b66fc3a82a47889b55665672fc4f4e; no voters: 
I20260608 13:04:56.566123 11701 raft_consensus.cc:2468] T 80bfa8d3632a476b91c2c514ee7ad920 P 7880a4d56dd84c05b10054899218595d [term 0 FOLLOWER]: Leader pre-election vote request: Granting yes vote for candidate 70b66fc3a82a47889b55665672fc4f4e in term 0.
I20260608 13:04:56.569505 11923 raft_consensus.cc:493] T 06dc213b9d384c17957084c53756a40b P 7880a4d56dd84c05b10054899218595d [term 0 FOLLOWER]: Starting pre-election (no leader contacted us within the election timeout)
I20260608 13:04:56.570086 11923 raft_consensus.cc:515] T 06dc213b9d384c17957084c53756a40b P 7880a4d56dd84c05b10054899218595d [term 0 FOLLOWER]: Starting pre-election with config: opid_index: -1 OBSOLETE_local: false peers { permanent_uuid: "7880a4d56dd84c05b10054899218595d" member_type: VOTER last_known_addr { host: "127.8.137.65" port: 45897 } } peers { permanent_uuid: "3d74aedb68fc4c378d10942cad2bfaa8" member_type: VOTER last_known_addr { host: "127.8.137.66" port: 42765 } } peers { permanent_uuid: "70b66fc3a82a47889b55665672fc4f4e" member_type: VOTER last_known_addr { host: "127.8.137.67" port: 36399 } }
I20260608 13:04:56.572624 11923 leader_election.cc:290] T 06dc213b9d384c17957084c53756a40b P 7880a4d56dd84c05b10054899218595d [CANDIDATE]: Term 1 pre-election: Requested pre-vote from peers 3d74aedb68fc4c378d10942cad2bfaa8 (127.8.137.66:42765), 70b66fc3a82a47889b55665672fc4f4e (127.8.137.67:36399)
I20260608 13:04:56.565448 11904 leader_election.cc:290] T 80bfa8d3632a476b91c2c514ee7ad920 P 70b66fc3a82a47889b55665672fc4f4e [CANDIDATE]: Term 1 pre-election: Requested pre-vote from peers 3d74aedb68fc4c378d10942cad2bfaa8 (127.8.137.66:42765), 7880a4d56dd84c05b10054899218595d (127.8.137.65:45897)
I20260608 13:04:56.574152 11904 raft_consensus.cc:2804] T 80bfa8d3632a476b91c2c514ee7ad920 P 70b66fc3a82a47889b55665672fc4f4e [term 0 FOLLOWER]: Leader pre-election won for term 1
I20260608 13:04:56.575361 11777 tablet_service.cc:1917] Received RequestConsensusVote() RPC: tablet_id: "06dc213b9d384c17957084c53756a40b" candidate_uuid: "7880a4d56dd84c05b10054899218595d" candidate_term: 1 candidate_status { last_received { term: 0 index: 0 } } ignore_live_leader: false dest_uuid: "3d74aedb68fc4c378d10942cad2bfaa8" is_pre_election: true
I20260608 13:04:56.576121 11777 raft_consensus.cc:2468] T 06dc213b9d384c17957084c53756a40b P 3d74aedb68fc4c378d10942cad2bfaa8 [term 0 FOLLOWER]: Leader pre-election vote request: Granting yes vote for candidate 7880a4d56dd84c05b10054899218595d in term 0.
I20260608 13:04:56.577682 11666 leader_election.cc:304] T 06dc213b9d384c17957084c53756a40b P 7880a4d56dd84c05b10054899218595d [CANDIDATE]: Term 1 pre-election: Election decided. Result: candidate won. Election summary: received 2 responses out of 3 voters: 2 yes votes; 0 no votes. yes voters: 3d74aedb68fc4c378d10942cad2bfaa8, 7880a4d56dd84c05b10054899218595d; no voters: 
I20260608 13:04:56.578974 11923 raft_consensus.cc:2804] T 06dc213b9d384c17957084c53756a40b P 7880a4d56dd84c05b10054899218595d [term 0 FOLLOWER]: Leader pre-election won for term 1
I20260608 13:04:56.579380 11923 raft_consensus.cc:493] T 06dc213b9d384c17957084c53756a40b P 7880a4d56dd84c05b10054899218595d [term 0 FOLLOWER]: Starting leader election (no leader contacted us within the election timeout)
I20260608 13:04:56.575249 11850 tablet_service.cc:1917] Received RequestConsensusVote() RPC: tablet_id: "06dc213b9d384c17957084c53756a40b" candidate_uuid: "7880a4d56dd84c05b10054899218595d" candidate_term: 1 candidate_status { last_received { term: 0 index: 0 } } ignore_live_leader: false dest_uuid: "70b66fc3a82a47889b55665672fc4f4e" is_pre_election: true
I20260608 13:04:56.580758 11653 auto_leader_rebalancer.cc:140] leader rebalance for table range_aware_rebalance_new_range
I20260608 13:04:56.582512 11850 raft_consensus.cc:2468] T 06dc213b9d384c17957084c53756a40b P 70b66fc3a82a47889b55665672fc4f4e [term 0 FOLLOWER]: Leader pre-election vote request: Granting yes vote for candidate 7880a4d56dd84c05b10054899218595d in term 0.
W20260608 13:04:56.584376 11653 auto_leader_rebalancer.cc:460] the master instance isn't leader: Service unavailable: Tablet not running
W20260608 13:04:56.578979 11648 auto_rebalancer.cc:259] Could not retrieve cluster info: Service unavailable: Tablet not running
I20260608 13:04:56.581960 11896 tablet_bootstrap.cc:492] T 9446522644274118add40ff52a687621 P 70b66fc3a82a47889b55665672fc4f4e: No bootstrap required, opened a new log
I20260608 13:04:56.579717 11923 raft_consensus.cc:3060] T 06dc213b9d384c17957084c53756a40b P 7880a4d56dd84c05b10054899218595d [term 0 FOLLOWER]: Advancing to term 1
I20260608 13:04:56.585623 11896 ts_tablet_manager.cc:1403] T 9446522644274118add40ff52a687621 P 70b66fc3a82a47889b55665672fc4f4e: Time spent bootstrapping tablet: real 0.033s	user 0.008s	sys 0.013s
I20260608 13:04:56.589365 11896 raft_consensus.cc:359] T 9446522644274118add40ff52a687621 P 70b66fc3a82a47889b55665672fc4f4e [term 0 FOLLOWER]: Replica starting. Triggering 0 pending ops. Active config: opid_index: -1 OBSOLETE_local: false peers { permanent_uuid: "7880a4d56dd84c05b10054899218595d" member_type: VOTER last_known_addr { host: "127.8.137.65" port: 45897 } } peers { permanent_uuid: "3d74aedb68fc4c378d10942cad2bfaa8" member_type: VOTER last_known_addr { host: "127.8.137.66" port: 42765 } } peers { permanent_uuid: "70b66fc3a82a47889b55665672fc4f4e" member_type: VOTER last_known_addr { host: "127.8.137.67" port: 36399 } }
I20260608 13:04:56.590202 11896 raft_consensus.cc:385] T 9446522644274118add40ff52a687621 P 70b66fc3a82a47889b55665672fc4f4e [term 0 FOLLOWER]: Consensus starting up: Expiring failure detector timer to make a prompt election more likely
I20260608 13:04:56.575014 11904 raft_consensus.cc:493] T 80bfa8d3632a476b91c2c514ee7ad920 P 70b66fc3a82a47889b55665672fc4f4e [term 0 FOLLOWER]: Starting leader election (no leader contacted us within the election timeout)
I20260608 13:04:56.591027 11896 raft_consensus.cc:740] T 9446522644274118add40ff52a687621 P 70b66fc3a82a47889b55665672fc4f4e [term 0 FOLLOWER]: Becoming Follower/Learner. State: Replica: 70b66fc3a82a47889b55665672fc4f4e, State: Initialized, Role: FOLLOWER
I20260608 13:04:56.591243 11904 raft_consensus.cc:3060] T 80bfa8d3632a476b91c2c514ee7ad920 P 70b66fc3a82a47889b55665672fc4f4e [term 0 FOLLOWER]: Advancing to term 1
I20260608 13:04:56.592592 11896 consensus_queue.cc:260] T 9446522644274118add40ff52a687621 P 70b66fc3a82a47889b55665672fc4f4e [NON_LEADER]: Queue going to NON_LEADER mode. State: All replicated index: 0, Majority replicated index: 0, Committed index: 0, Last appended: 0.0, Last appended by leader: 0, Current term: 0, Majority size: -1, State: 0, Mode: NON_LEADER, active raft config: opid_index: -1 OBSOLETE_local: false peers { permanent_uuid: "7880a4d56dd84c05b10054899218595d" member_type: VOTER last_known_addr { host: "127.8.137.65" port: 45897 } } peers { permanent_uuid: "3d74aedb68fc4c378d10942cad2bfaa8" member_type: VOTER last_known_addr { host: "127.8.137.66" port: 42765 } } peers { permanent_uuid: "70b66fc3a82a47889b55665672fc4f4e" member_type: VOTER last_known_addr { host: "127.8.137.67" port: 36399 } }
I20260608 13:04:56.594201 11923 raft_consensus.cc:515] T 06dc213b9d384c17957084c53756a40b P 7880a4d56dd84c05b10054899218595d [term 1 FOLLOWER]: Starting leader election with config: opid_index: -1 OBSOLETE_local: false peers { permanent_uuid: "7880a4d56dd84c05b10054899218595d" member_type: VOTER last_known_addr { host: "127.8.137.65" port: 45897 } } peers { permanent_uuid: "3d74aedb68fc4c378d10942cad2bfaa8" member_type: VOTER last_known_addr { host: "127.8.137.66" port: 42765 } } peers { permanent_uuid: "70b66fc3a82a47889b55665672fc4f4e" member_type: VOTER last_known_addr { host: "127.8.137.67" port: 36399 } }
I20260608 13:04:56.597227 11777 tablet_service.cc:1917] Received RequestConsensusVote() RPC: tablet_id: "06dc213b9d384c17957084c53756a40b" candidate_uuid: "7880a4d56dd84c05b10054899218595d" candidate_term: 1 candidate_status { last_received { term: 0 index: 0 } } ignore_live_leader: false dest_uuid: "3d74aedb68fc4c378d10942cad2bfaa8"
I20260608 13:04:56.597474 11923 leader_election.cc:290] T 06dc213b9d384c17957084c53756a40b P 7880a4d56dd84c05b10054899218595d [CANDIDATE]: Term 1 election: Requested vote from peers 3d74aedb68fc4c378d10942cad2bfaa8 (127.8.137.66:42765), 70b66fc3a82a47889b55665672fc4f4e (127.8.137.67:36399)
I20260608 13:04:56.597574 11850 tablet_service.cc:1917] Received RequestConsensusVote() RPC: tablet_id: "06dc213b9d384c17957084c53756a40b" candidate_uuid: "7880a4d56dd84c05b10054899218595d" candidate_term: 1 candidate_status { last_received { term: 0 index: 0 } } ignore_live_leader: false dest_uuid: "70b66fc3a82a47889b55665672fc4f4e"
I20260608 13:04:56.597839 11777 raft_consensus.cc:3060] T 06dc213b9d384c17957084c53756a40b P 3d74aedb68fc4c378d10942cad2bfaa8 [term 0 FOLLOWER]: Advancing to term 1
I20260608 13:04:56.598260 11850 raft_consensus.cc:3060] T 06dc213b9d384c17957084c53756a40b P 70b66fc3a82a47889b55665672fc4f4e [term 0 FOLLOWER]: Advancing to term 1
I20260608 13:04:56.601689 11896 ts_tablet_manager.cc:1434] T 9446522644274118add40ff52a687621 P 70b66fc3a82a47889b55665672fc4f4e: Time spent starting tablet: real 0.016s	user 0.002s	sys 0.005s
I20260608 13:04:56.605253 11896 tablet_bootstrap.cc:492] T 849501bc2c334cb6918cb35c96325a91 P 70b66fc3a82a47889b55665672fc4f4e: Bootstrap starting.
I20260608 13:04:56.605561 11777 raft_consensus.cc:2468] T 06dc213b9d384c17957084c53756a40b P 3d74aedb68fc4c378d10942cad2bfaa8 [term 1 FOLLOWER]: Leader election vote request: Granting yes vote for candidate 7880a4d56dd84c05b10054899218595d in term 1.
I20260608 13:04:56.603572 11904 raft_consensus.cc:515] T 80bfa8d3632a476b91c2c514ee7ad920 P 70b66fc3a82a47889b55665672fc4f4e [term 1 FOLLOWER]: Starting leader election with config: opid_index: -1 OBSOLETE_local: false peers { permanent_uuid: "3d74aedb68fc4c378d10942cad2bfaa8" member_type: VOTER last_known_addr { host: "127.8.137.66" port: 42765 } } peers { permanent_uuid: "7880a4d56dd84c05b10054899218595d" member_type: VOTER last_known_addr { host: "127.8.137.65" port: 45897 } } peers { permanent_uuid: "70b66fc3a82a47889b55665672fc4f4e" member_type: VOTER last_known_addr { host: "127.8.137.67" port: 36399 } }
I20260608 13:04:56.607172 11666 leader_election.cc:304] T 06dc213b9d384c17957084c53756a40b P 7880a4d56dd84c05b10054899218595d [CANDIDATE]: Term 1 election: Election decided. Result: candidate won. Election summary: received 2 responses out of 3 voters: 2 yes votes; 0 no votes. yes voters: 3d74aedb68fc4c378d10942cad2bfaa8, 7880a4d56dd84c05b10054899218595d; no voters: 
I20260608 13:04:56.608210 11923 raft_consensus.cc:2804] T 06dc213b9d384c17957084c53756a40b P 7880a4d56dd84c05b10054899218595d [term 1 FOLLOWER]: Leader election won for term 1
I20260608 13:04:56.609305 11904 leader_election.cc:290] T 80bfa8d3632a476b91c2c514ee7ad920 P 70b66fc3a82a47889b55665672fc4f4e [CANDIDATE]: Term 1 election: Requested vote from peers 3d74aedb68fc4c378d10942cad2bfaa8 (127.8.137.66:42765), 7880a4d56dd84c05b10054899218595d (127.8.137.65:45897)
I20260608 13:04:56.609964 11701 tablet_service.cc:1917] Received RequestConsensusVote() RPC: tablet_id: "80bfa8d3632a476b91c2c514ee7ad920" candidate_uuid: "70b66fc3a82a47889b55665672fc4f4e" candidate_term: 1 candidate_status { last_received { term: 0 index: 0 } } ignore_live_leader: false dest_uuid: "7880a4d56dd84c05b10054899218595d"
I20260608 13:04:56.610445 11701 raft_consensus.cc:3060] T 80bfa8d3632a476b91c2c514ee7ad920 P 7880a4d56dd84c05b10054899218595d [term 0 FOLLOWER]: Advancing to term 1
I20260608 13:04:56.612509 11896 tablet_bootstrap.cc:654] T 849501bc2c334cb6918cb35c96325a91 P 70b66fc3a82a47889b55665672fc4f4e: Neither blocks nor log segments found. Creating new log.
I20260608 13:04:56.615892 11923 raft_consensus.cc:697] T 06dc213b9d384c17957084c53756a40b P 7880a4d56dd84c05b10054899218595d [term 1 LEADER]: Becoming Leader. State: Replica: 7880a4d56dd84c05b10054899218595d, State: Running, Role: LEADER
I20260608 13:04:56.616577 11701 raft_consensus.cc:2468] T 80bfa8d3632a476b91c2c514ee7ad920 P 7880a4d56dd84c05b10054899218595d [term 1 FOLLOWER]: Leader election vote request: Granting yes vote for candidate 70b66fc3a82a47889b55665672fc4f4e in term 1.
I20260608 13:04:56.616909 11923 consensus_queue.cc:237] T 06dc213b9d384c17957084c53756a40b P 7880a4d56dd84c05b10054899218595d [LEADER]: Queue going to LEADER mode. State: All replicated index: 0, Majority replicated index: 0, Committed index: 0, Last appended: 0.0, Last appended by leader: 0, Current term: 1, Majority size: 2, State: 0, Mode: LEADER, active raft config: opid_index: -1 OBSOLETE_local: false peers { permanent_uuid: "7880a4d56dd84c05b10054899218595d" member_type: VOTER last_known_addr { host: "127.8.137.65" port: 45897 } } peers { permanent_uuid: "3d74aedb68fc4c378d10942cad2bfaa8" member_type: VOTER last_known_addr { host: "127.8.137.66" port: 42765 } } peers { permanent_uuid: "70b66fc3a82a47889b55665672fc4f4e" member_type: VOTER last_known_addr { host: "127.8.137.67" port: 36399 } }
I20260608 13:04:56.618183 11814 leader_election.cc:304] T 80bfa8d3632a476b91c2c514ee7ad920 P 70b66fc3a82a47889b55665672fc4f4e [CANDIDATE]: Term 1 election: Election decided. Result: candidate won. Election summary: received 2 responses out of 3 voters: 2 yes votes; 0 no votes. yes voters: 70b66fc3a82a47889b55665672fc4f4e, 7880a4d56dd84c05b10054899218595d; no voters: 
I20260608 13:04:56.619099 11904 raft_consensus.cc:2804] T 80bfa8d3632a476b91c2c514ee7ad920 P 70b66fc3a82a47889b55665672fc4f4e [term 1 FOLLOWER]: Leader election won for term 1
I20260608 13:04:56.619534 11904 raft_consensus.cc:697] T 80bfa8d3632a476b91c2c514ee7ad920 P 70b66fc3a82a47889b55665672fc4f4e [term 1 LEADER]: Becoming Leader. State: Replica: 70b66fc3a82a47889b55665672fc4f4e, State: Running, Role: LEADER
I20260608 13:04:56.620400 11904 consensus_queue.cc:237] T 80bfa8d3632a476b91c2c514ee7ad920 P 70b66fc3a82a47889b55665672fc4f4e [LEADER]: Queue going to LEADER mode. State: All replicated index: 0, Majority replicated index: 0, Committed index: 0, Last appended: 0.0, Last appended by leader: 0, Current term: 1, Majority size: 2, State: 0, Mode: LEADER, active raft config: opid_index: -1 OBSOLETE_local: false peers { permanent_uuid: "3d74aedb68fc4c378d10942cad2bfaa8" member_type: VOTER last_known_addr { host: "127.8.137.66" port: 42765 } } peers { permanent_uuid: "7880a4d56dd84c05b10054899218595d" member_type: VOTER last_known_addr { host: "127.8.137.65" port: 45897 } } peers { permanent_uuid: "70b66fc3a82a47889b55665672fc4f4e" member_type: VOTER last_known_addr { host: "127.8.137.67" port: 36399 } }
I20260608 13:04:56.622349 11850 raft_consensus.cc:2468] T 06dc213b9d384c17957084c53756a40b P 70b66fc3a82a47889b55665672fc4f4e [term 1 FOLLOWER]: Leader election vote request: Granting yes vote for candidate 7880a4d56dd84c05b10054899218595d in term 1.
I20260608 13:04:56.623051 11945 raft_consensus.cc:493] T 06dc213b9d384c17957084c53756a40b P 70b66fc3a82a47889b55665672fc4f4e [term 1 FOLLOWER]: Starting pre-election (no leader contacted us within the election timeout)
I20260608 13:04:56.618407 11902 raft_consensus.cc:493] T 849501bc2c334cb6918cb35c96325a91 P 7880a4d56dd84c05b10054899218595d [term 0 FOLLOWER]: Starting pre-election (no leader contacted us within the election timeout)
I20260608 13:04:56.623541 11945 raft_consensus.cc:515] T 06dc213b9d384c17957084c53756a40b P 70b66fc3a82a47889b55665672fc4f4e [term 1 FOLLOWER]: Starting pre-election with config: opid_index: -1 OBSOLETE_local: false peers { permanent_uuid: "7880a4d56dd84c05b10054899218595d" member_type: VOTER last_known_addr { host: "127.8.137.65" port: 45897 } } peers { permanent_uuid: "3d74aedb68fc4c378d10942cad2bfaa8" member_type: VOTER last_known_addr { host: "127.8.137.66" port: 42765 } } peers { permanent_uuid: "70b66fc3a82a47889b55665672fc4f4e" member_type: VOTER last_known_addr { host: "127.8.137.67" port: 36399 } }
I20260608 13:04:56.624083 11902 raft_consensus.cc:515] T 849501bc2c334cb6918cb35c96325a91 P 7880a4d56dd84c05b10054899218595d [term 0 FOLLOWER]: Starting pre-election with config: opid_index: -1 OBSOLETE_local: false peers { permanent_uuid: "7880a4d56dd84c05b10054899218595d" member_type: VOTER last_known_addr { host: "127.8.137.65" port: 45897 } } peers { permanent_uuid: "3d74aedb68fc4c378d10942cad2bfaa8" member_type: VOTER last_known_addr { host: "127.8.137.66" port: 42765 } } peers { permanent_uuid: "70b66fc3a82a47889b55665672fc4f4e" member_type: VOTER last_known_addr { host: "127.8.137.67" port: 36399 } }
I20260608 13:04:56.626070 11902 leader_election.cc:290] T 849501bc2c334cb6918cb35c96325a91 P 7880a4d56dd84c05b10054899218595d [CANDIDATE]: Term 1 pre-election: Requested pre-vote from peers 3d74aedb68fc4c378d10942cad2bfaa8 (127.8.137.66:42765), 70b66fc3a82a47889b55665672fc4f4e (127.8.137.67:36399)
I20260608 13:04:56.627564 11777 tablet_service.cc:1917] Received RequestConsensusVote() RPC: tablet_id: "849501bc2c334cb6918cb35c96325a91" candidate_uuid: "7880a4d56dd84c05b10054899218595d" candidate_term: 1 candidate_status { last_received { term: 0 index: 0 } } ignore_live_leader: false dest_uuid: "3d74aedb68fc4c378d10942cad2bfaa8" is_pre_election: true
I20260608 13:04:56.627804 11945 leader_election.cc:290] T 06dc213b9d384c17957084c53756a40b P 70b66fc3a82a47889b55665672fc4f4e [CANDIDATE]: Term 2 pre-election: Requested pre-vote from peers 7880a4d56dd84c05b10054899218595d (127.8.137.65:45897), 3d74aedb68fc4c378d10942cad2bfaa8 (127.8.137.66:42765)
I20260608 13:04:56.618184 11896 tablet_bootstrap.cc:492] T 849501bc2c334cb6918cb35c96325a91 P 70b66fc3a82a47889b55665672fc4f4e: No bootstrap required, opened a new log
I20260608 13:04:56.628729 11896 ts_tablet_manager.cc:1403] T 849501bc2c334cb6918cb35c96325a91 P 70b66fc3a82a47889b55665672fc4f4e: Time spent bootstrapping tablet: real 0.024s	user 0.011s	sys 0.001s
I20260608 13:04:56.629386 11847 tablet_service.cc:1917] Received RequestConsensusVote() RPC: tablet_id: "849501bc2c334cb6918cb35c96325a91" candidate_uuid: "7880a4d56dd84c05b10054899218595d" candidate_term: 1 candidate_status { last_received { term: 0 index: 0 } } ignore_live_leader: false dest_uuid: "70b66fc3a82a47889b55665672fc4f4e" is_pre_election: true
I20260608 13:04:56.631667 11776 tablet_service.cc:1917] Received RequestConsensusVote() RPC: tablet_id: "80bfa8d3632a476b91c2c514ee7ad920" candidate_uuid: "70b66fc3a82a47889b55665672fc4f4e" candidate_term: 1 candidate_status { last_received { term: 0 index: 0 } } ignore_live_leader: false dest_uuid: "3d74aedb68fc4c378d10942cad2bfaa8"
I20260608 13:04:56.632001 11896 raft_consensus.cc:359] T 849501bc2c334cb6918cb35c96325a91 P 70b66fc3a82a47889b55665672fc4f4e [term 0 FOLLOWER]: Replica starting. Triggering 0 pending ops. Active config: opid_index: -1 OBSOLETE_local: false peers { permanent_uuid: "7880a4d56dd84c05b10054899218595d" member_type: VOTER last_known_addr { host: "127.8.137.65" port: 45897 } } peers { permanent_uuid: "3d74aedb68fc4c378d10942cad2bfaa8" member_type: VOTER last_known_addr { host: "127.8.137.66" port: 42765 } } peers { permanent_uuid: "70b66fc3a82a47889b55665672fc4f4e" member_type: VOTER last_known_addr { host: "127.8.137.67" port: 36399 } }
I20260608 13:04:56.632675 11775 tablet_service.cc:1917] Received RequestConsensusVote() RPC: tablet_id: "06dc213b9d384c17957084c53756a40b" candidate_uuid: "70b66fc3a82a47889b55665672fc4f4e" candidate_term: 2 candidate_status { last_received { term: 0 index: 0 } } ignore_live_leader: false dest_uuid: "3d74aedb68fc4c378d10942cad2bfaa8" is_pre_election: true
I20260608 13:04:56.633412 11775 raft_consensus.cc:2468] T 06dc213b9d384c17957084c53756a40b P 3d74aedb68fc4c378d10942cad2bfaa8 [term 1 FOLLOWER]: Leader pre-election vote request: Granting yes vote for candidate 70b66fc3a82a47889b55665672fc4f4e in term 1.
I20260608 13:04:56.634915 11777 raft_consensus.cc:2468] T 849501bc2c334cb6918cb35c96325a91 P 3d74aedb68fc4c378d10942cad2bfaa8 [term 0 FOLLOWER]: Leader pre-election vote request: Granting yes vote for candidate 7880a4d56dd84c05b10054899218595d in term 0.
I20260608 13:04:56.636605 11666 leader_election.cc:304] T 849501bc2c334cb6918cb35c96325a91 P 7880a4d56dd84c05b10054899218595d [CANDIDATE]: Term 1 pre-election: Election decided. Result: candidate won. Election summary: received 2 responses out of 3 voters: 2 yes votes; 0 no votes. yes voters: 3d74aedb68fc4c378d10942cad2bfaa8, 7880a4d56dd84c05b10054899218595d; no voters: 
I20260608 13:04:56.637452 11896 raft_consensus.cc:385] T 849501bc2c334cb6918cb35c96325a91 P 70b66fc3a82a47889b55665672fc4f4e [term 0 FOLLOWER]: Consensus starting up: Expiring failure detector timer to make a prompt election more likely
W20260608 13:04:56.637686 11666 leader_election.cc:343] T 849501bc2c334cb6918cb35c96325a91 P 7880a4d56dd84c05b10054899218595d [CANDIDATE]: Term 1 pre-election: Tablet error from VoteRequest() call to peer 70b66fc3a82a47889b55665672fc4f4e (127.8.137.67:36399): Illegal state: must be running to vote when last-logged opid is not known
I20260608 13:04:56.637771 11923 raft_consensus.cc:2804] T 849501bc2c334cb6918cb35c96325a91 P 7880a4d56dd84c05b10054899218595d [term 0 FOLLOWER]: Leader pre-election won for term 1
I20260608 13:04:56.639962 11923 raft_consensus.cc:493] T 849501bc2c334cb6918cb35c96325a91 P 7880a4d56dd84c05b10054899218595d [term 0 FOLLOWER]: Starting leader election (no leader contacted us within the election timeout)
I20260608 13:04:56.640339 11923 raft_consensus.cc:3060] T 849501bc2c334cb6918cb35c96325a91 P 7880a4d56dd84c05b10054899218595d [term 0 FOLLOWER]: Advancing to term 1
I20260608 13:04:56.640412 11776 raft_consensus.cc:3060] T 80bfa8d3632a476b91c2c514ee7ad920 P 3d74aedb68fc4c378d10942cad2bfaa8 [term 0 FOLLOWER]: Advancing to term 1
I20260608 13:04:56.637790 11896 raft_consensus.cc:740] T 849501bc2c334cb6918cb35c96325a91 P 70b66fc3a82a47889b55665672fc4f4e [term 0 FOLLOWER]: Becoming Follower/Learner. State: Replica: 70b66fc3a82a47889b55665672fc4f4e, State: Initialized, Role: FOLLOWER
I20260608 13:04:56.641573 11896 consensus_queue.cc:260] T 849501bc2c334cb6918cb35c96325a91 P 70b66fc3a82a47889b55665672fc4f4e [NON_LEADER]: Queue going to NON_LEADER mode. State: All replicated index: 0, Majority replicated index: 0, Committed index: 0, Last appended: 0.0, Last appended by leader: 0, Current term: 0, Majority size: -1, State: 0, Mode: NON_LEADER, active raft config: opid_index: -1 OBSOLETE_local: false peers { permanent_uuid: "7880a4d56dd84c05b10054899218595d" member_type: VOTER last_known_addr { host: "127.8.137.65" port: 45897 } } peers { permanent_uuid: "3d74aedb68fc4c378d10942cad2bfaa8" member_type: VOTER last_known_addr { host: "127.8.137.66" port: 42765 } } peers { permanent_uuid: "70b66fc3a82a47889b55665672fc4f4e" member_type: VOTER last_known_addr { host: "127.8.137.67" port: 36399 } }
I20260608 13:04:56.655081 11701 tablet_service.cc:1917] Received RequestConsensusVote() RPC: tablet_id: "06dc213b9d384c17957084c53756a40b" candidate_uuid: "70b66fc3a82a47889b55665672fc4f4e" candidate_term: 2 candidate_status { last_received { term: 0 index: 0 } } ignore_live_leader: false dest_uuid: "7880a4d56dd84c05b10054899218595d" is_pre_election: true
I20260608 13:04:56.654435 11599 catalog_manager.cc:5696] T 06dc213b9d384c17957084c53756a40b P 7880a4d56dd84c05b10054899218595d reported cstate change: term changed from 0 to 1, leader changed from <none> to 7880a4d56dd84c05b10054899218595d (127.8.137.65). New cstate: current_term: 1 leader_uuid: "7880a4d56dd84c05b10054899218595d" committed_config { opid_index: -1 OBSOLETE_local: false peers { permanent_uuid: "7880a4d56dd84c05b10054899218595d" member_type: VOTER last_known_addr { host: "127.8.137.65" port: 45897 } health_report { overall_health: HEALTHY } } peers { permanent_uuid: "3d74aedb68fc4c378d10942cad2bfaa8" member_type: VOTER last_known_addr { host: "127.8.137.66" port: 42765 } health_report { overall_health: UNKNOWN } } peers { permanent_uuid: "70b66fc3a82a47889b55665672fc4f4e" member_type: VOTER last_known_addr { host: "127.8.137.67" port: 36399 } health_report { overall_health: UNKNOWN } } }
I20260608 13:04:56.657193 11815 leader_election.cc:304] T 06dc213b9d384c17957084c53756a40b P 70b66fc3a82a47889b55665672fc4f4e [CANDIDATE]: Term 2 pre-election: Election decided. Result: candidate won. Election summary: received 3 responses out of 3 voters: 2 yes votes; 1 no votes. yes voters: 3d74aedb68fc4c378d10942cad2bfaa8, 70b66fc3a82a47889b55665672fc4f4e; no voters: 7880a4d56dd84c05b10054899218595d
I20260608 13:04:56.658484 11904 raft_consensus.cc:2804] T 06dc213b9d384c17957084c53756a40b P 70b66fc3a82a47889b55665672fc4f4e [term 1 FOLLOWER]: Leader pre-election won for term 2
I20260608 13:04:56.651499 11776 raft_consensus.cc:2468] T 80bfa8d3632a476b91c2c514ee7ad920 P 3d74aedb68fc4c378d10942cad2bfaa8 [term 1 FOLLOWER]: Leader election vote request: Granting yes vote for candidate 70b66fc3a82a47889b55665672fc4f4e in term 1.
I20260608 13:04:56.658831 11923 raft_consensus.cc:515] T 849501bc2c334cb6918cb35c96325a91 P 7880a4d56dd84c05b10054899218595d [term 1 FOLLOWER]: Starting leader election with config: opid_index: -1 OBSOLETE_local: false peers { permanent_uuid: "7880a4d56dd84c05b10054899218595d" member_type: VOTER last_known_addr { host: "127.8.137.65" port: 45897 } } peers { permanent_uuid: "3d74aedb68fc4c378d10942cad2bfaa8" member_type: VOTER last_known_addr { host: "127.8.137.66" port: 42765 } } peers { permanent_uuid: "70b66fc3a82a47889b55665672fc4f4e" member_type: VOTER last_known_addr { host: "127.8.137.67" port: 36399 } }
I20260608 13:04:56.655344 11896 ts_tablet_manager.cc:1434] T 849501bc2c334cb6918cb35c96325a91 P 70b66fc3a82a47889b55665672fc4f4e: Time spent starting tablet: real 0.026s	user 0.006s	sys 0.001s
I20260608 13:04:56.658874 11904 raft_consensus.cc:493] T 06dc213b9d384c17957084c53756a40b P 70b66fc3a82a47889b55665672fc4f4e [term 1 FOLLOWER]: Starting leader election (no leader contacted us within the election timeout)
I20260608 13:04:56.660068 11904 raft_consensus.cc:3060] T 06dc213b9d384c17957084c53756a40b P 70b66fc3a82a47889b55665672fc4f4e [term 1 FOLLOWER]: Advancing to term 2
I20260608 13:04:56.660591 11598 catalog_manager.cc:5696] T 80bfa8d3632a476b91c2c514ee7ad920 P 70b66fc3a82a47889b55665672fc4f4e reported cstate change: term changed from 0 to 1, leader changed from <none> to 70b66fc3a82a47889b55665672fc4f4e (127.8.137.67). New cstate: current_term: 1 leader_uuid: "70b66fc3a82a47889b55665672fc4f4e" committed_config { opid_index: -1 OBSOLETE_local: false peers { permanent_uuid: "3d74aedb68fc4c378d10942cad2bfaa8" member_type: VOTER last_known_addr { host: "127.8.137.66" port: 42765 } health_report { overall_health: UNKNOWN } } peers { permanent_uuid: "7880a4d56dd84c05b10054899218595d" member_type: VOTER last_known_addr { host: "127.8.137.65" port: 45897 } health_report { overall_health: UNKNOWN } } peers { permanent_uuid: "70b66fc3a82a47889b55665672fc4f4e" member_type: VOTER last_known_addr { host: "127.8.137.67" port: 36399 } health_report { overall_health: HEALTHY } } }
I20260608 13:04:56.661942 11923 leader_election.cc:290] T 849501bc2c334cb6918cb35c96325a91 P 7880a4d56dd84c05b10054899218595d [CANDIDATE]: Term 1 election: Requested vote from peers 3d74aedb68fc4c378d10942cad2bfaa8 (127.8.137.66:42765), 70b66fc3a82a47889b55665672fc4f4e (127.8.137.67:36399)
I20260608 13:04:56.667829 11904 raft_consensus.cc:515] T 06dc213b9d384c17957084c53756a40b P 70b66fc3a82a47889b55665672fc4f4e [term 2 FOLLOWER]: Starting leader election with config: opid_index: -1 OBSOLETE_local: false peers { permanent_uuid: "7880a4d56dd84c05b10054899218595d" member_type: VOTER last_known_addr { host: "127.8.137.65" port: 45897 } } peers { permanent_uuid: "3d74aedb68fc4c378d10942cad2bfaa8" member_type: VOTER last_known_addr { host: "127.8.137.66" port: 42765 } } peers { permanent_uuid: "70b66fc3a82a47889b55665672fc4f4e" member_type: VOTER last_known_addr { host: "127.8.137.67" port: 36399 } }
I20260608 13:04:56.668179 11850 tablet_service.cc:1917] Received RequestConsensusVote() RPC: tablet_id: "849501bc2c334cb6918cb35c96325a91" candidate_uuid: "7880a4d56dd84c05b10054899218595d" candidate_term: 1 candidate_status { last_received { term: 0 index: 0 } } ignore_live_leader: false dest_uuid: "70b66fc3a82a47889b55665672fc4f4e"
I20260608 13:04:56.668759 11850 raft_consensus.cc:3060] T 849501bc2c334cb6918cb35c96325a91 P 70b66fc3a82a47889b55665672fc4f4e [term 0 FOLLOWER]: Advancing to term 1
I20260608 13:04:56.670215 11904 leader_election.cc:290] T 06dc213b9d384c17957084c53756a40b P 70b66fc3a82a47889b55665672fc4f4e [CANDIDATE]: Term 2 election: Requested vote from peers 7880a4d56dd84c05b10054899218595d (127.8.137.65:45897), 3d74aedb68fc4c378d10942cad2bfaa8 (127.8.137.66:42765)
I20260608 13:04:56.671977 11701 tablet_service.cc:1917] Received RequestConsensusVote() RPC: tablet_id: "06dc213b9d384c17957084c53756a40b" candidate_uuid: "70b66fc3a82a47889b55665672fc4f4e" candidate_term: 2 candidate_status { last_received { term: 0 index: 0 } } ignore_live_leader: false dest_uuid: "7880a4d56dd84c05b10054899218595d"
I20260608 13:04:56.673545 11776 tablet_service.cc:1917] Received RequestConsensusVote() RPC: tablet_id: "849501bc2c334cb6918cb35c96325a91" candidate_uuid: "7880a4d56dd84c05b10054899218595d" candidate_term: 1 candidate_status { last_received { term: 0 index: 0 } } ignore_live_leader: false dest_uuid: "3d74aedb68fc4c378d10942cad2bfaa8"
