I20260608 13:05:07.611066 12567 tablet_bootstrap.cc:492] T 00000000000000000000000000000000 P e95debb13df54ef5a85691fd33347380: Bootstrap starting.
I20260608 13:05:07.616397 12567 tablet_bootstrap.cc:654] T 00000000000000000000000000000000 P e95debb13df54ef5a85691fd33347380: Neither blocks nor log segments found. Creating new log.
I20260608 13:05:07.621506 12567 tablet_bootstrap.cc:492] T 00000000000000000000000000000000 P e95debb13df54ef5a85691fd33347380: No bootstrap required, opened a new log
I20260608 13:05:07.624017 12567 raft_consensus.cc:359] T 00000000000000000000000000000000 P e95debb13df54ef5a85691fd33347380 [term 0 FOLLOWER]: Replica starting. Triggering 0 pending ops. Active config: opid_index: -1 OBSOLETE_local: true peers { permanent_uuid: "e95debb13df54ef5a85691fd33347380" member_type: VOTER }
I20260608 13:05:07.624485 12567 raft_consensus.cc:385] T 00000000000000000000000000000000 P e95debb13df54ef5a85691fd33347380 [term 0 FOLLOWER]: Consensus starting up: Expiring failure detector timer to make a prompt election more likely
I20260608 13:05:07.624823 12567 raft_consensus.cc:740] T 00000000000000000000000000000000 P e95debb13df54ef5a85691fd33347380 [term 0 FOLLOWER]: Becoming Follower/Learner. State: Replica: e95debb13df54ef5a85691fd33347380, State: Initialized, Role: FOLLOWER
I20260608 13:05:07.625499 12567 consensus_queue.cc:260] T 00000000000000000000000000000000 P e95debb13df54ef5a85691fd33347380 [NON_LEADER]: Queue going to NON_LEADER mode. State: All replicated index: 0, Majority replicated index: 0, Committed index: 0, Last appended: 0.0, Last appended by leader: 0, Current term: 0, Majority size: -1, State: 0, Mode: NON_LEADER, active raft config: opid_index: -1 OBSOLETE_local: true peers { permanent_uuid: "e95debb13df54ef5a85691fd33347380" member_type: VOTER }
I20260608 13:05:07.626026 12567 raft_consensus.cc:399] T 00000000000000000000000000000000 P e95debb13df54ef5a85691fd33347380 [term 0 FOLLOWER]: Only one voter in the Raft config. Triggering election immediately
I20260608 13:05:07.626281 12567 raft_consensus.cc:493] T 00000000000000000000000000000000 P e95debb13df54ef5a85691fd33347380 [term 0 FOLLOWER]: Starting leader election (initial election of a single-replica configuration)
I20260608 13:05:07.626602 12567 raft_consensus.cc:3060] T 00000000000000000000000000000000 P e95debb13df54ef5a85691fd33347380 [term 0 FOLLOWER]: Advancing to term 1
I20260608 13:05:07.631644 12567 raft_consensus.cc:515] T 00000000000000000000000000000000 P e95debb13df54ef5a85691fd33347380 [term 1 FOLLOWER]: Starting leader election with config: opid_index: -1 OBSOLETE_local: true peers { permanent_uuid: "e95debb13df54ef5a85691fd33347380" member_type: VOTER }
I20260608 13:05:07.632251 12567 leader_election.cc:304] T 00000000000000000000000000000000 P e95debb13df54ef5a85691fd33347380 [CANDIDATE]: Term 1 election: Election decided. Result: candidate won. Election summary: received 1 responses out of 1 voters: 1 yes votes; 0 no votes. yes voters: e95debb13df54ef5a85691fd33347380; no voters: 
I20260608 13:05:07.633571 12567 leader_election.cc:290] T 00000000000000000000000000000000 P e95debb13df54ef5a85691fd33347380 [CANDIDATE]: Term 1 election: Requested vote from peers 
I20260608 13:05:07.634058 12570 raft_consensus.cc:2804] T 00000000000000000000000000000000 P e95debb13df54ef5a85691fd33347380 [term 1 FOLLOWER]: Leader election won for term 1
I20260608 13:05:07.635367 12570 raft_consensus.cc:697] T 00000000000000000000000000000000 P e95debb13df54ef5a85691fd33347380 [term 1 LEADER]: Becoming Leader. State: Replica: e95debb13df54ef5a85691fd33347380, State: Running, Role: LEADER
I20260608 13:05:07.636137 12570 consensus_queue.cc:237] T 00000000000000000000000000000000 P e95debb13df54ef5a85691fd33347380 [LEADER]: Queue going to LEADER mode. State: All replicated index: 0, Majority replicated index: 0, Committed index: 0, Last appended: 0.0, Last appended by leader: 0, Current term: 1, Majority size: 1, State: 0, Mode: LEADER, active raft config: opid_index: -1 OBSOLETE_local: true peers { permanent_uuid: "e95debb13df54ef5a85691fd33347380" member_type: VOTER }
I20260608 13:05:07.637135 12567 sys_catalog.cc:565] T 00000000000000000000000000000000 P e95debb13df54ef5a85691fd33347380 [sys.catalog]: configured and running, proceeding with master startup.
I20260608 13:05:07.643293 12571 sys_catalog.cc:455] T 00000000000000000000000000000000 P e95debb13df54ef5a85691fd33347380 [sys.catalog]: SysCatalogTable state changed. Reason: RaftConsensus started. Latest consensus state: current_term: 1 leader_uuid: "e95debb13df54ef5a85691fd33347380" committed_config { opid_index: -1 OBSOLETE_local: true peers { permanent_uuid: "e95debb13df54ef5a85691fd33347380" member_type: VOTER } }
I20260608 13:05:07.644191 12571 sys_catalog.cc:458] T 00000000000000000000000000000000 P e95debb13df54ef5a85691fd33347380 [sys.catalog]: This master's current role is: LEADER
I20260608 13:05:07.643183 12572 sys_catalog.cc:455] T 00000000000000000000000000000000 P e95debb13df54ef5a85691fd33347380 [sys.catalog]: SysCatalogTable state changed. Reason: New leader e95debb13df54ef5a85691fd33347380. Latest consensus state: current_term: 1 leader_uuid: "e95debb13df54ef5a85691fd33347380" committed_config { opid_index: -1 OBSOLETE_local: true peers { permanent_uuid: "e95debb13df54ef5a85691fd33347380" member_type: VOTER } }
I20260608 13:05:07.644690 12572 sys_catalog.cc:458] T 00000000000000000000000000000000 P e95debb13df54ef5a85691fd33347380 [sys.catalog]: This master's current role is: LEADER
I20260608 13:05:07.646667 12579 catalog_manager.cc:1510] Loading table and tablet metadata into memory...
I20260608 13:05:07.654722 12579 catalog_manager.cc:1519] Initializing Kudu cluster ID...
I20260608 13:05:07.655730  8903 internal_mini_cluster.cc:184] Waiting to initialize catalog manager on master 0
I20260608 13:05:07.664593 12579 catalog_manager.cc:1382] Generated new cluster ID: fe790cf342724b0893417b113518ea66
I20260608 13:05:07.664958 12579 catalog_manager.cc:1530] Initializing Kudu internal certificate authority...
I20260608 13:05:07.691205 12579 catalog_manager.cc:1405] Generated new certificate authority record
I20260608 13:05:07.692533 12579 catalog_manager.cc:1539] Loading token signing keys...
I20260608 13:05:07.704008 12579 catalog_manager.cc:6069] T 00000000000000000000000000000000 P e95debb13df54ef5a85691fd33347380: Generated new TSK 0
I20260608 13:05:07.704643 12579 catalog_manager.cc:1549] Initializing in-progress tserver states...
I20260608 13:05:07.722426  8903 file_cache.cc:492] Constructed file cache file cache with capacity 419430
W20260608 13:05:07.728708 12588 instance_detector.cc:116] could not retrieve AWS instance metadata: Network error: curl error: HTTP response code said error: The requested URL returned error: 404
W20260608 13:05:07.729811 12589 instance_detector.cc:116] could not retrieve Azure instance metadata: Network error: curl error: HTTP response code said error: The requested URL returned error: 404
W20260608 13:05:07.731805 12591 instance_detector.cc:116] could not retrieve OpenStack instance metadata: Network error: curl error: HTTP response code said error: The requested URL returned error: 404
I20260608 13:05:07.731900  8903 server_base.cc:1061] running on GCE node
I20260608 13:05:07.733165  8903 hybrid_clock.cc:584] initializing the hybrid clock with 'system_unsync' time source
W20260608 13:05:07.733412  8903 system_unsync_time.cc:38] NTP support is disabled. Clock error bounds will not be accurate. This configuration is not suitable for distributed clusters.
I20260608 13:05:07.733605  8903 hybrid_clock.cc:648] HybridClock initialized: now 1780923907733582 us; error 0 us; skew 500 ppm
I20260608 13:05:07.734197  8903 server_base.cc:861] Flag tcmalloc_max_total_thread_cache_bytes is not working since tcmalloc is not enabled.
I20260608 13:05:07.736699  8903 webserver.cc:533] Webserver started at http://127.8.177.193:35755/ using document root <none> and password file <none>
I20260608 13:05:07.737241  8903 fs_manager.cc:362] Metadata directory not provided
I20260608 13:05:07.737457  8903 fs_manager.cc:368] Using write-ahead log directory (fs_wal_dir) as metadata directory
I20260608 13:05:07.737746  8903 server_base.cc:909] This appears to be a new deployment of Kudu; creating new FS layout
I20260608 13:05:07.739003  8903 fs_manager.cc:1068] Generated new instance metadata in path /tmp/dist-test-taskv5O6ux/test-tmp/auto_rebalancer-test.0.AutoRebalancerTest.NoReplicaMovesIfLocationLoadSkewedByOne.1780923815620473-8903-0/minicluster-data/ts-0-root/instance:
uuid: "a3162ad5e0c640aa92077012786bee5a"
format_stamp: "Formatted at 2026-06-08 13:05:07 on dist-test-slave-t8d4"
I20260608 13:05:07.743738  8903 fs_manager.cc:696] Time spent creating directory manager: real 0.004s	user 0.002s	sys 0.005s
I20260608 13:05:07.747735 12596 log_block_manager.cc:4031] Time spent loading block containers with low live blocks: real 0.000s	user 0.000s	sys 0.000s
I20260608 13:05:07.748778  8903 fs_manager.cc:730] Time spent opening block manager: real 0.003s	user 0.003s	sys 0.000s
I20260608 13:05:07.749048  8903 fs_manager.cc:647] Opened local filesystem: /tmp/dist-test-taskv5O6ux/test-tmp/auto_rebalancer-test.0.AutoRebalancerTest.NoReplicaMovesIfLocationLoadSkewedByOne.1780923815620473-8903-0/minicluster-data/ts-0-root
uuid: "a3162ad5e0c640aa92077012786bee5a"
format_stamp: "Formatted at 2026-06-08 13:05:07 on dist-test-slave-t8d4"
I20260608 13:05:07.749298  8903 fs_report.cc:389] FS layout report
--------------------
wal directory: /tmp/dist-test-taskv5O6ux/test-tmp/auto_rebalancer-test.0.AutoRebalancerTest.NoReplicaMovesIfLocationLoadSkewedByOne.1780923815620473-8903-0/minicluster-data/ts-0-root
metadata directory: /tmp/dist-test-taskv5O6ux/test-tmp/auto_rebalancer-test.0.AutoRebalancerTest.NoReplicaMovesIfLocationLoadSkewedByOne.1780923815620473-8903-0/minicluster-data/ts-0-root
1 data directories: /tmp/dist-test-taskv5O6ux/test-tmp/auto_rebalancer-test.0.AutoRebalancerTest.NoReplicaMovesIfLocationLoadSkewedByOne.1780923815620473-8903-0/minicluster-data/ts-0-root/data
Total live blocks: 0
Total live bytes: 0
Total live bytes (after alignment): 0
Total number of LBM containers: 0 (0 full)
Did not check for missing blocks
Did not check for orphaned blocks
Total full LBM containers with extra space: 0 (0 repaired)
Total full LBM container extra space in bytes: 0 (0 repaired)
Total incomplete LBM containers: 0 (0 repaired)
Total LBM partial records: 0 (0 repaired)
Total corrupted LBM metadata records in RocksDB: 0 (0 repaired)
I20260608 13:05:07.764456  8903 rpc_server.cc:225] running with OpenSSL 1.1.1  11 Sep 2018
I20260608 13:05:07.765730  8903 kserver.cc:163] Server-wide thread pool size limit: 3276
I20260608 13:05:07.767161  8903 txn_system_client.cc:432] TxnSystemClient initialization is disabled...
I20260608 13:05:07.769660  8903 ts_tablet_manager.cc:585] Loaded tablet metadata (0 total tablets, 0 live tablets)
I20260608 13:05:07.769863  8903 ts_tablet_manager.cc:531] Time spent load tablet metadata: real 0.000s	user 0.000s	sys 0.000s
I20260608 13:05:07.770143  8903 ts_tablet_manager.cc:616] Registered 0 tablets
I20260608 13:05:07.770310  8903 ts_tablet_manager.cc:595] Time spent register tablets: real 0.000s	user 0.000s	sys 0.000s
I20260608 13:05:07.811913  8903 rpc_server.cc:307] RPC server started. Bound to: 127.8.177.193:44429
I20260608 13:05:07.812033 12658 acceptor_pool.cc:272] collecting diagnostics on the listening RPC socket 127.8.177.193:44429 every 8 connection(s)
I20260608 13:05:07.817417  8903 file_cache.cc:492] Constructed file cache file cache with capacity 419430
W20260608 13:05:07.825218 12663 instance_detector.cc:116] could not retrieve AWS instance metadata: Network error: curl error: HTTP response code said error: The requested URL returned error: 404
W20260608 13:05:07.827638 12664 instance_detector.cc:116] could not retrieve Azure instance metadata: Network error: curl error: HTTP response code said error: The requested URL returned error: 404
I20260608 13:05:07.830670  8903 server_base.cc:1061] running on GCE node
W20260608 13:05:07.831216 12666 instance_detector.cc:116] could not retrieve OpenStack instance metadata: Network error: curl error: HTTP response code said error: The requested URL returned error: 404
I20260608 13:05:07.832273  8903 hybrid_clock.cc:584] initializing the hybrid clock with 'system_unsync' time source
W20260608 13:05:07.832525  8903 system_unsync_time.cc:38] NTP support is disabled. Clock error bounds will not be accurate. This configuration is not suitable for distributed clusters.
I20260608 13:05:07.832746  8903 hybrid_clock.cc:648] HybridClock initialized: now 1780923907832727 us; error 0 us; skew 500 ppm
I20260608 13:05:07.833344  8903 server_base.cc:861] Flag tcmalloc_max_total_thread_cache_bytes is not working since tcmalloc is not enabled.
I20260608 13:05:07.835271 12659 heartbeater.cc:344] Connected to a master server at 127.8.177.254:36187
I20260608 13:05:07.835672 12659 heartbeater.cc:461] Registering TS with master...
I20260608 13:05:07.836336  8903 webserver.cc:533] Webserver started at http://127.8.177.194:38281/ using document root <none> and password file <none>
I20260608 13:05:07.836695 12659 heartbeater.cc:507] Master 127.8.177.254:36187 requested a full tablet report, sending...
I20260608 13:05:07.837118  8903 fs_manager.cc:362] Metadata directory not provided
I20260608 13:05:07.837412  8903 fs_manager.cc:368] Using write-ahead log directory (fs_wal_dir) as metadata directory
I20260608 13:05:07.837742  8903 server_base.cc:909] This appears to be a new deployment of Kudu; creating new FS layout
I20260608 13:05:07.839207  8903 fs_manager.cc:1068] Generated new instance metadata in path /tmp/dist-test-taskv5O6ux/test-tmp/auto_rebalancer-test.0.AutoRebalancerTest.NoReplicaMovesIfLocationLoadSkewedByOne.1780923815620473-8903-0/minicluster-data/ts-1-root/instance:
uuid: "ee65b66a500042cca240ff9458010fcd"
format_stamp: "Formatted at 2026-06-08 13:05:07 on dist-test-slave-t8d4"
I20260608 13:05:07.839491 12532 ts_manager.cc:194] Registered new tserver with Master: a3162ad5e0c640aa92077012786bee5a (127.8.177.193:44429)
I20260608 13:05:07.841668 12532 master_service.cc:502] Signed X509 certificate for tserver {username='slave'} at 127.0.0.1:52742
I20260608 13:05:07.844527  8903 fs_manager.cc:696] Time spent creating directory manager: real 0.005s	user 0.007s	sys 0.000s
I20260608 13:05:07.848326 12671 log_block_manager.cc:4031] Time spent loading block containers with low live blocks: real 0.000s	user 0.000s	sys 0.000s
I20260608 13:05:07.849296  8903 fs_manager.cc:730] Time spent opening block manager: real 0.003s	user 0.003s	sys 0.000s
I20260608 13:05:07.849628  8903 fs_manager.cc:647] Opened local filesystem: /tmp/dist-test-taskv5O6ux/test-tmp/auto_rebalancer-test.0.AutoRebalancerTest.NoReplicaMovesIfLocationLoadSkewedByOne.1780923815620473-8903-0/minicluster-data/ts-1-root
uuid: "ee65b66a500042cca240ff9458010fcd"
format_stamp: "Formatted at 2026-06-08 13:05:07 on dist-test-slave-t8d4"
I20260608 13:05:07.849951  8903 fs_report.cc:389] FS layout report
--------------------
wal directory: /tmp/dist-test-taskv5O6ux/test-tmp/auto_rebalancer-test.0.AutoRebalancerTest.NoReplicaMovesIfLocationLoadSkewedByOne.1780923815620473-8903-0/minicluster-data/ts-1-root
metadata directory: /tmp/dist-test-taskv5O6ux/test-tmp/auto_rebalancer-test.0.AutoRebalancerTest.NoReplicaMovesIfLocationLoadSkewedByOne.1780923815620473-8903-0/minicluster-data/ts-1-root
1 data directories: /tmp/dist-test-taskv5O6ux/test-tmp/auto_rebalancer-test.0.AutoRebalancerTest.NoReplicaMovesIfLocationLoadSkewedByOne.1780923815620473-8903-0/minicluster-data/ts-1-root/data
Total live blocks: 0
Total live bytes: 0
Total live bytes (after alignment): 0
Total number of LBM containers: 0 (0 full)
Did not check for missing blocks
Did not check for orphaned blocks
Total full LBM containers with extra space: 0 (0 repaired)
Total full LBM container extra space in bytes: 0 (0 repaired)
Total incomplete LBM containers: 0 (0 repaired)
Total LBM partial records: 0 (0 repaired)
Total corrupted LBM metadata records in RocksDB: 0 (0 repaired)
I20260608 13:05:07.862221  8903 rpc_server.cc:225] running with OpenSSL 1.1.1  11 Sep 2018
I20260608 13:05:07.863512  8903 kserver.cc:163] Server-wide thread pool size limit: 3276
I20260608 13:05:07.865090  8903 txn_system_client.cc:432] TxnSystemClient initialization is disabled...
I20260608 13:05:07.867396  8903 ts_tablet_manager.cc:585] Loaded tablet metadata (0 total tablets, 0 live tablets)
I20260608 13:05:07.867628  8903 ts_tablet_manager.cc:531] Time spent load tablet metadata: real 0.000s	user 0.000s	sys 0.000s
I20260608 13:05:07.867873  8903 ts_tablet_manager.cc:616] Registered 0 tablets
I20260608 13:05:07.868052  8903 ts_tablet_manager.cc:595] Time spent register tablets: real 0.000s	user 0.000s	sys 0.000s
I20260608 13:05:07.909087  8903 rpc_server.cc:307] RPC server started. Bound to: 127.8.177.194:41317
I20260608 13:05:07.909199 12733 acceptor_pool.cc:272] collecting diagnostics on the listening RPC socket 127.8.177.194:41317 every 8 connection(s)
I20260608 13:05:07.914316  8903 file_cache.cc:492] Constructed file cache file cache with capacity 419430
W20260608 13:05:07.921921 12737 instance_detector.cc:116] could not retrieve AWS instance metadata: Network error: curl error: HTTP response code said error: The requested URL returned error: 404
W20260608 13:05:07.923748 12738 instance_detector.cc:116] could not retrieve Azure instance metadata: Network error: curl error: HTTP response code said error: The requested URL returned error: 404
I20260608 13:05:07.926923  8903 server_base.cc:1061] running on GCE node
W20260608 13:05:07.927377 12740 instance_detector.cc:116] could not retrieve OpenStack instance metadata: Network error: curl error: HTTP response code said error: The requested URL returned error: 404
I20260608 13:05:07.928097 12734 heartbeater.cc:344] Connected to a master server at 127.8.177.254:36187
I20260608 13:05:07.928541 12734 heartbeater.cc:461] Registering TS with master...
I20260608 13:05:07.928541  8903 hybrid_clock.cc:584] initializing the hybrid clock with 'system_unsync' time source
W20260608 13:05:07.929030  8903 system_unsync_time.cc:38] NTP support is disabled. Clock error bounds will not be accurate. This configuration is not suitable for distributed clusters.
I20260608 13:05:07.929240  8903 hybrid_clock.cc:648] HybridClock initialized: now 1780923907929220 us; error 0 us; skew 500 ppm
I20260608 13:05:07.929683 12734 heartbeater.cc:507] Master 127.8.177.254:36187 requested a full tablet report, sending...
I20260608 13:05:07.930126  8903 server_base.cc:861] Flag tcmalloc_max_total_thread_cache_bytes is not working since tcmalloc is not enabled.
I20260608 13:05:07.931985 12532 ts_manager.cc:194] Registered new tserver with Master: ee65b66a500042cca240ff9458010fcd (127.8.177.194:41317)
I20260608 13:05:07.933184  8903 webserver.cc:533] Webserver started at http://127.8.177.195:45059/ using document root <none> and password file <none>
I20260608 13:05:07.933766  8903 fs_manager.cc:362] Metadata directory not provided
I20260608 13:05:07.933704 12532 master_service.cc:502] Signed X509 certificate for tserver {username='slave'} at 127.0.0.1:52746
I20260608 13:05:07.934062  8903 fs_manager.cc:368] Using write-ahead log directory (fs_wal_dir) as metadata directory
I20260608 13:05:07.934383  8903 server_base.cc:909] This appears to be a new deployment of Kudu; creating new FS layout
I20260608 13:05:07.935824  8903 fs_manager.cc:1068] Generated new instance metadata in path /tmp/dist-test-taskv5O6ux/test-tmp/auto_rebalancer-test.0.AutoRebalancerTest.NoReplicaMovesIfLocationLoadSkewedByOne.1780923815620473-8903-0/minicluster-data/ts-2-root/instance:
uuid: "4e64ac94d00a4adebeb8ad3a584ce1f8"
format_stamp: "Formatted at 2026-06-08 13:05:07 on dist-test-slave-t8d4"
I20260608 13:05:07.940845  8903 fs_manager.cc:696] Time spent creating directory manager: real 0.004s	user 0.006s	sys 0.001s
I20260608 13:05:07.944470 12745 log_block_manager.cc:4031] Time spent loading block containers with low live blocks: real 0.000s	user 0.000s	sys 0.000s
I20260608 13:05:07.945286  8903 fs_manager.cc:730] Time spent opening block manager: real 0.002s	user 0.003s	sys 0.000s
I20260608 13:05:07.945658  8903 fs_manager.cc:647] Opened local filesystem: /tmp/dist-test-taskv5O6ux/test-tmp/auto_rebalancer-test.0.AutoRebalancerTest.NoReplicaMovesIfLocationLoadSkewedByOne.1780923815620473-8903-0/minicluster-data/ts-2-root
uuid: "4e64ac94d00a4adebeb8ad3a584ce1f8"
format_stamp: "Formatted at 2026-06-08 13:05:07 on dist-test-slave-t8d4"
I20260608 13:05:07.945956  8903 fs_report.cc:389] FS layout report
--------------------
wal directory: /tmp/dist-test-taskv5O6ux/test-tmp/auto_rebalancer-test.0.AutoRebalancerTest.NoReplicaMovesIfLocationLoadSkewedByOne.1780923815620473-8903-0/minicluster-data/ts-2-root
metadata directory: /tmp/dist-test-taskv5O6ux/test-tmp/auto_rebalancer-test.0.AutoRebalancerTest.NoReplicaMovesIfLocationLoadSkewedByOne.1780923815620473-8903-0/minicluster-data/ts-2-root
1 data directories: /tmp/dist-test-taskv5O6ux/test-tmp/auto_rebalancer-test.0.AutoRebalancerTest.NoReplicaMovesIfLocationLoadSkewedByOne.1780923815620473-8903-0/minicluster-data/ts-2-root/data
Total live blocks: 0
Total live bytes: 0
Total live bytes (after alignment): 0
Total number of LBM containers: 0 (0 full)
Did not check for missing blocks
Did not check for orphaned blocks
Total full LBM containers with extra space: 0 (0 repaired)
Total full LBM container extra space in bytes: 0 (0 repaired)
Total incomplete LBM containers: 0 (0 repaired)
Total LBM partial records: 0 (0 repaired)
Total corrupted LBM metadata records in RocksDB: 0 (0 repaired)
I20260608 13:05:07.971587  8903 rpc_server.cc:225] running with OpenSSL 1.1.1  11 Sep 2018
I20260608 13:05:07.972929  8903 kserver.cc:163] Server-wide thread pool size limit: 3276
I20260608 13:05:07.974469  8903 txn_system_client.cc:432] TxnSystemClient initialization is disabled...
I20260608 13:05:07.976931  8903 ts_tablet_manager.cc:585] Loaded tablet metadata (0 total tablets, 0 live tablets)
I20260608 13:05:07.977180  8903 ts_tablet_manager.cc:531] Time spent load tablet metadata: real 0.000s	user 0.000s	sys 0.000s
I20260608 13:05:07.977427  8903 ts_tablet_manager.cc:616] Registered 0 tablets
I20260608 13:05:07.977610  8903 ts_tablet_manager.cc:595] Time spent register tablets: real 0.000s	user 0.000s	sys 0.000s
I20260608 13:05:08.017855  8903 rpc_server.cc:307] RPC server started. Bound to: 127.8.177.195:35947
I20260608 13:05:08.018000 12808 acceptor_pool.cc:272] collecting diagnostics on the listening RPC socket 127.8.177.195:35947 every 8 connection(s)
I20260608 13:05:08.022957  8903 file_cache.cc:492] Constructed file cache file cache with capacity 419430
W20260608 13:05:08.030380 12812 instance_detector.cc:116] could not retrieve AWS instance metadata: Network error: curl error: HTTP response code said error: The requested URL returned error: 404
W20260608 13:05:08.032886 12813 instance_detector.cc:116] could not retrieve Azure instance metadata: Network error: curl error: HTTP response code said error: The requested URL returned error: 404
W20260608 13:05:08.036695 12815 instance_detector.cc:116] could not retrieve OpenStack instance metadata: Network error: curl error: HTTP response code said error: The requested URL returned error: 404
I20260608 13:05:08.036783  8903 server_base.cc:1061] running on GCE node
I20260608 13:05:08.037813 12809 heartbeater.cc:344] Connected to a master server at 127.8.177.254:36187
I20260608 13:05:08.038173  8903 hybrid_clock.cc:584] initializing the hybrid clock with 'system_unsync' time source
I20260608 13:05:08.038199 12809 heartbeater.cc:461] Registering TS with master...
W20260608 13:05:08.038587  8903 system_unsync_time.cc:38] NTP support is disabled. Clock error bounds will not be accurate. This configuration is not suitable for distributed clusters.
I20260608 13:05:08.038877  8903 hybrid_clock.cc:648] HybridClock initialized: now 1780923908038854 us; error 0 us; skew 500 ppm
I20260608 13:05:08.039362 12809 heartbeater.cc:507] Master 127.8.177.254:36187 requested a full tablet report, sending...
I20260608 13:05:08.039544  8903 server_base.cc:861] Flag tcmalloc_max_total_thread_cache_bytes is not working since tcmalloc is not enabled.
I20260608 13:05:08.041755 12532 ts_manager.cc:194] Registered new tserver with Master: 4e64ac94d00a4adebeb8ad3a584ce1f8 (127.8.177.195:35947)
I20260608 13:05:08.042507  8903 webserver.cc:533] Webserver started at http://127.8.177.196:46749/ using document root <none> and password file <none>
I20260608 13:05:08.043068  8903 fs_manager.cc:362] Metadata directory not provided
I20260608 13:05:08.043283  8903 fs_manager.cc:368] Using write-ahead log directory (fs_wal_dir) as metadata directory
I20260608 13:05:08.043306 12532 master_service.cc:502] Signed X509 certificate for tserver {username='slave'} at 127.0.0.1:52760
I20260608 13:05:08.043653  8903 server_base.cc:909] This appears to be a new deployment of Kudu; creating new FS layout
I20260608 13:05:08.045326  8903 fs_manager.cc:1068] Generated new instance metadata in path /tmp/dist-test-taskv5O6ux/test-tmp/auto_rebalancer-test.0.AutoRebalancerTest.NoReplicaMovesIfLocationLoadSkewedByOne.1780923815620473-8903-0/minicluster-data/ts-3-root/instance:
uuid: "2b1270c6fd824ed7bc4aa868eeff57b7"
format_stamp: "Formatted at 2026-06-08 13:05:08 on dist-test-slave-t8d4"
I20260608 13:05:08.050338  8903 fs_manager.cc:696] Time spent creating directory manager: real 0.004s	user 0.005s	sys 0.000s
I20260608 13:05:08.053951 12820 log_block_manager.cc:4031] Time spent loading block containers with low live blocks: real 0.000s	user 0.000s	sys 0.000s
I20260608 13:05:08.054698  8903 fs_manager.cc:730] Time spent opening block manager: real 0.002s	user 0.000s	sys 0.003s
I20260608 13:05:08.055009  8903 fs_manager.cc:647] Opened local filesystem: /tmp/dist-test-taskv5O6ux/test-tmp/auto_rebalancer-test.0.AutoRebalancerTest.NoReplicaMovesIfLocationLoadSkewedByOne.1780923815620473-8903-0/minicluster-data/ts-3-root
uuid: "2b1270c6fd824ed7bc4aa868eeff57b7"
format_stamp: "Formatted at 2026-06-08 13:05:08 on dist-test-slave-t8d4"
I20260608 13:05:08.055305  8903 fs_report.cc:389] FS layout report
--------------------
wal directory: /tmp/dist-test-taskv5O6ux/test-tmp/auto_rebalancer-test.0.AutoRebalancerTest.NoReplicaMovesIfLocationLoadSkewedByOne.1780923815620473-8903-0/minicluster-data/ts-3-root
metadata directory: /tmp/dist-test-taskv5O6ux/test-tmp/auto_rebalancer-test.0.AutoRebalancerTest.NoReplicaMovesIfLocationLoadSkewedByOne.1780923815620473-8903-0/minicluster-data/ts-3-root
1 data directories: /tmp/dist-test-taskv5O6ux/test-tmp/auto_rebalancer-test.0.AutoRebalancerTest.NoReplicaMovesIfLocationLoadSkewedByOne.1780923815620473-8903-0/minicluster-data/ts-3-root/data
Total live blocks: 0
Total live bytes: 0
Total live bytes (after alignment): 0
Total number of LBM containers: 0 (0 full)
Did not check for missing blocks
Did not check for orphaned blocks
Total full LBM containers with extra space: 0 (0 repaired)
Total full LBM container extra space in bytes: 0 (0 repaired)
Total incomplete LBM containers: 0 (0 repaired)
Total LBM partial records: 0 (0 repaired)
Total corrupted LBM metadata records in RocksDB: 0 (0 repaired)
I20260608 13:05:08.064942  8903 rpc_server.cc:225] running with OpenSSL 1.1.1  11 Sep 2018
I20260608 13:05:08.066184  8903 kserver.cc:163] Server-wide thread pool size limit: 3276
I20260608 13:05:08.067638  8903 txn_system_client.cc:432] TxnSystemClient initialization is disabled...
I20260608 13:05:08.069954  8903 ts_tablet_manager.cc:585] Loaded tablet metadata (0 total tablets, 0 live tablets)
I20260608 13:05:08.070194  8903 ts_tablet_manager.cc:531] Time spent load tablet metadata: real 0.000s	user 0.000s	sys 0.000s
I20260608 13:05:08.070436  8903 ts_tablet_manager.cc:616] Registered 0 tablets
I20260608 13:05:08.070621  8903 ts_tablet_manager.cc:595] Time spent register tablets: real 0.000s	user 0.000s	sys 0.000s
I20260608 13:05:08.111758  8903 rpc_server.cc:307] RPC server started. Bound to: 127.8.177.196:39037
I20260608 13:05:08.111900 12882 acceptor_pool.cc:272] collecting diagnostics on the listening RPC socket 127.8.177.196:39037 every 8 connection(s)
I20260608 13:05:08.126461 12883 heartbeater.cc:344] Connected to a master server at 127.8.177.254:36187
I20260608 13:05:08.126953 12883 heartbeater.cc:461] Registering TS with master...
I20260608 13:05:08.127687 12883 heartbeater.cc:507] Master 127.8.177.254:36187 requested a full tablet report, sending...
I20260608 13:05:08.129684 12532 ts_manager.cc:194] Registered new tserver with Master: 2b1270c6fd824ed7bc4aa868eeff57b7 (127.8.177.196:39037)
I20260608 13:05:08.130070  8903 internal_mini_cluster.cc:371] 4 TS(s) registered with all masters after 0.014967905s
I20260608 13:05:08.131520 12532 master_service.cc:502] Signed X509 certificate for tserver {username='slave'} at 127.0.0.1:52770
I20260608 13:05:08.689332 12532 catalog_manager.cc:2282] Servicing CreateTable request from {username='slave'} at 127.0.0.1:52798:
name: "test-workload"
schema {
  columns {
    name: "key"
    type: INT32
    is_key: true
    is_nullable: false
    encoding: AUTO_ENCODING
    compression: DEFAULT_COMPRESSION
    cfile_block_size: 0
    immutable: false
  }
  columns {
    name: "int_val"
    type: INT32
    is_key: false
    is_nullable: false
    encoding: AUTO_ENCODING
    compression: DEFAULT_COMPRESSION
    cfile_block_size: 0
    immutable: false
  }
  columns {
    name: "string_val"
    type: STRING
    is_key: false
    is_nullable: true
    encoding: AUTO_ENCODING
    compression: DEFAULT_COMPRESSION
    cfile_block_size: 0
    immutable: false
  }
}
num_replicas: 3
split_rows_range_bounds {
}
partition_schema {
  range_schema {
    columns {
      name: "key"
    }
  }
}
I20260608 13:05:08.738224 12774 tablet_service.cc:1511] Processing CreateTablet for tablet a4c8561a51934c75b873ff17fe3a86eb (DEFAULT_TABLE table=test-workload [id=060c78dd4e4845418dac95810c9450f6]), partition=RANGE (key) PARTITION UNBOUNDED
I20260608 13:05:08.739925 12774 data_dirs.cc:400] Could only allocate 1 dirs of requested 3 for tablet a4c8561a51934c75b873ff17fe3a86eb. 1 dirs total, 0 dirs full, 0 dirs failed
I20260608 13:05:08.749747 12624 tablet_service.cc:1511] Processing CreateTablet for tablet a4c8561a51934c75b873ff17fe3a86eb (DEFAULT_TABLE table=test-workload [id=060c78dd4e4845418dac95810c9450f6]), partition=RANGE (key) PARTITION UNBOUNDED
I20260608 13:05:08.750939 12624 data_dirs.cc:400] Could only allocate 1 dirs of requested 3 for tablet a4c8561a51934c75b873ff17fe3a86eb. 1 dirs total, 0 dirs full, 0 dirs failed
I20260608 13:05:08.750671 12848 tablet_service.cc:1511] Processing CreateTablet for tablet a4c8561a51934c75b873ff17fe3a86eb (DEFAULT_TABLE table=test-workload [id=060c78dd4e4845418dac95810c9450f6]), partition=RANGE (key) PARTITION UNBOUNDED
I20260608 13:05:08.752029 12848 data_dirs.cc:400] Could only allocate 1 dirs of requested 3 for tablet a4c8561a51934c75b873ff17fe3a86eb. 1 dirs total, 0 dirs full, 0 dirs failed
I20260608 13:05:08.763530 12903 tablet_bootstrap.cc:492] T a4c8561a51934c75b873ff17fe3a86eb P 4e64ac94d00a4adebeb8ad3a584ce1f8: Bootstrap starting.
I20260608 13:05:08.767346 12904 tablet_bootstrap.cc:492] T a4c8561a51934c75b873ff17fe3a86eb P a3162ad5e0c640aa92077012786bee5a: Bootstrap starting.
I20260608 13:05:08.770385 12903 tablet_bootstrap.cc:654] T a4c8561a51934c75b873ff17fe3a86eb P 4e64ac94d00a4adebeb8ad3a584ce1f8: Neither blocks nor log segments found. Creating new log.
I20260608 13:05:08.775676 12906 tablet_bootstrap.cc:492] T a4c8561a51934c75b873ff17fe3a86eb P 2b1270c6fd824ed7bc4aa868eeff57b7: Bootstrap starting.
I20260608 13:05:08.776259 12904 tablet_bootstrap.cc:654] T a4c8561a51934c75b873ff17fe3a86eb P a3162ad5e0c640aa92077012786bee5a: Neither blocks nor log segments found. Creating new log.
I20260608 13:05:08.777683 12903 tablet_bootstrap.cc:492] T a4c8561a51934c75b873ff17fe3a86eb P 4e64ac94d00a4adebeb8ad3a584ce1f8: No bootstrap required, opened a new log
I20260608 13:05:08.778146 12903 ts_tablet_manager.cc:1403] T a4c8561a51934c75b873ff17fe3a86eb P 4e64ac94d00a4adebeb8ad3a584ce1f8: Time spent bootstrapping tablet: real 0.015s	user 0.012s	sys 0.000s
I20260608 13:05:08.781347 12903 raft_consensus.cc:359] T a4c8561a51934c75b873ff17fe3a86eb P 4e64ac94d00a4adebeb8ad3a584ce1f8 [term 0 FOLLOWER]: Replica starting. Triggering 0 pending ops. Active config: opid_index: -1 OBSOLETE_local: false peers { permanent_uuid: "4e64ac94d00a4adebeb8ad3a584ce1f8" member_type: VOTER last_known_addr { host: "127.8.177.195" port: 35947 } } peers { permanent_uuid: "a3162ad5e0c640aa92077012786bee5a" member_type: VOTER last_known_addr { host: "127.8.177.193" port: 44429 } } peers { permanent_uuid: "2b1270c6fd824ed7bc4aa868eeff57b7" member_type: VOTER last_known_addr { host: "127.8.177.196" port: 39037 } }
I20260608 13:05:08.782195 12903 raft_consensus.cc:385] T a4c8561a51934c75b873ff17fe3a86eb P 4e64ac94d00a4adebeb8ad3a584ce1f8 [term 0 FOLLOWER]: Consensus starting up: Expiring failure detector timer to make a prompt election more likely
I20260608 13:05:08.782392 12906 tablet_bootstrap.cc:654] T a4c8561a51934c75b873ff17fe3a86eb P 2b1270c6fd824ed7bc4aa868eeff57b7: Neither blocks nor log segments found. Creating new log.
I20260608 13:05:08.782452 12904 tablet_bootstrap.cc:492] T a4c8561a51934c75b873ff17fe3a86eb P a3162ad5e0c640aa92077012786bee5a: No bootstrap required, opened a new log
I20260608 13:05:08.782605 12903 raft_consensus.cc:740] T a4c8561a51934c75b873ff17fe3a86eb P 4e64ac94d00a4adebeb8ad3a584ce1f8 [term 0 FOLLOWER]: Becoming Follower/Learner. State: Replica: 4e64ac94d00a4adebeb8ad3a584ce1f8, State: Initialized, Role: FOLLOWER
I20260608 13:05:08.783329 12904 ts_tablet_manager.cc:1403] T a4c8561a51934c75b873ff17fe3a86eb P a3162ad5e0c640aa92077012786bee5a: Time spent bootstrapping tablet: real 0.016s	user 0.014s	sys 0.000s
I20260608 13:05:08.783769 12903 consensus_queue.cc:260] T a4c8561a51934c75b873ff17fe3a86eb P 4e64ac94d00a4adebeb8ad3a584ce1f8 [NON_LEADER]: Queue going to NON_LEADER mode. State: All replicated index: 0, Majority replicated index: 0, Committed index: 0, Last appended: 0.0, Last appended by leader: 0, Current term: 0, Majority size: -1, State: 0, Mode: NON_LEADER, active raft config: opid_index: -1 OBSOLETE_local: false peers { permanent_uuid: "4e64ac94d00a4adebeb8ad3a584ce1f8" member_type: VOTER last_known_addr { host: "127.8.177.195" port: 35947 } } peers { permanent_uuid: "a3162ad5e0c640aa92077012786bee5a" member_type: VOTER last_known_addr { host: "127.8.177.193" port: 44429 } } peers { permanent_uuid: "2b1270c6fd824ed7bc4aa868eeff57b7" member_type: VOTER last_known_addr { host: "127.8.177.196" port: 39037 } }
I20260608 13:05:08.786406 12809 heartbeater.cc:499] Master 127.8.177.254:36187 was elected leader, sending a full tablet report...
I20260608 13:05:08.786731 12903 ts_tablet_manager.cc:1434] T a4c8561a51934c75b873ff17fe3a86eb P 4e64ac94d00a4adebeb8ad3a584ce1f8: Time spent starting tablet: real 0.008s	user 0.009s	sys 0.000s
I20260608 13:05:08.786834 12904 raft_consensus.cc:359] T a4c8561a51934c75b873ff17fe3a86eb P a3162ad5e0c640aa92077012786bee5a [term 0 FOLLOWER]: Replica starting. Triggering 0 pending ops. Active config: opid_index: -1 OBSOLETE_local: false peers { permanent_uuid: "4e64ac94d00a4adebeb8ad3a584ce1f8" member_type: VOTER last_known_addr { host: "127.8.177.195" port: 35947 } } peers { permanent_uuid: "a3162ad5e0c640aa92077012786bee5a" member_type: VOTER last_known_addr { host: "127.8.177.193" port: 44429 } } peers { permanent_uuid: "2b1270c6fd824ed7bc4aa868eeff57b7" member_type: VOTER last_known_addr { host: "127.8.177.196" port: 39037 } }
I20260608 13:05:08.787811 12904 raft_consensus.cc:385] T a4c8561a51934c75b873ff17fe3a86eb P a3162ad5e0c640aa92077012786bee5a [term 0 FOLLOWER]: Consensus starting up: Expiring failure detector timer to make a prompt election more likely
I20260608 13:05:08.788213 12904 raft_consensus.cc:740] T a4c8561a51934c75b873ff17fe3a86eb P a3162ad5e0c640aa92077012786bee5a [term 0 FOLLOWER]: Becoming Follower/Learner. State: Replica: a3162ad5e0c640aa92077012786bee5a, State: Initialized, Role: FOLLOWER
I20260608 13:05:08.789430 12904 consensus_queue.cc:260] T a4c8561a51934c75b873ff17fe3a86eb P a3162ad5e0c640aa92077012786bee5a [NON_LEADER]: Queue going to NON_LEADER mode. State: All replicated index: 0, Majority replicated index: 0, Committed index: 0, Last appended: 0.0, Last appended by leader: 0, Current term: 0, Majority size: -1, State: 0, Mode: NON_LEADER, active raft config: opid_index: -1 OBSOLETE_local: false peers { permanent_uuid: "4e64ac94d00a4adebeb8ad3a584ce1f8" member_type: VOTER last_known_addr { host: "127.8.177.195" port: 35947 } } peers { permanent_uuid: "a3162ad5e0c640aa92077012786bee5a" member_type: VOTER last_known_addr { host: "127.8.177.193" port: 44429 } } peers { permanent_uuid: "2b1270c6fd824ed7bc4aa868eeff57b7" member_type: VOTER last_known_addr { host: "127.8.177.196" port: 39037 } }
I20260608 13:05:08.791949 12659 heartbeater.cc:499] Master 127.8.177.254:36187 was elected leader, sending a full tablet report...
I20260608 13:05:08.792460 12904 ts_tablet_manager.cc:1434] T a4c8561a51934c75b873ff17fe3a86eb P a3162ad5e0c640aa92077012786bee5a: Time spent starting tablet: real 0.009s	user 0.002s	sys 0.006s
I20260608 13:05:08.791937 12906 tablet_bootstrap.cc:492] T a4c8561a51934c75b873ff17fe3a86eb P 2b1270c6fd824ed7bc4aa868eeff57b7: No bootstrap required, opened a new log
I20260608 13:05:08.793532 12906 ts_tablet_manager.cc:1403] T a4c8561a51934c75b873ff17fe3a86eb P 2b1270c6fd824ed7bc4aa868eeff57b7: Time spent bootstrapping tablet: real 0.019s	user 0.007s	sys 0.008s
I20260608 13:05:08.797011 12906 raft_consensus.cc:359] T a4c8561a51934c75b873ff17fe3a86eb P 2b1270c6fd824ed7bc4aa868eeff57b7 [term 0 FOLLOWER]: Replica starting. Triggering 0 pending ops. Active config: opid_index: -1 OBSOLETE_local: false peers { permanent_uuid: "4e64ac94d00a4adebeb8ad3a584ce1f8" member_type: VOTER last_known_addr { host: "127.8.177.195" port: 35947 } } peers { permanent_uuid: "a3162ad5e0c640aa92077012786bee5a" member_type: VOTER last_known_addr { host: "127.8.177.193" port: 44429 } } peers { permanent_uuid: "2b1270c6fd824ed7bc4aa868eeff57b7" member_type: VOTER last_known_addr { host: "127.8.177.196" port: 39037 } }
I20260608 13:05:08.797757 12906 raft_consensus.cc:385] T a4c8561a51934c75b873ff17fe3a86eb P 2b1270c6fd824ed7bc4aa868eeff57b7 [term 0 FOLLOWER]: Consensus starting up: Expiring failure detector timer to make a prompt election more likely
I20260608 13:05:08.798084 12906 raft_consensus.cc:740] T a4c8561a51934c75b873ff17fe3a86eb P 2b1270c6fd824ed7bc4aa868eeff57b7 [term 0 FOLLOWER]: Becoming Follower/Learner. State: Replica: 2b1270c6fd824ed7bc4aa868eeff57b7, State: Initialized, Role: FOLLOWER
I20260608 13:05:08.798902 12906 consensus_queue.cc:260] T a4c8561a51934c75b873ff17fe3a86eb P 2b1270c6fd824ed7bc4aa868eeff57b7 [NON_LEADER]: Queue going to NON_LEADER mode. State: All replicated index: 0, Majority replicated index: 0, Committed index: 0, Last appended: 0.0, Last appended by leader: 0, Current term: 0, Majority size: -1, State: 0, Mode: NON_LEADER, active raft config: opid_index: -1 OBSOLETE_local: false peers { permanent_uuid: "4e64ac94d00a4adebeb8ad3a584ce1f8" member_type: VOTER last_known_addr { host: "127.8.177.195" port: 35947 } } peers { permanent_uuid: "a3162ad5e0c640aa92077012786bee5a" member_type: VOTER last_known_addr { host: "127.8.177.193" port: 44429 } } peers { permanent_uuid: "2b1270c6fd824ed7bc4aa868eeff57b7" member_type: VOTER last_known_addr { host: "127.8.177.196" port: 39037 } }
I20260608 13:05:08.805675 12883 heartbeater.cc:499] Master 127.8.177.254:36187 was elected leader, sending a full tablet report...
I20260608 13:05:08.806248 12906 ts_tablet_manager.cc:1434] T a4c8561a51934c75b873ff17fe3a86eb P 2b1270c6fd824ed7bc4aa868eeff57b7: Time spent starting tablet: real 0.012s	user 0.004s	sys 0.008s
I20260608 13:05:08.881417 12911 raft_consensus.cc:493] T a4c8561a51934c75b873ff17fe3a86eb P 2b1270c6fd824ed7bc4aa868eeff57b7 [term 0 FOLLOWER]: Starting pre-election (no leader contacted us within the election timeout)
I20260608 13:05:08.881924 12911 raft_consensus.cc:515] T a4c8561a51934c75b873ff17fe3a86eb P 2b1270c6fd824ed7bc4aa868eeff57b7 [term 0 FOLLOWER]: Starting pre-election with config: opid_index: -1 OBSOLETE_local: false peers { permanent_uuid: "4e64ac94d00a4adebeb8ad3a584ce1f8" member_type: VOTER last_known_addr { host: "127.8.177.195" port: 35947 } } peers { permanent_uuid: "a3162ad5e0c640aa92077012786bee5a" member_type: VOTER last_known_addr { host: "127.8.177.193" port: 44429 } } peers { permanent_uuid: "2b1270c6fd824ed7bc4aa868eeff57b7" member_type: VOTER last_known_addr { host: "127.8.177.196" port: 39037 } }
I20260608 13:05:08.884186 12911 leader_election.cc:290] T a4c8561a51934c75b873ff17fe3a86eb P 2b1270c6fd824ed7bc4aa868eeff57b7 [CANDIDATE]: Term 1 pre-election: Requested pre-vote from peers 4e64ac94d00a4adebeb8ad3a584ce1f8 (127.8.177.195:35947), a3162ad5e0c640aa92077012786bee5a (127.8.177.193:44429)
I20260608 13:05:08.898330 12634 tablet_service.cc:1917] Received RequestConsensusVote() RPC: tablet_id: "a4c8561a51934c75b873ff17fe3a86eb" candidate_uuid: "2b1270c6fd824ed7bc4aa868eeff57b7" candidate_term: 1 candidate_status { last_received { term: 0 index: 0 } } ignore_live_leader: false dest_uuid: "a3162ad5e0c640aa92077012786bee5a" is_pre_election: true
I20260608 13:05:08.898988 12784 tablet_service.cc:1917] Received RequestConsensusVote() RPC: tablet_id: "a4c8561a51934c75b873ff17fe3a86eb" candidate_uuid: "2b1270c6fd824ed7bc4aa868eeff57b7" candidate_term: 1 candidate_status { last_received { term: 0 index: 0 } } ignore_live_leader: false dest_uuid: "4e64ac94d00a4adebeb8ad3a584ce1f8" is_pre_election: true
I20260608 13:05:08.899075 12634 raft_consensus.cc:2468] T a4c8561a51934c75b873ff17fe3a86eb P a3162ad5e0c640aa92077012786bee5a [term 0 FOLLOWER]: Leader pre-election vote request: Granting yes vote for candidate 2b1270c6fd824ed7bc4aa868eeff57b7 in term 0.
I20260608 13:05:08.899647 12784 raft_consensus.cc:2468] T a4c8561a51934c75b873ff17fe3a86eb P 4e64ac94d00a4adebeb8ad3a584ce1f8 [term 0 FOLLOWER]: Leader pre-election vote request: Granting yes vote for candidate 2b1270c6fd824ed7bc4aa868eeff57b7 in term 0.
I20260608 13:05:08.900655 12822 leader_election.cc:304] T a4c8561a51934c75b873ff17fe3a86eb P 2b1270c6fd824ed7bc4aa868eeff57b7 [CANDIDATE]: Term 1 pre-election: Election decided. Result: candidate won. Election summary: received 2 responses out of 3 voters: 2 yes votes; 0 no votes. yes voters: 2b1270c6fd824ed7bc4aa868eeff57b7, a3162ad5e0c640aa92077012786bee5a; no voters: 
I20260608 13:05:08.901433 12911 raft_consensus.cc:2804] T a4c8561a51934c75b873ff17fe3a86eb P 2b1270c6fd824ed7bc4aa868eeff57b7 [term 0 FOLLOWER]: Leader pre-election won for term 1
I20260608 13:05:08.901820 12911 raft_consensus.cc:493] T a4c8561a51934c75b873ff17fe3a86eb P 2b1270c6fd824ed7bc4aa868eeff57b7 [term 0 FOLLOWER]: Starting leader election (no leader contacted us within the election timeout)
I20260608 13:05:08.902113 12911 raft_consensus.cc:3060] T a4c8561a51934c75b873ff17fe3a86eb P 2b1270c6fd824ed7bc4aa868eeff57b7 [term 0 FOLLOWER]: Advancing to term 1
I20260608 13:05:08.907083 12911 raft_consensus.cc:515] T a4c8561a51934c75b873ff17fe3a86eb P 2b1270c6fd824ed7bc4aa868eeff57b7 [term 1 FOLLOWER]: Starting leader election with config: opid_index: -1 OBSOLETE_local: false peers { permanent_uuid: "4e64ac94d00a4adebeb8ad3a584ce1f8" member_type: VOTER last_known_addr { host: "127.8.177.195" port: 35947 } } peers { permanent_uuid: "a3162ad5e0c640aa92077012786bee5a" member_type: VOTER last_known_addr { host: "127.8.177.193" port: 44429 } } peers { permanent_uuid: "2b1270c6fd824ed7bc4aa868eeff57b7" member_type: VOTER last_known_addr { host: "127.8.177.196" port: 39037 } }
I20260608 13:05:08.909613 12784 tablet_service.cc:1917] Received RequestConsensusVote() RPC: tablet_id: "a4c8561a51934c75b873ff17fe3a86eb" candidate_uuid: "2b1270c6fd824ed7bc4aa868eeff57b7" candidate_term: 1 candidate_status { last_received { term: 0 index: 0 } } ignore_live_leader: false dest_uuid: "4e64ac94d00a4adebeb8ad3a584ce1f8"
I20260608 13:05:08.910147 12784 raft_consensus.cc:3060] T a4c8561a51934c75b873ff17fe3a86eb P 4e64ac94d00a4adebeb8ad3a584ce1f8 [term 0 FOLLOWER]: Advancing to term 1
I20260608 13:05:08.910362 12911 leader_election.cc:290] T a4c8561a51934c75b873ff17fe3a86eb P 2b1270c6fd824ed7bc4aa868eeff57b7 [CANDIDATE]: Term 1 election: Requested vote from peers 4e64ac94d00a4adebeb8ad3a584ce1f8 (127.8.177.195:35947), a3162ad5e0c640aa92077012786bee5a (127.8.177.193:44429)
I20260608 13:05:08.910992 12634 tablet_service.cc:1917] Received RequestConsensusVote() RPC: tablet_id: "a4c8561a51934c75b873ff17fe3a86eb" candidate_uuid: "2b1270c6fd824ed7bc4aa868eeff57b7" candidate_term: 1 candidate_status { last_received { term: 0 index: 0 } } ignore_live_leader: false dest_uuid: "a3162ad5e0c640aa92077012786bee5a"
I20260608 13:05:08.911406 12634 raft_consensus.cc:3060] T a4c8561a51934c75b873ff17fe3a86eb P a3162ad5e0c640aa92077012786bee5a [term 0 FOLLOWER]: Advancing to term 1
I20260608 13:05:08.915203 12784 raft_consensus.cc:2468] T a4c8561a51934c75b873ff17fe3a86eb P 4e64ac94d00a4adebeb8ad3a584ce1f8 [term 1 FOLLOWER]: Leader election vote request: Granting yes vote for candidate 2b1270c6fd824ed7bc4aa868eeff57b7 in term 1.
I20260608 13:05:08.916453 12824 leader_election.cc:304] T a4c8561a51934c75b873ff17fe3a86eb P 2b1270c6fd824ed7bc4aa868eeff57b7 [CANDIDATE]: Term 1 election: Election decided. Result: candidate won. Election summary: received 2 responses out of 3 voters: 2 yes votes; 0 no votes. yes voters: 2b1270c6fd824ed7bc4aa868eeff57b7, 4e64ac94d00a4adebeb8ad3a584ce1f8; no voters: 
I20260608 13:05:08.916744 12634 raft_consensus.cc:2468] T a4c8561a51934c75b873ff17fe3a86eb P a3162ad5e0c640aa92077012786bee5a [term 1 FOLLOWER]: Leader election vote request: Granting yes vote for candidate 2b1270c6fd824ed7bc4aa868eeff57b7 in term 1.
I20260608 13:05:08.917383 12911 raft_consensus.cc:2804] T a4c8561a51934c75b873ff17fe3a86eb P 2b1270c6fd824ed7bc4aa868eeff57b7 [term 1 FOLLOWER]: Leader election won for term 1
I20260608 13:05:08.918545 12911 raft_consensus.cc:697] T a4c8561a51934c75b873ff17fe3a86eb P 2b1270c6fd824ed7bc4aa868eeff57b7 [term 1 LEADER]: Becoming Leader. State: Replica: 2b1270c6fd824ed7bc4aa868eeff57b7, State: Running, Role: LEADER
I20260608 13:05:08.919258 12911 consensus_queue.cc:237] T a4c8561a51934c75b873ff17fe3a86eb P 2b1270c6fd824ed7bc4aa868eeff57b7 [LEADER]: Queue going to LEADER mode. State: All replicated index: 0, Majority replicated index: 0, Committed index: 0, Last appended: 0.0, Last appended by leader: 0, Current term: 1, Majority size: 2, State: 0, Mode: LEADER, active raft config: opid_index: -1 OBSOLETE_local: false peers { permanent_uuid: "4e64ac94d00a4adebeb8ad3a584ce1f8" member_type: VOTER last_known_addr { host: "127.8.177.195" port: 35947 } } peers { permanent_uuid: "a3162ad5e0c640aa92077012786bee5a" member_type: VOTER last_known_addr { host: "127.8.177.193" port: 44429 } } peers { permanent_uuid: "2b1270c6fd824ed7bc4aa868eeff57b7" member_type: VOTER last_known_addr { host: "127.8.177.196" port: 39037 } }
I20260608 13:05:08.927006 12531 catalog_manager.cc:5696] T a4c8561a51934c75b873ff17fe3a86eb P 2b1270c6fd824ed7bc4aa868eeff57b7 reported cstate change: term changed from 0 to 1, leader changed from <none> to 2b1270c6fd824ed7bc4aa868eeff57b7 (127.8.177.196). New cstate: current_term: 1 leader_uuid: "2b1270c6fd824ed7bc4aa868eeff57b7" committed_config { opid_index: -1 OBSOLETE_local: false peers { permanent_uuid: "4e64ac94d00a4adebeb8ad3a584ce1f8" member_type: VOTER last_known_addr { host: "127.8.177.195" port: 35947 } health_report { overall_health: UNKNOWN } } peers { permanent_uuid: "a3162ad5e0c640aa92077012786bee5a" member_type: VOTER last_known_addr { host: "127.8.177.193" port: 44429 } health_report { overall_health: UNKNOWN } } peers { permanent_uuid: "2b1270c6fd824ed7bc4aa868eeff57b7" member_type: VOTER last_known_addr { host: "127.8.177.196" port: 39037 } health_report { overall_health: HEALTHY } } }
I20260608 13:05:08.936558 12734 heartbeater.cc:499] Master 127.8.177.254:36187 was elected leader, sending a full tablet report...
I20260608 13:05:09.371098 12911 consensus_queue.cc:1048] T a4c8561a51934c75b873ff17fe3a86eb P 2b1270c6fd824ed7bc4aa868eeff57b7 [LEADER]: Connected to new peer: Peer: permanent_uuid: "4e64ac94d00a4adebeb8ad3a584ce1f8" member_type: VOTER last_known_addr { host: "127.8.177.195" port: 35947 }, Status: LMP_MISMATCH, Last received: 0.0, Next index: 1, Last known committed idx: 0, Time since last communication: 0.000s
I20260608 13:05:09.385723 12914 consensus_queue.cc:1048] T a4c8561a51934c75b873ff17fe3a86eb P 2b1270c6fd824ed7bc4aa868eeff57b7 [LEADER]: Connected to new peer: Peer: permanent_uuid: "a3162ad5e0c640aa92077012786bee5a" member_type: VOTER last_known_addr { host: "127.8.177.193" port: 44429 }, Status: LMP_MISMATCH, Last received: 0.0, Next index: 1, Last known committed idx: 0, Time since last communication: 0.000s
I20260608 13:05:09.653388 12585 auto_leader_rebalancer.cc:140] leader rebalance for table test-workload
I20260608 13:05:09.655323 12585 auto_leader_rebalancer.cc:388] table: test-workload, leader rebalance finish, leader transfer count: 0
I20260608 13:05:09.655758 12585 auto_leader_rebalancer.cc:451] All tables' leader rebalancing finished this round
I20260608 13:05:11.657037 12585 auto_leader_rebalancer.cc:140] leader rebalance for table test-workload
