I20260608 13:03:42.653916  9769 raft_consensus.cc:385] T 9541942a31ac43f7ad21cb0e7d1b3b6d P d6c77b1b6206488ab429c3d2bf23ad78 [term 0 FOLLOWER]: Consensus starting up: Expiring failure detector timer to make a prompt election more likely
I20260608 13:03:42.654335  9769 raft_consensus.cc:740] T 9541942a31ac43f7ad21cb0e7d1b3b6d P d6c77b1b6206488ab429c3d2bf23ad78 [term 0 FOLLOWER]: Becoming Follower/Learner. State: Replica: d6c77b1b6206488ab429c3d2bf23ad78, State: Initialized, Role: FOLLOWER
I20260608 13:03:42.655272  9768 tablet_bootstrap.cc:654] T 9541942a31ac43f7ad21cb0e7d1b3b6d P 66db03ac88dc4e26a753becf7e65c773: Neither blocks nor log segments found. Creating new log.
I20260608 13:03:42.655337  9769 consensus_queue.cc:260] T 9541942a31ac43f7ad21cb0e7d1b3b6d P d6c77b1b6206488ab429c3d2bf23ad78 [NON_LEADER]: Queue going to NON_LEADER mode. State: All replicated index: 0, Majority replicated index: 0, Committed index: 0, Last appended: 0.0, Last appended by leader: 0, Current term: 0, Majority size: -1, State: 0, Mode: NON_LEADER, active raft config: opid_index: -1 OBSOLETE_local: false peers { permanent_uuid: "d6c77b1b6206488ab429c3d2bf23ad78" member_type: VOTER last_known_addr { host: "127.8.177.193" port: 37653 } } peers { permanent_uuid: "5b921103a6ff468caa54d8c8383d70cc" member_type: VOTER last_known_addr { host: "127.8.177.194" port: 37965 } } peers { permanent_uuid: "66db03ac88dc4e26a753becf7e65c773" member_type: VOTER last_known_addr { host: "127.8.177.195" port: 43803 } }
I20260608 13:03:42.658617  9769 ts_tablet_manager.cc:1434] T 9541942a31ac43f7ad21cb0e7d1b3b6d P d6c77b1b6206488ab429c3d2bf23ad78: Time spent starting tablet: real 0.008s	user 0.006s	sys 0.000s
I20260608 13:03:42.660010  9769 tablet_bootstrap.cc:492] T 2566ab84ee114b54b663922ec27ce29f P d6c77b1b6206488ab429c3d2bf23ad78: Bootstrap starting.
I20260608 13:03:42.667209  9769 tablet_bootstrap.cc:654] T 2566ab84ee114b54b663922ec27ce29f P d6c77b1b6206488ab429c3d2bf23ad78: Neither blocks nor log segments found. Creating new log.
I20260608 13:03:42.667305  9767 tablet_bootstrap.cc:492] T 9541942a31ac43f7ad21cb0e7d1b3b6d P 5b921103a6ff468caa54d8c8383d70cc: No bootstrap required, opened a new log
I20260608 13:03:42.667948  9767 ts_tablet_manager.cc:1403] T 9541942a31ac43f7ad21cb0e7d1b3b6d P 5b921103a6ff468caa54d8c8383d70cc: Time spent bootstrapping tablet: real 0.028s	user 0.012s	sys 0.006s
I20260608 13:03:42.671593  9767 raft_consensus.cc:359] T 9541942a31ac43f7ad21cb0e7d1b3b6d P 5b921103a6ff468caa54d8c8383d70cc [term 0 FOLLOWER]: Replica starting. Triggering 0 pending ops. Active config: opid_index: -1 OBSOLETE_local: false peers { permanent_uuid: "d6c77b1b6206488ab429c3d2bf23ad78" member_type: VOTER last_known_addr { host: "127.8.177.193" port: 37653 } } peers { permanent_uuid: "5b921103a6ff468caa54d8c8383d70cc" member_type: VOTER last_known_addr { host: "127.8.177.194" port: 37965 } } peers { permanent_uuid: "66db03ac88dc4e26a753becf7e65c773" member_type: VOTER last_known_addr { host: "127.8.177.195" port: 43803 } }
I20260608 13:03:42.672883  9767 raft_consensus.cc:385] T 9541942a31ac43f7ad21cb0e7d1b3b6d P 5b921103a6ff468caa54d8c8383d70cc [term 0 FOLLOWER]: Consensus starting up: Expiring failure detector timer to make a prompt election more likely
I20260608 13:03:42.673406  9767 raft_consensus.cc:740] T 9541942a31ac43f7ad21cb0e7d1b3b6d P 5b921103a6ff468caa54d8c8383d70cc [term 0 FOLLOWER]: Becoming Follower/Learner. State: Replica: 5b921103a6ff468caa54d8c8383d70cc, State: Initialized, Role: FOLLOWER
I20260608 13:03:42.674666  9767 consensus_queue.cc:260] T 9541942a31ac43f7ad21cb0e7d1b3b6d P 5b921103a6ff468caa54d8c8383d70cc [NON_LEADER]: Queue going to NON_LEADER mode. State: All replicated index: 0, Majority replicated index: 0, Committed index: 0, Last appended: 0.0, Last appended by leader: 0, Current term: 0, Majority size: -1, State: 0, Mode: NON_LEADER, active raft config: opid_index: -1 OBSOLETE_local: false peers { permanent_uuid: "d6c77b1b6206488ab429c3d2bf23ad78" member_type: VOTER last_known_addr { host: "127.8.177.193" port: 37653 } } peers { permanent_uuid: "5b921103a6ff468caa54d8c8383d70cc" member_type: VOTER last_known_addr { host: "127.8.177.194" port: 37965 } } peers { permanent_uuid: "66db03ac88dc4e26a753becf7e65c773" member_type: VOTER last_known_addr { host: "127.8.177.195" port: 43803 } }
I20260608 13:03:42.678148  9767 ts_tablet_manager.cc:1434] T 9541942a31ac43f7ad21cb0e7d1b3b6d P 5b921103a6ff468caa54d8c8383d70cc: Time spent starting tablet: real 0.010s	user 0.006s	sys 0.001s
I20260608 13:03:42.679601  9767 tablet_bootstrap.cc:492] T a53af48e06254fa7ac1c799ca8236a48 P 5b921103a6ff468caa54d8c8383d70cc: Bootstrap starting.
I20260608 13:03:42.691308  9767 tablet_bootstrap.cc:654] T a53af48e06254fa7ac1c799ca8236a48 P 5b921103a6ff468caa54d8c8383d70cc: Neither blocks nor log segments found. Creating new log.
I20260608 13:03:42.692929  9769 tablet_bootstrap.cc:492] T 2566ab84ee114b54b663922ec27ce29f P d6c77b1b6206488ab429c3d2bf23ad78: No bootstrap required, opened a new log
I20260608 13:03:42.693526  9769 ts_tablet_manager.cc:1403] T 2566ab84ee114b54b663922ec27ce29f P d6c77b1b6206488ab429c3d2bf23ad78: Time spent bootstrapping tablet: real 0.034s	user 0.025s	sys 0.008s
I20260608 13:03:42.697748  9769 raft_consensus.cc:359] T 2566ab84ee114b54b663922ec27ce29f P d6c77b1b6206488ab429c3d2bf23ad78 [term 0 FOLLOWER]: Replica starting. Triggering 0 pending ops. Active config: opid_index: -1 OBSOLETE_local: false peers { permanent_uuid: "d6c77b1b6206488ab429c3d2bf23ad78" member_type: VOTER last_known_addr { host: "127.8.177.193" port: 37653 } } peers { permanent_uuid: "5b921103a6ff468caa54d8c8383d70cc" member_type: VOTER last_known_addr { host: "127.8.177.194" port: 37965 } } peers { permanent_uuid: "66db03ac88dc4e26a753becf7e65c773" member_type: VOTER last_known_addr { host: "127.8.177.195" port: 43803 } }
I20260608 13:03:42.698863  9769 raft_consensus.cc:385] T 2566ab84ee114b54b663922ec27ce29f P d6c77b1b6206488ab429c3d2bf23ad78 [term 0 FOLLOWER]: Consensus starting up: Expiring failure detector timer to make a prompt election more likely
I20260608 13:03:42.699532  9769 raft_consensus.cc:740] T 2566ab84ee114b54b663922ec27ce29f P d6c77b1b6206488ab429c3d2bf23ad78 [term 0 FOLLOWER]: Becoming Follower/Learner. State: Replica: d6c77b1b6206488ab429c3d2bf23ad78, State: Initialized, Role: FOLLOWER
I20260608 13:03:42.700688  9769 consensus_queue.cc:260] T 2566ab84ee114b54b663922ec27ce29f P d6c77b1b6206488ab429c3d2bf23ad78 [NON_LEADER]: Queue going to NON_LEADER mode. State: All replicated index: 0, Majority replicated index: 0, Committed index: 0, Last appended: 0.0, Last appended by leader: 0, Current term: 0, Majority size: -1, State: 0, Mode: NON_LEADER, active raft config: opid_index: -1 OBSOLETE_local: false peers { permanent_uuid: "d6c77b1b6206488ab429c3d2bf23ad78" member_type: VOTER last_known_addr { host: "127.8.177.193" port: 37653 } } peers { permanent_uuid: "5b921103a6ff468caa54d8c8383d70cc" member_type: VOTER last_known_addr { host: "127.8.177.194" port: 37965 } } peers { permanent_uuid: "66db03ac88dc4e26a753becf7e65c773" member_type: VOTER last_known_addr { host: "127.8.177.195" port: 43803 } }
I20260608 13:03:42.703397  9767 tablet_bootstrap.cc:492] T a53af48e06254fa7ac1c799ca8236a48 P 5b921103a6ff468caa54d8c8383d70cc: No bootstrap required, opened a new log
I20260608 13:03:42.703413  9769 ts_tablet_manager.cc:1434] T 2566ab84ee114b54b663922ec27ce29f P d6c77b1b6206488ab429c3d2bf23ad78: Time spent starting tablet: real 0.010s	user 0.004s	sys 0.004s
I20260608 13:03:42.704200  9767 ts_tablet_manager.cc:1403] T a53af48e06254fa7ac1c799ca8236a48 P 5b921103a6ff468caa54d8c8383d70cc: Time spent bootstrapping tablet: real 0.025s	user 0.005s	sys 0.016s
I20260608 13:03:42.704854  9769 tablet_bootstrap.cc:492] T 84cfac672e9342be8a637fad8f9e81d7 P d6c77b1b6206488ab429c3d2bf23ad78: Bootstrap starting.
I20260608 13:03:42.707472  9767 raft_consensus.cc:359] T a53af48e06254fa7ac1c799ca8236a48 P 5b921103a6ff468caa54d8c8383d70cc [term 0 FOLLOWER]: Replica starting. Triggering 0 pending ops. Active config: opid_index: -1 OBSOLETE_local: false peers { permanent_uuid: "d6c77b1b6206488ab429c3d2bf23ad78" member_type: VOTER last_known_addr { host: "127.8.177.193" port: 37653 } } peers { permanent_uuid: "5b921103a6ff468caa54d8c8383d70cc" member_type: VOTER last_known_addr { host: "127.8.177.194" port: 37965 } } peers { permanent_uuid: "66db03ac88dc4e26a753becf7e65c773" member_type: VOTER last_known_addr { host: "127.8.177.195" port: 43803 } }
I20260608 13:03:42.708441  9767 raft_consensus.cc:385] T a53af48e06254fa7ac1c799ca8236a48 P 5b921103a6ff468caa54d8c8383d70cc [term 0 FOLLOWER]: Consensus starting up: Expiring failure detector timer to make a prompt election more likely
I20260608 13:03:42.708875  9767 raft_consensus.cc:740] T a53af48e06254fa7ac1c799ca8236a48 P 5b921103a6ff468caa54d8c8383d70cc [term 0 FOLLOWER]: Becoming Follower/Learner. State: Replica: 5b921103a6ff468caa54d8c8383d70cc, State: Initialized, Role: FOLLOWER
I20260608 13:03:42.709870  9767 consensus_queue.cc:260] T a53af48e06254fa7ac1c799ca8236a48 P 5b921103a6ff468caa54d8c8383d70cc [NON_LEADER]: Queue going to NON_LEADER mode. State: All replicated index: 0, Majority replicated index: 0, Committed index: 0, Last appended: 0.0, Last appended by leader: 0, Current term: 0, Majority size: -1, State: 0, Mode: NON_LEADER, active raft config: opid_index: -1 OBSOLETE_local: false peers { permanent_uuid: "d6c77b1b6206488ab429c3d2bf23ad78" member_type: VOTER last_known_addr { host: "127.8.177.193" port: 37653 } } peers { permanent_uuid: "5b921103a6ff468caa54d8c8383d70cc" member_type: VOTER last_known_addr { host: "127.8.177.194" port: 37965 } } peers { permanent_uuid: "66db03ac88dc4e26a753becf7e65c773" member_type: VOTER last_known_addr { host: "127.8.177.195" port: 43803 } }
I20260608 13:03:42.711483  9769 tablet_bootstrap.cc:654] T 84cfac672e9342be8a637fad8f9e81d7 P d6c77b1b6206488ab429c3d2bf23ad78: Neither blocks nor log segments found. Creating new log.
I20260608 13:03:42.712669  9767 ts_tablet_manager.cc:1434] T a53af48e06254fa7ac1c799ca8236a48 P 5b921103a6ff468caa54d8c8383d70cc: Time spent starting tablet: real 0.008s	user 0.004s	sys 0.003s
I20260608 13:03:42.713836  9767 tablet_bootstrap.cc:492] T 2566ab84ee114b54b663922ec27ce29f P 5b921103a6ff468caa54d8c8383d70cc: Bootstrap starting.
I20260608 13:03:42.718942  9773 raft_consensus.cc:493] T a53af48e06254fa7ac1c799ca8236a48 P d6c77b1b6206488ab429c3d2bf23ad78 [term 0 FOLLOWER]: Starting pre-election (no leader contacted us within the election timeout)
I20260608 13:03:42.719532  9773 raft_consensus.cc:515] T a53af48e06254fa7ac1c799ca8236a48 P d6c77b1b6206488ab429c3d2bf23ad78 [term 0 FOLLOWER]: Starting pre-election with config: opid_index: -1 OBSOLETE_local: false peers { permanent_uuid: "d6c77b1b6206488ab429c3d2bf23ad78" member_type: VOTER last_known_addr { host: "127.8.177.193" port: 37653 } } peers { permanent_uuid: "5b921103a6ff468caa54d8c8383d70cc" member_type: VOTER last_known_addr { host: "127.8.177.194" port: 37965 } } peers { permanent_uuid: "66db03ac88dc4e26a753becf7e65c773" member_type: VOTER last_known_addr { host: "127.8.177.195" port: 43803 } }
I20260608 13:03:42.721582  9767 tablet_bootstrap.cc:654] T 2566ab84ee114b54b663922ec27ce29f P 5b921103a6ff468caa54d8c8383d70cc: Neither blocks nor log segments found. Creating new log.
I20260608 13:03:42.726398  9773 leader_election.cc:290] T a53af48e06254fa7ac1c799ca8236a48 P d6c77b1b6206488ab429c3d2bf23ad78 [CANDIDATE]: Term 1 pre-election: Requested pre-vote from peers 5b921103a6ff468caa54d8c8383d70cc (127.8.177.194:37965), 66db03ac88dc4e26a753becf7e65c773 (127.8.177.195:43803)
I20260608 13:03:42.732952  9769 tablet_bootstrap.cc:492] T 84cfac672e9342be8a637fad8f9e81d7 P d6c77b1b6206488ab429c3d2bf23ad78: No bootstrap required, opened a new log
I20260608 13:03:42.733749  9769 ts_tablet_manager.cc:1403] T 84cfac672e9342be8a637fad8f9e81d7 P d6c77b1b6206488ab429c3d2bf23ad78: Time spent bootstrapping tablet: real 0.029s	user 0.009s	sys 0.011s
I20260608 13:03:42.737462  9769 raft_consensus.cc:359] T 84cfac672e9342be8a637fad8f9e81d7 P d6c77b1b6206488ab429c3d2bf23ad78 [term 0 FOLLOWER]: Replica starting. Triggering 0 pending ops. Active config: opid_index: -1 OBSOLETE_local: false peers { permanent_uuid: "d6c77b1b6206488ab429c3d2bf23ad78" member_type: VOTER last_known_addr { host: "127.8.177.193" port: 37653 } } peers { permanent_uuid: "5b921103a6ff468caa54d8c8383d70cc" member_type: VOTER last_known_addr { host: "127.8.177.194" port: 37965 } } peers { permanent_uuid: "66db03ac88dc4e26a753becf7e65c773" member_type: VOTER last_known_addr { host: "127.8.177.195" port: 43803 } }
I20260608 13:03:42.738338  9769 raft_consensus.cc:385] T 84cfac672e9342be8a637fad8f9e81d7 P d6c77b1b6206488ab429c3d2bf23ad78 [term 0 FOLLOWER]: Consensus starting up: Expiring failure detector timer to make a prompt election more likely
I20260608 13:03:42.738714  9769 raft_consensus.cc:740] T 84cfac672e9342be8a637fad8f9e81d7 P d6c77b1b6206488ab429c3d2bf23ad78 [term 0 FOLLOWER]: Becoming Follower/Learner. State: Replica: d6c77b1b6206488ab429c3d2bf23ad78, State: Initialized, Role: FOLLOWER
I20260608 13:03:42.739578  9769 consensus_queue.cc:260] T 84cfac672e9342be8a637fad8f9e81d7 P d6c77b1b6206488ab429c3d2bf23ad78 [NON_LEADER]: Queue going to NON_LEADER mode. State: All replicated index: 0, Majority replicated index: 0, Committed index: 0, Last appended: 0.0, Last appended by leader: 0, Current term: 0, Majority size: -1, State: 0, Mode: NON_LEADER, active raft config: opid_index: -1 OBSOLETE_local: false peers { permanent_uuid: "d6c77b1b6206488ab429c3d2bf23ad78" member_type: VOTER last_known_addr { host: "127.8.177.193" port: 37653 } } peers { permanent_uuid: "5b921103a6ff468caa54d8c8383d70cc" member_type: VOTER last_known_addr { host: "127.8.177.194" port: 37965 } } peers { permanent_uuid: "66db03ac88dc4e26a753becf7e65c773" member_type: VOTER last_known_addr { host: "127.8.177.195" port: 43803 } }
I20260608 13:03:42.741384  9767 tablet_bootstrap.cc:492] T 2566ab84ee114b54b663922ec27ce29f P 5b921103a6ff468caa54d8c8383d70cc: No bootstrap required, opened a new log
I20260608 13:03:42.741935  9767 ts_tablet_manager.cc:1403] T 2566ab84ee114b54b663922ec27ce29f P 5b921103a6ff468caa54d8c8383d70cc: Time spent bootstrapping tablet: real 0.028s	user 0.014s	sys 0.001s
I20260608 13:03:42.742385  9769 ts_tablet_manager.cc:1434] T 84cfac672e9342be8a637fad8f9e81d7 P d6c77b1b6206488ab429c3d2bf23ad78: Time spent starting tablet: real 0.008s	user 0.006s	sys 0.001s
I20260608 13:03:42.743508  9769 tablet_bootstrap.cc:492] T c69b673de0ea425786aac695f8e63d97 P d6c77b1b6206488ab429c3d2bf23ad78: Bootstrap starting.
I20260608 13:03:42.744928  9767 raft_consensus.cc:359] T 2566ab84ee114b54b663922ec27ce29f P 5b921103a6ff468caa54d8c8383d70cc [term 0 FOLLOWER]: Replica starting. Triggering 0 pending ops. Active config: opid_index: -1 OBSOLETE_local: false peers { permanent_uuid: "d6c77b1b6206488ab429c3d2bf23ad78" member_type: VOTER last_known_addr { host: "127.8.177.193" port: 37653 } } peers { permanent_uuid: "5b921103a6ff468caa54d8c8383d70cc" member_type: VOTER last_known_addr { host: "127.8.177.194" port: 37965 } } peers { permanent_uuid: "66db03ac88dc4e26a753becf7e65c773" member_type: VOTER last_known_addr { host: "127.8.177.195" port: 43803 } }
I20260608 13:03:42.746196  9774 raft_consensus.cc:493] T a53af48e06254fa7ac1c799ca8236a48 P 5b921103a6ff468caa54d8c8383d70cc [term 0 FOLLOWER]: Starting pre-election (no leader contacted us within the election timeout)
I20260608 13:03:42.746716  9774 raft_consensus.cc:515] T a53af48e06254fa7ac1c799ca8236a48 P 5b921103a6ff468caa54d8c8383d70cc [term 0 FOLLOWER]: Starting pre-election with config: opid_index: -1 OBSOLETE_local: false peers { permanent_uuid: "d6c77b1b6206488ab429c3d2bf23ad78" member_type: VOTER last_known_addr { host: "127.8.177.193" port: 37653 } } peers { permanent_uuid: "5b921103a6ff468caa54d8c8383d70cc" member_type: VOTER last_known_addr { host: "127.8.177.194" port: 37965 } } peers { permanent_uuid: "66db03ac88dc4e26a753becf7e65c773" member_type: VOTER last_known_addr { host: "127.8.177.195" port: 43803 } }
I20260608 13:03:42.749797  9774 leader_election.cc:290] T a53af48e06254fa7ac1c799ca8236a48 P 5b921103a6ff468caa54d8c8383d70cc [CANDIDATE]: Term 1 pre-election: Requested pre-vote from peers d6c77b1b6206488ab429c3d2bf23ad78 (127.8.177.193:37653), 66db03ac88dc4e26a753becf7e65c773 (127.8.177.195:43803)
I20260608 13:03:42.750659  9769 tablet_bootstrap.cc:654] T c69b673de0ea425786aac695f8e63d97 P d6c77b1b6206488ab429c3d2bf23ad78: Neither blocks nor log segments found. Creating new log.
I20260608 13:03:42.745719  9767 raft_consensus.cc:385] T 2566ab84ee114b54b663922ec27ce29f P 5b921103a6ff468caa54d8c8383d70cc [term 0 FOLLOWER]: Consensus starting up: Expiring failure detector timer to make a prompt election more likely
I20260608 13:03:42.753968  9767 raft_consensus.cc:740] T 2566ab84ee114b54b663922ec27ce29f P 5b921103a6ff468caa54d8c8383d70cc [term 0 FOLLOWER]: Becoming Follower/Learner. State: Replica: 5b921103a6ff468caa54d8c8383d70cc, State: Initialized, Role: FOLLOWER
I20260608 13:03:42.755261  9767 consensus_queue.cc:260] T 2566ab84ee114b54b663922ec27ce29f P 5b921103a6ff468caa54d8c8383d70cc [NON_LEADER]: Queue going to NON_LEADER mode. State: All replicated index: 0, Majority replicated index: 0, Committed index: 0, Last appended: 0.0, Last appended by leader: 0, Current term: 0, Majority size: -1, State: 0, Mode: NON_LEADER, active raft config: opid_index: -1 OBSOLETE_local: false peers { permanent_uuid: "d6c77b1b6206488ab429c3d2bf23ad78" member_type: VOTER last_known_addr { host: "127.8.177.193" port: 37653 } } peers { permanent_uuid: "5b921103a6ff468caa54d8c8383d70cc" member_type: VOTER last_known_addr { host: "127.8.177.194" port: 37965 } } peers { permanent_uuid: "66db03ac88dc4e26a753becf7e65c773" member_type: VOTER last_known_addr { host: "127.8.177.195" port: 43803 } }
I20260608 13:03:42.757102  9773 raft_consensus.cc:493] T 9541942a31ac43f7ad21cb0e7d1b3b6d P d6c77b1b6206488ab429c3d2bf23ad78 [term 0 FOLLOWER]: Starting pre-election (no leader contacted us within the election timeout)
I20260608 13:03:42.763523  9773 raft_consensus.cc:515] T 9541942a31ac43f7ad21cb0e7d1b3b6d P d6c77b1b6206488ab429c3d2bf23ad78 [term 0 FOLLOWER]: Starting pre-election with config: opid_index: -1 OBSOLETE_local: false peers { permanent_uuid: "d6c77b1b6206488ab429c3d2bf23ad78" member_type: VOTER last_known_addr { host: "127.8.177.193" port: 37653 } } peers { permanent_uuid: "5b921103a6ff468caa54d8c8383d70cc" member_type: VOTER last_known_addr { host: "127.8.177.194" port: 37965 } } peers { permanent_uuid: "66db03ac88dc4e26a753becf7e65c773" member_type: VOTER last_known_addr { host: "127.8.177.195" port: 43803 } }
I20260608 13:03:42.766080  9773 leader_election.cc:290] T 9541942a31ac43f7ad21cb0e7d1b3b6d P d6c77b1b6206488ab429c3d2bf23ad78 [CANDIDATE]: Term 1 pre-election: Requested pre-vote from peers 5b921103a6ff468caa54d8c8383d70cc (127.8.177.194:37965), 66db03ac88dc4e26a753becf7e65c773 (127.8.177.195:43803)
I20260608 13:03:42.769245  9767 ts_tablet_manager.cc:1434] T 2566ab84ee114b54b663922ec27ce29f P 5b921103a6ff468caa54d8c8383d70cc: Time spent starting tablet: real 0.027s	user 0.007s	sys 0.000s
I20260608 13:03:42.772051  9767 tablet_bootstrap.cc:492] T 84cfac672e9342be8a637fad8f9e81d7 P 5b921103a6ff468caa54d8c8383d70cc: Bootstrap starting.
I20260608 13:03:42.777489  9768 tablet_bootstrap.cc:492] T 9541942a31ac43f7ad21cb0e7d1b3b6d P 66db03ac88dc4e26a753becf7e65c773: No bootstrap required, opened a new log
I20260608 13:03:42.777540  9648 tablet_service.cc:1917] Received RequestConsensusVote() RPC: tablet_id: "a53af48e06254fa7ac1c799ca8236a48" candidate_uuid: "d6c77b1b6206488ab429c3d2bf23ad78" candidate_term: 1 candidate_status { last_received { term: 0 index: 0 } } ignore_live_leader: false dest_uuid: "5b921103a6ff468caa54d8c8383d70cc" is_pre_election: true
I20260608 13:03:42.778303  9768 ts_tablet_manager.cc:1403] T 9541942a31ac43f7ad21cb0e7d1b3b6d P 66db03ac88dc4e26a753becf7e65c773: Time spent bootstrapping tablet: real 0.132s	user 0.057s	sys 0.067s
I20260608 13:03:42.778496  9648 raft_consensus.cc:2468] T a53af48e06254fa7ac1c799ca8236a48 P 5b921103a6ff468caa54d8c8383d70cc [term 0 FOLLOWER]: Leader pre-election vote request: Granting yes vote for candidate d6c77b1b6206488ab429c3d2bf23ad78 in term 0.
I20260608 13:03:42.779877  9647 tablet_service.cc:1917] Received RequestConsensusVote() RPC: tablet_id: "9541942a31ac43f7ad21cb0e7d1b3b6d" candidate_uuid: "d6c77b1b6206488ab429c3d2bf23ad78" candidate_term: 1 candidate_status { last_received { term: 0 index: 0 } } ignore_live_leader: false dest_uuid: "5b921103a6ff468caa54d8c8383d70cc" is_pre_election: true
I20260608 13:03:42.780620  9647 raft_consensus.cc:2468] T 9541942a31ac43f7ad21cb0e7d1b3b6d P 5b921103a6ff468caa54d8c8383d70cc [term 0 FOLLOWER]: Leader pre-election vote request: Granting yes vote for candidate d6c77b1b6206488ab429c3d2bf23ad78 in term 0.
I20260608 13:03:42.772084  9769 tablet_bootstrap.cc:492] T c69b673de0ea425786aac695f8e63d97 P d6c77b1b6206488ab429c3d2bf23ad78: No bootstrap required, opened a new log
I20260608 13:03:42.781880  9769 ts_tablet_manager.cc:1403] T c69b673de0ea425786aac695f8e63d97 P d6c77b1b6206488ab429c3d2bf23ad78: Time spent bootstrapping tablet: real 0.039s	user 0.008s	sys 0.008s
I20260608 13:03:42.781467  9768 raft_consensus.cc:359] T 9541942a31ac43f7ad21cb0e7d1b3b6d P 66db03ac88dc4e26a753becf7e65c773 [term 0 FOLLOWER]: Replica starting. Triggering 0 pending ops. Active config: opid_index: -1 OBSOLETE_local: false peers { permanent_uuid: "d6c77b1b6206488ab429c3d2bf23ad78" member_type: VOTER last_known_addr { host: "127.8.177.193" port: 37653 } } peers { permanent_uuid: "5b921103a6ff468caa54d8c8383d70cc" member_type: VOTER last_known_addr { host: "127.8.177.194" port: 37965 } } peers { permanent_uuid: "66db03ac88dc4e26a753becf7e65c773" member_type: VOTER last_known_addr { host: "127.8.177.195" port: 43803 } }
I20260608 13:03:42.782430  9768 raft_consensus.cc:385] T 9541942a31ac43f7ad21cb0e7d1b3b6d P 66db03ac88dc4e26a753becf7e65c773 [term 0 FOLLOWER]: Consensus starting up: Expiring failure detector timer to make a prompt election more likely
I20260608 13:03:42.782826  9768 raft_consensus.cc:740] T 9541942a31ac43f7ad21cb0e7d1b3b6d P 66db03ac88dc4e26a753becf7e65c773 [term 0 FOLLOWER]: Becoming Follower/Learner. State: Replica: 66db03ac88dc4e26a753becf7e65c773, State: Initialized, Role: FOLLOWER
I20260608 13:03:42.784160  9767 tablet_bootstrap.cc:654] T 84cfac672e9342be8a637fad8f9e81d7 P 5b921103a6ff468caa54d8c8383d70cc: Neither blocks nor log segments found. Creating new log.
I20260608 13:03:42.785040  9539 leader_election.cc:304] T a53af48e06254fa7ac1c799ca8236a48 P d6c77b1b6206488ab429c3d2bf23ad78 [CANDIDATE]: Term 1 pre-election: Election decided. Result: candidate won. Election summary: received 2 responses out of 3 voters: 2 yes votes; 0 no votes. yes voters: 5b921103a6ff468caa54d8c8383d70cc, d6c77b1b6206488ab429c3d2bf23ad78; no voters: 
I20260608 13:03:42.784972  9769 raft_consensus.cc:359] T c69b673de0ea425786aac695f8e63d97 P d6c77b1b6206488ab429c3d2bf23ad78 [term 0 FOLLOWER]: Replica starting. Triggering 0 pending ops. Active config: opid_index: -1 OBSOLETE_local: false peers { permanent_uuid: "d6c77b1b6206488ab429c3d2bf23ad78" member_type: VOTER last_known_addr { host: "127.8.177.193" port: 37653 } } peers { permanent_uuid: "5b921103a6ff468caa54d8c8383d70cc" member_type: VOTER last_known_addr { host: "127.8.177.194" port: 37965 } } peers { permanent_uuid: "66db03ac88dc4e26a753becf7e65c773" member_type: VOTER last_known_addr { host: "127.8.177.195" port: 43803 } }
I20260608 13:03:42.785920  9769 raft_consensus.cc:385] T c69b673de0ea425786aac695f8e63d97 P d6c77b1b6206488ab429c3d2bf23ad78 [term 0 FOLLOWER]: Consensus starting up: Expiring failure detector timer to make a prompt election more likely
I20260608 13:03:42.786232  9773 raft_consensus.cc:2804] T a53af48e06254fa7ac1c799ca8236a48 P d6c77b1b6206488ab429c3d2bf23ad78 [term 0 FOLLOWER]: Leader pre-election won for term 1
I20260608 13:03:42.786306  9769 raft_consensus.cc:740] T c69b673de0ea425786aac695f8e63d97 P d6c77b1b6206488ab429c3d2bf23ad78 [term 0 FOLLOWER]: Becoming Follower/Learner. State: Replica: d6c77b1b6206488ab429c3d2bf23ad78, State: Initialized, Role: FOLLOWER
I20260608 13:03:42.783799  9768 consensus_queue.cc:260] T 9541942a31ac43f7ad21cb0e7d1b3b6d P 66db03ac88dc4e26a753becf7e65c773 [NON_LEADER]: Queue going to NON_LEADER mode. State: All replicated index: 0, Majority replicated index: 0, Committed index: 0, Last appended: 0.0, Last appended by leader: 0, Current term: 0, Majority size: -1, State: 0, Mode: NON_LEADER, active raft config: opid_index: -1 OBSOLETE_local: false peers { permanent_uuid: "d6c77b1b6206488ab429c3d2bf23ad78" member_type: VOTER last_known_addr { host: "127.8.177.193" port: 37653 } } peers { permanent_uuid: "5b921103a6ff468caa54d8c8383d70cc" member_type: VOTER last_known_addr { host: "127.8.177.194" port: 37965 } } peers { permanent_uuid: "66db03ac88dc4e26a753becf7e65c773" member_type: VOTER last_known_addr { host: "127.8.177.195" port: 43803 } }
I20260608 13:03:42.786760  9773 raft_consensus.cc:493] T a53af48e06254fa7ac1c799ca8236a48 P d6c77b1b6206488ab429c3d2bf23ad78 [term 0 FOLLOWER]: Starting leader election (no leader contacted us within the election timeout)
I20260608 13:03:42.787634  9773 raft_consensus.cc:3060] T a53af48e06254fa7ac1c799ca8236a48 P d6c77b1b6206488ab429c3d2bf23ad78 [term 0 FOLLOWER]: Advancing to term 1
I20260608 13:03:42.787443  9769 consensus_queue.cc:260] T c69b673de0ea425786aac695f8e63d97 P d6c77b1b6206488ab429c3d2bf23ad78 [NON_LEADER]: Queue going to NON_LEADER mode. State: All replicated index: 0, Majority replicated index: 0, Committed index: 0, Last appended: 0.0, Last appended by leader: 0, Current term: 0, Majority size: -1, State: 0, Mode: NON_LEADER, active raft config: opid_index: -1 OBSOLETE_local: false peers { permanent_uuid: "d6c77b1b6206488ab429c3d2bf23ad78" member_type: VOTER last_known_addr { host: "127.8.177.193" port: 37653 } } peers { permanent_uuid: "5b921103a6ff468caa54d8c8383d70cc" member_type: VOTER last_known_addr { host: "127.8.177.194" port: 37965 } } peers { permanent_uuid: "66db03ac88dc4e26a753becf7e65c773" member_type: VOTER last_known_addr { host: "127.8.177.195" port: 43803 } }
I20260608 13:03:42.788798  9768 ts_tablet_manager.cc:1434] T 9541942a31ac43f7ad21cb0e7d1b3b6d P 66db03ac88dc4e26a753becf7e65c773: Time spent starting tablet: real 0.010s	user 0.007s	sys 0.000s
I20260608 13:03:42.790073  9768 tablet_bootstrap.cc:492] T 2566ab84ee114b54b663922ec27ce29f P 66db03ac88dc4e26a753becf7e65c773: Bootstrap starting.
I20260608 13:03:42.786751  9722 tablet_service.cc:1917] Received RequestConsensusVote() RPC: tablet_id: "a53af48e06254fa7ac1c799ca8236a48" candidate_uuid: "d6c77b1b6206488ab429c3d2bf23ad78" candidate_term: 1 candidate_status { last_received { term: 0 index: 0 } } ignore_live_leader: false dest_uuid: "66db03ac88dc4e26a753becf7e65c773" is_pre_election: true
I20260608 13:03:42.787350  9539 leader_election.cc:304] T 9541942a31ac43f7ad21cb0e7d1b3b6d P d6c77b1b6206488ab429c3d2bf23ad78 [CANDIDATE]: Term 1 pre-election: Election decided. Result: candidate won. Election summary: received 2 responses out of 3 voters: 2 yes votes; 0 no votes. yes voters: 5b921103a6ff468caa54d8c8383d70cc, d6c77b1b6206488ab429c3d2bf23ad78; no voters: 
W20260608 13:03:42.792477  9537 leader_election.cc:343] T a53af48e06254fa7ac1c799ca8236a48 P d6c77b1b6206488ab429c3d2bf23ad78 [CANDIDATE]: Term 1 pre-election: Tablet error from VoteRequest() call to peer 66db03ac88dc4e26a753becf7e65c773 (127.8.177.195:43803): Illegal state: must be running to vote when last-logged opid is not known
I20260608 13:03:42.794461  9722 tablet_service.cc:1917] Received RequestConsensusVote() RPC: tablet_id: "9541942a31ac43f7ad21cb0e7d1b3b6d" candidate_uuid: "d6c77b1b6206488ab429c3d2bf23ad78" candidate_term: 1 candidate_status { last_received { term: 0 index: 0 } } ignore_live_leader: false dest_uuid: "66db03ac88dc4e26a753becf7e65c773" is_pre_election: true
I20260608 13:03:42.795130  9722 raft_consensus.cc:2468] T 9541942a31ac43f7ad21cb0e7d1b3b6d P 66db03ac88dc4e26a753becf7e65c773 [term 0 FOLLOWER]: Leader pre-election vote request: Granting yes vote for candidate d6c77b1b6206488ab429c3d2bf23ad78 in term 0.
I20260608 13:03:42.802865  9768 tablet_bootstrap.cc:654] T 2566ab84ee114b54b663922ec27ce29f P 66db03ac88dc4e26a753becf7e65c773: Neither blocks nor log segments found. Creating new log.
I20260608 13:03:42.803373  9573 tablet_service.cc:1917] Received RequestConsensusVote() RPC: tablet_id: "a53af48e06254fa7ac1c799ca8236a48" candidate_uuid: "5b921103a6ff468caa54d8c8383d70cc" candidate_term: 1 candidate_status { last_received { term: 0 index: 0 } } ignore_live_leader: false dest_uuid: "d6c77b1b6206488ab429c3d2bf23ad78" is_pre_election: true
I20260608 13:03:42.813465  9774 raft_consensus.cc:493] T 2566ab84ee114b54b663922ec27ce29f P 5b921103a6ff468caa54d8c8383d70cc [term 0 FOLLOWER]: Starting pre-election (no leader contacted us within the election timeout)
I20260608 13:03:42.813997  9774 raft_consensus.cc:515] T 2566ab84ee114b54b663922ec27ce29f P 5b921103a6ff468caa54d8c8383d70cc [term 0 FOLLOWER]: Starting pre-election with config: opid_index: -1 OBSOLETE_local: false peers { permanent_uuid: "d6c77b1b6206488ab429c3d2bf23ad78" member_type: VOTER last_known_addr { host: "127.8.177.193" port: 37653 } } peers { permanent_uuid: "5b921103a6ff468caa54d8c8383d70cc" member_type: VOTER last_known_addr { host: "127.8.177.194" port: 37965 } } peers { permanent_uuid: "66db03ac88dc4e26a753becf7e65c773" member_type: VOTER last_known_addr { host: "127.8.177.195" port: 43803 } }
I20260608 13:03:42.816187  9774 leader_election.cc:290] T 2566ab84ee114b54b663922ec27ce29f P 5b921103a6ff468caa54d8c8383d70cc [CANDIDATE]: Term 1 pre-election: Requested pre-vote from peers d6c77b1b6206488ab429c3d2bf23ad78 (127.8.177.193:37653), 66db03ac88dc4e26a753becf7e65c773 (127.8.177.195:43803)
I20260608 13:03:42.816802  9775 raft_consensus.cc:493] T f4dfbec792e64891977a6be550b33bee P 66db03ac88dc4e26a753becf7e65c773 [term 0 FOLLOWER]: Starting pre-election (no leader contacted us within the election timeout)
I20260608 13:03:42.817332  9775 raft_consensus.cc:515] T f4dfbec792e64891977a6be550b33bee P 66db03ac88dc4e26a753becf7e65c773 [term 0 FOLLOWER]: Starting pre-election with config: opid_index: -1 OBSOLETE_local: false peers { permanent_uuid: "66db03ac88dc4e26a753becf7e65c773" member_type: VOTER last_known_addr { host: "127.8.177.195" port: 43803 } } peers { permanent_uuid: "5b921103a6ff468caa54d8c8383d70cc" member_type: VOTER last_known_addr { host: "127.8.177.194" port: 37965 } } peers { permanent_uuid: "d6c77b1b6206488ab429c3d2bf23ad78" member_type: VOTER last_known_addr { host: "127.8.177.193" port: 37653 } }
I20260608 13:03:42.818724  9773 raft_consensus.cc:515] T a53af48e06254fa7ac1c799ca8236a48 P d6c77b1b6206488ab429c3d2bf23ad78 [term 1 FOLLOWER]: Starting leader election with config: opid_index: -1 OBSOLETE_local: false peers { permanent_uuid: "d6c77b1b6206488ab429c3d2bf23ad78" member_type: VOTER last_known_addr { host: "127.8.177.193" port: 37653 } } peers { permanent_uuid: "5b921103a6ff468caa54d8c8383d70cc" member_type: VOTER last_known_addr { host: "127.8.177.194" port: 37965 } } peers { permanent_uuid: "66db03ac88dc4e26a753becf7e65c773" member_type: VOTER last_known_addr { host: "127.8.177.195" port: 43803 } }
I20260608 13:03:42.819454  9768 tablet_bootstrap.cc:492] T 2566ab84ee114b54b663922ec27ce29f P 66db03ac88dc4e26a753becf7e65c773: No bootstrap required, opened a new log
I20260608 13:03:42.820132  9573 raft_consensus.cc:2393] T a53af48e06254fa7ac1c799ca8236a48 P d6c77b1b6206488ab429c3d2bf23ad78 [term 1 FOLLOWER]: Leader pre-election vote request: Denying vote to candidate 5b921103a6ff468caa54d8c8383d70cc in current term 1: Already voted for candidate d6c77b1b6206488ab429c3d2bf23ad78 in this term.
I20260608 13:03:42.820667  9572 tablet_service.cc:1917] Received RequestConsensusVote() RPC: tablet_id: "2566ab84ee114b54b663922ec27ce29f" candidate_uuid: "5b921103a6ff468caa54d8c8383d70cc" candidate_term: 1 candidate_status { last_received { term: 0 index: 0 } } ignore_live_leader: false dest_uuid: "d6c77b1b6206488ab429c3d2bf23ad78" is_pre_election: true
I20260608 13:03:42.821527  9572 raft_consensus.cc:2468] T 2566ab84ee114b54b663922ec27ce29f P d6c77b1b6206488ab429c3d2bf23ad78 [term 0 FOLLOWER]: Leader pre-election vote request: Granting yes vote for candidate 5b921103a6ff468caa54d8c8383d70cc in term 0.
I20260608 13:03:42.822850  9768 ts_tablet_manager.cc:1403] T 2566ab84ee114b54b663922ec27ce29f P 66db03ac88dc4e26a753becf7e65c773: Time spent bootstrapping tablet: real 0.033s	user 0.017s	sys 0.000s
I20260608 13:03:42.825938  9722 tablet_service.cc:1917] Received RequestConsensusVote() RPC: tablet_id: "a53af48e06254fa7ac1c799ca8236a48" candidate_uuid: "d6c77b1b6206488ab429c3d2bf23ad78" candidate_term: 1 candidate_status { last_received { term: 0 index: 0 } } ignore_live_leader: false dest_uuid: "66db03ac88dc4e26a753becf7e65c773"
I20260608 13:03:42.826515  9775 leader_election.cc:290] T f4dfbec792e64891977a6be550b33bee P 66db03ac88dc4e26a753becf7e65c773 [CANDIDATE]: Term 1 pre-election: Requested pre-vote from peers 5b921103a6ff468caa54d8c8383d70cc (127.8.177.194:37965), d6c77b1b6206488ab429c3d2bf23ad78 (127.8.177.193:37653)
W20260608 13:03:42.827515  9537 leader_election.cc:343] T a53af48e06254fa7ac1c799ca8236a48 P d6c77b1b6206488ab429c3d2bf23ad78 [CANDIDATE]: Term 1 election: Tablet error from VoteRequest() call to peer 66db03ac88dc4e26a753becf7e65c773 (127.8.177.195:43803): Illegal state: must be running to vote when last-logged opid is not known
I20260608 13:03:42.827144  9768 raft_consensus.cc:359] T 2566ab84ee114b54b663922ec27ce29f P 66db03ac88dc4e26a753becf7e65c773 [term 0 FOLLOWER]: Replica starting. Triggering 0 pending ops. Active config: opid_index: -1 OBSOLETE_local: false peers { permanent_uuid: "d6c77b1b6206488ab429c3d2bf23ad78" member_type: VOTER last_known_addr { host: "127.8.177.193" port: 37653 } } peers { permanent_uuid: "5b921103a6ff468caa54d8c8383d70cc" member_type: VOTER last_known_addr { host: "127.8.177.194" port: 37965 } } peers { permanent_uuid: "66db03ac88dc4e26a753becf7e65c773" member_type: VOTER last_known_addr { host: "127.8.177.195" port: 43803 } }
I20260608 13:03:42.828190  9768 raft_consensus.cc:385] T 2566ab84ee114b54b663922ec27ce29f P 66db03ac88dc4e26a753becf7e65c773 [term 0 FOLLOWER]: Consensus starting up: Expiring failure detector timer to make a prompt election more likely
I20260608 13:03:42.828263  9773 leader_election.cc:290] T a53af48e06254fa7ac1c799ca8236a48 P d6c77b1b6206488ab429c3d2bf23ad78 [CANDIDATE]: Term 1 election: Requested vote from peers 5b921103a6ff468caa54d8c8383d70cc (127.8.177.194:37965), 66db03ac88dc4e26a753becf7e65c773 (127.8.177.195:43803)
I20260608 13:03:42.828783  9768 raft_consensus.cc:740] T 2566ab84ee114b54b663922ec27ce29f P 66db03ac88dc4e26a753becf7e65c773 [term 0 FOLLOWER]: Becoming Follower/Learner. State: Replica: 66db03ac88dc4e26a753becf7e65c773, State: Initialized, Role: FOLLOWER
I20260608 13:03:42.831122  9768 consensus_queue.cc:260] T 2566ab84ee114b54b663922ec27ce29f P 66db03ac88dc4e26a753becf7e65c773 [NON_LEADER]: Queue going to NON_LEADER mode. State: All replicated index: 0, Majority replicated index: 0, Committed index: 0, Last appended: 0.0, Last appended by leader: 0, Current term: 0, Majority size: -1, State: 0, Mode: NON_LEADER, active raft config: opid_index: -1 OBSOLETE_local: false peers { permanent_uuid: "d6c77b1b6206488ab429c3d2bf23ad78" member_type: VOTER last_known_addr { host: "127.8.177.193" port: 37653 } } peers { permanent_uuid: "5b921103a6ff468caa54d8c8383d70cc" member_type: VOTER last_known_addr { host: "127.8.177.194" port: 37965 } } peers { permanent_uuid: "66db03ac88dc4e26a753becf7e65c773" member_type: VOTER last_known_addr { host: "127.8.177.195" port: 43803 } }
I20260608 13:03:42.835721  9768 ts_tablet_manager.cc:1434] T 2566ab84ee114b54b663922ec27ce29f P 66db03ac88dc4e26a753becf7e65c773: Time spent starting tablet: real 0.012s	user 0.006s	sys 0.004s
I20260608 13:03:42.836905  9768 tablet_bootstrap.cc:492] T a53af48e06254fa7ac1c799ca8236a48 P 66db03ac88dc4e26a753becf7e65c773: Bootstrap starting.
I20260608 13:03:42.838474  9769 ts_tablet_manager.cc:1434] T c69b673de0ea425786aac695f8e63d97 P d6c77b1b6206488ab429c3d2bf23ad78: Time spent starting tablet: real 0.056s	user 0.023s	sys 0.017s
I20260608 13:03:42.834719  9773 raft_consensus.cc:2804] T 9541942a31ac43f7ad21cb0e7d1b3b6d P d6c77b1b6206488ab429c3d2bf23ad78 [term 0 FOLLOWER]: Leader pre-election won for term 1
I20260608 13:03:42.841425  9773 raft_consensus.cc:493] T 9541942a31ac43f7ad21cb0e7d1b3b6d P d6c77b1b6206488ab429c3d2bf23ad78 [term 0 FOLLOWER]: Starting leader election (no leader contacted us within the election timeout)
I20260608 13:03:42.841900  9773 raft_consensus.cc:3060] T 9541942a31ac43f7ad21cb0e7d1b3b6d P d6c77b1b6206488ab429c3d2bf23ad78 [term 0 FOLLOWER]: Advancing to term 1
I20260608 13:03:42.841674  9612 leader_election.cc:304] T 2566ab84ee114b54b663922ec27ce29f P 5b921103a6ff468caa54d8c8383d70cc [CANDIDATE]: Term 1 pre-election: Election decided. Result: candidate won. Election summary: received 2 responses out of 3 voters: 2 yes votes; 0 no votes. yes voters: 5b921103a6ff468caa54d8c8383d70cc, d6c77b1b6206488ab429c3d2bf23ad78; no voters: 
I20260608 13:03:42.843192  9774 raft_consensus.cc:2804] T 2566ab84ee114b54b663922ec27ce29f P 5b921103a6ff468caa54d8c8383d70cc [term 0 FOLLOWER]: Leader pre-election won for term 1
I20260608 13:03:42.843590  9774 raft_consensus.cc:493] T 2566ab84ee114b54b663922ec27ce29f P 5b921103a6ff468caa54d8c8383d70cc [term 0 FOLLOWER]: Starting leader election (no leader contacted us within the election timeout)
I20260608 13:03:42.844038  9774 raft_consensus.cc:3060] T 2566ab84ee114b54b663922ec27ce29f P 5b921103a6ff468caa54d8c8383d70cc [term 0 FOLLOWER]: Advancing to term 1
I20260608 13:03:42.844641  9768 tablet_bootstrap.cc:654] T a53af48e06254fa7ac1c799ca8236a48 P 66db03ac88dc4e26a753becf7e65c773: Neither blocks nor log segments found. Creating new log.
W20260608 13:03:42.845227  9539 outbound_call.cc:321] RPC callback for RPC call kudu.consensus.ConsensusService.RequestConsensusVote -> {remote=127.8.177.194:37965, user_credentials={real_user=slave}} blocked reactor thread for 57950.3us
I20260608 13:03:42.855681  9767 tablet_bootstrap.cc:492] T 84cfac672e9342be8a637fad8f9e81d7 P 5b921103a6ff468caa54d8c8383d70cc: No bootstrap required, opened a new log
I20260608 13:03:42.855887  9647 tablet_service.cc:1917] Received RequestConsensusVote() RPC: tablet_id: "a53af48e06254fa7ac1c799ca8236a48" candidate_uuid: "d6c77b1b6206488ab429c3d2bf23ad78" candidate_term: 1 candidate_status { last_received { term: 0 index: 0 } } ignore_live_leader: false dest_uuid: "5b921103a6ff468caa54d8c8383d70cc"
I20260608 13:03:42.856794  9647 raft_consensus.cc:3060] T a53af48e06254fa7ac1c799ca8236a48 P 5b921103a6ff468caa54d8c8383d70cc [term 0 FOLLOWER]: Advancing to term 1
I20260608 13:03:42.856215  9767 ts_tablet_manager.cc:1403] T 84cfac672e9342be8a637fad8f9e81d7 P 5b921103a6ff468caa54d8c8383d70cc: Time spent bootstrapping tablet: real 0.084s	user 0.019s	sys 0.021s
I20260608 13:03:42.860323  9769 tablet_bootstrap.cc:492] T 6fc0e84f1a744aa2aa205ceca7be7939 P d6c77b1b6206488ab429c3d2bf23ad78: Bootstrap starting.
I20260608 13:03:42.860378  9722 tablet_service.cc:1917] Received RequestConsensusVote() RPC: tablet_id: "a53af48e06254fa7ac1c799ca8236a48" candidate_uuid: "5b921103a6ff468caa54d8c8383d70cc" candidate_term: 1 candidate_status { last_received { term: 0 index: 0 } } ignore_live_leader: false dest_uuid: "66db03ac88dc4e26a753becf7e65c773" is_pre_election: true
I20260608 13:03:42.867811  9773 raft_consensus.cc:515] T 9541942a31ac43f7ad21cb0e7d1b3b6d P d6c77b1b6206488ab429c3d2bf23ad78 [term 1 FOLLOWER]: Starting leader election with config: opid_index: -1 OBSOLETE_local: false peers { permanent_uuid: "d6c77b1b6206488ab429c3d2bf23ad78" member_type: VOTER last_known_addr { host: "127.8.177.193" port: 37653 } } peers { permanent_uuid: "5b921103a6ff468caa54d8c8383d70cc" member_type: VOTER last_known_addr { host: "127.8.177.194" port: 37965 } } peers { permanent_uuid: "66db03ac88dc4e26a753becf7e65c773" member_type: VOTER last_known_addr { host: "127.8.177.195" port: 43803 } }
W20260608 13:03:42.870309  9612 leader_election.cc:343] T a53af48e06254fa7ac1c799ca8236a48 P 5b921103a6ff468caa54d8c8383d70cc [CANDIDATE]: Term 1 pre-election: Tablet error from VoteRequest() call to peer 66db03ac88dc4e26a753becf7e65c773 (127.8.177.195:43803): Illegal state: must be running to vote when last-logged opid is not known
I20260608 13:03:42.875605  9612 leader_election.cc:304] T a53af48e06254fa7ac1c799ca8236a48 P 5b921103a6ff468caa54d8c8383d70cc [CANDIDATE]: Term 1 pre-election: Election decided. Result: candidate lost. Election summary: received 3 responses out of 3 voters: 1 yes votes; 2 no votes. yes voters: 5b921103a6ff468caa54d8c8383d70cc; no voters: 66db03ac88dc4e26a753becf7e65c773, d6c77b1b6206488ab429c3d2bf23ad78
I20260608 13:03:42.871083  9722 tablet_service.cc:1917] Received RequestConsensusVote() RPC: tablet_id: "2566ab84ee114b54b663922ec27ce29f" candidate_uuid: "5b921103a6ff468caa54d8c8383d70cc" candidate_term: 1 candidate_status { last_received { term: 0 index: 0 } } ignore_live_leader: false dest_uuid: "66db03ac88dc4e26a753becf7e65c773" is_pre_election: true
I20260608 13:03:42.871179  9767 raft_consensus.cc:359] T 84cfac672e9342be8a637fad8f9e81d7 P 5b921103a6ff468caa54d8c8383d70cc [term 0 FOLLOWER]: Replica starting. Triggering 0 pending ops. Active config: opid_index: -1 OBSOLETE_local: false peers { permanent_uuid: "d6c77b1b6206488ab429c3d2bf23ad78" member_type: VOTER last_known_addr { host: "127.8.177.193" port: 37653 } } peers { permanent_uuid: "5b921103a6ff468caa54d8c8383d70cc" member_type: VOTER last_known_addr { host: "127.8.177.194" port: 37965 } } peers { permanent_uuid: "66db03ac88dc4e26a753becf7e65c773" member_type: VOTER last_known_addr { host: "127.8.177.195" port: 43803 } }
I20260608 13:03:42.876935  9767 raft_consensus.cc:385] T 84cfac672e9342be8a637fad8f9e81d7 P 5b921103a6ff468caa54d8c8383d70cc [term 0 FOLLOWER]: Consensus starting up: Expiring failure detector timer to make a prompt election more likely
I20260608 13:03:42.876991  9722 raft_consensus.cc:2468] T 2566ab84ee114b54b663922ec27ce29f P 66db03ac88dc4e26a753becf7e65c773 [term 0 FOLLOWER]: Leader pre-election vote request: Granting yes vote for candidate 5b921103a6ff468caa54d8c8383d70cc in term 0.
I20260608 13:03:42.877542  9767 raft_consensus.cc:740] T 84cfac672e9342be8a637fad8f9e81d7 P 5b921103a6ff468caa54d8c8383d70cc [term 0 FOLLOWER]: Becoming Follower/Learner. State: Replica: 5b921103a6ff468caa54d8c8383d70cc, State: Initialized, Role: FOLLOWER
I20260608 13:03:42.878551  9767 consensus_queue.cc:260] T 84cfac672e9342be8a637fad8f9e81d7 P 5b921103a6ff468caa54d8c8383d70cc [NON_LEADER]: Queue going to NON_LEADER mode. State: All replicated index: 0, Majority replicated index: 0, Committed index: 0, Last appended: 0.0, Last appended by leader: 0, Current term: 0, Majority size: -1, State: 0, Mode: NON_LEADER, active raft config: opid_index: -1 OBSOLETE_local: false peers { permanent_uuid: "d6c77b1b6206488ab429c3d2bf23ad78" member_type: VOTER last_known_addr { host: "127.8.177.193" port: 37653 } } peers { permanent_uuid: "5b921103a6ff468caa54d8c8383d70cc" member_type: VOTER last_known_addr { host: "127.8.177.194" port: 37965 } } peers { permanent_uuid: "66db03ac88dc4e26a753becf7e65c773" member_type: VOTER last_known_addr { host: "127.8.177.195" port: 43803 } }
I20260608 13:03:42.879081  9647 raft_consensus.cc:2468] T a53af48e06254fa7ac1c799ca8236a48 P 5b921103a6ff468caa54d8c8383d70cc [term 1 FOLLOWER]: Leader election vote request: Granting yes vote for candidate d6c77b1b6206488ab429c3d2bf23ad78 in term 1.
I20260608 13:03:42.871800  9774 raft_consensus.cc:515] T 2566ab84ee114b54b663922ec27ce29f P 5b921103a6ff468caa54d8c8383d70cc [term 1 FOLLOWER]: Starting leader election with config: opid_index: -1 OBSOLETE_local: false peers { permanent_uuid: "d6c77b1b6206488ab429c3d2bf23ad78" member_type: VOTER last_known_addr { host: "127.8.177.193" port: 37653 } } peers { permanent_uuid: "5b921103a6ff468caa54d8c8383d70cc" member_type: VOTER last_known_addr { host: "127.8.177.194" port: 37965 } } peers { permanent_uuid: "66db03ac88dc4e26a753becf7e65c773" member_type: VOTER last_known_addr { host: "127.8.177.195" port: 43803 } }
I20260608 13:03:42.874614  9648 tablet_service.cc:1917] Received RequestConsensusVote() RPC: tablet_id: "f4dfbec792e64891977a6be550b33bee" candidate_uuid: "66db03ac88dc4e26a753becf7e65c773" candidate_term: 1 candidate_status { last_received { term: 0 index: 0 } } ignore_live_leader: false dest_uuid: "5b921103a6ff468caa54d8c8383d70cc" is_pre_election: true
I20260608 13:03:42.880126  9648 raft_consensus.cc:2468] T f4dfbec792e64891977a6be550b33bee P 5b921103a6ff468caa54d8c8383d70cc [term 0 FOLLOWER]: Leader pre-election vote request: Granting yes vote for candidate 66db03ac88dc4e26a753becf7e65c773 in term 0.
I20260608 13:03:42.883713  9688 leader_election.cc:304] T f4dfbec792e64891977a6be550b33bee P 66db03ac88dc4e26a753becf7e65c773 [CANDIDATE]: Term 1 pre-election: Election decided. Result: candidate won. Election summary: received 2 responses out of 3 voters: 2 yes votes; 0 no votes. yes voters: 5b921103a6ff468caa54d8c8383d70cc, 66db03ac88dc4e26a753becf7e65c773; no voters: 
I20260608 13:03:42.884413  9774 leader_election.cc:290] T 2566ab84ee114b54b663922ec27ce29f P 5b921103a6ff468caa54d8c8383d70cc [CANDIDATE]: Term 1 election: Requested vote from peers d6c77b1b6206488ab429c3d2bf23ad78 (127.8.177.193:37653), 66db03ac88dc4e26a753becf7e65c773 (127.8.177.195:43803)
I20260608 13:03:42.875128  9769 tablet_bootstrap.cc:654] T 6fc0e84f1a744aa2aa205ceca7be7939 P d6c77b1b6206488ab429c3d2bf23ad78: Neither blocks nor log segments found. Creating new log.
I20260608 13:03:42.884948  9775 raft_consensus.cc:2804] T f4dfbec792e64891977a6be550b33bee P 66db03ac88dc4e26a753becf7e65c773 [term 0 FOLLOWER]: Leader pre-election won for term 1
I20260608 13:03:42.885030  9774 raft_consensus.cc:2749] T a53af48e06254fa7ac1c799ca8236a48 P 5b921103a6ff468caa54d8c8383d70cc [term 1 FOLLOWER]: Leader pre-election lost for term 1. Reason: could not achieve majority
I20260608 13:03:42.885725  9775 raft_consensus.cc:493] T f4dfbec792e64891977a6be550b33bee P 66db03ac88dc4e26a753becf7e65c773 [term 0 FOLLOWER]: Starting leader election (no leader contacted us within the election timeout)
I20260608 13:03:42.886125  9775 raft_consensus.cc:3060] T f4dfbec792e64891977a6be550b33bee P 66db03ac88dc4e26a753becf7e65c773 [term 0 FOLLOWER]: Advancing to term 1
I20260608 13:03:42.887166  9773 leader_election.cc:290] T 9541942a31ac43f7ad21cb0e7d1b3b6d P d6c77b1b6206488ab429c3d2bf23ad78 [CANDIDATE]: Term 1 election: Requested vote from peers 5b921103a6ff468caa54d8c8383d70cc (127.8.177.194:37965), 66db03ac88dc4e26a753becf7e65c773 (127.8.177.195:43803)
I20260608 13:03:42.887959  9573 tablet_service.cc:1917] Received RequestConsensusVote() RPC: tablet_id: "2566ab84ee114b54b663922ec27ce29f" candidate_uuid: "5b921103a6ff468caa54d8c8383d70cc" candidate_term: 1 candidate_status { last_received { term: 0 index: 0 } } ignore_live_leader: false dest_uuid: "d6c77b1b6206488ab429c3d2bf23ad78"
I20260608 13:03:42.895941  9648 tablet_service.cc:1917] Received RequestConsensusVote() RPC: tablet_id: "9541942a31ac43f7ad21cb0e7d1b3b6d" candidate_uuid: "d6c77b1b6206488ab429c3d2bf23ad78" candidate_term: 1 candidate_status { last_received { term: 0 index: 0 } } ignore_live_leader: false dest_uuid: "5b921103a6ff468caa54d8c8383d70cc"
I20260608 13:03:42.895663  9722 tablet_service.cc:1917] Received RequestConsensusVote() RPC: tablet_id: "9541942a31ac43f7ad21cb0e7d1b3b6d" candidate_uuid: "d6c77b1b6206488ab429c3d2bf23ad78" candidate_term: 1 candidate_status { last_received { term: 0 index: 0 } } ignore_live_leader: false dest_uuid: "66db03ac88dc4e26a753becf7e65c773"
I20260608 13:03:42.897188  9722 raft_consensus.cc:3060] T 9541942a31ac43f7ad21cb0e7d1b3b6d P 66db03ac88dc4e26a753becf7e65c773 [term 0 FOLLOWER]: Advancing to term 1
I20260608 13:03:42.897868  9721 tablet_service.cc:1917] Received RequestConsensusVote() RPC: tablet_id: "2566ab84ee114b54b663922ec27ce29f" candidate_uuid: "5b921103a6ff468caa54d8c8383d70cc" candidate_term: 1 candidate_status { last_received { term: 0 index: 0 } } ignore_live_leader: false dest_uuid: "66db03ac88dc4e26a753becf7e65c773"
I20260608 13:03:42.898504  9721 raft_consensus.cc:3060] T 2566ab84ee114b54b663922ec27ce29f P 66db03ac88dc4e26a753becf7e65c773 [term 0 FOLLOWER]: Advancing to term 1
I20260608 13:03:42.899763  9648 raft_consensus.cc:3060] T 9541942a31ac43f7ad21cb0e7d1b3b6d P 5b921103a6ff468caa54d8c8383d70cc [term 0 FOLLOWER]: Advancing to term 1
I20260608 13:03:42.894279  9573 raft_consensus.cc:3060] T 2566ab84ee114b54b663922ec27ce29f P d6c77b1b6206488ab429c3d2bf23ad78 [term 0 FOLLOWER]: Advancing to term 1
I20260608 13:03:42.905176  9768 tablet_bootstrap.cc:492] T a53af48e06254fa7ac1c799ca8236a48 P 66db03ac88dc4e26a753becf7e65c773: No bootstrap required, opened a new log
I20260608 13:03:42.905891  9768 ts_tablet_manager.cc:1403] T a53af48e06254fa7ac1c799ca8236a48 P 66db03ac88dc4e26a753becf7e65c773: Time spent bootstrapping tablet: real 0.069s	user 0.015s	sys 0.015s
I20260608 13:03:42.908888  9767 ts_tablet_manager.cc:1434] T 84cfac672e9342be8a637fad8f9e81d7 P 5b921103a6ff468caa54d8c8383d70cc: Time spent starting tablet: real 0.050s	user 0.006s	sys 0.011s
