I20260608 13:04:47.744364 12218 raft_consensus.cc:359] T 9bf86a6266554108a5e3811a8b33fe38 P f5a289ecdbd64c4e888c6cd328db4748 [term 0 FOLLOWER]: Replica starting. Triggering 0 pending ops. Active config: opid_index: -1 OBSOLETE_local: false peers { permanent_uuid: "b9fe64ac3fcc4862b674ccb37f20e366" member_type: VOTER last_known_addr { host: "127.8.220.65" port: 39763 } } peers { permanent_uuid: "f5a289ecdbd64c4e888c6cd328db4748" member_type: VOTER last_known_addr { host: "127.8.220.66" port: 44425 } } peers { permanent_uuid: "d2cd8121e7c14b8a814fbd795bdcef27" member_type: VOTER last_known_addr { host: "127.8.220.67" port: 33729 } }
I20260608 13:04:47.745035 12218 raft_consensus.cc:385] T 9bf86a6266554108a5e3811a8b33fe38 P f5a289ecdbd64c4e888c6cd328db4748 [term 0 FOLLOWER]: Consensus starting up: Expiring failure detector timer to make a prompt election more likely
I20260608 13:04:47.745333 12218 raft_consensus.cc:740] T 9bf86a6266554108a5e3811a8b33fe38 P f5a289ecdbd64c4e888c6cd328db4748 [term 0 FOLLOWER]: Becoming Follower/Learner. State: Replica: f5a289ecdbd64c4e888c6cd328db4748, State: Initialized, Role: FOLLOWER
I20260608 13:04:47.745532 12219 raft_consensus.cc:359] T 79f691b3d57b470982949a833e1f34b8 P b9fe64ac3fcc4862b674ccb37f20e366 [term 0 FOLLOWER]: Replica starting. Triggering 0 pending ops. Active config: opid_index: -1 OBSOLETE_local: false peers { permanent_uuid: "f5a289ecdbd64c4e888c6cd328db4748" member_type: VOTER last_known_addr { host: "127.8.220.66" port: 44425 } } peers { permanent_uuid: "b9fe64ac3fcc4862b674ccb37f20e366" member_type: VOTER last_known_addr { host: "127.8.220.65" port: 39763 } } peers { permanent_uuid: "d2cd8121e7c14b8a814fbd795bdcef27" member_type: VOTER last_known_addr { host: "127.8.220.67" port: 33729 } }
I20260608 13:04:47.746064 12217 ts_tablet_manager.cc:1434] T 433cea782afc4ddeb0cf6cea4d803acd P d2cd8121e7c14b8a814fbd795bdcef27: Time spent starting tablet: real 0.006s	user 0.006s	sys 0.001s
I20260608 13:04:47.746263 12218 consensus_queue.cc:260] T 9bf86a6266554108a5e3811a8b33fe38 P f5a289ecdbd64c4e888c6cd328db4748 [NON_LEADER]: Queue going to NON_LEADER mode. State: All replicated index: 0, Majority replicated index: 0, Committed index: 0, Last appended: 0.0, Last appended by leader: 0, Current term: 0, Majority size: -1, State: 0, Mode: NON_LEADER, active raft config: opid_index: -1 OBSOLETE_local: false peers { permanent_uuid: "b9fe64ac3fcc4862b674ccb37f20e366" member_type: VOTER last_known_addr { host: "127.8.220.65" port: 39763 } } peers { permanent_uuid: "f5a289ecdbd64c4e888c6cd328db4748" member_type: VOTER last_known_addr { host: "127.8.220.66" port: 44425 } } peers { permanent_uuid: "d2cd8121e7c14b8a814fbd795bdcef27" member_type: VOTER last_known_addr { host: "127.8.220.67" port: 33729 } }
I20260608 13:04:47.747172 12217 tablet_bootstrap.cc:492] T c8775c1dad1d49df87a8c2b8f6e45268 P d2cd8121e7c14b8a814fbd795bdcef27: Bootstrap starting.
I20260608 13:04:47.748983 12218 ts_tablet_manager.cc:1434] T 9bf86a6266554108a5e3811a8b33fe38 P f5a289ecdbd64c4e888c6cd328db4748: Time spent starting tablet: real 0.011s	user 0.006s	sys 0.000s
I20260608 13:04:47.749951 12218 tablet_bootstrap.cc:492] T c8775c1dad1d49df87a8c2b8f6e45268 P f5a289ecdbd64c4e888c6cd328db4748: Bootstrap starting.
I20260608 13:04:47.746265 12219 raft_consensus.cc:385] T 79f691b3d57b470982949a833e1f34b8 P b9fe64ac3fcc4862b674ccb37f20e366 [term 0 FOLLOWER]: Consensus starting up: Expiring failure detector timer to make a prompt election more likely
I20260608 13:04:47.752820 12219 raft_consensus.cc:740] T 79f691b3d57b470982949a833e1f34b8 P b9fe64ac3fcc4862b674ccb37f20e366 [term 0 FOLLOWER]: Becoming Follower/Learner. State: Replica: b9fe64ac3fcc4862b674ccb37f20e366, State: Initialized, Role: FOLLOWER
I20260608 13:04:47.754685 12217 tablet_bootstrap.cc:654] T c8775c1dad1d49df87a8c2b8f6e45268 P d2cd8121e7c14b8a814fbd795bdcef27: Neither blocks nor log segments found. Creating new log.
I20260608 13:04:47.754540 12219 consensus_queue.cc:260] T 79f691b3d57b470982949a833e1f34b8 P b9fe64ac3fcc4862b674ccb37f20e366 [NON_LEADER]: Queue going to NON_LEADER mode. State: All replicated index: 0, Majority replicated index: 0, Committed index: 0, Last appended: 0.0, Last appended by leader: 0, Current term: 0, Majority size: -1, State: 0, Mode: NON_LEADER, active raft config: opid_index: -1 OBSOLETE_local: false peers { permanent_uuid: "f5a289ecdbd64c4e888c6cd328db4748" member_type: VOTER last_known_addr { host: "127.8.220.66" port: 44425 } } peers { permanent_uuid: "b9fe64ac3fcc4862b674ccb37f20e366" member_type: VOTER last_known_addr { host: "127.8.220.65" port: 39763 } } peers { permanent_uuid: "d2cd8121e7c14b8a814fbd795bdcef27" member_type: VOTER last_known_addr { host: "127.8.220.67" port: 33729 } }
I20260608 13:04:47.756771 12218 tablet_bootstrap.cc:654] T c8775c1dad1d49df87a8c2b8f6e45268 P f5a289ecdbd64c4e888c6cd328db4748: Neither blocks nor log segments found. Creating new log.
I20260608 13:04:47.761793 12219 ts_tablet_manager.cc:1434] T 79f691b3d57b470982949a833e1f34b8 P b9fe64ac3fcc4862b674ccb37f20e366: Time spent starting tablet: real 0.019s	user 0.008s	sys 0.000s
I20260608 13:04:47.762866 12219 tablet_bootstrap.cc:492] T cef60745f447406fb2b0053d68d92306 P b9fe64ac3fcc4862b674ccb37f20e366: Bootstrap starting.
I20260608 13:04:47.768064 12217 tablet_bootstrap.cc:492] T c8775c1dad1d49df87a8c2b8f6e45268 P d2cd8121e7c14b8a814fbd795bdcef27: No bootstrap required, opened a new log
I20260608 13:04:47.768826 12217 ts_tablet_manager.cc:1403] T c8775c1dad1d49df87a8c2b8f6e45268 P d2cd8121e7c14b8a814fbd795bdcef27: Time spent bootstrapping tablet: real 0.022s	user 0.008s	sys 0.010s
I20260608 13:04:47.773082 12217 raft_consensus.cc:359] T c8775c1dad1d49df87a8c2b8f6e45268 P d2cd8121e7c14b8a814fbd795bdcef27 [term 0 FOLLOWER]: Replica starting. Triggering 0 pending ops. Active config: opid_index: -1 OBSOLETE_local: false peers { permanent_uuid: "b9fe64ac3fcc4862b674ccb37f20e366" member_type: VOTER last_known_addr { host: "127.8.220.65" port: 39763 } } peers { permanent_uuid: "f5a289ecdbd64c4e888c6cd328db4748" member_type: VOTER last_known_addr { host: "127.8.220.66" port: 44425 } } peers { permanent_uuid: "d2cd8121e7c14b8a814fbd795bdcef27" member_type: VOTER last_known_addr { host: "127.8.220.67" port: 33729 } }
I20260608 13:04:47.773882 12219 tablet_bootstrap.cc:654] T cef60745f447406fb2b0053d68d92306 P b9fe64ac3fcc4862b674ccb37f20e366: Neither blocks nor log segments found. Creating new log.
I20260608 13:04:47.774096 12217 raft_consensus.cc:385] T c8775c1dad1d49df87a8c2b8f6e45268 P d2cd8121e7c14b8a814fbd795bdcef27 [term 0 FOLLOWER]: Consensus starting up: Expiring failure detector timer to make a prompt election more likely
I20260608 13:04:47.774528 12217 raft_consensus.cc:740] T c8775c1dad1d49df87a8c2b8f6e45268 P d2cd8121e7c14b8a814fbd795bdcef27 [term 0 FOLLOWER]: Becoming Follower/Learner. State: Replica: d2cd8121e7c14b8a814fbd795bdcef27, State: Initialized, Role: FOLLOWER
I20260608 13:04:47.776275 12217 consensus_queue.cc:260] T c8775c1dad1d49df87a8c2b8f6e45268 P d2cd8121e7c14b8a814fbd795bdcef27 [NON_LEADER]: Queue going to NON_LEADER mode. State: All replicated index: 0, Majority replicated index: 0, Committed index: 0, Last appended: 0.0, Last appended by leader: 0, Current term: 0, Majority size: -1, State: 0, Mode: NON_LEADER, active raft config: opid_index: -1 OBSOLETE_local: false peers { permanent_uuid: "b9fe64ac3fcc4862b674ccb37f20e366" member_type: VOTER last_known_addr { host: "127.8.220.65" port: 39763 } } peers { permanent_uuid: "f5a289ecdbd64c4e888c6cd328db4748" member_type: VOTER last_known_addr { host: "127.8.220.66" port: 44425 } } peers { permanent_uuid: "d2cd8121e7c14b8a814fbd795bdcef27" member_type: VOTER last_known_addr { host: "127.8.220.67" port: 33729 } }
I20260608 13:04:47.778254 12218 tablet_bootstrap.cc:492] T c8775c1dad1d49df87a8c2b8f6e45268 P f5a289ecdbd64c4e888c6cd328db4748: No bootstrap required, opened a new log
I20260608 13:04:47.778663 12217 ts_tablet_manager.cc:1434] T c8775c1dad1d49df87a8c2b8f6e45268 P d2cd8121e7c14b8a814fbd795bdcef27: Time spent starting tablet: real 0.009s	user 0.008s	sys 0.000s
I20260608 13:04:47.778762 12218 ts_tablet_manager.cc:1403] T c8775c1dad1d49df87a8c2b8f6e45268 P f5a289ecdbd64c4e888c6cd328db4748: Time spent bootstrapping tablet: real 0.029s	user 0.011s	sys 0.015s
I20260608 13:04:47.779835 12217 tablet_bootstrap.cc:492] T 9bf86a6266554108a5e3811a8b33fe38 P d2cd8121e7c14b8a814fbd795bdcef27: Bootstrap starting.
I20260608 13:04:47.782008 12218 raft_consensus.cc:359] T c8775c1dad1d49df87a8c2b8f6e45268 P f5a289ecdbd64c4e888c6cd328db4748 [term 0 FOLLOWER]: Replica starting. Triggering 0 pending ops. Active config: opid_index: -1 OBSOLETE_local: false peers { permanent_uuid: "b9fe64ac3fcc4862b674ccb37f20e366" member_type: VOTER last_known_addr { host: "127.8.220.65" port: 39763 } } peers { permanent_uuid: "f5a289ecdbd64c4e888c6cd328db4748" member_type: VOTER last_known_addr { host: "127.8.220.66" port: 44425 } } peers { permanent_uuid: "d2cd8121e7c14b8a814fbd795bdcef27" member_type: VOTER last_known_addr { host: "127.8.220.67" port: 33729 } }
I20260608 13:04:47.782752 12218 raft_consensus.cc:385] T c8775c1dad1d49df87a8c2b8f6e45268 P f5a289ecdbd64c4e888c6cd328db4748 [term 0 FOLLOWER]: Consensus starting up: Expiring failure detector timer to make a prompt election more likely
I20260608 13:04:47.783071 12218 raft_consensus.cc:740] T c8775c1dad1d49df87a8c2b8f6e45268 P f5a289ecdbd64c4e888c6cd328db4748 [term 0 FOLLOWER]: Becoming Follower/Learner. State: Replica: f5a289ecdbd64c4e888c6cd328db4748, State: Initialized, Role: FOLLOWER
I20260608 13:04:47.783932 12218 consensus_queue.cc:260] T c8775c1dad1d49df87a8c2b8f6e45268 P f5a289ecdbd64c4e888c6cd328db4748 [NON_LEADER]: Queue going to NON_LEADER mode. State: All replicated index: 0, Majority replicated index: 0, Committed index: 0, Last appended: 0.0, Last appended by leader: 0, Current term: 0, Majority size: -1, State: 0, Mode: NON_LEADER, active raft config: opid_index: -1 OBSOLETE_local: false peers { permanent_uuid: "b9fe64ac3fcc4862b674ccb37f20e366" member_type: VOTER last_known_addr { host: "127.8.220.65" port: 39763 } } peers { permanent_uuid: "f5a289ecdbd64c4e888c6cd328db4748" member_type: VOTER last_known_addr { host: "127.8.220.66" port: 44425 } } peers { permanent_uuid: "d2cd8121e7c14b8a814fbd795bdcef27" member_type: VOTER last_known_addr { host: "127.8.220.67" port: 33729 } }
I20260608 13:04:47.786468 12218 ts_tablet_manager.cc:1434] T c8775c1dad1d49df87a8c2b8f6e45268 P f5a289ecdbd64c4e888c6cd328db4748: Time spent starting tablet: real 0.007s	user 0.005s	sys 0.000s
I20260608 13:04:47.787000 12217 tablet_bootstrap.cc:654] T 9bf86a6266554108a5e3811a8b33fe38 P d2cd8121e7c14b8a814fbd795bdcef27: Neither blocks nor log segments found. Creating new log.
I20260608 13:04:47.787515 12218 tablet_bootstrap.cc:492] T 433cea782afc4ddeb0cf6cea4d803acd P f5a289ecdbd64c4e888c6cd328db4748: Bootstrap starting.
I20260608 13:04:47.795950 12218 tablet_bootstrap.cc:654] T 433cea782afc4ddeb0cf6cea4d803acd P f5a289ecdbd64c4e888c6cd328db4748: Neither blocks nor log segments found. Creating new log.
I20260608 13:04:47.831753 12219 tablet_bootstrap.cc:492] T cef60745f447406fb2b0053d68d92306 P b9fe64ac3fcc4862b674ccb37f20e366: No bootstrap required, opened a new log
I20260608 13:04:47.832270 12219 ts_tablet_manager.cc:1403] T cef60745f447406fb2b0053d68d92306 P b9fe64ac3fcc4862b674ccb37f20e366: Time spent bootstrapping tablet: real 0.070s	user 0.016s	sys 0.046s
I20260608 13:04:47.834095 12217 tablet_bootstrap.cc:492] T 9bf86a6266554108a5e3811a8b33fe38 P d2cd8121e7c14b8a814fbd795bdcef27: No bootstrap required, opened a new log
I20260608 13:04:47.834631 12217 ts_tablet_manager.cc:1403] T 9bf86a6266554108a5e3811a8b33fe38 P d2cd8121e7c14b8a814fbd795bdcef27: Time spent bootstrapping tablet: real 0.055s	user 0.019s	sys 0.034s
I20260608 13:04:47.835167 12218 tablet_bootstrap.cc:492] T 433cea782afc4ddeb0cf6cea4d803acd P f5a289ecdbd64c4e888c6cd328db4748: No bootstrap required, opened a new log
I20260608 13:04:47.835678 12218 ts_tablet_manager.cc:1403] T 433cea782afc4ddeb0cf6cea4d803acd P f5a289ecdbd64c4e888c6cd328db4748: Time spent bootstrapping tablet: real 0.048s	user 0.030s	sys 0.012s
I20260608 13:04:47.835292 12219 raft_consensus.cc:359] T cef60745f447406fb2b0053d68d92306 P b9fe64ac3fcc4862b674ccb37f20e366 [term 0 FOLLOWER]: Replica starting. Triggering 0 pending ops. Active config: opid_index: -1 OBSOLETE_local: false peers { permanent_uuid: "b9fe64ac3fcc4862b674ccb37f20e366" member_type: VOTER last_known_addr { host: "127.8.220.65" port: 39763 } } peers { permanent_uuid: "f5a289ecdbd64c4e888c6cd328db4748" member_type: VOTER last_known_addr { host: "127.8.220.66" port: 44425 } } peers { permanent_uuid: "d2cd8121e7c14b8a814fbd795bdcef27" member_type: VOTER last_known_addr { host: "127.8.220.67" port: 33729 } }
I20260608 13:04:47.835829 12248 raft_consensus.cc:493] T 433cea782afc4ddeb0cf6cea4d803acd P d2cd8121e7c14b8a814fbd795bdcef27 [term 0 FOLLOWER]: Starting pre-election (no leader contacted us within the election timeout)
I20260608 13:04:47.836068 12219 raft_consensus.cc:385] T cef60745f447406fb2b0053d68d92306 P b9fe64ac3fcc4862b674ccb37f20e366 [term 0 FOLLOWER]: Consensus starting up: Expiring failure detector timer to make a prompt election more likely
I20260608 13:04:47.836406 12219 raft_consensus.cc:740] T cef60745f447406fb2b0053d68d92306 P b9fe64ac3fcc4862b674ccb37f20e366 [term 0 FOLLOWER]: Becoming Follower/Learner. State: Replica: b9fe64ac3fcc4862b674ccb37f20e366, State: Initialized, Role: FOLLOWER
I20260608 13:04:47.836373 12248 raft_consensus.cc:515] T 433cea782afc4ddeb0cf6cea4d803acd P d2cd8121e7c14b8a814fbd795bdcef27 [term 0 FOLLOWER]: Starting pre-election with config: opid_index: -1 OBSOLETE_local: false peers { permanent_uuid: "b9fe64ac3fcc4862b674ccb37f20e366" member_type: VOTER last_known_addr { host: "127.8.220.65" port: 39763 } } peers { permanent_uuid: "f5a289ecdbd64c4e888c6cd328db4748" member_type: VOTER last_known_addr { host: "127.8.220.66" port: 44425 } } peers { permanent_uuid: "d2cd8121e7c14b8a814fbd795bdcef27" member_type: VOTER last_known_addr { host: "127.8.220.67" port: 33729 } }
I20260608 13:04:47.837497 12219 consensus_queue.cc:260] T cef60745f447406fb2b0053d68d92306 P b9fe64ac3fcc4862b674ccb37f20e366 [NON_LEADER]: Queue going to NON_LEADER mode. State: All replicated index: 0, Majority replicated index: 0, Committed index: 0, Last appended: 0.0, Last appended by leader: 0, Current term: 0, Majority size: -1, State: 0, Mode: NON_LEADER, active raft config: opid_index: -1 OBSOLETE_local: false peers { permanent_uuid: "b9fe64ac3fcc4862b674ccb37f20e366" member_type: VOTER last_known_addr { host: "127.8.220.65" port: 39763 } } peers { permanent_uuid: "f5a289ecdbd64c4e888c6cd328db4748" member_type: VOTER last_known_addr { host: "127.8.220.66" port: 44425 } } peers { permanent_uuid: "d2cd8121e7c14b8a814fbd795bdcef27" member_type: VOTER last_known_addr { host: "127.8.220.67" port: 33729 } }
I20260608 13:04:47.837692 12217 raft_consensus.cc:359] T 9bf86a6266554108a5e3811a8b33fe38 P d2cd8121e7c14b8a814fbd795bdcef27 [term 0 FOLLOWER]: Replica starting. Triggering 0 pending ops. Active config: opid_index: -1 OBSOLETE_local: false peers { permanent_uuid: "b9fe64ac3fcc4862b674ccb37f20e366" member_type: VOTER last_known_addr { host: "127.8.220.65" port: 39763 } } peers { permanent_uuid: "f5a289ecdbd64c4e888c6cd328db4748" member_type: VOTER last_known_addr { host: "127.8.220.66" port: 44425 } } peers { permanent_uuid: "d2cd8121e7c14b8a814fbd795bdcef27" member_type: VOTER last_known_addr { host: "127.8.220.67" port: 33729 } }
I20260608 13:04:47.838343 12217 raft_consensus.cc:385] T 9bf86a6266554108a5e3811a8b33fe38 P d2cd8121e7c14b8a814fbd795bdcef27 [term 0 FOLLOWER]: Consensus starting up: Expiring failure detector timer to make a prompt election more likely
I20260608 13:04:47.838639 12217 raft_consensus.cc:740] T 9bf86a6266554108a5e3811a8b33fe38 P d2cd8121e7c14b8a814fbd795bdcef27 [term 0 FOLLOWER]: Becoming Follower/Learner. State: Replica: d2cd8121e7c14b8a814fbd795bdcef27, State: Initialized, Role: FOLLOWER
I20260608 13:04:47.838858 12218 raft_consensus.cc:359] T 433cea782afc4ddeb0cf6cea4d803acd P f5a289ecdbd64c4e888c6cd328db4748 [term 0 FOLLOWER]: Replica starting. Triggering 0 pending ops. Active config: opid_index: -1 OBSOLETE_local: false peers { permanent_uuid: "b9fe64ac3fcc4862b674ccb37f20e366" member_type: VOTER last_known_addr { host: "127.8.220.65" port: 39763 } } peers { permanent_uuid: "f5a289ecdbd64c4e888c6cd328db4748" member_type: VOTER last_known_addr { host: "127.8.220.66" port: 44425 } } peers { permanent_uuid: "d2cd8121e7c14b8a814fbd795bdcef27" member_type: VOTER last_known_addr { host: "127.8.220.67" port: 33729 } }
I20260608 13:04:47.839596 12218 raft_consensus.cc:385] T 433cea782afc4ddeb0cf6cea4d803acd P f5a289ecdbd64c4e888c6cd328db4748 [term 0 FOLLOWER]: Consensus starting up: Expiring failure detector timer to make a prompt election more likely
I20260608 13:04:47.839541 12217 consensus_queue.cc:260] T 9bf86a6266554108a5e3811a8b33fe38 P d2cd8121e7c14b8a814fbd795bdcef27 [NON_LEADER]: Queue going to NON_LEADER mode. State: All replicated index: 0, Majority replicated index: 0, Committed index: 0, Last appended: 0.0, Last appended by leader: 0, Current term: 0, Majority size: -1, State: 0, Mode: NON_LEADER, active raft config: opid_index: -1 OBSOLETE_local: false peers { permanent_uuid: "b9fe64ac3fcc4862b674ccb37f20e366" member_type: VOTER last_known_addr { host: "127.8.220.65" port: 39763 } } peers { permanent_uuid: "f5a289ecdbd64c4e888c6cd328db4748" member_type: VOTER last_known_addr { host: "127.8.220.66" port: 44425 } } peers { permanent_uuid: "d2cd8121e7c14b8a814fbd795bdcef27" member_type: VOTER last_known_addr { host: "127.8.220.67" port: 33729 } }
I20260608 13:04:47.841078 12097 tablet_service.cc:1917] Received RequestConsensusVote() RPC: tablet_id: "433cea782afc4ddeb0cf6cea4d803acd" candidate_uuid: "d2cd8121e7c14b8a814fbd795bdcef27" candidate_term: 1 candidate_status { last_received { term: 0 index: 0 } } ignore_live_leader: false dest_uuid: "f5a289ecdbd64c4e888c6cd328db4748" is_pre_election: true
I20260608 13:04:47.842052 12217 ts_tablet_manager.cc:1434] T 9bf86a6266554108a5e3811a8b33fe38 P d2cd8121e7c14b8a814fbd795bdcef27: Time spent starting tablet: real 0.007s	user 0.003s	sys 0.003s
I20260608 13:04:47.843032 12248 leader_election.cc:290] T 433cea782afc4ddeb0cf6cea4d803acd P d2cd8121e7c14b8a814fbd795bdcef27 [CANDIDATE]: Term 1 pre-election: Requested pre-vote from peers b9fe64ac3fcc4862b674ccb37f20e366 (127.8.220.65:39763), f5a289ecdbd64c4e888c6cd328db4748 (127.8.220.66:44425)
I20260608 13:04:47.843245 12217 tablet_bootstrap.cc:492] T 6dbf2e9f4850428b88cbda2552d199fc P d2cd8121e7c14b8a814fbd795bdcef27: Bootstrap starting.
I20260608 13:04:47.840060 12218 raft_consensus.cc:740] T 433cea782afc4ddeb0cf6cea4d803acd P f5a289ecdbd64c4e888c6cd328db4748 [term 0 FOLLOWER]: Becoming Follower/Learner. State: Replica: f5a289ecdbd64c4e888c6cd328db4748, State: Initialized, Role: FOLLOWER
I20260608 13:04:47.844213 12218 consensus_queue.cc:260] T 433cea782afc4ddeb0cf6cea4d803acd P f5a289ecdbd64c4e888c6cd328db4748 [NON_LEADER]: Queue going to NON_LEADER mode. State: All replicated index: 0, Majority replicated index: 0, Committed index: 0, Last appended: 0.0, Last appended by leader: 0, Current term: 0, Majority size: -1, State: 0, Mode: NON_LEADER, active raft config: opid_index: -1 OBSOLETE_local: false peers { permanent_uuid: "b9fe64ac3fcc4862b674ccb37f20e366" member_type: VOTER last_known_addr { host: "127.8.220.65" port: 39763 } } peers { permanent_uuid: "f5a289ecdbd64c4e888c6cd328db4748" member_type: VOTER last_known_addr { host: "127.8.220.66" port: 44425 } } peers { permanent_uuid: "d2cd8121e7c14b8a814fbd795bdcef27" member_type: VOTER last_known_addr { host: "127.8.220.67" port: 33729 } }
I20260608 13:04:47.845064 12023 tablet_service.cc:1917] Received RequestConsensusVote() RPC: tablet_id: "433cea782afc4ddeb0cf6cea4d803acd" candidate_uuid: "d2cd8121e7c14b8a814fbd795bdcef27" candidate_term: 1 candidate_status { last_received { term: 0 index: 0 } } ignore_live_leader: false dest_uuid: "b9fe64ac3fcc4862b674ccb37f20e366" is_pre_election: true
I20260608 13:04:47.845711 12023 raft_consensus.cc:2468] T 433cea782afc4ddeb0cf6cea4d803acd P b9fe64ac3fcc4862b674ccb37f20e366 [term 0 FOLLOWER]: Leader pre-election vote request: Granting yes vote for candidate d2cd8121e7c14b8a814fbd795bdcef27 in term 0.
I20260608 13:04:47.846874 12135 leader_election.cc:304] T 433cea782afc4ddeb0cf6cea4d803acd P d2cd8121e7c14b8a814fbd795bdcef27 [CANDIDATE]: Term 1 pre-election: Election decided. Result: candidate won. Election summary: received 2 responses out of 3 voters: 2 yes votes; 0 no votes. yes voters: b9fe64ac3fcc4862b674ccb37f20e366, d2cd8121e7c14b8a814fbd795bdcef27; no voters: 
I20260608 13:04:47.847844 12248 raft_consensus.cc:2804] T 433cea782afc4ddeb0cf6cea4d803acd P d2cd8121e7c14b8a814fbd795bdcef27 [term 0 FOLLOWER]: Leader pre-election won for term 1
I20260608 13:04:47.848223 12248 raft_consensus.cc:493] T 433cea782afc4ddeb0cf6cea4d803acd P d2cd8121e7c14b8a814fbd795bdcef27 [term 0 FOLLOWER]: Starting leader election (no leader contacted us within the election timeout)
I20260608 13:04:47.848551 12248 raft_consensus.cc:3060] T 433cea782afc4ddeb0cf6cea4d803acd P d2cd8121e7c14b8a814fbd795bdcef27 [term 0 FOLLOWER]: Advancing to term 1
I20260608 13:04:47.849037 12219 ts_tablet_manager.cc:1434] T cef60745f447406fb2b0053d68d92306 P b9fe64ac3fcc4862b674ccb37f20e366: Time spent starting tablet: real 0.016s	user 0.007s	sys 0.000s
I20260608 13:04:47.849941 12217 tablet_bootstrap.cc:654] T 6dbf2e9f4850428b88cbda2552d199fc P d2cd8121e7c14b8a814fbd795bdcef27: Neither blocks nor log segments found. Creating new log.
I20260608 13:04:47.855247 12097 raft_consensus.cc:2468] T 433cea782afc4ddeb0cf6cea4d803acd P f5a289ecdbd64c4e888c6cd328db4748 [term 0 FOLLOWER]: Leader pre-election vote request: Granting yes vote for candidate d2cd8121e7c14b8a814fbd795bdcef27 in term 0.
I20260608 13:04:47.856057 12248 raft_consensus.cc:515] T 433cea782afc4ddeb0cf6cea4d803acd P d2cd8121e7c14b8a814fbd795bdcef27 [term 1 FOLLOWER]: Starting leader election with config: opid_index: -1 OBSOLETE_local: false peers { permanent_uuid: "b9fe64ac3fcc4862b674ccb37f20e366" member_type: VOTER last_known_addr { host: "127.8.220.65" port: 39763 } } peers { permanent_uuid: "f5a289ecdbd64c4e888c6cd328db4748" member_type: VOTER last_known_addr { host: "127.8.220.66" port: 44425 } } peers { permanent_uuid: "d2cd8121e7c14b8a814fbd795bdcef27" member_type: VOTER last_known_addr { host: "127.8.220.67" port: 33729 } }
I20260608 13:04:47.856925 12218 ts_tablet_manager.cc:1434] T 433cea782afc4ddeb0cf6cea4d803acd P f5a289ecdbd64c4e888c6cd328db4748: Time spent starting tablet: real 0.021s	user 0.007s	sys 0.001s
I20260608 13:04:47.858639 12218 tablet_bootstrap.cc:492] T 79f691b3d57b470982949a833e1f34b8 P f5a289ecdbd64c4e888c6cd328db4748: Bootstrap starting.
I20260608 13:04:47.858743 12251 raft_consensus.cc:493] T cef60745f447406fb2b0053d68d92306 P b9fe64ac3fcc4862b674ccb37f20e366 [term 0 FOLLOWER]: Starting pre-election (no leader contacted us within the election timeout)
I20260608 13:04:47.860414 12251 raft_consensus.cc:515] T cef60745f447406fb2b0053d68d92306 P b9fe64ac3fcc4862b674ccb37f20e366 [term 0 FOLLOWER]: Starting pre-election with config: opid_index: -1 OBSOLETE_local: false peers { permanent_uuid: "b9fe64ac3fcc4862b674ccb37f20e366" member_type: VOTER last_known_addr { host: "127.8.220.65" port: 39763 } } peers { permanent_uuid: "f5a289ecdbd64c4e888c6cd328db4748" member_type: VOTER last_known_addr { host: "127.8.220.66" port: 44425 } } peers { permanent_uuid: "d2cd8121e7c14b8a814fbd795bdcef27" member_type: VOTER last_known_addr { host: "127.8.220.67" port: 33729 } }
I20260608 13:04:47.861572 12023 tablet_service.cc:1917] Received RequestConsensusVote() RPC: tablet_id: "433cea782afc4ddeb0cf6cea4d803acd" candidate_uuid: "d2cd8121e7c14b8a814fbd795bdcef27" candidate_term: 1 candidate_status { last_received { term: 0 index: 0 } } ignore_live_leader: false dest_uuid: "b9fe64ac3fcc4862b674ccb37f20e366"
I20260608 13:04:47.862491 12251 leader_election.cc:290] T cef60745f447406fb2b0053d68d92306 P b9fe64ac3fcc4862b674ccb37f20e366 [CANDIDATE]: Term 1 pre-election: Requested pre-vote from peers f5a289ecdbd64c4e888c6cd328db4748 (127.8.220.66:44425), d2cd8121e7c14b8a814fbd795bdcef27 (127.8.220.67:33729)
I20260608 13:04:47.862372 12023 raft_consensus.cc:3060] T 433cea782afc4ddeb0cf6cea4d803acd P b9fe64ac3fcc4862b674ccb37f20e366 [term 0 FOLLOWER]: Advancing to term 1
I20260608 13:04:47.864673 12172 tablet_service.cc:1917] Received RequestConsensusVote() RPC: tablet_id: "cef60745f447406fb2b0053d68d92306" candidate_uuid: "b9fe64ac3fcc4862b674ccb37f20e366" candidate_term: 1 candidate_status { last_received { term: 0 index: 0 } } ignore_live_leader: false dest_uuid: "d2cd8121e7c14b8a814fbd795bdcef27" is_pre_election: true
I20260608 13:04:47.865322 12172 raft_consensus.cc:2468] T cef60745f447406fb2b0053d68d92306 P d2cd8121e7c14b8a814fbd795bdcef27 [term 0 FOLLOWER]: Leader pre-election vote request: Granting yes vote for candidate b9fe64ac3fcc4862b674ccb37f20e366 in term 0.
I20260608 13:04:47.867069 11987 leader_election.cc:304] T cef60745f447406fb2b0053d68d92306 P b9fe64ac3fcc4862b674ccb37f20e366 [CANDIDATE]: Term 1 pre-election: Election decided. Result: candidate won. Election summary: received 2 responses out of 3 voters: 2 yes votes; 0 no votes. yes voters: b9fe64ac3fcc4862b674ccb37f20e366, d2cd8121e7c14b8a814fbd795bdcef27; no voters: 
I20260608 13:04:47.865491 12248 leader_election.cc:290] T 433cea782afc4ddeb0cf6cea4d803acd P d2cd8121e7c14b8a814fbd795bdcef27 [CANDIDATE]: Term 1 election: Requested vote from peers b9fe64ac3fcc4862b674ccb37f20e366 (127.8.220.65:39763), f5a289ecdbd64c4e888c6cd328db4748 (127.8.220.66:44425)
I20260608 13:04:47.868634 12098 tablet_service.cc:1917] Received RequestConsensusVote() RPC: tablet_id: "433cea782afc4ddeb0cf6cea4d803acd" candidate_uuid: "d2cd8121e7c14b8a814fbd795bdcef27" candidate_term: 1 candidate_status { last_received { term: 0 index: 0 } } ignore_live_leader: false dest_uuid: "f5a289ecdbd64c4e888c6cd328db4748"
I20260608 13:04:47.869288 12098 raft_consensus.cc:3060] T 433cea782afc4ddeb0cf6cea4d803acd P f5a289ecdbd64c4e888c6cd328db4748 [term 0 FOLLOWER]: Advancing to term 1
I20260608 13:04:47.871227 12251 raft_consensus.cc:2804] T cef60745f447406fb2b0053d68d92306 P b9fe64ac3fcc4862b674ccb37f20e366 [term 0 FOLLOWER]: Leader pre-election won for term 1
I20260608 13:04:47.871618 12251 raft_consensus.cc:493] T cef60745f447406fb2b0053d68d92306 P b9fe64ac3fcc4862b674ccb37f20e366 [term 0 FOLLOWER]: Starting leader election (no leader contacted us within the election timeout)
I20260608 13:04:47.871959 12251 raft_consensus.cc:3060] T cef60745f447406fb2b0053d68d92306 P b9fe64ac3fcc4862b674ccb37f20e366 [term 0 FOLLOWER]: Advancing to term 1
I20260608 13:04:47.872845 12218 tablet_bootstrap.cc:654] T 79f691b3d57b470982949a833e1f34b8 P f5a289ecdbd64c4e888c6cd328db4748: Neither blocks nor log segments found. Creating new log.
I20260608 13:04:47.873045 12023 raft_consensus.cc:2468] T 433cea782afc4ddeb0cf6cea4d803acd P b9fe64ac3fcc4862b674ccb37f20e366 [term 1 FOLLOWER]: Leader election vote request: Granting yes vote for candidate d2cd8121e7c14b8a814fbd795bdcef27 in term 1.
I20260608 13:04:47.874663 12135 leader_election.cc:304] T 433cea782afc4ddeb0cf6cea4d803acd P d2cd8121e7c14b8a814fbd795bdcef27 [CANDIDATE]: Term 1 election: Election decided. Result: candidate won. Election summary: received 2 responses out of 3 voters: 2 yes votes; 0 no votes. yes voters: b9fe64ac3fcc4862b674ccb37f20e366, d2cd8121e7c14b8a814fbd795bdcef27; no voters: 
I20260608 13:04:47.875842 12248 raft_consensus.cc:2804] T 433cea782afc4ddeb0cf6cea4d803acd P d2cd8121e7c14b8a814fbd795bdcef27 [term 1 FOLLOWER]: Leader election won for term 1
I20260608 13:04:47.876367 12248 raft_consensus.cc:697] T 433cea782afc4ddeb0cf6cea4d803acd P d2cd8121e7c14b8a814fbd795bdcef27 [term 1 LEADER]: Becoming Leader. State: Replica: d2cd8121e7c14b8a814fbd795bdcef27, State: Running, Role: LEADER
I20260608 13:04:47.877267 12248 consensus_queue.cc:237] T 433cea782afc4ddeb0cf6cea4d803acd P d2cd8121e7c14b8a814fbd795bdcef27 [LEADER]: Queue going to LEADER mode. State: All replicated index: 0, Majority replicated index: 0, Committed index: 0, Last appended: 0.0, Last appended by leader: 0, Current term: 1, Majority size: 2, State: 0, Mode: LEADER, active raft config: opid_index: -1 OBSOLETE_local: false peers { permanent_uuid: "b9fe64ac3fcc4862b674ccb37f20e366" member_type: VOTER last_known_addr { host: "127.8.220.65" port: 39763 } } peers { permanent_uuid: "f5a289ecdbd64c4e888c6cd328db4748" member_type: VOTER last_known_addr { host: "127.8.220.66" port: 44425 } } peers { permanent_uuid: "d2cd8121e7c14b8a814fbd795bdcef27" member_type: VOTER last_known_addr { host: "127.8.220.67" port: 33729 } }
I20260608 13:04:47.874842 12097 tablet_service.cc:1917] Received RequestConsensusVote() RPC: tablet_id: "cef60745f447406fb2b0053d68d92306" candidate_uuid: "b9fe64ac3fcc4862b674ccb37f20e366" candidate_term: 1 candidate_status { last_received { term: 0 index: 0 } } ignore_live_leader: false dest_uuid: "f5a289ecdbd64c4e888c6cd328db4748" is_pre_election: true
I20260608 13:04:47.879992 12097 raft_consensus.cc:2468] T cef60745f447406fb2b0053d68d92306 P f5a289ecdbd64c4e888c6cd328db4748 [term 0 FOLLOWER]: Leader pre-election vote request: Granting yes vote for candidate b9fe64ac3fcc4862b674ccb37f20e366 in term 0.
I20260608 13:04:47.890110 12218 tablet_bootstrap.cc:492] T 79f691b3d57b470982949a833e1f34b8 P f5a289ecdbd64c4e888c6cd328db4748: No bootstrap required, opened a new log
I20260608 13:04:47.890650 12218 ts_tablet_manager.cc:1403] T 79f691b3d57b470982949a833e1f34b8 P f5a289ecdbd64c4e888c6cd328db4748: Time spent bootstrapping tablet: real 0.032s	user 0.010s	sys 0.003s
I20260608 13:04:47.892514 12098 raft_consensus.cc:2468] T 433cea782afc4ddeb0cf6cea4d803acd P f5a289ecdbd64c4e888c6cd328db4748 [term 1 FOLLOWER]: Leader election vote request: Granting yes vote for candidate d2cd8121e7c14b8a814fbd795bdcef27 in term 1.
I20260608 13:04:47.893586 12218 raft_consensus.cc:359] T 79f691b3d57b470982949a833e1f34b8 P f5a289ecdbd64c4e888c6cd328db4748 [term 0 FOLLOWER]: Replica starting. Triggering 0 pending ops. Active config: opid_index: -1 OBSOLETE_local: false peers { permanent_uuid: "f5a289ecdbd64c4e888c6cd328db4748" member_type: VOTER last_known_addr { host: "127.8.220.66" port: 44425 } } peers { permanent_uuid: "b9fe64ac3fcc4862b674ccb37f20e366" member_type: VOTER last_known_addr { host: "127.8.220.65" port: 39763 } } peers { permanent_uuid: "d2cd8121e7c14b8a814fbd795bdcef27" member_type: VOTER last_known_addr { host: "127.8.220.67" port: 33729 } }
I20260608 13:04:47.894296 12218 raft_consensus.cc:385] T 79f691b3d57b470982949a833e1f34b8 P f5a289ecdbd64c4e888c6cd328db4748 [term 0 FOLLOWER]: Consensus starting up: Expiring failure detector timer to make a prompt election more likely
I20260608 13:04:47.894490 12251 raft_consensus.cc:515] T cef60745f447406fb2b0053d68d92306 P b9fe64ac3fcc4862b674ccb37f20e366 [term 1 FOLLOWER]: Starting leader election with config: opid_index: -1 OBSOLETE_local: false peers { permanent_uuid: "b9fe64ac3fcc4862b674ccb37f20e366" member_type: VOTER last_known_addr { host: "127.8.220.65" port: 39763 } } peers { permanent_uuid: "f5a289ecdbd64c4e888c6cd328db4748" member_type: VOTER last_known_addr { host: "127.8.220.66" port: 44425 } } peers { permanent_uuid: "d2cd8121e7c14b8a814fbd795bdcef27" member_type: VOTER last_known_addr { host: "127.8.220.67" port: 33729 } }
I20260608 13:04:47.894562 12218 raft_consensus.cc:740] T 79f691b3d57b470982949a833e1f34b8 P f5a289ecdbd64c4e888c6cd328db4748 [term 0 FOLLOWER]: Becoming Follower/Learner. State: Replica: f5a289ecdbd64c4e888c6cd328db4748, State: Initialized, Role: FOLLOWER
I20260608 13:04:47.898265 12218 consensus_queue.cc:260] T 79f691b3d57b470982949a833e1f34b8 P f5a289ecdbd64c4e888c6cd328db4748 [NON_LEADER]: Queue going to NON_LEADER mode. State: All replicated index: 0, Majority replicated index: 0, Committed index: 0, Last appended: 0.0, Last appended by leader: 0, Current term: 0, Majority size: -1, State: 0, Mode: NON_LEADER, active raft config: opid_index: -1 OBSOLETE_local: false peers { permanent_uuid: "f5a289ecdbd64c4e888c6cd328db4748" member_type: VOTER last_known_addr { host: "127.8.220.66" port: 44425 } } peers { permanent_uuid: "b9fe64ac3fcc4862b674ccb37f20e366" member_type: VOTER last_known_addr { host: "127.8.220.65" port: 39763 } } peers { permanent_uuid: "d2cd8121e7c14b8a814fbd795bdcef27" member_type: VOTER last_known_addr { host: "127.8.220.67" port: 33729 } }
I20260608 13:04:47.899106 12251 leader_election.cc:290] T cef60745f447406fb2b0053d68d92306 P b9fe64ac3fcc4862b674ccb37f20e366 [CANDIDATE]: Term 1 election: Requested vote from peers f5a289ecdbd64c4e888c6cd328db4748 (127.8.220.66:44425), d2cd8121e7c14b8a814fbd795bdcef27 (127.8.220.67:33729)
I20260608 13:04:47.899972 12172 tablet_service.cc:1917] Received RequestConsensusVote() RPC: tablet_id: "cef60745f447406fb2b0053d68d92306" candidate_uuid: "b9fe64ac3fcc4862b674ccb37f20e366" candidate_term: 1 candidate_status { last_received { term: 0 index: 0 } } ignore_live_leader: false dest_uuid: "d2cd8121e7c14b8a814fbd795bdcef27"
I20260608 13:04:47.900617 12218 ts_tablet_manager.cc:1434] T 79f691b3d57b470982949a833e1f34b8 P f5a289ecdbd64c4e888c6cd328db4748: Time spent starting tablet: real 0.010s	user 0.008s	sys 0.000s
I20260608 13:04:47.900802 12172 raft_consensus.cc:3060] T cef60745f447406fb2b0053d68d92306 P d2cd8121e7c14b8a814fbd795bdcef27 [term 0 FOLLOWER]: Advancing to term 1
I20260608 13:04:47.901593 12097 tablet_service.cc:1917] Received RequestConsensusVote() RPC: tablet_id: "cef60745f447406fb2b0053d68d92306" candidate_uuid: "b9fe64ac3fcc4862b674ccb37f20e366" candidate_term: 1 candidate_status { last_received { term: 0 index: 0 } } ignore_live_leader: false dest_uuid: "f5a289ecdbd64c4e888c6cd328db4748"
I20260608 13:04:47.902174 12097 raft_consensus.cc:3060] T cef60745f447406fb2b0053d68d92306 P f5a289ecdbd64c4e888c6cd328db4748 [term 0 FOLLOWER]: Advancing to term 1
I20260608 13:04:47.905686 11918 catalog_manager.cc:5696] T 433cea782afc4ddeb0cf6cea4d803acd P d2cd8121e7c14b8a814fbd795bdcef27 reported cstate change: term changed from 0 to 1, leader changed from <none> to d2cd8121e7c14b8a814fbd795bdcef27 (127.8.220.67). New cstate: current_term: 1 leader_uuid: "d2cd8121e7c14b8a814fbd795bdcef27" committed_config { opid_index: -1 OBSOLETE_local: false peers { permanent_uuid: "b9fe64ac3fcc4862b674ccb37f20e366" member_type: VOTER last_known_addr { host: "127.8.220.65" port: 39763 } health_report { overall_health: UNKNOWN } } peers { permanent_uuid: "f5a289ecdbd64c4e888c6cd328db4748" member_type: VOTER last_known_addr { host: "127.8.220.66" port: 44425 } health_report { overall_health: UNKNOWN } } peers { permanent_uuid: "d2cd8121e7c14b8a814fbd795bdcef27" member_type: VOTER last_known_addr { host: "127.8.220.67" port: 33729 } health_report { overall_health: HEALTHY } } }
I20260608 13:04:47.909286 12097 raft_consensus.cc:2468] T cef60745f447406fb2b0053d68d92306 P f5a289ecdbd64c4e888c6cd328db4748 [term 1 FOLLOWER]: Leader election vote request: Granting yes vote for candidate b9fe64ac3fcc4862b674ccb37f20e366 in term 1.
I20260608 13:04:47.909655 12217 tablet_bootstrap.cc:492] T 6dbf2e9f4850428b88cbda2552d199fc P d2cd8121e7c14b8a814fbd795bdcef27: No bootstrap required, opened a new log
I20260608 13:04:47.910208 12217 ts_tablet_manager.cc:1403] T 6dbf2e9f4850428b88cbda2552d199fc P d2cd8121e7c14b8a814fbd795bdcef27: Time spent bootstrapping tablet: real 0.067s	user 0.034s	sys 0.030s
I20260608 13:04:47.910571 11987 leader_election.cc:304] T cef60745f447406fb2b0053d68d92306 P b9fe64ac3fcc4862b674ccb37f20e366 [CANDIDATE]: Term 1 election: Election decided. Result: candidate won. Election summary: received 2 responses out of 3 voters: 2 yes votes; 0 no votes. yes voters: b9fe64ac3fcc4862b674ccb37f20e366, f5a289ecdbd64c4e888c6cd328db4748; no voters: 
I20260608 13:04:47.911445 12225 raft_consensus.cc:2804] T cef60745f447406fb2b0053d68d92306 P b9fe64ac3fcc4862b674ccb37f20e366 [term 1 FOLLOWER]: Leader election won for term 1
I20260608 13:04:47.910945 12251 raft_consensus.cc:493] T 7f588346f4af4b978cfa1cf8c3f1a34b P b9fe64ac3fcc4862b674ccb37f20e366 [term 0 FOLLOWER]: Starting pre-election (no leader contacted us within the election timeout)
I20260608 13:04:47.912297 12251 raft_consensus.cc:515] T 7f588346f4af4b978cfa1cf8c3f1a34b P b9fe64ac3fcc4862b674ccb37f20e366 [term 0 FOLLOWER]: Starting pre-election with config: opid_index: -1 OBSOLETE_local: false peers { permanent_uuid: "b9fe64ac3fcc4862b674ccb37f20e366" member_type: VOTER last_known_addr { host: "127.8.220.65" port: 39763 } } peers { permanent_uuid: "f5a289ecdbd64c4e888c6cd328db4748" member_type: VOTER last_known_addr { host: "127.8.220.66" port: 44425 } } peers { permanent_uuid: "d2cd8121e7c14b8a814fbd795bdcef27" member_type: VOTER last_known_addr { host: "127.8.220.67" port: 33729 } }
I20260608 13:04:47.913807 12172 raft_consensus.cc:2468] T cef60745f447406fb2b0053d68d92306 P d2cd8121e7c14b8a814fbd795bdcef27 [term 1 FOLLOWER]: Leader election vote request: Granting yes vote for candidate b9fe64ac3fcc4862b674ccb37f20e366 in term 1.
I20260608 13:04:47.915390 12251 leader_election.cc:290] T 7f588346f4af4b978cfa1cf8c3f1a34b P b9fe64ac3fcc4862b674ccb37f20e366 [CANDIDATE]: Term 1 pre-election: Requested pre-vote from peers f5a289ecdbd64c4e888c6cd328db4748 (127.8.220.66:44425), d2cd8121e7c14b8a814fbd795bdcef27 (127.8.220.67:33729)
I20260608 13:04:47.916846 12097 tablet_service.cc:1917] Received RequestConsensusVote() RPC: tablet_id: "7f588346f4af4b978cfa1cf8c3f1a34b" candidate_uuid: "b9fe64ac3fcc4862b674ccb37f20e366" candidate_term: 1 candidate_status { last_received { term: 0 index: 0 } } ignore_live_leader: false dest_uuid: "f5a289ecdbd64c4e888c6cd328db4748" is_pre_election: true
I20260608 13:04:47.917346 12217 raft_consensus.cc:359] T 6dbf2e9f4850428b88cbda2552d199fc P d2cd8121e7c14b8a814fbd795bdcef27 [term 0 FOLLOWER]: Replica starting. Triggering 0 pending ops. Active config: opid_index: -1 OBSOLETE_local: false peers { permanent_uuid: "b9fe64ac3fcc4862b674ccb37f20e366" member_type: VOTER last_known_addr { host: "127.8.220.65" port: 39763 } } peers { permanent_uuid: "f5a289ecdbd64c4e888c6cd328db4748" member_type: VOTER last_known_addr { host: "127.8.220.66" port: 44425 } } peers { permanent_uuid: "d2cd8121e7c14b8a814fbd795bdcef27" member_type: VOTER last_known_addr { host: "127.8.220.67" port: 33729 } }
I20260608 13:04:47.917706 12097 raft_consensus.cc:2468] T 7f588346f4af4b978cfa1cf8c3f1a34b P f5a289ecdbd64c4e888c6cd328db4748 [term 0 FOLLOWER]: Leader pre-election vote request: Granting yes vote for candidate b9fe64ac3fcc4862b674ccb37f20e366 in term 0.
I20260608 13:04:47.918077 12217 raft_consensus.cc:385] T 6dbf2e9f4850428b88cbda2552d199fc P d2cd8121e7c14b8a814fbd795bdcef27 [term 0 FOLLOWER]: Consensus starting up: Expiring failure detector timer to make a prompt election more likely
I20260608 13:04:47.918439 12217 raft_consensus.cc:740] T 6dbf2e9f4850428b88cbda2552d199fc P d2cd8121e7c14b8a814fbd795bdcef27 [term 0 FOLLOWER]: Becoming Follower/Learner. State: Replica: d2cd8121e7c14b8a814fbd795bdcef27, State: Initialized, Role: FOLLOWER
I20260608 13:04:47.919145 11987 leader_election.cc:304] T 7f588346f4af4b978cfa1cf8c3f1a34b P b9fe64ac3fcc4862b674ccb37f20e366 [CANDIDATE]: Term 1 pre-election: Election decided. Result: candidate won. Election summary: received 2 responses out of 3 voters: 2 yes votes; 0 no votes. yes voters: b9fe64ac3fcc4862b674ccb37f20e366, f5a289ecdbd64c4e888c6cd328db4748; no voters: 
I20260608 13:04:47.919199 12217 consensus_queue.cc:260] T 6dbf2e9f4850428b88cbda2552d199fc P d2cd8121e7c14b8a814fbd795bdcef27 [NON_LEADER]: Queue going to NON_LEADER mode. State: All replicated index: 0, Majority replicated index: 0, Committed index: 0, Last appended: 0.0, Last appended by leader: 0, Current term: 0, Majority size: -1, State: 0, Mode: NON_LEADER, active raft config: opid_index: -1 OBSOLETE_local: false peers { permanent_uuid: "b9fe64ac3fcc4862b674ccb37f20e366" member_type: VOTER last_known_addr { host: "127.8.220.65" port: 39763 } } peers { permanent_uuid: "f5a289ecdbd64c4e888c6cd328db4748" member_type: VOTER last_known_addr { host: "127.8.220.66" port: 44425 } } peers { permanent_uuid: "d2cd8121e7c14b8a814fbd795bdcef27" member_type: VOTER last_known_addr { host: "127.8.220.67" port: 33729 } }
I20260608 13:04:47.920512 12251 raft_consensus.cc:2804] T 7f588346f4af4b978cfa1cf8c3f1a34b P b9fe64ac3fcc4862b674ccb37f20e366 [term 0 FOLLOWER]: Leader pre-election won for term 1
I20260608 13:04:47.921010 12251 raft_consensus.cc:493] T 7f588346f4af4b978cfa1cf8c3f1a34b P b9fe64ac3fcc4862b674ccb37f20e366 [term 0 FOLLOWER]: Starting leader election (no leader contacted us within the election timeout)
I20260608 13:04:47.921453 12251 raft_consensus.cc:3060] T 7f588346f4af4b978cfa1cf8c3f1a34b P b9fe64ac3fcc4862b674ccb37f20e366 [term 0 FOLLOWER]: Advancing to term 1
I20260608 13:04:47.921535 12217 ts_tablet_manager.cc:1434] T 6dbf2e9f4850428b88cbda2552d199fc P d2cd8121e7c14b8a814fbd795bdcef27: Time spent starting tablet: real 0.011s	user 0.007s	sys 0.000s
I20260608 13:04:47.921764 12172 tablet_service.cc:1917] Received RequestConsensusVote() RPC: tablet_id: "7f588346f4af4b978cfa1cf8c3f1a34b" candidate_uuid: "b9fe64ac3fcc4862b674ccb37f20e366" candidate_term: 1 candidate_status { last_received { term: 0 index: 0 } } ignore_live_leader: false dest_uuid: "d2cd8121e7c14b8a814fbd795bdcef27" is_pre_election: true
I20260608 13:04:47.922564 12172 raft_consensus.cc:2468] T 7f588346f4af4b978cfa1cf8c3f1a34b P d2cd8121e7c14b8a814fbd795bdcef27 [term 0 FOLLOWER]: Leader pre-election vote request: Granting yes vote for candidate b9fe64ac3fcc4862b674ccb37f20e366 in term 0.
I20260608 13:04:47.925343 12225 raft_consensus.cc:697] T cef60745f447406fb2b0053d68d92306 P b9fe64ac3fcc4862b674ccb37f20e366 [term 1 LEADER]: Becoming Leader. State: Replica: b9fe64ac3fcc4862b674ccb37f20e366, State: Running, Role: LEADER
I20260608 13:04:47.926276 12225 consensus_queue.cc:237] T cef60745f447406fb2b0053d68d92306 P b9fe64ac3fcc4862b674ccb37f20e366 [LEADER]: Queue going to LEADER mode. State: All replicated index: 0, Majority replicated index: 0, Committed index: 0, Last appended: 0.0, Last appended by leader: 0, Current term: 1, Majority size: 2, State: 0, Mode: LEADER, active raft config: opid_index: -1 OBSOLETE_local: false peers { permanent_uuid: "b9fe64ac3fcc4862b674ccb37f20e366" member_type: VOTER last_known_addr { host: "127.8.220.65" port: 39763 } } peers { permanent_uuid: "f5a289ecdbd64c4e888c6cd328db4748" member_type: VOTER last_known_addr { host: "127.8.220.66" port: 44425 } } peers { permanent_uuid: "d2cd8121e7c14b8a814fbd795bdcef27" member_type: VOTER last_known_addr { host: "127.8.220.67" port: 33729 } }
I20260608 13:04:47.930970 12251 raft_consensus.cc:515] T 7f588346f4af4b978cfa1cf8c3f1a34b P b9fe64ac3fcc4862b674ccb37f20e366 [term 1 FOLLOWER]: Starting leader election with config: opid_index: -1 OBSOLETE_local: false peers { permanent_uuid: "b9fe64ac3fcc4862b674ccb37f20e366" member_type: VOTER last_known_addr { host: "127.8.220.65" port: 39763 } } peers { permanent_uuid: "f5a289ecdbd64c4e888c6cd328db4748" member_type: VOTER last_known_addr { host: "127.8.220.66" port: 44425 } } peers { permanent_uuid: "d2cd8121e7c14b8a814fbd795bdcef27" member_type: VOTER last_known_addr { host: "127.8.220.67" port: 33729 } }
I20260608 13:04:47.933332 12251 leader_election.cc:290] T 7f588346f4af4b978cfa1cf8c3f1a34b P b9fe64ac3fcc4862b674ccb37f20e366 [CANDIDATE]: Term 1 election: Requested vote from peers f5a289ecdbd64c4e888c6cd328db4748 (127.8.220.66:44425), d2cd8121e7c14b8a814fbd795bdcef27 (127.8.220.67:33729)
I20260608 13:04:47.934178 12097 tablet_service.cc:1917] Received RequestConsensusVote() RPC: tablet_id: "7f588346f4af4b978cfa1cf8c3f1a34b" candidate_uuid: "b9fe64ac3fcc4862b674ccb37f20e366" candidate_term: 1 candidate_status { last_received { term: 0 index: 0 } } ignore_live_leader: false dest_uuid: "f5a289ecdbd64c4e888c6cd328db4748"
I20260608 13:04:47.934762 12097 raft_consensus.cc:3060] T 7f588346f4af4b978cfa1cf8c3f1a34b P f5a289ecdbd64c4e888c6cd328db4748 [term 0 FOLLOWER]: Advancing to term 1
I20260608 13:04:47.935006 12172 tablet_service.cc:1917] Received RequestConsensusVote() RPC: tablet_id: "7f588346f4af4b978cfa1cf8c3f1a34b" candidate_uuid: "b9fe64ac3fcc4862b674ccb37f20e366" candidate_term: 1 candidate_status { last_received { term: 0 index: 0 } } ignore_live_leader: false dest_uuid: "d2cd8121e7c14b8a814fbd795bdcef27"
I20260608 13:04:47.935702 12172 raft_consensus.cc:3060] T 7f588346f4af4b978cfa1cf8c3f1a34b P d2cd8121e7c14b8a814fbd795bdcef27 [term 0 FOLLOWER]: Advancing to term 1
I20260608 13:04:47.936185 11921 catalog_manager.cc:5696] T cef60745f447406fb2b0053d68d92306 P b9fe64ac3fcc4862b674ccb37f20e366 reported cstate change: term changed from 0 to 1, leader changed from <none> to b9fe64ac3fcc4862b674ccb37f20e366 (127.8.220.65). New cstate: current_term: 1 leader_uuid: "b9fe64ac3fcc4862b674ccb37f20e366" committed_config { opid_index: -1 OBSOLETE_local: false peers { permanent_uuid: "b9fe64ac3fcc4862b674ccb37f20e366" member_type: VOTER last_known_addr { host: "127.8.220.65" port: 39763 } health_report { overall_health: HEALTHY } } peers { permanent_uuid: "f5a289ecdbd64c4e888c6cd328db4748" member_type: VOTER last_known_addr { host: "127.8.220.66" port: 44425 } health_report { overall_health: UNKNOWN } } peers { permanent_uuid: "d2cd8121e7c14b8a814fbd795bdcef27" member_type: VOTER last_known_addr { host: "127.8.220.67" port: 33729 } health_report { overall_health: UNKNOWN } } }
I20260608 13:04:47.939954 12251 raft_consensus.cc:493] T 79f691b3d57b470982949a833e1f34b8 P b9fe64ac3fcc4862b674ccb37f20e366 [term 0 FOLLOWER]: Starting pre-election (no leader contacted us within the election timeout)
I20260608 13:04:47.940538 12251 raft_consensus.cc:515] T 79f691b3d57b470982949a833e1f34b8 P b9fe64ac3fcc4862b674ccb37f20e366 [term 0 FOLLOWER]: Starting pre-election with config: opid_index: -1 OBSOLETE_local: false peers { permanent_uuid: "f5a289ecdbd64c4e888c6cd328db4748" member_type: VOTER last_known_addr { host: "127.8.220.66" port: 44425 } } peers { permanent_uuid: "b9fe64ac3fcc4862b674ccb37f20e366" member_type: VOTER last_known_addr { host: "127.8.220.65" port: 39763 } } peers { permanent_uuid: "d2cd8121e7c14b8a814fbd795bdcef27" member_type: VOTER last_known_addr { host: "127.8.220.67" port: 33729 } }
I20260608 13:04:47.940945 12097 raft_consensus.cc:2468] T 7f588346f4af4b978cfa1cf8c3f1a34b P f5a289ecdbd64c4e888c6cd328db4748 [term 1 FOLLOWER]: Leader election vote request: Granting yes vote for candidate b9fe64ac3fcc4862b674ccb37f20e366 in term 1.
I20260608 13:04:47.942186 11987 leader_election.cc:304] T 7f588346f4af4b978cfa1cf8c3f1a34b P b9fe64ac3fcc4862b674ccb37f20e366 [CANDIDATE]: Term 1 election: Election decided. Result: candidate won. Election summary: received 2 responses out of 3 voters: 2 yes votes; 0 no votes. yes voters: b9fe64ac3fcc4862b674ccb37f20e366, f5a289ecdbd64c4e888c6cd328db4748; no voters: 
I20260608 13:04:47.942974 12251 leader_election.cc:290] T 79f691b3d57b470982949a833e1f34b8 P b9fe64ac3fcc4862b674ccb37f20e366 [CANDIDATE]: Term 1 pre-election: Requested pre-vote from peers f5a289ecdbd64c4e888c6cd328db4748 (127.8.220.66:44425), d2cd8121e7c14b8a814fbd795bdcef27 (127.8.220.67:33729)
I20260608 13:04:47.943596 12251 raft_consensus.cc:2804] T 7f588346f4af4b978cfa1cf8c3f1a34b P b9fe64ac3fcc4862b674ccb37f20e366 [term 1 FOLLOWER]: Leader election won for term 1
I20260608 13:04:47.944140 12172 raft_consensus.cc:2468] T 7f588346f4af4b978cfa1cf8c3f1a34b P d2cd8121e7c14b8a814fbd795bdcef27 [term 1 FOLLOWER]: Leader election vote request: Granting yes vote for candidate b9fe64ac3fcc4862b674ccb37f20e366 in term 1.
I20260608 13:04:47.944643 12171 tablet_service.cc:1917] Received RequestConsensusVote() RPC: tablet_id: "79f691b3d57b470982949a833e1f34b8" candidate_uuid: "b9fe64ac3fcc4862b674ccb37f20e366" candidate_term: 1 candidate_status { last_received { term: 0 index: 0 } } ignore_live_leader: false dest_uuid: "d2cd8121e7c14b8a814fbd795bdcef27" is_pre_election: true
I20260608 13:04:47.944645 12097 tablet_service.cc:1917] Received RequestConsensusVote() RPC: tablet_id: "79f691b3d57b470982949a833e1f34b8" candidate_uuid: "b9fe64ac3fcc4862b674ccb37f20e366" candidate_term: 1 candidate_status { last_received { term: 0 index: 0 } } ignore_live_leader: false dest_uuid: "f5a289ecdbd64c4e888c6cd328db4748" is_pre_election: true
I20260608 13:04:47.946066 12097 raft_consensus.cc:2468] T 79f691b3d57b470982949a833e1f34b8 P f5a289ecdbd64c4e888c6cd328db4748 [term 0 FOLLOWER]: Leader pre-election vote request: Granting yes vote for candidate b9fe64ac3fcc4862b674ccb37f20e366 in term 0.
I20260608 13:04:47.946030 12171 raft_consensus.cc:2468] T 79f691b3d57b470982949a833e1f34b8 P d2cd8121e7c14b8a814fbd795bdcef27 [term 0 FOLLOWER]: Leader pre-election vote request: Granting yes vote for candidate b9fe64ac3fcc4862b674ccb37f20e366 in term 0.
I20260608 13:04:47.944442 12251 raft_consensus.cc:697] T 7f588346f4af4b978cfa1cf8c3f1a34b P b9fe64ac3fcc4862b674ccb37f20e366 [term 1 LEADER]: Becoming Leader. State: Replica: b9fe64ac3fcc4862b674ccb37f20e366, State: Running, Role: LEADER
