I20260608 13:04:52.558455  9264 server_base.cc:909] This appears to be a new deployment of Kudu; creating new FS layout
I20260608 13:04:52.559549  9264 fs_manager.cc:1068] Generated new instance metadata in path /tmp/dist-test-taskWiDSSc/test-tmp/auto_rebalancer-test.0.AutoRebalancerTest.RangeAwareRebalancesNewRangeReplicas.1780923802944525-9264-0/minicluster-data/master-0-root/instance:
uuid: "df886d106fc84770a80113052d6954d6"
format_stamp: "Formatted at 2026-06-08 13:04:52 on dist-test-slave-jxwz"
I20260608 13:04:52.564122  9264 fs_manager.cc:696] Time spent creating directory manager: real 0.004s	user 0.002s	sys 0.004s
I20260608 13:04:52.567670 12212 log_block_manager.cc:4031] Time spent loading block containers with low live blocks: real 0.000s	user 0.000s	sys 0.000s
I20260608 13:04:52.568369  9264 fs_manager.cc:730] Time spent opening block manager: real 0.002s	user 0.003s	sys 0.000s
I20260608 13:04:52.568681  9264 fs_manager.cc:647] Opened local filesystem: /tmp/dist-test-taskWiDSSc/test-tmp/auto_rebalancer-test.0.AutoRebalancerTest.RangeAwareRebalancesNewRangeReplicas.1780923802944525-9264-0/minicluster-data/master-0-root
uuid: "df886d106fc84770a80113052d6954d6"
format_stamp: "Formatted at 2026-06-08 13:04:52 on dist-test-slave-jxwz"
I20260608 13:04:52.568972  9264 fs_report.cc:389] FS layout report
--------------------
wal directory: /tmp/dist-test-taskWiDSSc/test-tmp/auto_rebalancer-test.0.AutoRebalancerTest.RangeAwareRebalancesNewRangeReplicas.1780923802944525-9264-0/minicluster-data/master-0-root
metadata directory: /tmp/dist-test-taskWiDSSc/test-tmp/auto_rebalancer-test.0.AutoRebalancerTest.RangeAwareRebalancesNewRangeReplicas.1780923802944525-9264-0/minicluster-data/master-0-root
1 data directories: /tmp/dist-test-taskWiDSSc/test-tmp/auto_rebalancer-test.0.AutoRebalancerTest.RangeAwareRebalancesNewRangeReplicas.1780923802944525-9264-0/minicluster-data/master-0-root/data
Total live blocks: 0
Total live bytes: 0
Total live bytes (after alignment): 0
Total number of LBM containers: 0 (0 full)
Did not check for missing blocks
Did not check for orphaned blocks
Total full LBM containers with extra space: 0 (0 repaired)
Total full LBM container extra space in bytes: 0 (0 repaired)
Total incomplete LBM containers: 0 (0 repaired)
Total LBM partial records: 0 (0 repaired)
Total corrupted LBM metadata records in RocksDB: 0 (0 repaired)
I20260608 13:04:52.589993  9264 rpc_server.cc:225] running with OpenSSL 1.1.1  11 Sep 2018
I20260608 13:04:52.591025  9264 kserver.cc:163] Server-wide thread pool size limit: 3276
I20260608 13:04:52.627362  9264 rpc_server.cc:307] RPC server started. Bound to: 127.9.12.62:35205
I20260608 13:04:52.627486 12263 acceptor_pool.cc:272] collecting diagnostics on the listening RPC socket 127.9.12.62:35205 every 8 connection(s)
I20260608 13:04:52.631358 12264 data_dirs.cc:400] Could only allocate 1 dirs of requested 3 for tablet 00000000000000000000000000000000. 1 dirs total, 0 dirs full, 0 dirs failed
I20260608 13:04:52.641631 12264 tablet_bootstrap.cc:492] T 00000000000000000000000000000000 P df886d106fc84770a80113052d6954d6: Bootstrap starting.
I20260608 13:04:52.646031 12264 tablet_bootstrap.cc:654] T 00000000000000000000000000000000 P df886d106fc84770a80113052d6954d6: Neither blocks nor log segments found. Creating new log.
I20260608 13:04:52.649981 12264 tablet_bootstrap.cc:492] T 00000000000000000000000000000000 P df886d106fc84770a80113052d6954d6: No bootstrap required, opened a new log
I20260608 13:04:52.652021 12264 raft_consensus.cc:359] T 00000000000000000000000000000000 P df886d106fc84770a80113052d6954d6 [term 0 FOLLOWER]: Replica starting. Triggering 0 pending ops. Active config: opid_index: -1 OBSOLETE_local: true peers { permanent_uuid: "df886d106fc84770a80113052d6954d6" member_type: VOTER }
I20260608 13:04:52.652390 12264 raft_consensus.cc:385] T 00000000000000000000000000000000 P df886d106fc84770a80113052d6954d6 [term 0 FOLLOWER]: Consensus starting up: Expiring failure detector timer to make a prompt election more likely
I20260608 13:04:52.652606 12264 raft_consensus.cc:740] T 00000000000000000000000000000000 P df886d106fc84770a80113052d6954d6 [term 0 FOLLOWER]: Becoming Follower/Learner. State: Replica: df886d106fc84770a80113052d6954d6, State: Initialized, Role: FOLLOWER
I20260608 13:04:52.653225 12264 consensus_queue.cc:260] T 00000000000000000000000000000000 P df886d106fc84770a80113052d6954d6 [NON_LEADER]: Queue going to NON_LEADER mode. State: All replicated index: 0, Majority replicated index: 0, Committed index: 0, Last appended: 0.0, Last appended by leader: 0, Current term: 0, Majority size: -1, State: 0, Mode: NON_LEADER, active raft config: opid_index: -1 OBSOLETE_local: true peers { permanent_uuid: "df886d106fc84770a80113052d6954d6" member_type: VOTER }
I20260608 13:04:52.653689 12264 raft_consensus.cc:399] T 00000000000000000000000000000000 P df886d106fc84770a80113052d6954d6 [term 0 FOLLOWER]: Only one voter in the Raft config. Triggering election immediately
I20260608 13:04:52.653908 12264 raft_consensus.cc:493] T 00000000000000000000000000000000 P df886d106fc84770a80113052d6954d6 [term 0 FOLLOWER]: Starting leader election (initial election of a single-replica configuration)
I20260608 13:04:52.654165 12264 raft_consensus.cc:3060] T 00000000000000000000000000000000 P df886d106fc84770a80113052d6954d6 [term 0 FOLLOWER]: Advancing to term 1
I20260608 13:04:52.658422 12264 raft_consensus.cc:515] T 00000000000000000000000000000000 P df886d106fc84770a80113052d6954d6 [term 1 FOLLOWER]: Starting leader election with config: opid_index: -1 OBSOLETE_local: true peers { permanent_uuid: "df886d106fc84770a80113052d6954d6" member_type: VOTER }
I20260608 13:04:52.658910 12264 leader_election.cc:304] T 00000000000000000000000000000000 P df886d106fc84770a80113052d6954d6 [CANDIDATE]: Term 1 election: Election decided. Result: candidate won. Election summary: received 1 responses out of 1 voters: 1 yes votes; 0 no votes. yes voters: df886d106fc84770a80113052d6954d6; no voters: 
I20260608 13:04:52.659991 12264 leader_election.cc:290] T 00000000000000000000000000000000 P df886d106fc84770a80113052d6954d6 [CANDIDATE]: Term 1 election: Requested vote from peers 
I20260608 13:04:52.660333 12267 raft_consensus.cc:2804] T 00000000000000000000000000000000 P df886d106fc84770a80113052d6954d6 [term 1 FOLLOWER]: Leader election won for term 1
I20260608 13:04:52.661722 12267 raft_consensus.cc:697] T 00000000000000000000000000000000 P df886d106fc84770a80113052d6954d6 [term 1 LEADER]: Becoming Leader. State: Replica: df886d106fc84770a80113052d6954d6, State: Running, Role: LEADER
I20260608 13:04:52.662299 12267 consensus_queue.cc:237] T 00000000000000000000000000000000 P df886d106fc84770a80113052d6954d6 [LEADER]: Queue going to LEADER mode. State: All replicated index: 0, Majority replicated index: 0, Committed index: 0, Last appended: 0.0, Last appended by leader: 0, Current term: 1, Majority size: 1, State: 0, Mode: LEADER, active raft config: opid_index: -1 OBSOLETE_local: true peers { permanent_uuid: "df886d106fc84770a80113052d6954d6" member_type: VOTER }
I20260608 13:04:52.662845 12264 sys_catalog.cc:565] T 00000000000000000000000000000000 P df886d106fc84770a80113052d6954d6 [sys.catalog]: configured and running, proceeding with master startup.
I20260608 13:04:52.665223 12268 sys_catalog.cc:455] T 00000000000000000000000000000000 P df886d106fc84770a80113052d6954d6 [sys.catalog]: SysCatalogTable state changed. Reason: RaftConsensus started. Latest consensus state: current_term: 1 leader_uuid: "df886d106fc84770a80113052d6954d6" committed_config { opid_index: -1 OBSOLETE_local: true peers { permanent_uuid: "df886d106fc84770a80113052d6954d6" member_type: VOTER } }
I20260608 13:04:52.665313 12269 sys_catalog.cc:455] T 00000000000000000000000000000000 P df886d106fc84770a80113052d6954d6 [sys.catalog]: SysCatalogTable state changed. Reason: New leader df886d106fc84770a80113052d6954d6. Latest consensus state: current_term: 1 leader_uuid: "df886d106fc84770a80113052d6954d6" committed_config { opid_index: -1 OBSOLETE_local: true peers { permanent_uuid: "df886d106fc84770a80113052d6954d6" member_type: VOTER } }
I20260608 13:04:52.665930 12268 sys_catalog.cc:458] T 00000000000000000000000000000000 P df886d106fc84770a80113052d6954d6 [sys.catalog]: This master's current role is: LEADER
I20260608 13:04:52.666044 12269 sys_catalog.cc:458] T 00000000000000000000000000000000 P df886d106fc84770a80113052d6954d6 [sys.catalog]: This master's current role is: LEADER
I20260608 13:04:52.669832 12273 catalog_manager.cc:1510] Loading table and tablet metadata into memory...
I20260608 13:04:52.674888 12273 catalog_manager.cc:1519] Initializing Kudu cluster ID...
I20260608 13:04:52.678435  9264 internal_mini_cluster.cc:184] Waiting to initialize catalog manager on master 0
I20260608 13:04:52.683760 12273 catalog_manager.cc:1382] Generated new cluster ID: 2d41c0dfac67460594bfe6b8d8147436
I20260608 13:04:52.684023 12273 catalog_manager.cc:1530] Initializing Kudu internal certificate authority...
I20260608 13:04:52.703519 12273 catalog_manager.cc:1405] Generated new certificate authority record
I20260608 13:04:52.704869 12273 catalog_manager.cc:1539] Loading token signing keys...
I20260608 13:04:52.716317 12273 catalog_manager.cc:6069] T 00000000000000000000000000000000 P df886d106fc84770a80113052d6954d6: Generated new TSK 0
I20260608 13:04:52.716938 12273 catalog_manager.cc:1549] Initializing in-progress tserver states...
I20260608 13:04:52.745169  9264 file_cache.cc:492] Constructed file cache file cache with capacity 419430
W20260608 13:04:52.751157 12285 instance_detector.cc:116] could not retrieve AWS instance metadata: Network error: curl error: HTTP response code said error: The requested URL returned error: 404
W20260608 13:04:52.752233 12286 instance_detector.cc:116] could not retrieve Azure instance metadata: Network error: curl error: HTTP response code said error: The requested URL returned error: 404
W20260608 13:04:52.753624 12288 instance_detector.cc:116] could not retrieve OpenStack instance metadata: Network error: curl error: HTTP response code said error: The requested URL returned error: 404
I20260608 13:04:52.753873  9264 server_base.cc:1061] running on GCE node
I20260608 13:04:52.754918  9264 hybrid_clock.cc:584] initializing the hybrid clock with 'system_unsync' time source
W20260608 13:04:52.755169  9264 system_unsync_time.cc:38] NTP support is disabled. Clock error bounds will not be accurate. This configuration is not suitable for distributed clusters.
I20260608 13:04:52.755426  9264 hybrid_clock.cc:648] HybridClock initialized: now 1780923892755394 us; error 0 us; skew 500 ppm
I20260608 13:04:52.756160  9264 server_base.cc:861] Flag tcmalloc_max_total_thread_cache_bytes is not working since tcmalloc is not enabled.
I20260608 13:04:52.758675  9264 webserver.cc:533] Webserver started at http://127.9.12.1:37797/ using document root <none> and password file <none>
I20260608 13:04:52.759164  9264 fs_manager.cc:362] Metadata directory not provided
I20260608 13:04:52.759333  9264 fs_manager.cc:368] Using write-ahead log directory (fs_wal_dir) as metadata directory
I20260608 13:04:52.759559  9264 server_base.cc:909] This appears to be a new deployment of Kudu; creating new FS layout
I20260608 13:04:52.760665  9264 fs_manager.cc:1068] Generated new instance metadata in path /tmp/dist-test-taskWiDSSc/test-tmp/auto_rebalancer-test.0.AutoRebalancerTest.RangeAwareRebalancesNewRangeReplicas.1780923802944525-9264-0/minicluster-data/ts-0-root/instance:
uuid: "eda3c24653b64889a4162275d0211ab2"
format_stamp: "Formatted at 2026-06-08 13:04:52 on dist-test-slave-jxwz"
I20260608 13:04:52.765400  9264 fs_manager.cc:696] Time spent creating directory manager: real 0.004s	user 0.001s	sys 0.003s
I20260608 13:04:52.768667 12293 log_block_manager.cc:4031] Time spent loading block containers with low live blocks: real 0.000s	user 0.000s	sys 0.000s
I20260608 13:04:52.769413  9264 fs_manager.cc:730] Time spent opening block manager: real 0.002s	user 0.002s	sys 0.001s
I20260608 13:04:52.769671  9264 fs_manager.cc:647] Opened local filesystem: /tmp/dist-test-taskWiDSSc/test-tmp/auto_rebalancer-test.0.AutoRebalancerTest.RangeAwareRebalancesNewRangeReplicas.1780923802944525-9264-0/minicluster-data/ts-0-root
uuid: "eda3c24653b64889a4162275d0211ab2"
format_stamp: "Formatted at 2026-06-08 13:04:52 on dist-test-slave-jxwz"
I20260608 13:04:52.769932  9264 fs_report.cc:389] FS layout report
--------------------
wal directory: /tmp/dist-test-taskWiDSSc/test-tmp/auto_rebalancer-test.0.AutoRebalancerTest.RangeAwareRebalancesNewRangeReplicas.1780923802944525-9264-0/minicluster-data/ts-0-root
metadata directory: /tmp/dist-test-taskWiDSSc/test-tmp/auto_rebalancer-test.0.AutoRebalancerTest.RangeAwareRebalancesNewRangeReplicas.1780923802944525-9264-0/minicluster-data/ts-0-root
1 data directories: /tmp/dist-test-taskWiDSSc/test-tmp/auto_rebalancer-test.0.AutoRebalancerTest.RangeAwareRebalancesNewRangeReplicas.1780923802944525-9264-0/minicluster-data/ts-0-root/data
Total live blocks: 0
Total live bytes: 0
Total live bytes (after alignment): 0
Total number of LBM containers: 0 (0 full)
Did not check for missing blocks
Did not check for orphaned blocks
Total full LBM containers with extra space: 0 (0 repaired)
Total full LBM container extra space in bytes: 0 (0 repaired)
Total incomplete LBM containers: 0 (0 repaired)
Total LBM partial records: 0 (0 repaired)
Total corrupted LBM metadata records in RocksDB: 0 (0 repaired)
I20260608 13:04:52.788846  9264 rpc_server.cc:225] running with OpenSSL 1.1.1  11 Sep 2018
I20260608 13:04:52.789990  9264 kserver.cc:163] Server-wide thread pool size limit: 3276
I20260608 13:04:52.791524  9264 txn_system_client.cc:432] TxnSystemClient initialization is disabled...
I20260608 13:04:52.793866  9264 ts_tablet_manager.cc:585] Loaded tablet metadata (0 total tablets, 0 live tablets)
I20260608 13:04:52.794060  9264 ts_tablet_manager.cc:531] Time spent load tablet metadata: real 0.000s	user 0.000s	sys 0.000s
I20260608 13:04:52.794299  9264 ts_tablet_manager.cc:616] Registered 0 tablets
I20260608 13:04:52.794452  9264 ts_tablet_manager.cc:595] Time spent register tablets: real 0.000s	user 0.000s	sys 0.000s
I20260608 13:04:52.833385  9264 rpc_server.cc:307] RPC server started. Bound to: 127.9.12.1:43083
I20260608 13:04:52.833514 12355 acceptor_pool.cc:272] collecting diagnostics on the listening RPC socket 127.9.12.1:43083 every 8 connection(s)
I20260608 13:04:52.838524  9264 file_cache.cc:492] Constructed file cache file cache with capacity 419430
W20260608 13:04:52.845889 12360 instance_detector.cc:116] could not retrieve AWS instance metadata: Network error: curl error: HTTP response code said error: The requested URL returned error: 404
W20260608 13:04:52.847314 12361 instance_detector.cc:116] could not retrieve Azure instance metadata: Network error: curl error: HTTP response code said error: The requested URL returned error: 404
I20260608 13:04:52.849936  9264 server_base.cc:1061] running on GCE node
W20260608 13:04:52.851315 12363 instance_detector.cc:116] could not retrieve OpenStack instance metadata: Network error: curl error: HTTP response code said error: The requested URL returned error: 404
I20260608 13:04:52.852358  9264 hybrid_clock.cc:584] initializing the hybrid clock with 'system_unsync' time source
W20260608 13:04:52.852671  9264 system_unsync_time.cc:38] NTP support is disabled. Clock error bounds will not be accurate. This configuration is not suitable for distributed clusters.
I20260608 13:04:52.852902  9264 hybrid_clock.cc:648] HybridClock initialized: now 1780923892852879 us; error 0 us; skew 500 ppm
I20260608 13:04:52.853204 12356 heartbeater.cc:344] Connected to a master server at 127.9.12.62:35205
I20260608 13:04:52.853542  9264 server_base.cc:861] Flag tcmalloc_max_total_thread_cache_bytes is not working since tcmalloc is not enabled.
I20260608 13:04:52.853587 12356 heartbeater.cc:461] Registering TS with master...
I20260608 13:04:52.854414 12356 heartbeater.cc:507] Master 127.9.12.62:35205 requested a full tablet report, sending...
I20260608 13:04:52.856377  9264 webserver.cc:533] Webserver started at http://127.9.12.2:34581/ using document root <none> and password file <none>
I20260608 13:04:52.856827 12229 ts_manager.cc:194] Registered new tserver with Master: eda3c24653b64889a4162275d0211ab2 (127.9.12.1:43083)
I20260608 13:04:52.857141  9264 fs_manager.cc:362] Metadata directory not provided
I20260608 13:04:52.857424  9264 fs_manager.cc:368] Using write-ahead log directory (fs_wal_dir) as metadata directory
I20260608 13:04:52.857797  9264 server_base.cc:909] This appears to be a new deployment of Kudu; creating new FS layout
I20260608 13:04:52.859292  9264 fs_manager.cc:1068] Generated new instance metadata in path /tmp/dist-test-taskWiDSSc/test-tmp/auto_rebalancer-test.0.AutoRebalancerTest.RangeAwareRebalancesNewRangeReplicas.1780923802944525-9264-0/minicluster-data/ts-1-root/instance:
uuid: "687f928e1a154959af2d2b86ad7196c0"
format_stamp: "Formatted at 2026-06-08 13:04:52 on dist-test-slave-jxwz"
I20260608 13:04:52.859316 12229 master_service.cc:502] Signed X509 certificate for tserver {username='slave'} at 127.0.0.1:56572
I20260608 13:04:52.864157  9264 fs_manager.cc:696] Time spent creating directory manager: real 0.004s	user 0.003s	sys 0.004s
I20260608 13:04:52.867595 12368 log_block_manager.cc:4031] Time spent loading block containers with low live blocks: real 0.000s	user 0.000s	sys 0.000s
I20260608 13:04:52.868311  9264 fs_manager.cc:730] Time spent opening block manager: real 0.002s	user 0.000s	sys 0.003s
I20260608 13:04:52.868582  9264 fs_manager.cc:647] Opened local filesystem: /tmp/dist-test-taskWiDSSc/test-tmp/auto_rebalancer-test.0.AutoRebalancerTest.RangeAwareRebalancesNewRangeReplicas.1780923802944525-9264-0/minicluster-data/ts-1-root
uuid: "687f928e1a154959af2d2b86ad7196c0"
format_stamp: "Formatted at 2026-06-08 13:04:52 on dist-test-slave-jxwz"
I20260608 13:04:52.868893  9264 fs_report.cc:389] FS layout report
--------------------
wal directory: /tmp/dist-test-taskWiDSSc/test-tmp/auto_rebalancer-test.0.AutoRebalancerTest.RangeAwareRebalancesNewRangeReplicas.1780923802944525-9264-0/minicluster-data/ts-1-root
metadata directory: /tmp/dist-test-taskWiDSSc/test-tmp/auto_rebalancer-test.0.AutoRebalancerTest.RangeAwareRebalancesNewRangeReplicas.1780923802944525-9264-0/minicluster-data/ts-1-root
1 data directories: /tmp/dist-test-taskWiDSSc/test-tmp/auto_rebalancer-test.0.AutoRebalancerTest.RangeAwareRebalancesNewRangeReplicas.1780923802944525-9264-0/minicluster-data/ts-1-root/data
Total live blocks: 0
Total live bytes: 0
Total live bytes (after alignment): 0
Total number of LBM containers: 0 (0 full)
Did not check for missing blocks
Did not check for orphaned blocks
Total full LBM containers with extra space: 0 (0 repaired)
Total full LBM container extra space in bytes: 0 (0 repaired)
Total incomplete LBM containers: 0 (0 repaired)
Total LBM partial records: 0 (0 repaired)
Total corrupted LBM metadata records in RocksDB: 0 (0 repaired)
I20260608 13:04:52.899571  9264 rpc_server.cc:225] running with OpenSSL 1.1.1  11 Sep 2018
I20260608 13:04:52.900710  9264 kserver.cc:163] Server-wide thread pool size limit: 3276
I20260608 13:04:52.902083  9264 txn_system_client.cc:432] TxnSystemClient initialization is disabled...
I20260608 13:04:52.904330  9264 ts_tablet_manager.cc:585] Loaded tablet metadata (0 total tablets, 0 live tablets)
I20260608 13:04:52.904523  9264 ts_tablet_manager.cc:531] Time spent load tablet metadata: real 0.000s	user 0.000s	sys 0.000s
I20260608 13:04:52.904772  9264 ts_tablet_manager.cc:616] Registered 0 tablets
I20260608 13:04:52.904924  9264 ts_tablet_manager.cc:595] Time spent register tablets: real 0.000s	user 0.000s	sys 0.000s
I20260608 13:04:52.943150  9264 rpc_server.cc:307] RPC server started. Bound to: 127.9.12.2:37997
I20260608 13:04:52.943282 12430 acceptor_pool.cc:272] collecting diagnostics on the listening RPC socket 127.9.12.2:37997 every 8 connection(s)
I20260608 13:04:52.948132  9264 file_cache.cc:492] Constructed file cache file cache with capacity 419430
W20260608 13:04:52.954484 12434 instance_detector.cc:116] could not retrieve AWS instance metadata: Network error: curl error: HTTP response code said error: The requested URL returned error: 404
W20260608 13:04:52.956529 12435 instance_detector.cc:116] could not retrieve Azure instance metadata: Network error: curl error: HTTP response code said error: The requested URL returned error: 404
W20260608 13:04:52.958231 12437 instance_detector.cc:116] could not retrieve OpenStack instance metadata: Network error: curl error: HTTP response code said error: The requested URL returned error: 404
I20260608 13:04:52.958845  9264 server_base.cc:1061] running on GCE node
I20260608 13:04:52.960074  9264 hybrid_clock.cc:584] initializing the hybrid clock with 'system_unsync' time source
W20260608 13:04:52.960342  9264 system_unsync_time.cc:38] NTP support is disabled. Clock error bounds will not be accurate. This configuration is not suitable for distributed clusters.
I20260608 13:04:52.960558  9264 hybrid_clock.cc:648] HybridClock initialized: now 1780923892960535 us; error 0 us; skew 500 ppm
I20260608 13:04:52.960950 12431 heartbeater.cc:344] Connected to a master server at 127.9.12.62:35205
I20260608 13:04:52.961328 12431 heartbeater.cc:461] Registering TS with master...
I20260608 13:04:52.961323  9264 server_base.cc:861] Flag tcmalloc_max_total_thread_cache_bytes is not working since tcmalloc is not enabled.
I20260608 13:04:52.962180 12431 heartbeater.cc:507] Master 127.9.12.62:35205 requested a full tablet report, sending...
I20260608 13:04:52.964206  9264 webserver.cc:533] Webserver started at http://127.9.12.3:39299/ using document root <none> and password file <none>
I20260608 13:04:52.964428 12229 ts_manager.cc:194] Registered new tserver with Master: 687f928e1a154959af2d2b86ad7196c0 (127.9.12.2:37997)
I20260608 13:04:52.964846  9264 fs_manager.cc:362] Metadata directory not provided
I20260608 13:04:52.965083  9264 fs_manager.cc:368] Using write-ahead log directory (fs_wal_dir) as metadata directory
I20260608 13:04:52.965337  9264 server_base.cc:909] This appears to be a new deployment of Kudu; creating new FS layout
I20260608 13:04:52.965962 12229 master_service.cc:502] Signed X509 certificate for tserver {username='slave'} at 127.0.0.1:56580
I20260608 13:04:52.966418  9264 fs_manager.cc:1068] Generated new instance metadata in path /tmp/dist-test-taskWiDSSc/test-tmp/auto_rebalancer-test.0.AutoRebalancerTest.RangeAwareRebalancesNewRangeReplicas.1780923802944525-9264-0/minicluster-data/ts-2-root/instance:
uuid: "f5ea73c015a44140a246562ef8e4131f"
format_stamp: "Formatted at 2026-06-08 13:04:52 on dist-test-slave-jxwz"
I20260608 13:04:52.971083  9264 fs_manager.cc:696] Time spent creating directory manager: real 0.004s	user 0.006s	sys 0.000s
I20260608 13:04:52.974521 12442 log_block_manager.cc:4031] Time spent loading block containers with low live blocks: real 0.000s	user 0.000s	sys 0.000s
I20260608 13:04:52.975368  9264 fs_manager.cc:730] Time spent opening block manager: real 0.002s	user 0.001s	sys 0.000s
I20260608 13:04:52.975664  9264 fs_manager.cc:647] Opened local filesystem: /tmp/dist-test-taskWiDSSc/test-tmp/auto_rebalancer-test.0.AutoRebalancerTest.RangeAwareRebalancesNewRangeReplicas.1780923802944525-9264-0/minicluster-data/ts-2-root
uuid: "f5ea73c015a44140a246562ef8e4131f"
format_stamp: "Formatted at 2026-06-08 13:04:52 on dist-test-slave-jxwz"
I20260608 13:04:52.975965  9264 fs_report.cc:389] FS layout report
--------------------
wal directory: /tmp/dist-test-taskWiDSSc/test-tmp/auto_rebalancer-test.0.AutoRebalancerTest.RangeAwareRebalancesNewRangeReplicas.1780923802944525-9264-0/minicluster-data/ts-2-root
metadata directory: /tmp/dist-test-taskWiDSSc/test-tmp/auto_rebalancer-test.0.AutoRebalancerTest.RangeAwareRebalancesNewRangeReplicas.1780923802944525-9264-0/minicluster-data/ts-2-root
1 data directories: /tmp/dist-test-taskWiDSSc/test-tmp/auto_rebalancer-test.0.AutoRebalancerTest.RangeAwareRebalancesNewRangeReplicas.1780923802944525-9264-0/minicluster-data/ts-2-root/data
Total live blocks: 0
Total live bytes: 0
Total live bytes (after alignment): 0
Total number of LBM containers: 0 (0 full)
Did not check for missing blocks
Did not check for orphaned blocks
Total full LBM containers with extra space: 0 (0 repaired)
Total full LBM container extra space in bytes: 0 (0 repaired)
Total incomplete LBM containers: 0 (0 repaired)
Total LBM partial records: 0 (0 repaired)
Total corrupted LBM metadata records in RocksDB: 0 (0 repaired)
I20260608 13:04:52.986744  9264 rpc_server.cc:225] running with OpenSSL 1.1.1  11 Sep 2018
I20260608 13:04:52.987874  9264 kserver.cc:163] Server-wide thread pool size limit: 3276
I20260608 13:04:52.989352  9264 txn_system_client.cc:432] TxnSystemClient initialization is disabled...
I20260608 13:04:52.991652  9264 ts_tablet_manager.cc:585] Loaded tablet metadata (0 total tablets, 0 live tablets)
I20260608 13:04:52.991861  9264 ts_tablet_manager.cc:531] Time spent load tablet metadata: real 0.000s	user 0.000s	sys 0.000s
I20260608 13:04:52.992091  9264 ts_tablet_manager.cc:616] Registered 0 tablets
I20260608 13:04:52.992260  9264 ts_tablet_manager.cc:595] Time spent register tablets: real 0.000s	user 0.000s	sys 0.000s
I20260608 13:04:53.031661  9264 rpc_server.cc:307] RPC server started. Bound to: 127.9.12.3:36011
I20260608 13:04:53.031795 12504 acceptor_pool.cc:272] collecting diagnostics on the listening RPC socket 127.9.12.3:36011 every 8 connection(s)
I20260608 13:04:53.045675 12505 heartbeater.cc:344] Connected to a master server at 127.9.12.62:35205
I20260608 13:04:53.046109 12505 heartbeater.cc:461] Registering TS with master...
I20260608 13:04:53.046875 12505 heartbeater.cc:507] Master 127.9.12.62:35205 requested a full tablet report, sending...
I20260608 13:04:53.048866 12229 ts_manager.cc:194] Registered new tserver with Master: f5ea73c015a44140a246562ef8e4131f (127.9.12.3:36011)
I20260608 13:04:53.049669  9264 internal_mini_cluster.cc:371] 3 TS(s) registered with all masters after 0.014580087s
I20260608 13:04:53.050227 12229 master_service.cc:502] Signed X509 certificate for tserver {username='slave'} at 127.0.0.1:56596
I20260608 13:04:53.862556 12356 heartbeater.cc:499] Master 127.9.12.62:35205 was elected leader, sending a full tablet report...
I20260608 13:04:53.968747 12431 heartbeater.cc:499] Master 127.9.12.62:35205 was elected leader, sending a full tablet report...
I20260608 13:04:54.053009 12505 heartbeater.cc:499] Master 127.9.12.62:35205 was elected leader, sending a full tablet report...
I20260608 13:04:54.107244 12229 catalog_manager.cc:2282] Servicing CreateTable request from {username='slave'} at 127.0.0.1:56604:
name: "range_aware_rebalance_new_range"
schema {
  columns {
    name: "key"
    type: INT32
    is_key: true
    is_nullable: false
    encoding: AUTO_ENCODING
    compression: DEFAULT_COMPRESSION
    cfile_block_size: 0
    immutable: false
  }
}
num_replicas: 3
split_rows_range_bounds {
  rows: "\006\001\000\000\000\000\007\001\n\000\000\000""\006\001\000\000\000\000\007\001\n\000\000\000"
  indirect_data: """"
}
partition_schema {
  hash_schema {
    columns {
      name: "key"
    }
    num_buckets: 8
    seed: 0
  }
  range_schema {
    columns {
      name: "key"
    }
  }
}
W20260608 13:04:54.110023 12229 catalog_manager.cc:7076] The number of live tablet servers is not enough to re-replicate a tablet replica of the newly created table range_aware_rebalance_new_range in case of a server failure: 4 tablet servers would be needed, 3 are available. Consider bringing up more tablet servers.
I20260608 13:04:54.187078 12470 tablet_service.cc:1511] Processing CreateTablet for tablet a4b4e26285a04f0db2f3df3163bbf9c2 (DEFAULT_TABLE table=range_aware_rebalance_new_range [id=7261875c7c6748c48dfa2e99ca399d4d]), partition=HASH (key) PARTITION 0, RANGE (key) PARTITION 0 <= VALUES < 10
I20260608 13:04:54.189280 12470 data_dirs.cc:400] Could only allocate 1 dirs of requested 3 for tablet a4b4e26285a04f0db2f3df3163bbf9c2. 1 dirs total, 0 dirs full, 0 dirs failed
I20260608 13:04:54.189602 12469 tablet_service.cc:1511] Processing CreateTablet for tablet 0d8d451fb1fa4be39b621e0f7df2351b (DEFAULT_TABLE table=range_aware_rebalance_new_range [id=7261875c7c6748c48dfa2e99ca399d4d]), partition=HASH (key) PARTITION 1, RANGE (key) PARTITION 0 <= VALUES < 10
I20260608 13:04:54.191182 12469 data_dirs.cc:400] Could only allocate 1 dirs of requested 3 for tablet 0d8d451fb1fa4be39b621e0f7df2351b. 1 dirs total, 0 dirs full, 0 dirs failed
I20260608 13:04:54.193372 12321 tablet_service.cc:1511] Processing CreateTablet for tablet a4b4e26285a04f0db2f3df3163bbf9c2 (DEFAULT_TABLE table=range_aware_rebalance_new_range [id=7261875c7c6748c48dfa2e99ca399d4d]), partition=HASH (key) PARTITION 0, RANGE (key) PARTITION 0 <= VALUES < 10
I20260608 13:04:54.196314 12320 tablet_service.cc:1511] Processing CreateTablet for tablet 0d8d451fb1fa4be39b621e0f7df2351b (DEFAULT_TABLE table=range_aware_rebalance_new_range [id=7261875c7c6748c48dfa2e99ca399d4d]), partition=HASH (key) PARTITION 1, RANGE (key) PARTITION 0 <= VALUES < 10
I20260608 13:04:54.196897 12315 tablet_service.cc:1511] Processing CreateTablet for tablet cd247fffc59148869f7bb76cfe6b69e7 (DEFAULT_TABLE table=range_aware_rebalance_new_range [id=7261875c7c6748c48dfa2e99ca399d4d]), partition=HASH (key) PARTITION 6, RANGE (key) PARTITION 0 <= VALUES < 10
I20260608 13:04:54.198341 12319 tablet_service.cc:1511] Processing CreateTablet for tablet 7c1c9dd1fddc4833b861bf11ef877435 (DEFAULT_TABLE table=range_aware_rebalance_new_range [id=7261875c7c6748c48dfa2e99ca399d4d]), partition=HASH (key) PARTITION 2, RANGE (key) PARTITION 0 <= VALUES < 10
I20260608 13:04:54.199427 12467 tablet_service.cc:1511] Processing CreateTablet for tablet ddf0bcfc6f19481da009acd3a79f7447 (DEFAULT_TABLE table=range_aware_rebalance_new_range [id=7261875c7c6748c48dfa2e99ca399d4d]), partition=HASH (key) PARTITION 3, RANGE (key) PARTITION 0 <= VALUES < 10
I20260608 13:04:54.200861 12318 tablet_service.cc:1511] Processing CreateTablet for tablet ddf0bcfc6f19481da009acd3a79f7447 (DEFAULT_TABLE table=range_aware_rebalance_new_range [id=7261875c7c6748c48dfa2e99ca399d4d]), partition=HASH (key) PARTITION 3, RANGE (key) PARTITION 0 <= VALUES < 10
I20260608 13:04:54.201881 12466 tablet_service.cc:1511] Processing CreateTablet for tablet 81b76c1705834ca99a4a41f2c3b00876 (DEFAULT_TABLE table=range_aware_rebalance_new_range [id=7261875c7c6748c48dfa2e99ca399d4d]), partition=HASH (key) PARTITION 4, RANGE (key) PARTITION 0 <= VALUES < 10
I20260608 13:04:54.203387 12466 data_dirs.cc:400] Could only allocate 1 dirs of requested 3 for tablet 81b76c1705834ca99a4a41f2c3b00876. 1 dirs total, 0 dirs full, 0 dirs failed
I20260608 13:04:54.204869 12396 tablet_service.cc:1511] Processing CreateTablet for tablet a4b4e26285a04f0db2f3df3163bbf9c2 (DEFAULT_TABLE table=range_aware_rebalance_new_range [id=7261875c7c6748c48dfa2e99ca399d4d]), partition=HASH (key) PARTITION 0, RANGE (key) PARTITION 0 <= VALUES < 10
I20260608 13:04:54.205909 12465 tablet_service.cc:1511] Processing CreateTablet for tablet 50f8776e03d2457ab2be4fb6b7bb05f2 (DEFAULT_TABLE table=range_aware_rebalance_new_range [id=7261875c7c6748c48dfa2e99ca399d4d]), partition=HASH (key) PARTITION 5, RANGE (key) PARTITION 0 <= VALUES < 10
I20260608 13:04:54.206697 12396 data_dirs.cc:400] Could only allocate 1 dirs of requested 3 for tablet a4b4e26285a04f0db2f3df3163bbf9c2. 1 dirs total, 0 dirs full, 0 dirs failed
I20260608 13:04:54.206411 12316 tablet_service.cc:1511] Processing CreateTablet for tablet 50f8776e03d2457ab2be4fb6b7bb05f2 (DEFAULT_TABLE table=range_aware_rebalance_new_range [id=7261875c7c6748c48dfa2e99ca399d4d]), partition=HASH (key) PARTITION 5, RANGE (key) PARTITION 0 <= VALUES < 10
I20260608 13:04:54.194983 12321 data_dirs.cc:400] Could only allocate 1 dirs of requested 3 for tablet a4b4e26285a04f0db2f3df3163bbf9c2. 1 dirs total, 0 dirs full, 0 dirs failed
I20260608 13:04:54.208463 12464 tablet_service.cc:1511] Processing CreateTablet for tablet cd247fffc59148869f7bb76cfe6b69e7 (DEFAULT_TABLE table=range_aware_rebalance_new_range [id=7261875c7c6748c48dfa2e99ca399d4d]), partition=HASH (key) PARTITION 6, RANGE (key) PARTITION 0 <= VALUES < 10
I20260608 13:04:54.211004 12463 tablet_service.cc:1511] Processing CreateTablet for tablet e15cf028bc5f4ebbb7dd2de755194fcf (DEFAULT_TABLE table=range_aware_rebalance_new_range [id=7261875c7c6748c48dfa2e99ca399d4d]), partition=HASH (key) PARTITION 7, RANGE (key) PARTITION 0 <= VALUES < 10
I20260608 13:04:54.212766 12315 data_dirs.cc:400] Could only allocate 1 dirs of requested 3 for tablet cd247fffc59148869f7bb76cfe6b69e7. 1 dirs total, 0 dirs full, 0 dirs failed
I20260608 13:04:54.203329 12317 tablet_service.cc:1511] Processing CreateTablet for tablet 81b76c1705834ca99a4a41f2c3b00876 (DEFAULT_TABLE table=range_aware_rebalance_new_range [id=7261875c7c6748c48dfa2e99ca399d4d]), partition=HASH (key) PARTITION 4, RANGE (key) PARTITION 0 <= VALUES < 10
I20260608 13:04:54.218003 12317 data_dirs.cc:400] Could only allocate 1 dirs of requested 3 for tablet 81b76c1705834ca99a4a41f2c3b00876. 1 dirs total, 0 dirs full, 0 dirs failed
I20260608 13:04:54.204913 12468 tablet_service.cc:1511] Processing CreateTablet for tablet 7c1c9dd1fddc4833b861bf11ef877435 (DEFAULT_TABLE table=range_aware_rebalance_new_range [id=7261875c7c6748c48dfa2e99ca399d4d]), partition=HASH (key) PARTITION 2, RANGE (key) PARTITION 0 <= VALUES < 10
I20260608 13:04:54.221760 12320 data_dirs.cc:400] Could only allocate 1 dirs of requested 3 for tablet 0d8d451fb1fa4be39b621e0f7df2351b. 1 dirs total, 0 dirs full, 0 dirs failed
I20260608 13:04:54.223302 12318 data_dirs.cc:400] Could only allocate 1 dirs of requested 3 for tablet ddf0bcfc6f19481da009acd3a79f7447. 1 dirs total, 0 dirs full, 0 dirs failed
I20260608 13:04:54.224503 12319 data_dirs.cc:400] Could only allocate 1 dirs of requested 3 for tablet 7c1c9dd1fddc4833b861bf11ef877435. 1 dirs total, 0 dirs full, 0 dirs failed
I20260608 13:04:54.226922 12395 tablet_service.cc:1511] Processing CreateTablet for tablet 0d8d451fb1fa4be39b621e0f7df2351b (DEFAULT_TABLE table=range_aware_rebalance_new_range [id=7261875c7c6748c48dfa2e99ca399d4d]), partition=HASH (key) PARTITION 1, RANGE (key) PARTITION 0 <= VALUES < 10
I20260608 13:04:54.228535 12395 data_dirs.cc:400] Could only allocate 1 dirs of requested 3 for tablet 0d8d451fb1fa4be39b621e0f7df2351b. 1 dirs total, 0 dirs full, 0 dirs failed
I20260608 13:04:54.229085 12316 data_dirs.cc:400] Could only allocate 1 dirs of requested 3 for tablet 50f8776e03d2457ab2be4fb6b7bb05f2. 1 dirs total, 0 dirs full, 0 dirs failed
I20260608 13:04:54.232131 12314 tablet_service.cc:1511] Processing CreateTablet for tablet e15cf028bc5f4ebbb7dd2de755194fcf (DEFAULT_TABLE table=range_aware_rebalance_new_range [id=7261875c7c6748c48dfa2e99ca399d4d]), partition=HASH (key) PARTITION 7, RANGE (key) PARTITION 0 <= VALUES < 10
I20260608 13:04:54.233758 12314 data_dirs.cc:400] Could only allocate 1 dirs of requested 3 for tablet e15cf028bc5f4ebbb7dd2de755194fcf. 1 dirs total, 0 dirs full, 0 dirs failed
I20260608 13:04:54.234074 12527 tablet_bootstrap.cc:492] T a4b4e26285a04f0db2f3df3163bbf9c2 P eda3c24653b64889a4162275d0211ab2: Bootstrap starting.
I20260608 13:04:54.241519 12527 tablet_bootstrap.cc:654] T a4b4e26285a04f0db2f3df3163bbf9c2 P eda3c24653b64889a4162275d0211ab2: Neither blocks nor log segments found. Creating new log.
I20260608 13:04:54.244952 12465 data_dirs.cc:400] Could only allocate 1 dirs of requested 3 for tablet 50f8776e03d2457ab2be4fb6b7bb05f2. 1 dirs total, 0 dirs full, 0 dirs failed
I20260608 13:04:54.246085 12463 data_dirs.cc:400] Could only allocate 1 dirs of requested 3 for tablet e15cf028bc5f4ebbb7dd2de755194fcf. 1 dirs total, 0 dirs full, 0 dirs failed
I20260608 13:04:54.247251 12464 data_dirs.cc:400] Could only allocate 1 dirs of requested 3 for tablet cd247fffc59148869f7bb76cfe6b69e7. 1 dirs total, 0 dirs full, 0 dirs failed
I20260608 13:04:54.248387 12467 data_dirs.cc:400] Could only allocate 1 dirs of requested 3 for tablet ddf0bcfc6f19481da009acd3a79f7447. 1 dirs total, 0 dirs full, 0 dirs failed
I20260608 13:04:54.251695 12468 data_dirs.cc:400] Could only allocate 1 dirs of requested 3 for tablet 7c1c9dd1fddc4833b861bf11ef877435. 1 dirs total, 0 dirs full, 0 dirs failed
I20260608 13:04:54.251925 12394 tablet_service.cc:1511] Processing CreateTablet for tablet 7c1c9dd1fddc4833b861bf11ef877435 (DEFAULT_TABLE table=range_aware_rebalance_new_range [id=7261875c7c6748c48dfa2e99ca399d4d]), partition=HASH (key) PARTITION 2, RANGE (key) PARTITION 0 <= VALUES < 10
I20260608 13:04:54.253636 12394 data_dirs.cc:400] Could only allocate 1 dirs of requested 3 for tablet 7c1c9dd1fddc4833b861bf11ef877435. 1 dirs total, 0 dirs full, 0 dirs failed
I20260608 13:04:54.260735 12393 tablet_service.cc:1511] Processing CreateTablet for tablet ddf0bcfc6f19481da009acd3a79f7447 (DEFAULT_TABLE table=range_aware_rebalance_new_range [id=7261875c7c6748c48dfa2e99ca399d4d]), partition=HASH (key) PARTITION 3, RANGE (key) PARTITION 0 <= VALUES < 10
I20260608 13:04:54.262364 12393 data_dirs.cc:400] Could only allocate 1 dirs of requested 3 for tablet ddf0bcfc6f19481da009acd3a79f7447. 1 dirs total, 0 dirs full, 0 dirs failed
I20260608 13:04:54.267122 12392 tablet_service.cc:1511] Processing CreateTablet for tablet 81b76c1705834ca99a4a41f2c3b00876 (DEFAULT_TABLE table=range_aware_rebalance_new_range [id=7261875c7c6748c48dfa2e99ca399d4d]), partition=HASH (key) PARTITION 4, RANGE (key) PARTITION 0 <= VALUES < 10
I20260608 13:04:54.269901 12391 tablet_service.cc:1511] Processing CreateTablet for tablet 50f8776e03d2457ab2be4fb6b7bb05f2 (DEFAULT_TABLE table=range_aware_rebalance_new_range [id=7261875c7c6748c48dfa2e99ca399d4d]), partition=HASH (key) PARTITION 5, RANGE (key) PARTITION 0 <= VALUES < 10
I20260608 13:04:54.272321 12390 tablet_service.cc:1511] Processing CreateTablet for tablet cd247fffc59148869f7bb76cfe6b69e7 (DEFAULT_TABLE table=range_aware_rebalance_new_range [id=7261875c7c6748c48dfa2e99ca399d4d]), partition=HASH (key) PARTITION 6, RANGE (key) PARTITION 0 <= VALUES < 10
I20260608 13:04:54.275045 12389 tablet_service.cc:1511] Processing CreateTablet for tablet e15cf028bc5f4ebbb7dd2de755194fcf (DEFAULT_TABLE table=range_aware_rebalance_new_range [id=7261875c7c6748c48dfa2e99ca399d4d]), partition=HASH (key) PARTITION 7, RANGE (key) PARTITION 0 <= VALUES < 10
I20260608 13:04:54.268543 12392 data_dirs.cc:400] Could only allocate 1 dirs of requested 3 for tablet 81b76c1705834ca99a4a41f2c3b00876. 1 dirs total, 0 dirs full, 0 dirs failed
I20260608 13:04:54.278272 12389 data_dirs.cc:400] Could only allocate 1 dirs of requested 3 for tablet e15cf028bc5f4ebbb7dd2de755194fcf. 1 dirs total, 0 dirs full, 0 dirs failed
I20260608 13:04:54.279407 12391 data_dirs.cc:400] Could only allocate 1 dirs of requested 3 for tablet 50f8776e03d2457ab2be4fb6b7bb05f2. 1 dirs total, 0 dirs full, 0 dirs failed
I20260608 13:04:54.280498 12390 data_dirs.cc:400] Could only allocate 1 dirs of requested 3 for tablet cd247fffc59148869f7bb76cfe6b69e7. 1 dirs total, 0 dirs full, 0 dirs failed
I20260608 13:04:54.358282 12527 tablet_bootstrap.cc:492] T a4b4e26285a04f0db2f3df3163bbf9c2 P eda3c24653b64889a4162275d0211ab2: No bootstrap required, opened a new log
I20260608 13:04:54.364681 12527 ts_tablet_manager.cc:1403] T a4b4e26285a04f0db2f3df3163bbf9c2 P eda3c24653b64889a4162275d0211ab2: Time spent bootstrapping tablet: real 0.132s	user 0.025s	sys 0.004s
I20260608 13:04:54.370754 12526 tablet_bootstrap.cc:492] T 0d8d451fb1fa4be39b621e0f7df2351b P f5ea73c015a44140a246562ef8e4131f: Bootstrap starting.
I20260608 13:04:54.379233 12527 raft_consensus.cc:359] T a4b4e26285a04f0db2f3df3163bbf9c2 P eda3c24653b64889a4162275d0211ab2 [term 0 FOLLOWER]: Replica starting. Triggering 0 pending ops. Active config: opid_index: -1 OBSOLETE_local: false peers { permanent_uuid: "eda3c24653b64889a4162275d0211ab2" member_type: VOTER last_known_addr { host: "127.9.12.1" port: 43083 } } peers { permanent_uuid: "f5ea73c015a44140a246562ef8e4131f" member_type: VOTER last_known_addr { host: "127.9.12.3" port: 36011 } } peers { permanent_uuid: "687f928e1a154959af2d2b86ad7196c0" member_type: VOTER last_known_addr { host: "127.9.12.2" port: 37997 } }
I20260608 13:04:54.389482 12527 raft_consensus.cc:385] T a4b4e26285a04f0db2f3df3163bbf9c2 P eda3c24653b64889a4162275d0211ab2 [term 0 FOLLOWER]: Consensus starting up: Expiring failure detector timer to make a prompt election more likely
I20260608 13:04:54.389902 12527 raft_consensus.cc:740] T a4b4e26285a04f0db2f3df3163bbf9c2 P eda3c24653b64889a4162275d0211ab2 [term 0 FOLLOWER]: Becoming Follower/Learner. State: Replica: eda3c24653b64889a4162275d0211ab2, State: Initialized, Role: FOLLOWER
I20260608 13:04:54.392659 12527 consensus_queue.cc:260] T a4b4e26285a04f0db2f3df3163bbf9c2 P eda3c24653b64889a4162275d0211ab2 [NON_LEADER]: Queue going to NON_LEADER mode. State: All replicated index: 0, Majority replicated index: 0, Committed index: 0, Last appended: 0.0, Last appended by leader: 0, Current term: 0, Majority size: -1, State: 0, Mode: NON_LEADER, active raft config: opid_index: -1 OBSOLETE_local: false peers { permanent_uuid: "eda3c24653b64889a4162275d0211ab2" member_type: VOTER last_known_addr { host: "127.9.12.1" port: 43083 } } peers { permanent_uuid: "f5ea73c015a44140a246562ef8e4131f" member_type: VOTER last_known_addr { host: "127.9.12.3" port: 36011 } } peers { permanent_uuid: "687f928e1a154959af2d2b86ad7196c0" member_type: VOTER last_known_addr { host: "127.9.12.2" port: 37997 } }
I20260608 13:04:54.396791 12529 tablet_bootstrap.cc:492] T a4b4e26285a04f0db2f3df3163bbf9c2 P 687f928e1a154959af2d2b86ad7196c0: Bootstrap starting.
I20260608 13:04:54.403762 12529 tablet_bootstrap.cc:654] T a4b4e26285a04f0db2f3df3163bbf9c2 P 687f928e1a154959af2d2b86ad7196c0: Neither blocks nor log segments found. Creating new log.
I20260608 13:04:54.411293 12527 ts_tablet_manager.cc:1434] T a4b4e26285a04f0db2f3df3163bbf9c2 P eda3c24653b64889a4162275d0211ab2: Time spent starting tablet: real 0.043s	user 0.007s	sys 0.002s
I20260608 13:04:54.415751 12526 tablet_bootstrap.cc:654] T 0d8d451fb1fa4be39b621e0f7df2351b P f5ea73c015a44140a246562ef8e4131f: Neither blocks nor log segments found. Creating new log.
I20260608 13:04:54.440922 12527 tablet_bootstrap.cc:492] T 0d8d451fb1fa4be39b621e0f7df2351b P eda3c24653b64889a4162275d0211ab2: Bootstrap starting.
I20260608 13:04:54.448083 12530 raft_consensus.cc:493] T a4b4e26285a04f0db2f3df3163bbf9c2 P eda3c24653b64889a4162275d0211ab2 [term 0 FOLLOWER]: Starting pre-election (no leader contacted us within the election timeout)
I20260608 13:04:54.448582 12529 tablet_bootstrap.cc:492] T a4b4e26285a04f0db2f3df3163bbf9c2 P 687f928e1a154959af2d2b86ad7196c0: No bootstrap required, opened a new log
I20260608 13:04:54.448770 12530 raft_consensus.cc:515] T a4b4e26285a04f0db2f3df3163bbf9c2 P eda3c24653b64889a4162275d0211ab2 [term 0 FOLLOWER]: Starting pre-election with config: opid_index: -1 OBSOLETE_local: false peers { permanent_uuid: "eda3c24653b64889a4162275d0211ab2" member_type: VOTER last_known_addr { host: "127.9.12.1" port: 43083 } } peers { permanent_uuid: "f5ea73c015a44140a246562ef8e4131f" member_type: VOTER last_known_addr { host: "127.9.12.3" port: 36011 } } peers { permanent_uuid: "687f928e1a154959af2d2b86ad7196c0" member_type: VOTER last_known_addr { host: "127.9.12.2" port: 37997 } }
I20260608 13:04:54.453225 12530 leader_election.cc:290] T a4b4e26285a04f0db2f3df3163bbf9c2 P eda3c24653b64889a4162275d0211ab2 [CANDIDATE]: Term 1 pre-election: Requested pre-vote from peers f5ea73c015a44140a246562ef8e4131f (127.9.12.3:36011), 687f928e1a154959af2d2b86ad7196c0 (127.9.12.2:37997)
I20260608 13:04:54.459535 12529 ts_tablet_manager.cc:1403] T a4b4e26285a04f0db2f3df3163bbf9c2 P 687f928e1a154959af2d2b86ad7196c0: Time spent bootstrapping tablet: real 0.064s	user 0.014s	sys 0.010s
I20260608 13:04:54.463332 12529 raft_consensus.cc:359] T a4b4e26285a04f0db2f3df3163bbf9c2 P 687f928e1a154959af2d2b86ad7196c0 [term 0 FOLLOWER]: Replica starting. Triggering 0 pending ops. Active config: opid_index: -1 OBSOLETE_local: false peers { permanent_uuid: "eda3c24653b64889a4162275d0211ab2" member_type: VOTER last_known_addr { host: "127.9.12.1" port: 43083 } } peers { permanent_uuid: "f5ea73c015a44140a246562ef8e4131f" member_type: VOTER last_known_addr { host: "127.9.12.3" port: 36011 } } peers { permanent_uuid: "687f928e1a154959af2d2b86ad7196c0" member_type: VOTER last_known_addr { host: "127.9.12.2" port: 37997 } }
I20260608 13:04:54.464171 12529 raft_consensus.cc:385] T a4b4e26285a04f0db2f3df3163bbf9c2 P 687f928e1a154959af2d2b86ad7196c0 [term 0 FOLLOWER]: Consensus starting up: Expiring failure detector timer to make a prompt election more likely
I20260608 13:04:54.464990 12529 raft_consensus.cc:740] T a4b4e26285a04f0db2f3df3163bbf9c2 P 687f928e1a154959af2d2b86ad7196c0 [term 0 FOLLOWER]: Becoming Follower/Learner. State: Replica: 687f928e1a154959af2d2b86ad7196c0, State: Initialized, Role: FOLLOWER
I20260608 13:04:54.466766 12529 consensus_queue.cc:260] T a4b4e26285a04f0db2f3df3163bbf9c2 P 687f928e1a154959af2d2b86ad7196c0 [NON_LEADER]: Queue going to NON_LEADER mode. State: All replicated index: 0, Majority replicated index: 0, Committed index: 0, Last appended: 0.0, Last appended by leader: 0, Current term: 0, Majority size: -1, State: 0, Mode: NON_LEADER, active raft config: opid_index: -1 OBSOLETE_local: false peers { permanent_uuid: "eda3c24653b64889a4162275d0211ab2" member_type: VOTER last_known_addr { host: "127.9.12.1" port: 43083 } } peers { permanent_uuid: "f5ea73c015a44140a246562ef8e4131f" member_type: VOTER last_known_addr { host: "127.9.12.3" port: 36011 } } peers { permanent_uuid: "687f928e1a154959af2d2b86ad7196c0" member_type: VOTER last_known_addr { host: "127.9.12.2" port: 37997 } }
I20260608 13:04:54.465116 12527 tablet_bootstrap.cc:654] T 0d8d451fb1fa4be39b621e0f7df2351b P eda3c24653b64889a4162275d0211ab2: Neither blocks nor log segments found. Creating new log.
I20260608 13:04:54.476850 12529 ts_tablet_manager.cc:1434] T a4b4e26285a04f0db2f3df3163bbf9c2 P 687f928e1a154959af2d2b86ad7196c0: Time spent starting tablet: real 0.017s	user 0.006s	sys 0.004s
I20260608 13:04:54.478266 12529 tablet_bootstrap.cc:492] T 7c1c9dd1fddc4833b861bf11ef877435 P 687f928e1a154959af2d2b86ad7196c0: Bootstrap starting.
I20260608 13:04:54.486886 12406 tablet_service.cc:1917] Received RequestConsensusVote() RPC: tablet_id: "a4b4e26285a04f0db2f3df3163bbf9c2" candidate_uuid: "eda3c24653b64889a4162275d0211ab2" candidate_term: 1 candidate_status { last_received { term: 0 index: 0 } } ignore_live_leader: false dest_uuid: "687f928e1a154959af2d2b86ad7196c0" is_pre_election: true
I20260608 13:04:54.487839 12406 raft_consensus.cc:2468] T a4b4e26285a04f0db2f3df3163bbf9c2 P 687f928e1a154959af2d2b86ad7196c0 [term 0 FOLLOWER]: Leader pre-election vote request: Granting yes vote for candidate eda3c24653b64889a4162275d0211ab2 in term 0.
I20260608 13:04:54.489671 12297 leader_election.cc:304] T a4b4e26285a04f0db2f3df3163bbf9c2 P eda3c24653b64889a4162275d0211ab2 [CANDIDATE]: Term 1 pre-election: Election decided. Result: candidate won. Election summary: received 2 responses out of 3 voters: 2 yes votes; 0 no votes. yes voters: 687f928e1a154959af2d2b86ad7196c0, eda3c24653b64889a4162275d0211ab2; no voters: 
I20260608 13:04:54.491019 12527 tablet_bootstrap.cc:492] T 0d8d451fb1fa4be39b621e0f7df2351b P eda3c24653b64889a4162275d0211ab2: No bootstrap required, opened a new log
I20260608 13:04:54.491757 12527 ts_tablet_manager.cc:1403] T 0d8d451fb1fa4be39b621e0f7df2351b P eda3c24653b64889a4162275d0211ab2: Time spent bootstrapping tablet: real 0.051s	user 0.012s	sys 0.001s
I20260608 13:04:54.491649 12530 raft_consensus.cc:2804] T a4b4e26285a04f0db2f3df3163bbf9c2 P eda3c24653b64889a4162275d0211ab2 [term 0 FOLLOWER]: Leader pre-election won for term 1
I20260608 13:04:54.492118 12530 raft_consensus.cc:493] T a4b4e26285a04f0db2f3df3163bbf9c2 P eda3c24653b64889a4162275d0211ab2 [term 0 FOLLOWER]: Starting leader election (no leader contacted us within the election timeout)
I20260608 13:04:54.492470 12530 raft_consensus.cc:3060] T a4b4e26285a04f0db2f3df3163bbf9c2 P eda3c24653b64889a4162275d0211ab2 [term 0 FOLLOWER]: Advancing to term 1
I20260608 13:04:54.494539 12526 tablet_bootstrap.cc:492] T 0d8d451fb1fa4be39b621e0f7df2351b P f5ea73c015a44140a246562ef8e4131f: No bootstrap required, opened a new log
I20260608 13:04:54.495035 12526 ts_tablet_manager.cc:1403] T 0d8d451fb1fa4be39b621e0f7df2351b P f5ea73c015a44140a246562ef8e4131f: Time spent bootstrapping tablet: real 0.125s	user 0.012s	sys 0.026s
I20260608 13:04:54.495057 12527 raft_consensus.cc:359] T 0d8d451fb1fa4be39b621e0f7df2351b P eda3c24653b64889a4162275d0211ab2 [term 0 FOLLOWER]: Replica starting. Triggering 0 pending ops. Active config: opid_index: -1 OBSOLETE_local: false peers { permanent_uuid: "eda3c24653b64889a4162275d0211ab2" member_type: VOTER last_known_addr { host: "127.9.12.1" port: 43083 } } peers { permanent_uuid: "687f928e1a154959af2d2b86ad7196c0" member_type: VOTER last_known_addr { host: "127.9.12.2" port: 37997 } } peers { permanent_uuid: "f5ea73c015a44140a246562ef8e4131f" member_type: VOTER last_known_addr { host: "127.9.12.3" port: 36011 } }
I20260608 13:04:54.495946 12527 raft_consensus.cc:385] T 0d8d451fb1fa4be39b621e0f7df2351b P eda3c24653b64889a4162275d0211ab2 [term 0 FOLLOWER]: Consensus starting up: Expiring failure detector timer to make a prompt election more likely
