I20260608 13:04:43.291432 11835 consensus_queue.cc:260] T 5a55624a97a44db3b3159de67c6e5525 P 65e6ebae2b794d139a5236934e3420b1 [NON_LEADER]: Queue going to NON_LEADER mode. State: All replicated index: 0, Majority replicated index: 0, Committed index: 0, Last appended: 0.0, Last appended by leader: 0, Current term: 0, Majority size: -1, State: 0, Mode: NON_LEADER, active raft config: opid_index: -1 OBSOLETE_local: false peers { permanent_uuid: "eeb1b9598f544151b061f9a8febc66f2" member_type: VOTER last_known_addr { host: "127.8.121.66" port: 41793 } } peers { permanent_uuid: "a5b37f775a6d4fd885f520628ae0e9ea" member_type: VOTER last_known_addr { host: "127.8.121.65" port: 37151 } } peers { permanent_uuid: "65e6ebae2b794d139a5236934e3420b1" member_type: VOTER last_known_addr { host: "127.8.121.67" port: 43779 } }
I20260608 13:04:43.295171 11836 tablet_bootstrap.cc:654] T 19e39298139041d39aff346bfebda2c6 P eeb1b9598f544151b061f9a8febc66f2: Neither blocks nor log segments found. Creating new log.
I20260608 13:04:43.297464 11835 ts_tablet_manager.cc:1434] T 5a55624a97a44db3b3159de67c6e5525 P 65e6ebae2b794d139a5236934e3420b1: Time spent starting tablet: real 0.011s	user 0.006s	sys 0.000s
I20260608 13:04:43.298609 11835 tablet_bootstrap.cc:492] T ddcb2497fe534fe4a297c9f9d9c015f4 P 65e6ebae2b794d139a5236934e3420b1: Bootstrap starting.
I20260608 13:04:43.302770 11837 ts_tablet_manager.cc:1434] T 76271271321049a18ee5800dc64a3e59 P a5b37f775a6d4fd885f520628ae0e9ea: Time spent starting tablet: real 0.018s	user 0.006s	sys 0.001s
I20260608 13:04:43.303160 11836 tablet_bootstrap.cc:492] T 19e39298139041d39aff346bfebda2c6 P eeb1b9598f544151b061f9a8febc66f2: No bootstrap required, opened a new log
I20260608 13:04:43.303643 11836 ts_tablet_manager.cc:1403] T 19e39298139041d39aff346bfebda2c6 P eeb1b9598f544151b061f9a8febc66f2: Time spent bootstrapping tablet: real 0.018s	user 0.013s	sys 0.000s
I20260608 13:04:43.306401 11835 tablet_bootstrap.cc:654] T ddcb2497fe534fe4a297c9f9d9c015f4 P 65e6ebae2b794d139a5236934e3420b1: Neither blocks nor log segments found. Creating new log.
I20260608 13:04:43.306762 11836 raft_consensus.cc:359] T 19e39298139041d39aff346bfebda2c6 P eeb1b9598f544151b061f9a8febc66f2 [term 0 FOLLOWER]: Replica starting. Triggering 0 pending ops. Active config: opid_index: -1 OBSOLETE_local: false peers { permanent_uuid: "a5b37f775a6d4fd885f520628ae0e9ea" member_type: VOTER last_known_addr { host: "127.8.121.65" port: 37151 } } peers { permanent_uuid: "eeb1b9598f544151b061f9a8febc66f2" member_type: VOTER last_known_addr { host: "127.8.121.66" port: 41793 } } peers { permanent_uuid: "65e6ebae2b794d139a5236934e3420b1" member_type: VOTER last_known_addr { host: "127.8.121.67" port: 43779 } }
I20260608 13:04:43.307516 11836 raft_consensus.cc:385] T 19e39298139041d39aff346bfebda2c6 P eeb1b9598f544151b061f9a8febc66f2 [term 0 FOLLOWER]: Consensus starting up: Expiring failure detector timer to make a prompt election more likely
I20260608 13:04:43.307835 11836 raft_consensus.cc:740] T 19e39298139041d39aff346bfebda2c6 P eeb1b9598f544151b061f9a8febc66f2 [term 0 FOLLOWER]: Becoming Follower/Learner. State: Replica: eeb1b9598f544151b061f9a8febc66f2, State: Initialized, Role: FOLLOWER
I20260608 13:04:43.308553 11837 tablet_bootstrap.cc:492] T e87c8610286141fda02fe14c0d9f8ea6 P a5b37f775a6d4fd885f520628ae0e9ea: Bootstrap starting.
I20260608 13:04:43.308750 11836 consensus_queue.cc:260] T 19e39298139041d39aff346bfebda2c6 P eeb1b9598f544151b061f9a8febc66f2 [NON_LEADER]: Queue going to NON_LEADER mode. State: All replicated index: 0, Majority replicated index: 0, Committed index: 0, Last appended: 0.0, Last appended by leader: 0, Current term: 0, Majority size: -1, State: 0, Mode: NON_LEADER, active raft config: opid_index: -1 OBSOLETE_local: false peers { permanent_uuid: "a5b37f775a6d4fd885f520628ae0e9ea" member_type: VOTER last_known_addr { host: "127.8.121.65" port: 37151 } } peers { permanent_uuid: "eeb1b9598f544151b061f9a8febc66f2" member_type: VOTER last_known_addr { host: "127.8.121.66" port: 41793 } } peers { permanent_uuid: "65e6ebae2b794d139a5236934e3420b1" member_type: VOTER last_known_addr { host: "127.8.121.67" port: 43779 } }
I20260608 13:04:43.311190 11836 ts_tablet_manager.cc:1434] T 19e39298139041d39aff346bfebda2c6 P eeb1b9598f544151b061f9a8febc66f2: Time spent starting tablet: real 0.007s	user 0.000s	sys 0.005s
I20260608 13:04:43.312184 11836 tablet_bootstrap.cc:492] T 39f9f5710e6b4e74998755648c983a16 P eeb1b9598f544151b061f9a8febc66f2: Bootstrap starting.
I20260608 13:04:43.318900 11836 tablet_bootstrap.cc:654] T 39f9f5710e6b4e74998755648c983a16 P eeb1b9598f544151b061f9a8febc66f2: Neither blocks nor log segments found. Creating new log.
I20260608 13:04:43.319434 11835 tablet_bootstrap.cc:492] T ddcb2497fe534fe4a297c9f9d9c015f4 P 65e6ebae2b794d139a5236934e3420b1: No bootstrap required, opened a new log
I20260608 13:04:43.320567 11835 ts_tablet_manager.cc:1403] T ddcb2497fe534fe4a297c9f9d9c015f4 P 65e6ebae2b794d139a5236934e3420b1: Time spent bootstrapping tablet: real 0.022s	user 0.014s	sys 0.006s
I20260608 13:04:43.324193 11837 tablet_bootstrap.cc:654] T e87c8610286141fda02fe14c0d9f8ea6 P a5b37f775a6d4fd885f520628ae0e9ea: Neither blocks nor log segments found. Creating new log.
I20260608 13:04:43.324745 11835 raft_consensus.cc:359] T ddcb2497fe534fe4a297c9f9d9c015f4 P 65e6ebae2b794d139a5236934e3420b1 [term 0 FOLLOWER]: Replica starting. Triggering 0 pending ops. Active config: opid_index: -1 OBSOLETE_local: false peers { permanent_uuid: "a5b37f775a6d4fd885f520628ae0e9ea" member_type: VOTER last_known_addr { host: "127.8.121.65" port: 37151 } } peers { permanent_uuid: "eeb1b9598f544151b061f9a8febc66f2" member_type: VOTER last_known_addr { host: "127.8.121.66" port: 41793 } } peers { permanent_uuid: "65e6ebae2b794d139a5236934e3420b1" member_type: VOTER last_known_addr { host: "127.8.121.67" port: 43779 } }
I20260608 13:04:43.325371 11835 raft_consensus.cc:385] T ddcb2497fe534fe4a297c9f9d9c015f4 P 65e6ebae2b794d139a5236934e3420b1 [term 0 FOLLOWER]: Consensus starting up: Expiring failure detector timer to make a prompt election more likely
I20260608 13:04:43.325656 11835 raft_consensus.cc:740] T ddcb2497fe534fe4a297c9f9d9c015f4 P 65e6ebae2b794d139a5236934e3420b1 [term 0 FOLLOWER]: Becoming Follower/Learner. State: Replica: 65e6ebae2b794d139a5236934e3420b1, State: Initialized, Role: FOLLOWER
I20260608 13:04:43.326396 11835 consensus_queue.cc:260] T ddcb2497fe534fe4a297c9f9d9c015f4 P 65e6ebae2b794d139a5236934e3420b1 [NON_LEADER]: Queue going to NON_LEADER mode. State: All replicated index: 0, Majority replicated index: 0, Committed index: 0, Last appended: 0.0, Last appended by leader: 0, Current term: 0, Majority size: -1, State: 0, Mode: NON_LEADER, active raft config: opid_index: -1 OBSOLETE_local: false peers { permanent_uuid: "a5b37f775a6d4fd885f520628ae0e9ea" member_type: VOTER last_known_addr { host: "127.8.121.65" port: 37151 } } peers { permanent_uuid: "eeb1b9598f544151b061f9a8febc66f2" member_type: VOTER last_known_addr { host: "127.8.121.66" port: 41793 } } peers { permanent_uuid: "65e6ebae2b794d139a5236934e3420b1" member_type: VOTER last_known_addr { host: "127.8.121.67" port: 43779 } }
I20260608 13:04:43.328758 11835 ts_tablet_manager.cc:1434] T ddcb2497fe534fe4a297c9f9d9c015f4 P 65e6ebae2b794d139a5236934e3420b1: Time spent starting tablet: real 0.008s	user 0.006s	sys 0.001s
I20260608 13:04:43.329910 11835 tablet_bootstrap.cc:492] T 792949f3120e4004a3ebc061adaac8aa P 65e6ebae2b794d139a5236934e3420b1: Bootstrap starting.
I20260608 13:04:43.335191 11836 tablet_bootstrap.cc:492] T 39f9f5710e6b4e74998755648c983a16 P eeb1b9598f544151b061f9a8febc66f2: No bootstrap required, opened a new log
I20260608 13:04:43.335911 11836 ts_tablet_manager.cc:1403] T 39f9f5710e6b4e74998755648c983a16 P eeb1b9598f544151b061f9a8febc66f2: Time spent bootstrapping tablet: real 0.024s	user 0.007s	sys 0.016s
I20260608 13:04:43.338959 11835 tablet_bootstrap.cc:654] T 792949f3120e4004a3ebc061adaac8aa P 65e6ebae2b794d139a5236934e3420b1: Neither blocks nor log segments found. Creating new log.
I20260608 13:04:43.340112 11836 raft_consensus.cc:359] T 39f9f5710e6b4e74998755648c983a16 P eeb1b9598f544151b061f9a8febc66f2 [term 0 FOLLOWER]: Replica starting. Triggering 0 pending ops. Active config: opid_index: -1 OBSOLETE_local: false peers { permanent_uuid: "eeb1b9598f544151b061f9a8febc66f2" member_type: VOTER last_known_addr { host: "127.8.121.66" port: 41793 } } peers { permanent_uuid: "a5b37f775a6d4fd885f520628ae0e9ea" member_type: VOTER last_known_addr { host: "127.8.121.65" port: 37151 } } peers { permanent_uuid: "65e6ebae2b794d139a5236934e3420b1" member_type: VOTER last_known_addr { host: "127.8.121.67" port: 43779 } }
I20260608 13:04:43.340955 11836 raft_consensus.cc:385] T 39f9f5710e6b4e74998755648c983a16 P eeb1b9598f544151b061f9a8febc66f2 [term 0 FOLLOWER]: Consensus starting up: Expiring failure detector timer to make a prompt election more likely
I20260608 13:04:43.341271 11836 raft_consensus.cc:740] T 39f9f5710e6b4e74998755648c983a16 P eeb1b9598f544151b061f9a8febc66f2 [term 0 FOLLOWER]: Becoming Follower/Learner. State: Replica: eeb1b9598f544151b061f9a8febc66f2, State: Initialized, Role: FOLLOWER
I20260608 13:04:43.342521 11837 tablet_bootstrap.cc:492] T e87c8610286141fda02fe14c0d9f8ea6 P a5b37f775a6d4fd885f520628ae0e9ea: No bootstrap required, opened a new log
I20260608 13:04:43.342234 11836 consensus_queue.cc:260] T 39f9f5710e6b4e74998755648c983a16 P eeb1b9598f544151b061f9a8febc66f2 [NON_LEADER]: Queue going to NON_LEADER mode. State: All replicated index: 0, Majority replicated index: 0, Committed index: 0, Last appended: 0.0, Last appended by leader: 0, Current term: 0, Majority size: -1, State: 0, Mode: NON_LEADER, active raft config: opid_index: -1 OBSOLETE_local: false peers { permanent_uuid: "eeb1b9598f544151b061f9a8febc66f2" member_type: VOTER last_known_addr { host: "127.8.121.66" port: 41793 } } peers { permanent_uuid: "a5b37f775a6d4fd885f520628ae0e9ea" member_type: VOTER last_known_addr { host: "127.8.121.65" port: 37151 } } peers { permanent_uuid: "65e6ebae2b794d139a5236934e3420b1" member_type: VOTER last_known_addr { host: "127.8.121.67" port: 43779 } }
I20260608 13:04:43.343087 11837 ts_tablet_manager.cc:1403] T e87c8610286141fda02fe14c0d9f8ea6 P a5b37f775a6d4fd885f520628ae0e9ea: Time spent bootstrapping tablet: real 0.035s	user 0.011s	sys 0.014s
I20260608 13:04:43.343953 11843 raft_consensus.cc:493] T 5a55624a97a44db3b3159de67c6e5525 P eeb1b9598f544151b061f9a8febc66f2 [term 0 FOLLOWER]: Starting pre-election (no leader contacted us within the election timeout)
I20260608 13:04:43.344532 11843 raft_consensus.cc:515] T 5a55624a97a44db3b3159de67c6e5525 P eeb1b9598f544151b061f9a8febc66f2 [term 0 FOLLOWER]: Starting pre-election with config: opid_index: -1 OBSOLETE_local: false peers { permanent_uuid: "eeb1b9598f544151b061f9a8febc66f2" member_type: VOTER last_known_addr { host: "127.8.121.66" port: 41793 } } peers { permanent_uuid: "a5b37f775a6d4fd885f520628ae0e9ea" member_type: VOTER last_known_addr { host: "127.8.121.65" port: 37151 } } peers { permanent_uuid: "65e6ebae2b794d139a5236934e3420b1" member_type: VOTER last_known_addr { host: "127.8.121.67" port: 43779 } }
I20260608 13:04:43.347795 11843 leader_election.cc:290] T 5a55624a97a44db3b3159de67c6e5525 P eeb1b9598f544151b061f9a8febc66f2 [CANDIDATE]: Term 1 pre-election: Requested pre-vote from peers a5b37f775a6d4fd885f520628ae0e9ea (127.8.121.65:37151), 65e6ebae2b794d139a5236934e3420b1 (127.8.121.67:43779)
I20260608 13:04:43.346866 11837 raft_consensus.cc:359] T e87c8610286141fda02fe14c0d9f8ea6 P a5b37f775a6d4fd885f520628ae0e9ea [term 0 FOLLOWER]: Replica starting. Triggering 0 pending ops. Active config: opid_index: -1 OBSOLETE_local: false peers { permanent_uuid: "eeb1b9598f544151b061f9a8febc66f2" member_type: VOTER last_known_addr { host: "127.8.121.66" port: 41793 } } peers { permanent_uuid: "a5b37f775a6d4fd885f520628ae0e9ea" member_type: VOTER last_known_addr { host: "127.8.121.65" port: 37151 } } peers { permanent_uuid: "65e6ebae2b794d139a5236934e3420b1" member_type: VOTER last_known_addr { host: "127.8.121.67" port: 43779 } }
I20260608 13:04:43.352761 11837 raft_consensus.cc:385] T e87c8610286141fda02fe14c0d9f8ea6 P a5b37f775a6d4fd885f520628ae0e9ea [term 0 FOLLOWER]: Consensus starting up: Expiring failure detector timer to make a prompt election more likely
I20260608 13:04:43.353317 11837 raft_consensus.cc:740] T e87c8610286141fda02fe14c0d9f8ea6 P a5b37f775a6d4fd885f520628ae0e9ea [term 0 FOLLOWER]: Becoming Follower/Learner. State: Replica: a5b37f775a6d4fd885f520628ae0e9ea, State: Initialized, Role: FOLLOWER
I20260608 13:04:43.354766 11837 consensus_queue.cc:260] T e87c8610286141fda02fe14c0d9f8ea6 P a5b37f775a6d4fd885f520628ae0e9ea [NON_LEADER]: Queue going to NON_LEADER mode. State: All replicated index: 0, Majority replicated index: 0, Committed index: 0, Last appended: 0.0, Last appended by leader: 0, Current term: 0, Majority size: -1, State: 0, Mode: NON_LEADER, active raft config: opid_index: -1 OBSOLETE_local: false peers { permanent_uuid: "eeb1b9598f544151b061f9a8febc66f2" member_type: VOTER last_known_addr { host: "127.8.121.66" port: 41793 } } peers { permanent_uuid: "a5b37f775a6d4fd885f520628ae0e9ea" member_type: VOTER last_known_addr { host: "127.8.121.65" port: 37151 } } peers { permanent_uuid: "65e6ebae2b794d139a5236934e3420b1" member_type: VOTER last_known_addr { host: "127.8.121.67" port: 43779 } }
I20260608 13:04:43.363368 11837 ts_tablet_manager.cc:1434] T e87c8610286141fda02fe14c0d9f8ea6 P a5b37f775a6d4fd885f520628ae0e9ea: Time spent starting tablet: real 0.020s	user 0.007s	sys 0.002s
I20260608 13:04:43.364708 11842 raft_consensus.cc:493] T 19e39298139041d39aff346bfebda2c6 P a5b37f775a6d4fd885f520628ae0e9ea [term 0 FOLLOWER]: Starting pre-election (no leader contacted us within the election timeout)
I20260608 13:04:43.365329 11842 raft_consensus.cc:515] T 19e39298139041d39aff346bfebda2c6 P a5b37f775a6d4fd885f520628ae0e9ea [term 0 FOLLOWER]: Starting pre-election with config: opid_index: -1 OBSOLETE_local: false peers { permanent_uuid: "a5b37f775a6d4fd885f520628ae0e9ea" member_type: VOTER last_known_addr { host: "127.8.121.65" port: 37151 } } peers { permanent_uuid: "eeb1b9598f544151b061f9a8febc66f2" member_type: VOTER last_known_addr { host: "127.8.121.66" port: 41793 } } peers { permanent_uuid: "65e6ebae2b794d139a5236934e3420b1" member_type: VOTER last_known_addr { host: "127.8.121.67" port: 43779 } }
I20260608 13:04:43.370904 11836 ts_tablet_manager.cc:1434] T 39f9f5710e6b4e74998755648c983a16 P eeb1b9598f544151b061f9a8febc66f2: Time spent starting tablet: real 0.034s	user 0.019s	sys 0.010s
I20260608 13:04:43.372118 11836 tablet_bootstrap.cc:492] T e87c8610286141fda02fe14c0d9f8ea6 P eeb1b9598f544151b061f9a8febc66f2: Bootstrap starting.
I20260608 13:04:43.378712 11842 leader_election.cc:290] T 19e39298139041d39aff346bfebda2c6 P a5b37f775a6d4fd885f520628ae0e9ea [CANDIDATE]: Term 1 pre-election: Requested pre-vote from peers eeb1b9598f544151b061f9a8febc66f2 (127.8.121.66:41793), 65e6ebae2b794d139a5236934e3420b1 (127.8.121.67:43779)
I20260608 13:04:43.379319 11842 raft_consensus.cc:493] T 76271271321049a18ee5800dc64a3e59 P a5b37f775a6d4fd885f520628ae0e9ea [term 0 FOLLOWER]: Starting pre-election (no leader contacted us within the election timeout)
I20260608 13:04:43.379770 11842 raft_consensus.cc:515] T 76271271321049a18ee5800dc64a3e59 P a5b37f775a6d4fd885f520628ae0e9ea [term 0 FOLLOWER]: Starting pre-election with config: opid_index: -1 OBSOLETE_local: false peers { permanent_uuid: "eeb1b9598f544151b061f9a8febc66f2" member_type: VOTER last_known_addr { host: "127.8.121.66" port: 41793 } } peers { permanent_uuid: "a5b37f775a6d4fd885f520628ae0e9ea" member_type: VOTER last_known_addr { host: "127.8.121.65" port: 37151 } } peers { permanent_uuid: "65e6ebae2b794d139a5236934e3420b1" member_type: VOTER last_known_addr { host: "127.8.121.67" port: 43779 } }
I20260608 13:04:43.380450 11837 tablet_bootstrap.cc:492] T ddcb2497fe534fe4a297c9f9d9c015f4 P a5b37f775a6d4fd885f520628ae0e9ea: Bootstrap starting.
I20260608 13:04:43.380748 11836 tablet_bootstrap.cc:654] T e87c8610286141fda02fe14c0d9f8ea6 P eeb1b9598f544151b061f9a8febc66f2: Neither blocks nor log segments found. Creating new log.
I20260608 13:04:43.382057 11842 leader_election.cc:290] T 76271271321049a18ee5800dc64a3e59 P a5b37f775a6d4fd885f520628ae0e9ea [CANDIDATE]: Term 1 pre-election: Requested pre-vote from peers eeb1b9598f544151b061f9a8febc66f2 (127.8.121.66:41793), 65e6ebae2b794d139a5236934e3420b1 (127.8.121.67:43779)
I20260608 13:04:43.393702 11835 tablet_bootstrap.cc:492] T 792949f3120e4004a3ebc061adaac8aa P 65e6ebae2b794d139a5236934e3420b1: No bootstrap required, opened a new log
I20260608 13:04:43.394295 11835 ts_tablet_manager.cc:1403] T 792949f3120e4004a3ebc061adaac8aa P 65e6ebae2b794d139a5236934e3420b1: Time spent bootstrapping tablet: real 0.065s	user 0.017s	sys 0.015s
I20260608 13:04:43.403097 11835 raft_consensus.cc:359] T 792949f3120e4004a3ebc061adaac8aa P 65e6ebae2b794d139a5236934e3420b1 [term 0 FOLLOWER]: Replica starting. Triggering 0 pending ops. Active config: opid_index: -1 OBSOLETE_local: false peers { permanent_uuid: "a5b37f775a6d4fd885f520628ae0e9ea" member_type: VOTER last_known_addr { host: "127.8.121.65" port: 37151 } } peers { permanent_uuid: "eeb1b9598f544151b061f9a8febc66f2" member_type: VOTER last_known_addr { host: "127.8.121.66" port: 41793 } } peers { permanent_uuid: "65e6ebae2b794d139a5236934e3420b1" member_type: VOTER last_known_addr { host: "127.8.121.67" port: 43779 } }
I20260608 13:04:43.408541 11835 raft_consensus.cc:385] T 792949f3120e4004a3ebc061adaac8aa P 65e6ebae2b794d139a5236934e3420b1 [term 0 FOLLOWER]: Consensus starting up: Expiring failure detector timer to make a prompt election more likely
I20260608 13:04:43.409613 11835 raft_consensus.cc:740] T 792949f3120e4004a3ebc061adaac8aa P 65e6ebae2b794d139a5236934e3420b1 [term 0 FOLLOWER]: Becoming Follower/Learner. State: Replica: 65e6ebae2b794d139a5236934e3420b1, State: Initialized, Role: FOLLOWER
I20260608 13:04:43.412700 11837 tablet_bootstrap.cc:654] T ddcb2497fe534fe4a297c9f9d9c015f4 P a5b37f775a6d4fd885f520628ae0e9ea: Neither blocks nor log segments found. Creating new log.
I20260608 13:04:43.412711 11791 tablet_service.cc:1917] Received RequestConsensusVote() RPC: tablet_id: "5a55624a97a44db3b3159de67c6e5525" candidate_uuid: "eeb1b9598f544151b061f9a8febc66f2" candidate_term: 1 candidate_status { last_received { term: 0 index: 0 } } ignore_live_leader: false dest_uuid: "65e6ebae2b794d139a5236934e3420b1" is_pre_election: true
I20260608 13:04:43.413978 11791 raft_consensus.cc:2468] T 5a55624a97a44db3b3159de67c6e5525 P 65e6ebae2b794d139a5236934e3420b1 [term 0 FOLLOWER]: Leader pre-election vote request: Granting yes vote for candidate eeb1b9598f544151b061f9a8febc66f2 in term 0.
I20260608 13:04:43.410444 11835 consensus_queue.cc:260] T 792949f3120e4004a3ebc061adaac8aa P 65e6ebae2b794d139a5236934e3420b1 [NON_LEADER]: Queue going to NON_LEADER mode. State: All replicated index: 0, Majority replicated index: 0, Committed index: 0, Last appended: 0.0, Last appended by leader: 0, Current term: 0, Majority size: -1, State: 0, Mode: NON_LEADER, active raft config: opid_index: -1 OBSOLETE_local: false peers { permanent_uuid: "a5b37f775a6d4fd885f520628ae0e9ea" member_type: VOTER last_known_addr { host: "127.8.121.65" port: 37151 } } peers { permanent_uuid: "eeb1b9598f544151b061f9a8febc66f2" member_type: VOTER last_known_addr { host: "127.8.121.66" port: 41793 } } peers { permanent_uuid: "65e6ebae2b794d139a5236934e3420b1" member_type: VOTER last_known_addr { host: "127.8.121.67" port: 43779 } }
I20260608 13:04:43.416180 11681 leader_election.cc:304] T 5a55624a97a44db3b3159de67c6e5525 P eeb1b9598f544151b061f9a8febc66f2 [CANDIDATE]: Term 1 pre-election: Election decided. Result: candidate won. Election summary: received 2 responses out of 3 voters: 2 yes votes; 0 no votes. yes voters: 65e6ebae2b794d139a5236934e3420b1, eeb1b9598f544151b061f9a8febc66f2; no voters: 
I20260608 13:04:43.417541 11855 raft_consensus.cc:2804] T 5a55624a97a44db3b3159de67c6e5525 P eeb1b9598f544151b061f9a8febc66f2 [term 0 FOLLOWER]: Leader pre-election won for term 1
I20260608 13:04:43.418063 11855 raft_consensus.cc:493] T 5a55624a97a44db3b3159de67c6e5525 P eeb1b9598f544151b061f9a8febc66f2 [term 0 FOLLOWER]: Starting leader election (no leader contacted us within the election timeout)
I20260608 13:04:43.418560 11855 raft_consensus.cc:3060] T 5a55624a97a44db3b3159de67c6e5525 P eeb1b9598f544151b061f9a8febc66f2 [term 0 FOLLOWER]: Advancing to term 1
I20260608 13:04:43.420398 11835 ts_tablet_manager.cc:1434] T 792949f3120e4004a3ebc061adaac8aa P 65e6ebae2b794d139a5236934e3420b1: Time spent starting tablet: real 0.026s	user 0.010s	sys 0.000s
I20260608 13:04:43.427129 11835 tablet_bootstrap.cc:492] T 76271271321049a18ee5800dc64a3e59 P 65e6ebae2b794d139a5236934e3420b1: Bootstrap starting.
I20260608 13:04:43.432593 11842 raft_consensus.cc:493] T e87c8610286141fda02fe14c0d9f8ea6 P a5b37f775a6d4fd885f520628ae0e9ea [term 0 FOLLOWER]: Starting pre-election (no leader contacted us within the election timeout)
I20260608 13:04:43.433157 11842 raft_consensus.cc:515] T e87c8610286141fda02fe14c0d9f8ea6 P a5b37f775a6d4fd885f520628ae0e9ea [term 0 FOLLOWER]: Starting pre-election with config: opid_index: -1 OBSOLETE_local: false peers { permanent_uuid: "eeb1b9598f544151b061f9a8febc66f2" member_type: VOTER last_known_addr { host: "127.8.121.66" port: 41793 } } peers { permanent_uuid: "a5b37f775a6d4fd885f520628ae0e9ea" member_type: VOTER last_known_addr { host: "127.8.121.65" port: 37151 } } peers { permanent_uuid: "65e6ebae2b794d139a5236934e3420b1" member_type: VOTER last_known_addr { host: "127.8.121.67" port: 43779 } }
I20260608 13:04:43.435328 11842 leader_election.cc:290] T e87c8610286141fda02fe14c0d9f8ea6 P a5b37f775a6d4fd885f520628ae0e9ea [CANDIDATE]: Term 1 pre-election: Requested pre-vote from peers eeb1b9598f544151b061f9a8febc66f2 (127.8.121.66:41793), 65e6ebae2b794d139a5236934e3420b1 (127.8.121.67:43779)
I20260608 13:04:43.439788 11855 raft_consensus.cc:515] T 5a55624a97a44db3b3159de67c6e5525 P eeb1b9598f544151b061f9a8febc66f2 [term 1 FOLLOWER]: Starting leader election with config: opid_index: -1 OBSOLETE_local: false peers { permanent_uuid: "eeb1b9598f544151b061f9a8febc66f2" member_type: VOTER last_known_addr { host: "127.8.121.66" port: 41793 } } peers { permanent_uuid: "a5b37f775a6d4fd885f520628ae0e9ea" member_type: VOTER last_known_addr { host: "127.8.121.65" port: 37151 } } peers { permanent_uuid: "65e6ebae2b794d139a5236934e3420b1" member_type: VOTER last_known_addr { host: "127.8.121.67" port: 43779 } }
I20260608 13:04:43.442941 11855 leader_election.cc:290] T 5a55624a97a44db3b3159de67c6e5525 P eeb1b9598f544151b061f9a8febc66f2 [CANDIDATE]: Term 1 election: Requested vote from peers a5b37f775a6d4fd885f520628ae0e9ea (127.8.121.65:37151), 65e6ebae2b794d139a5236934e3420b1 (127.8.121.67:43779)
I20260608 13:04:43.445415 11835 tablet_bootstrap.cc:654] T 76271271321049a18ee5800dc64a3e59 P 65e6ebae2b794d139a5236934e3420b1: Neither blocks nor log segments found. Creating new log.
I20260608 13:04:43.447415 11791 tablet_service.cc:1917] Received RequestConsensusVote() RPC: tablet_id: "5a55624a97a44db3b3159de67c6e5525" candidate_uuid: "eeb1b9598f544151b061f9a8febc66f2" candidate_term: 1 candidate_status { last_received { term: 0 index: 0 } } ignore_live_leader: false dest_uuid: "65e6ebae2b794d139a5236934e3420b1"
I20260608 13:04:43.448035 11791 raft_consensus.cc:3060] T 5a55624a97a44db3b3159de67c6e5525 P 65e6ebae2b794d139a5236934e3420b1 [term 0 FOLLOWER]: Advancing to term 1
I20260608 13:04:43.449497 11837 tablet_bootstrap.cc:492] T ddcb2497fe534fe4a297c9f9d9c015f4 P a5b37f775a6d4fd885f520628ae0e9ea: No bootstrap required, opened a new log
I20260608 13:04:43.450052 11837 ts_tablet_manager.cc:1403] T ddcb2497fe534fe4a297c9f9d9c015f4 P a5b37f775a6d4fd885f520628ae0e9ea: Time spent bootstrapping tablet: real 0.070s	user 0.010s	sys 0.005s
I20260608 13:04:43.452924 11841 raft_consensus.cc:493] T 792949f3120e4004a3ebc061adaac8aa P 65e6ebae2b794d139a5236934e3420b1 [term 0 FOLLOWER]: Starting pre-election (no leader contacted us within the election timeout)
I20260608 13:04:43.456144 11837 raft_consensus.cc:359] T ddcb2497fe534fe4a297c9f9d9c015f4 P a5b37f775a6d4fd885f520628ae0e9ea [term 0 FOLLOWER]: Replica starting. Triggering 0 pending ops. Active config: opid_index: -1 OBSOLETE_local: false peers { permanent_uuid: "a5b37f775a6d4fd885f520628ae0e9ea" member_type: VOTER last_known_addr { host: "127.8.121.65" port: 37151 } } peers { permanent_uuid: "eeb1b9598f544151b061f9a8febc66f2" member_type: VOTER last_known_addr { host: "127.8.121.66" port: 41793 } } peers { permanent_uuid: "65e6ebae2b794d139a5236934e3420b1" member_type: VOTER last_known_addr { host: "127.8.121.67" port: 43779 } }
I20260608 13:04:43.456845 11837 raft_consensus.cc:385] T ddcb2497fe534fe4a297c9f9d9c015f4 P a5b37f775a6d4fd885f520628ae0e9ea [term 0 FOLLOWER]: Consensus starting up: Expiring failure detector timer to make a prompt election more likely
I20260608 13:04:43.457134 11837 raft_consensus.cc:740] T ddcb2497fe534fe4a297c9f9d9c015f4 P a5b37f775a6d4fd885f520628ae0e9ea [term 0 FOLLOWER]: Becoming Follower/Learner. State: Replica: a5b37f775a6d4fd885f520628ae0e9ea, State: Initialized, Role: FOLLOWER
I20260608 13:04:43.458082 11835 tablet_bootstrap.cc:492] T 76271271321049a18ee5800dc64a3e59 P 65e6ebae2b794d139a5236934e3420b1: No bootstrap required, opened a new log
I20260608 13:04:43.458910 11835 ts_tablet_manager.cc:1403] T 76271271321049a18ee5800dc64a3e59 P 65e6ebae2b794d139a5236934e3420b1: Time spent bootstrapping tablet: real 0.032s	user 0.011s	sys 0.009s
I20260608 13:04:43.455340 11841 raft_consensus.cc:515] T 792949f3120e4004a3ebc061adaac8aa P 65e6ebae2b794d139a5236934e3420b1 [term 0 FOLLOWER]: Starting pre-election with config: opid_index: -1 OBSOLETE_local: false peers { permanent_uuid: "a5b37f775a6d4fd885f520628ae0e9ea" member_type: VOTER last_known_addr { host: "127.8.121.65" port: 37151 } } peers { permanent_uuid: "eeb1b9598f544151b061f9a8febc66f2" member_type: VOTER last_known_addr { host: "127.8.121.66" port: 41793 } } peers { permanent_uuid: "65e6ebae2b794d139a5236934e3420b1" member_type: VOTER last_known_addr { host: "127.8.121.67" port: 43779 } }
I20260608 13:04:43.462298 11835 raft_consensus.cc:359] T 76271271321049a18ee5800dc64a3e59 P 65e6ebae2b794d139a5236934e3420b1 [term 0 FOLLOWER]: Replica starting. Triggering 0 pending ops. Active config: opid_index: -1 OBSOLETE_local: false peers { permanent_uuid: "eeb1b9598f544151b061f9a8febc66f2" member_type: VOTER last_known_addr { host: "127.8.121.66" port: 41793 } } peers { permanent_uuid: "a5b37f775a6d4fd885f520628ae0e9ea" member_type: VOTER last_known_addr { host: "127.8.121.65" port: 37151 } } peers { permanent_uuid: "65e6ebae2b794d139a5236934e3420b1" member_type: VOTER last_known_addr { host: "127.8.121.67" port: 43779 } }
I20260608 13:04:43.463008 11835 raft_consensus.cc:385] T 76271271321049a18ee5800dc64a3e59 P 65e6ebae2b794d139a5236934e3420b1 [term 0 FOLLOWER]: Consensus starting up: Expiring failure detector timer to make a prompt election more likely
I20260608 13:04:43.463302 11835 raft_consensus.cc:740] T 76271271321049a18ee5800dc64a3e59 P 65e6ebae2b794d139a5236934e3420b1 [term 0 FOLLOWER]: Becoming Follower/Learner. State: Replica: 65e6ebae2b794d139a5236934e3420b1, State: Initialized, Role: FOLLOWER
I20260608 13:04:43.457947 11837 consensus_queue.cc:260] T ddcb2497fe534fe4a297c9f9d9c015f4 P a5b37f775a6d4fd885f520628ae0e9ea [NON_LEADER]: Queue going to NON_LEADER mode. State: All replicated index: 0, Majority replicated index: 0, Committed index: 0, Last appended: 0.0, Last appended by leader: 0, Current term: 0, Majority size: -1, State: 0, Mode: NON_LEADER, active raft config: opid_index: -1 OBSOLETE_local: false peers { permanent_uuid: "a5b37f775a6d4fd885f520628ae0e9ea" member_type: VOTER last_known_addr { host: "127.8.121.65" port: 37151 } } peers { permanent_uuid: "eeb1b9598f544151b061f9a8febc66f2" member_type: VOTER last_known_addr { host: "127.8.121.66" port: 41793 } } peers { permanent_uuid: "65e6ebae2b794d139a5236934e3420b1" member_type: VOTER last_known_addr { host: "127.8.121.67" port: 43779 } }
I20260608 13:04:43.464329 11841 leader_election.cc:290] T 792949f3120e4004a3ebc061adaac8aa P 65e6ebae2b794d139a5236934e3420b1 [CANDIDATE]: Term 1 pre-election: Requested pre-vote from peers a5b37f775a6d4fd885f520628ae0e9ea (127.8.121.65:37151), eeb1b9598f544151b061f9a8febc66f2 (127.8.121.66:41793)
I20260608 13:04:43.467319 11842 raft_consensus.cc:493] T 1a3ba8120bbc4df7a9fa82f95cb4e63e P a5b37f775a6d4fd885f520628ae0e9ea [term 0 FOLLOWER]: Starting pre-election (no leader contacted us within the election timeout)
I20260608 13:04:43.468410 11842 raft_consensus.cc:515] T 1a3ba8120bbc4df7a9fa82f95cb4e63e P a5b37f775a6d4fd885f520628ae0e9ea [term 0 FOLLOWER]: Starting pre-election with config: opid_index: -1 OBSOLETE_local: false peers { permanent_uuid: "65e6ebae2b794d139a5236934e3420b1" member_type: VOTER last_known_addr { host: "127.8.121.67" port: 43779 } } peers { permanent_uuid: "eeb1b9598f544151b061f9a8febc66f2" member_type: VOTER last_known_addr { host: "127.8.121.66" port: 41793 } } peers { permanent_uuid: "a5b37f775a6d4fd885f520628ae0e9ea" member_type: VOTER last_known_addr { host: "127.8.121.65" port: 37151 } }
I20260608 13:04:43.473271 11836 tablet_bootstrap.cc:492] T e87c8610286141fda02fe14c0d9f8ea6 P eeb1b9598f544151b061f9a8febc66f2: No bootstrap required, opened a new log
I20260608 13:04:43.473809 11836 ts_tablet_manager.cc:1403] T e87c8610286141fda02fe14c0d9f8ea6 P eeb1b9598f544151b061f9a8febc66f2: Time spent bootstrapping tablet: real 0.102s	user 0.034s	sys 0.053s
I20260608 13:04:43.474254 11842 leader_election.cc:290] T 1a3ba8120bbc4df7a9fa82f95cb4e63e P a5b37f775a6d4fd885f520628ae0e9ea [CANDIDATE]: Term 1 pre-election: Requested pre-vote from peers 65e6ebae2b794d139a5236934e3420b1 (127.8.121.67:43779), eeb1b9598f544151b061f9a8febc66f2 (127.8.121.66:41793)
I20260608 13:04:43.474172 11716 tablet_service.cc:1917] Received RequestConsensusVote() RPC: tablet_id: "76271271321049a18ee5800dc64a3e59" candidate_uuid: "a5b37f775a6d4fd885f520628ae0e9ea" candidate_term: 1 candidate_status { last_received { term: 0 index: 0 } } ignore_live_leader: false dest_uuid: "eeb1b9598f544151b061f9a8febc66f2" is_pre_election: true
I20260608 13:04:43.474586 11717 tablet_service.cc:1917] Received RequestConsensusVote() RPC: tablet_id: "19e39298139041d39aff346bfebda2c6" candidate_uuid: "a5b37f775a6d4fd885f520628ae0e9ea" candidate_term: 1 candidate_status { last_received { term: 0 index: 0 } } ignore_live_leader: false dest_uuid: "eeb1b9598f544151b061f9a8febc66f2" is_pre_election: true
I20260608 13:04:43.475241 11717 raft_consensus.cc:2468] T 19e39298139041d39aff346bfebda2c6 P eeb1b9598f544151b061f9a8febc66f2 [term 0 FOLLOWER]: Leader pre-election vote request: Granting yes vote for candidate a5b37f775a6d4fd885f520628ae0e9ea in term 0.
I20260608 13:04:43.476342 11715 tablet_service.cc:1917] Received RequestConsensusVote() RPC: tablet_id: "e87c8610286141fda02fe14c0d9f8ea6" candidate_uuid: "a5b37f775a6d4fd885f520628ae0e9ea" candidate_term: 1 candidate_status { last_received { term: 0 index: 0 } } ignore_live_leader: false dest_uuid: "eeb1b9598f544151b061f9a8febc66f2" is_pre_election: true
I20260608 13:04:43.477072 11836 raft_consensus.cc:359] T e87c8610286141fda02fe14c0d9f8ea6 P eeb1b9598f544151b061f9a8febc66f2 [term 0 FOLLOWER]: Replica starting. Triggering 0 pending ops. Active config: opid_index: -1 OBSOLETE_local: false peers { permanent_uuid: "eeb1b9598f544151b061f9a8febc66f2" member_type: VOTER last_known_addr { host: "127.8.121.66" port: 41793 } } peers { permanent_uuid: "a5b37f775a6d4fd885f520628ae0e9ea" member_type: VOTER last_known_addr { host: "127.8.121.65" port: 37151 } } peers { permanent_uuid: "65e6ebae2b794d139a5236934e3420b1" member_type: VOTER last_known_addr { host: "127.8.121.67" port: 43779 } }
W20260608 13:04:43.477579 11607 leader_election.cc:343] T 76271271321049a18ee5800dc64a3e59 P a5b37f775a6d4fd885f520628ae0e9ea [CANDIDATE]: Term 1 pre-election: Tablet error from VoteRequest() call to peer eeb1b9598f544151b061f9a8febc66f2 (127.8.121.66:41793): Illegal state: must be running to vote when last-logged opid is not known
I20260608 13:04:43.477751 11836 raft_consensus.cc:385] T e87c8610286141fda02fe14c0d9f8ea6 P eeb1b9598f544151b061f9a8febc66f2 [term 0 FOLLOWER]: Consensus starting up: Expiring failure detector timer to make a prompt election more likely
I20260608 13:04:43.478220 11791 raft_consensus.cc:2468] T 5a55624a97a44db3b3159de67c6e5525 P 65e6ebae2b794d139a5236934e3420b1 [term 1 FOLLOWER]: Leader election vote request: Granting yes vote for candidate eeb1b9598f544151b061f9a8febc66f2 in term 1.
I20260608 13:04:43.479139 11715 tablet_service.cc:1917] Received RequestConsensusVote() RPC: tablet_id: "1a3ba8120bbc4df7a9fa82f95cb4e63e" candidate_uuid: "a5b37f775a6d4fd885f520628ae0e9ea" candidate_term: 1 candidate_status { last_received { term: 0 index: 0 } } ignore_live_leader: false dest_uuid: "eeb1b9598f544151b061f9a8febc66f2" is_pre_election: true
I20260608 13:04:43.478925 11835 consensus_queue.cc:260] T 76271271321049a18ee5800dc64a3e59 P 65e6ebae2b794d139a5236934e3420b1 [NON_LEADER]: Queue going to NON_LEADER mode. State: All replicated index: 0, Majority replicated index: 0, Committed index: 0, Last appended: 0.0, Last appended by leader: 0, Current term: 0, Majority size: -1, State: 0, Mode: NON_LEADER, active raft config: opid_index: -1 OBSOLETE_local: false peers { permanent_uuid: "eeb1b9598f544151b061f9a8febc66f2" member_type: VOTER last_known_addr { host: "127.8.121.66" port: 41793 } } peers { permanent_uuid: "a5b37f775a6d4fd885f520628ae0e9ea" member_type: VOTER last_known_addr { host: "127.8.121.65" port: 37151 } } peers { permanent_uuid: "65e6ebae2b794d139a5236934e3420b1" member_type: VOTER last_known_addr { host: "127.8.121.67" port: 43779 } }
I20260608 13:04:43.479169 11607 leader_election.cc:304] T 19e39298139041d39aff346bfebda2c6 P a5b37f775a6d4fd885f520628ae0e9ea [CANDIDATE]: Term 1 pre-election: Election decided. Result: candidate won. Election summary: received 2 responses out of 3 voters: 2 yes votes; 0 no votes. yes voters: a5b37f775a6d4fd885f520628ae0e9ea, eeb1b9598f544151b061f9a8febc66f2; no voters: 
I20260608 13:04:43.480069 11681 leader_election.cc:304] T 5a55624a97a44db3b3159de67c6e5525 P eeb1b9598f544151b061f9a8febc66f2 [CANDIDATE]: Term 1 election: Election decided. Result: candidate won. Election summary: received 2 responses out of 3 voters: 2 yes votes; 0 no votes. yes voters: 65e6ebae2b794d139a5236934e3420b1, eeb1b9598f544151b061f9a8febc66f2; no voters: 
I20260608 13:04:43.480795 11642 tablet_service.cc:1917] Received RequestConsensusVote() RPC: tablet_id: "5a55624a97a44db3b3159de67c6e5525" candidate_uuid: "eeb1b9598f544151b061f9a8febc66f2" candidate_term: 1 candidate_status { last_received { term: 0 index: 0 } } ignore_live_leader: false dest_uuid: "a5b37f775a6d4fd885f520628ae0e9ea" is_pre_election: true
I20260608 13:04:43.481294 11855 raft_consensus.cc:2804] T 5a55624a97a44db3b3159de67c6e5525 P eeb1b9598f544151b061f9a8febc66f2 [term 1 FOLLOWER]: Leader election won for term 1
I20260608 13:04:43.482340 11855 raft_consensus.cc:697] T 5a55624a97a44db3b3159de67c6e5525 P eeb1b9598f544151b061f9a8febc66f2 [term 1 LEADER]: Becoming Leader. State: Replica: eeb1b9598f544151b061f9a8febc66f2, State: Running, Role: LEADER
I20260608 13:04:43.478201 11836 raft_consensus.cc:740] T e87c8610286141fda02fe14c0d9f8ea6 P eeb1b9598f544151b061f9a8febc66f2 [term 0 FOLLOWER]: Becoming Follower/Learner. State: Replica: eeb1b9598f544151b061f9a8febc66f2, State: Initialized, Role: FOLLOWER
I20260608 13:04:43.483659 11842 raft_consensus.cc:2804] T 19e39298139041d39aff346bfebda2c6 P a5b37f775a6d4fd885f520628ae0e9ea [term 0 FOLLOWER]: Leader pre-election won for term 1
I20260608 13:04:43.484452 11841 raft_consensus.cc:493] T 39f9f5710e6b4e74998755648c983a16 P 65e6ebae2b794d139a5236934e3420b1 [term 0 FOLLOWER]: Starting pre-election (no leader contacted us within the election timeout)
I20260608 13:04:43.485033 11841 raft_consensus.cc:515] T 39f9f5710e6b4e74998755648c983a16 P 65e6ebae2b794d139a5236934e3420b1 [term 0 FOLLOWER]: Starting pre-election with config: opid_index: -1 OBSOLETE_local: false peers { permanent_uuid: "eeb1b9598f544151b061f9a8febc66f2" member_type: VOTER last_known_addr { host: "127.8.121.66" port: 41793 } } peers { permanent_uuid: "a5b37f775a6d4fd885f520628ae0e9ea" member_type: VOTER last_known_addr { host: "127.8.121.65" port: 37151 } } peers { permanent_uuid: "65e6ebae2b794d139a5236934e3420b1" member_type: VOTER last_known_addr { host: "127.8.121.67" port: 43779 } }
I20260608 13:04:43.485065 11855 consensus_queue.cc:237] T 5a55624a97a44db3b3159de67c6e5525 P eeb1b9598f544151b061f9a8febc66f2 [LEADER]: Queue going to LEADER mode. State: All replicated index: 0, Majority replicated index: 0, Committed index: 0, Last appended: 0.0, Last appended by leader: 0, Current term: 1, Majority size: 2, State: 0, Mode: LEADER, active raft config: opid_index: -1 OBSOLETE_local: false peers { permanent_uuid: "eeb1b9598f544151b061f9a8febc66f2" member_type: VOTER last_known_addr { host: "127.8.121.66" port: 41793 } } peers { permanent_uuid: "a5b37f775a6d4fd885f520628ae0e9ea" member_type: VOTER last_known_addr { host: "127.8.121.65" port: 37151 } } peers { permanent_uuid: "65e6ebae2b794d139a5236934e3420b1" member_type: VOTER last_known_addr { host: "127.8.121.67" port: 43779 } }
I20260608 13:04:43.485807 11836 consensus_queue.cc:260] T e87c8610286141fda02fe14c0d9f8ea6 P eeb1b9598f544151b061f9a8febc66f2 [NON_LEADER]: Queue going to NON_LEADER mode. State: All replicated index: 0, Majority replicated index: 0, Committed index: 0, Last appended: 0.0, Last appended by leader: 0, Current term: 0, Majority size: -1, State: 0, Mode: NON_LEADER, active raft config: opid_index: -1 OBSOLETE_local: false peers { permanent_uuid: "eeb1b9598f544151b061f9a8febc66f2" member_type: VOTER last_known_addr { host: "127.8.121.66" port: 41793 } } peers { permanent_uuid: "a5b37f775a6d4fd885f520628ae0e9ea" member_type: VOTER last_known_addr { host: "127.8.121.65" port: 37151 } } peers { permanent_uuid: "65e6ebae2b794d139a5236934e3420b1" member_type: VOTER last_known_addr { host: "127.8.121.67" port: 43779 } }
I20260608 13:04:43.486936 11837 ts_tablet_manager.cc:1434] T ddcb2497fe534fe4a297c9f9d9c015f4 P a5b37f775a6d4fd885f520628ae0e9ea: Time spent starting tablet: real 0.037s	user 0.007s	sys 0.003s
I20260608 13:04:43.487366 11841 leader_election.cc:290] T 39f9f5710e6b4e74998755648c983a16 P 65e6ebae2b794d139a5236934e3420b1 [CANDIDATE]: Term 1 pre-election: Requested pre-vote from peers eeb1b9598f544151b061f9a8febc66f2 (127.8.121.66:41793), a5b37f775a6d4fd885f520628ae0e9ea (127.8.121.65:37151)
I20260608 13:04:43.488073 11836 ts_tablet_manager.cc:1434] T e87c8610286141fda02fe14c0d9f8ea6 P eeb1b9598f544151b061f9a8febc66f2: Time spent starting tablet: real 0.014s	user 0.006s	sys 0.002s
I20260608 13:04:43.488394 11837 tablet_bootstrap.cc:492] T 792949f3120e4004a3ebc061adaac8aa P a5b37f775a6d4fd885f520628ae0e9ea: Bootstrap starting.
I20260608 13:04:43.489096 11836 tablet_bootstrap.cc:492] T 76271271321049a18ee5800dc64a3e59 P eeb1b9598f544151b061f9a8febc66f2: Bootstrap starting.
I20260608 13:04:43.484447 11835 ts_tablet_manager.cc:1434] T 76271271321049a18ee5800dc64a3e59 P 65e6ebae2b794d139a5236934e3420b1: Time spent starting tablet: real 0.025s	user 0.009s	sys 0.000s
I20260608 13:04:43.489415 11842 raft_consensus.cc:493] T 19e39298139041d39aff346bfebda2c6 P a5b37f775a6d4fd885f520628ae0e9ea [term 0 FOLLOWER]: Starting leader election (no leader contacted us within the election timeout)
I20260608 13:04:43.489956 11842 raft_consensus.cc:3060] T 19e39298139041d39aff346bfebda2c6 P a5b37f775a6d4fd885f520628ae0e9ea [term 0 FOLLOWER]: Advancing to term 1
I20260608 13:04:43.490401 11835 tablet_bootstrap.cc:492] T e87c8610286141fda02fe14c0d9f8ea6 P 65e6ebae2b794d139a5236934e3420b1: Bootstrap starting.
I20260608 13:04:43.492183 11642 tablet_service.cc:1917] Received RequestConsensusVote() RPC: tablet_id: "5a55624a97a44db3b3159de67c6e5525" candidate_uuid: "eeb1b9598f544151b061f9a8febc66f2" candidate_term: 1 candidate_status { last_received { term: 0 index: 0 } } ignore_live_leader: false dest_uuid: "a5b37f775a6d4fd885f520628ae0e9ea"
W20260608 13:04:43.493706 11681 leader_election.cc:343] T 5a55624a97a44db3b3159de67c6e5525 P eeb1b9598f544151b061f9a8febc66f2 [CANDIDATE]: Term 1 pre-election: Tablet error from VoteRequest() call to peer a5b37f775a6d4fd885f520628ae0e9ea (127.8.121.65:37151): Illegal state: must be running to vote when last-logged opid is not known
W20260608 13:04:43.494686 11681 leader_election.cc:343] T 5a55624a97a44db3b3159de67c6e5525 P eeb1b9598f544151b061f9a8febc66f2 [CANDIDATE]: Term 1 election: Tablet error from VoteRequest() call to peer a5b37f775a6d4fd885f520628ae0e9ea (127.8.121.65:37151): Illegal state: must be running to vote when last-logged opid is not known
I20260608 13:04:43.502501 11835 tablet_bootstrap.cc:654] T e87c8610286141fda02fe14c0d9f8ea6 P 65e6ebae2b794d139a5236934e3420b1: Neither blocks nor log segments found. Creating new log.
W20260608 13:04:43.503748 11607 leader_election.cc:343] T e87c8610286141fda02fe14c0d9f8ea6 P a5b37f775a6d4fd885f520628ae0e9ea [CANDIDATE]: Term 1 pre-election: Tablet error from VoteRequest() call to peer eeb1b9598f544151b061f9a8febc66f2 (127.8.121.66:41793): Illegal state: must be running to vote when last-logged opid is not known
W20260608 13:04:43.504560 11607 leader_election.cc:343] T 1a3ba8120bbc4df7a9fa82f95cb4e63e P a5b37f775a6d4fd885f520628ae0e9ea [CANDIDATE]: Term 1 pre-election: Tablet error from VoteRequest() call to peer eeb1b9598f544151b061f9a8febc66f2 (127.8.121.66:41793): Illegal state: must be running to vote when last-logged opid is not known
I20260608 13:04:43.508060 11842 raft_consensus.cc:515] T 19e39298139041d39aff346bfebda2c6 P a5b37f775a6d4fd885f520628ae0e9ea [term 1 FOLLOWER]: Starting leader election with config: opid_index: -1 OBSOLETE_local: false peers { permanent_uuid: "a5b37f775a6d4fd885f520628ae0e9ea" member_type: VOTER last_known_addr { host: "127.8.121.65" port: 37151 } } peers { permanent_uuid: "eeb1b9598f544151b061f9a8febc66f2" member_type: VOTER last_known_addr { host: "127.8.121.66" port: 41793 } } peers { permanent_uuid: "65e6ebae2b794d139a5236934e3420b1" member_type: VOTER last_known_addr { host: "127.8.121.67" port: 43779 } }
I20260608 13:04:43.512182 11836 tablet_bootstrap.cc:654] T 76271271321049a18ee5800dc64a3e59 P eeb1b9598f544151b061f9a8febc66f2: Neither blocks nor log segments found. Creating new log.
I20260608 13:04:43.513921 11715 tablet_service.cc:1917] Received RequestConsensusVote() RPC: tablet_id: "19e39298139041d39aff346bfebda2c6" candidate_uuid: "a5b37f775a6d4fd885f520628ae0e9ea" candidate_term: 1 candidate_status { last_received { term: 0 index: 0 } } ignore_live_leader: false dest_uuid: "eeb1b9598f544151b061f9a8febc66f2"
I20260608 13:04:43.514523 11715 raft_consensus.cc:3060] T 19e39298139041d39aff346bfebda2c6 P eeb1b9598f544151b061f9a8febc66f2 [term 0 FOLLOWER]: Advancing to term 1
I20260608 13:04:43.515436 11842 leader_election.cc:290] T 19e39298139041d39aff346bfebda2c6 P a5b37f775a6d4fd885f520628ae0e9ea [CANDIDATE]: Term 1 election: Requested vote from peers eeb1b9598f544151b061f9a8febc66f2 (127.8.121.66:41793), 65e6ebae2b794d139a5236934e3420b1 (127.8.121.67:43779)
I20260608 13:04:43.515972 11837 tablet_bootstrap.cc:654] T 792949f3120e4004a3ebc061adaac8aa P a5b37f775a6d4fd885f520628ae0e9ea: Neither blocks nor log segments found. Creating new log.
I20260608 13:04:43.517099 11791 tablet_service.cc:1917] Received RequestConsensusVote() RPC: tablet_id: "19e39298139041d39aff346bfebda2c6" candidate_uuid: "a5b37f775a6d4fd885f520628ae0e9ea" candidate_term: 1 candidate_status { last_received { term: 0 index: 0 } } ignore_live_leader: false dest_uuid: "65e6ebae2b794d139a5236934e3420b1" is_pre_election: true
I20260608 13:04:43.517786 11791 raft_consensus.cc:2468] T 19e39298139041d39aff346bfebda2c6 P 65e6ebae2b794d139a5236934e3420b1 [term 0 FOLLOWER]: Leader pre-election vote request: Granting yes vote for candidate a5b37f775a6d4fd885f520628ae0e9ea in term 0.
I20260608 13:04:43.519781 11791 tablet_service.cc:1917] Received RequestConsensusVote() RPC: tablet_id: "76271271321049a18ee5800dc64a3e59" candidate_uuid: "a5b37f775a6d4fd885f520628ae0e9ea" candidate_term: 1 candidate_status { last_received { term: 0 index: 0 } } ignore_live_leader: false dest_uuid: "65e6ebae2b794d139a5236934e3420b1" is_pre_election: true
I20260608 13:04:43.520511 11791 raft_consensus.cc:2468] T 76271271321049a18ee5800dc64a3e59 P 65e6ebae2b794d139a5236934e3420b1 [term 0 FOLLOWER]: Leader pre-election vote request: Granting yes vote for candidate a5b37f775a6d4fd885f520628ae0e9ea in term 0.
I20260608 13:04:43.522444 11791 tablet_service.cc:1917] Received RequestConsensusVote() RPC: tablet_id: "e87c8610286141fda02fe14c0d9f8ea6" candidate_uuid: "a5b37f775a6d4fd885f520628ae0e9ea" candidate_term: 1 candidate_status { last_received { term: 0 index: 0 } } ignore_live_leader: false dest_uuid: "65e6ebae2b794d139a5236934e3420b1" is_pre_election: true
I20260608 13:04:43.524310 11835 tablet_bootstrap.cc:492] T e87c8610286141fda02fe14c0d9f8ea6 P 65e6ebae2b794d139a5236934e3420b1: No bootstrap required, opened a new log
I20260608 13:04:43.524797 11835 ts_tablet_manager.cc:1403] T e87c8610286141fda02fe14c0d9f8ea6 P 65e6ebae2b794d139a5236934e3420b1: Time spent bootstrapping tablet: real 0.035s	user 0.012s	sys 0.001s
I20260608 13:04:43.525449 11837 tablet_bootstrap.cc:492] T 792949f3120e4004a3ebc061adaac8aa P a5b37f775a6d4fd885f520628ae0e9ea: No bootstrap required, opened a new log
I20260608 13:04:43.525575 11715 raft_consensus.cc:2468] T 19e39298139041d39aff346bfebda2c6 P eeb1b9598f544151b061f9a8febc66f2 [term 1 FOLLOWER]: Leader election vote request: Granting yes vote for candidate a5b37f775a6d4fd885f520628ae0e9ea in term 1.
I20260608 13:04:43.526109 11837 ts_tablet_manager.cc:1403] T 792949f3120e4004a3ebc061adaac8aa P a5b37f775a6d4fd885f520628ae0e9ea: Time spent bootstrapping tablet: real 0.038s	user 0.009s	sys 0.004s
I20260608 13:04:43.526818 11607 leader_election.cc:304] T 19e39298139041d39aff346bfebda2c6 P a5b37f775a6d4fd885f520628ae0e9ea [CANDIDATE]: Term 1 election: Election decided. Result: candidate won. Election summary: received 2 responses out of 3 voters: 2 yes votes; 0 no votes. yes voters: a5b37f775a6d4fd885f520628ae0e9ea, eeb1b9598f544151b061f9a8febc66f2; no voters: 
I20260608 13:04:43.527889 11868 raft_consensus.cc:2804] T 19e39298139041d39aff346bfebda2c6 P a5b37f775a6d4fd885f520628ae0e9ea [term 1 FOLLOWER]: Leader election won for term 1
I20260608 13:04:43.528486 11868 raft_consensus.cc:697] T 19e39298139041d39aff346bfebda2c6 P a5b37f775a6d4fd885f520628ae0e9ea [term 1 LEADER]: Becoming Leader. State: Replica: a5b37f775a6d4fd885f520628ae0e9ea, State: Running, Role: LEADER
I20260608 13:04:43.528278 11536 catalog_manager.cc:5696] T 5a55624a97a44db3b3159de67c6e5525 P eeb1b9598f544151b061f9a8febc66f2 reported cstate change: term changed from 0 to 1, leader changed from <none> to eeb1b9598f544151b061f9a8febc66f2 (127.8.121.66). New cstate: current_term: 1 leader_uuid: "eeb1b9598f544151b061f9a8febc66f2" committed_config { opid_index: -1 OBSOLETE_local: false peers { permanent_uuid: "eeb1b9598f544151b061f9a8febc66f2" member_type: VOTER last_known_addr { host: "127.8.121.66" port: 41793 } health_report { overall_health: HEALTHY } } peers { permanent_uuid: "a5b37f775a6d4fd885f520628ae0e9ea" member_type: VOTER last_known_addr { host: "127.8.121.65" port: 37151 } health_report { overall_health: UNKNOWN } } peers { permanent_uuid: "65e6ebae2b794d139a5236934e3420b1" member_type: VOTER last_known_addr { host: "127.8.121.67" port: 43779 } health_report { overall_health: UNKNOWN } } }
I20260608 13:04:43.529428 11868 consensus_queue.cc:237] T 19e39298139041d39aff346bfebda2c6 P a5b37f775a6d4fd885f520628ae0e9ea [LEADER]: Queue going to LEADER mode. State: All replicated index: 0, Majority replicated index: 0, Committed index: 0, Last appended: 0.0, Last appended by leader: 0, Current term: 1, Majority size: 2, State: 0, Mode: LEADER, active raft config: opid_index: -1 OBSOLETE_local: false peers { permanent_uuid: "a5b37f775a6d4fd885f520628ae0e9ea" member_type: VOTER last_known_addr { host: "127.8.121.65" port: 37151 } } peers { permanent_uuid: "eeb1b9598f544151b061f9a8febc66f2" member_type: VOTER last_known_addr { host: "127.8.121.66" port: 41793 } } peers { permanent_uuid: "65e6ebae2b794d139a5236934e3420b1" member_type: VOTER last_known_addr { host: "127.8.121.67" port: 43779 } }
I20260608 13:04:43.531248 11837 raft_consensus.cc:359] T 792949f3120e4004a3ebc061adaac8aa P a5b37f775a6d4fd885f520628ae0e9ea [term 0 FOLLOWER]: Replica starting. Triggering 0 pending ops. Active config: opid_index: -1 OBSOLETE_local: false peers { permanent_uuid: "a5b37f775a6d4fd885f520628ae0e9ea" member_type: VOTER last_known_addr { host: "127.8.121.65" port: 37151 } } peers { permanent_uuid: "eeb1b9598f544151b061f9a8febc66f2" member_type: VOTER last_known_addr { host: "127.8.121.66" port: 41793 } } peers { permanent_uuid: "65e6ebae2b794d139a5236934e3420b1" member_type: VOTER last_known_addr { host: "127.8.121.67" port: 43779 } }
I20260608 13:04:43.532094 11837 raft_consensus.cc:385] T 792949f3120e4004a3ebc061adaac8aa P a5b37f775a6d4fd885f520628ae0e9ea [term 0 FOLLOWER]: Consensus starting up: Expiring failure detector timer to make a prompt election more likely
