I20260608 13:04:40.041953 12360 raft_consensus.cc:359] T 7274673a5ef24ee898b09d596b284c4f P 45201d94ca504706a160969ddbe493d4 [term 0 FOLLOWER]: Replica starting. Triggering 0 pending ops. Active config: opid_index: -1 OBSOLETE_local: false peers { permanent_uuid: "45201d94ca504706a160969ddbe493d4" member_type: VOTER last_known_addr { host: "127.8.249.130" port: 39953 } } peers { permanent_uuid: "b1eeed1c4f854713a7efeeaad322e21a" member_type: VOTER last_known_addr { host: "127.8.249.131" port: 36259 } } peers { permanent_uuid: "4b5ae25381f2426ba526ddbe332d9794" member_type: VOTER last_known_addr { host: "127.8.249.132" port: 43721 } }
I20260608 13:04:40.042682 12360 raft_consensus.cc:385] T 7274673a5ef24ee898b09d596b284c4f P 45201d94ca504706a160969ddbe493d4 [term 0 FOLLOWER]: Consensus starting up: Expiring failure detector timer to make a prompt election more likely
I20260608 13:04:40.043083 12360 raft_consensus.cc:740] T 7274673a5ef24ee898b09d596b284c4f P 45201d94ca504706a160969ddbe493d4 [term 0 FOLLOWER]: Becoming Follower/Learner. State: Replica: 45201d94ca504706a160969ddbe493d4, State: Initialized, Role: FOLLOWER
I20260608 13:04:40.043428 12513 tablet_bootstrap.cc:654] T d1dab34110b44d67b1a0fe9af00303b4 P 4b5ae25381f2426ba526ddbe332d9794: Neither blocks nor log segments found. Creating new log.
I20260608 13:04:40.043994 12360 consensus_queue.cc:260] T 7274673a5ef24ee898b09d596b284c4f P 45201d94ca504706a160969ddbe493d4 [NON_LEADER]: Queue going to NON_LEADER mode. State: All replicated index: 0, Majority replicated index: 0, Committed index: 0, Last appended: 0.0, Last appended by leader: 0, Current term: 0, Majority size: -1, State: 0, Mode: NON_LEADER, active raft config: opid_index: -1 OBSOLETE_local: false peers { permanent_uuid: "45201d94ca504706a160969ddbe493d4" member_type: VOTER last_known_addr { host: "127.8.249.130" port: 39953 } } peers { permanent_uuid: "b1eeed1c4f854713a7efeeaad322e21a" member_type: VOTER last_known_addr { host: "127.8.249.131" port: 36259 } } peers { permanent_uuid: "4b5ae25381f2426ba526ddbe332d9794" member_type: VOTER last_known_addr { host: "127.8.249.132" port: 43721 } }
I20260608 13:04:40.048684 12360 ts_tablet_manager.cc:1434] T 7274673a5ef24ee898b09d596b284c4f P 45201d94ca504706a160969ddbe493d4: Time spent starting tablet: real 0.010s	user 0.005s	sys 0.002s
I20260608 13:04:40.049727 12360 tablet_bootstrap.cc:492] T 60a52fbef05643a198886a394e870d56 P 45201d94ca504706a160969ddbe493d4: Bootstrap starting.
I20260608 13:04:40.053870 12507 tablet_bootstrap.cc:492] T 60a52fbef05643a198886a394e870d56 P 6ad0c7707b11434a84d2ca7f2f3c38a3: No bootstrap required, opened a new log
I20260608 13:04:40.054451 12507 ts_tablet_manager.cc:1403] T 60a52fbef05643a198886a394e870d56 P 6ad0c7707b11434a84d2ca7f2f3c38a3: Time spent bootstrapping tablet: real 0.351s	user 0.024s	sys 0.004s
I20260608 13:04:40.055907 12509 tablet_bootstrap.cc:654] T 4778238b3b4a4fda8685c75f80cd1ca2 P b1eeed1c4f854713a7efeeaad322e21a: Neither blocks nor log segments found. Creating new log.
I20260608 13:04:40.056197 12360 tablet_bootstrap.cc:654] T 60a52fbef05643a198886a394e870d56 P 45201d94ca504706a160969ddbe493d4: Neither blocks nor log segments found. Creating new log.
I20260608 13:04:40.056248 12462 tablet_service.cc:1917] Received RequestConsensusVote() RPC: tablet_id: "24633e54340f4bd693b69eadc4880dff" candidate_uuid: "45201d94ca504706a160969ddbe493d4" candidate_term: 1 candidate_status { last_received { term: 0 index: 0 } } ignore_live_leader: false dest_uuid: "4b5ae25381f2426ba526ddbe332d9794" is_pre_election: true
I20260608 13:04:40.057374 12462 raft_consensus.cc:2468] T 24633e54340f4bd693b69eadc4880dff P 4b5ae25381f2426ba526ddbe332d9794 [term 0 FOLLOWER]: Leader pre-election vote request: Granting yes vote for candidate 45201d94ca504706a160969ddbe493d4 in term 0.
I20260608 13:04:40.058051 12507 raft_consensus.cc:359] T 60a52fbef05643a198886a394e870d56 P 6ad0c7707b11434a84d2ca7f2f3c38a3 [term 0 FOLLOWER]: Replica starting. Triggering 0 pending ops. Active config: opid_index: -1 OBSOLETE_local: false peers { permanent_uuid: "4b5ae25381f2426ba526ddbe332d9794" member_type: VOTER last_known_addr { host: "127.8.249.132" port: 43721 } } peers { permanent_uuid: "6ad0c7707b11434a84d2ca7f2f3c38a3" member_type: VOTER last_known_addr { host: "127.8.249.129" port: 36321 } } peers { permanent_uuid: "45201d94ca504706a160969ddbe493d4" member_type: VOTER last_known_addr { host: "127.8.249.130" port: 39953 } }
I20260608 13:04:40.058871 12507 raft_consensus.cc:385] T 60a52fbef05643a198886a394e870d56 P 6ad0c7707b11434a84d2ca7f2f3c38a3 [term 0 FOLLOWER]: Consensus starting up: Expiring failure detector timer to make a prompt election more likely
I20260608 13:04:40.059178 12507 raft_consensus.cc:740] T 60a52fbef05643a198886a394e870d56 P 6ad0c7707b11434a84d2ca7f2f3c38a3 [term 0 FOLLOWER]: Becoming Follower/Learner. State: Replica: 6ad0c7707b11434a84d2ca7f2f3c38a3, State: Initialized, Role: FOLLOWER
I20260608 13:04:40.059665 12202 leader_election.cc:304] T 24633e54340f4bd693b69eadc4880dff P 45201d94ca504706a160969ddbe493d4 [CANDIDATE]: Term 1 pre-election: Election decided. Result: candidate won. Election summary: received 3 responses out of 3 voters: 2 yes votes; 1 no votes. yes voters: 45201d94ca504706a160969ddbe493d4, 4b5ae25381f2426ba526ddbe332d9794; no voters: 6ad0c7707b11434a84d2ca7f2f3c38a3
I20260608 13:04:40.060482 12507 consensus_queue.cc:260] T 60a52fbef05643a198886a394e870d56 P 6ad0c7707b11434a84d2ca7f2f3c38a3 [NON_LEADER]: Queue going to NON_LEADER mode. State: All replicated index: 0, Majority replicated index: 0, Committed index: 0, Last appended: 0.0, Last appended by leader: 0, Current term: 0, Majority size: -1, State: 0, Mode: NON_LEADER, active raft config: opid_index: -1 OBSOLETE_local: false peers { permanent_uuid: "4b5ae25381f2426ba526ddbe332d9794" member_type: VOTER last_known_addr { host: "127.8.249.132" port: 43721 } } peers { permanent_uuid: "6ad0c7707b11434a84d2ca7f2f3c38a3" member_type: VOTER last_known_addr { host: "127.8.249.129" port: 36321 } } peers { permanent_uuid: "45201d94ca504706a160969ddbe493d4" member_type: VOTER last_known_addr { host: "127.8.249.130" port: 39953 } }
I20260608 13:04:40.061601 12492 raft_consensus.cc:2804] T 24633e54340f4bd693b69eadc4880dff P 45201d94ca504706a160969ddbe493d4 [term 0 FOLLOWER]: Leader pre-election won for term 1
I20260608 13:04:40.062265 12492 raft_consensus.cc:493] T 24633e54340f4bd693b69eadc4880dff P 45201d94ca504706a160969ddbe493d4 [term 0 FOLLOWER]: Starting leader election (no leader contacted us within the election timeout)
I20260608 13:04:40.062772 12492 raft_consensus.cc:3060] T 24633e54340f4bd693b69eadc4880dff P 45201d94ca504706a160969ddbe493d4 [term 0 FOLLOWER]: Advancing to term 1
I20260608 13:04:40.067773 12513 tablet_bootstrap.cc:492] T d1dab34110b44d67b1a0fe9af00303b4 P 4b5ae25381f2426ba526ddbe332d9794: No bootstrap required, opened a new log
I20260608 13:04:40.067773 12509 tablet_bootstrap.cc:492] T 4778238b3b4a4fda8685c75f80cd1ca2 P b1eeed1c4f854713a7efeeaad322e21a: No bootstrap required, opened a new log
I20260608 13:04:40.069492 12513 ts_tablet_manager.cc:1403] T d1dab34110b44d67b1a0fe9af00303b4 P 4b5ae25381f2426ba526ddbe332d9794: Time spent bootstrapping tablet: real 0.039s	user 0.016s	sys 0.002s
I20260608 13:04:40.069569 12509 ts_tablet_manager.cc:1403] T 4778238b3b4a4fda8685c75f80cd1ca2 P b1eeed1c4f854713a7efeeaad322e21a: Time spent bootstrapping tablet: real 0.048s	user 0.005s	sys 0.011s
I20260608 13:04:40.073326 12513 raft_consensus.cc:359] T d1dab34110b44d67b1a0fe9af00303b4 P 4b5ae25381f2426ba526ddbe332d9794 [term 0 FOLLOWER]: Replica starting. Triggering 0 pending ops. Active config: opid_index: -1 OBSOLETE_local: false peers { permanent_uuid: "b1eeed1c4f854713a7efeeaad322e21a" member_type: VOTER last_known_addr { host: "127.8.249.131" port: 36259 } } peers { permanent_uuid: "4b5ae25381f2426ba526ddbe332d9794" member_type: VOTER last_known_addr { host: "127.8.249.132" port: 43721 } } peers { permanent_uuid: "6ad0c7707b11434a84d2ca7f2f3c38a3" member_type: VOTER last_known_addr { host: "127.8.249.129" port: 36321 } }
I20260608 13:04:40.074136 12513 raft_consensus.cc:385] T d1dab34110b44d67b1a0fe9af00303b4 P 4b5ae25381f2426ba526ddbe332d9794 [term 0 FOLLOWER]: Consensus starting up: Expiring failure detector timer to make a prompt election more likely
I20260608 13:04:40.074473 12513 raft_consensus.cc:740] T d1dab34110b44d67b1a0fe9af00303b4 P 4b5ae25381f2426ba526ddbe332d9794 [term 0 FOLLOWER]: Becoming Follower/Learner. State: Replica: 4b5ae25381f2426ba526ddbe332d9794, State: Initialized, Role: FOLLOWER
I20260608 13:04:40.075281 12513 consensus_queue.cc:260] T d1dab34110b44d67b1a0fe9af00303b4 P 4b5ae25381f2426ba526ddbe332d9794 [NON_LEADER]: Queue going to NON_LEADER mode. State: All replicated index: 0, Majority replicated index: 0, Committed index: 0, Last appended: 0.0, Last appended by leader: 0, Current term: 0, Majority size: -1, State: 0, Mode: NON_LEADER, active raft config: opid_index: -1 OBSOLETE_local: false peers { permanent_uuid: "b1eeed1c4f854713a7efeeaad322e21a" member_type: VOTER last_known_addr { host: "127.8.249.131" port: 36259 } } peers { permanent_uuid: "4b5ae25381f2426ba526ddbe332d9794" member_type: VOTER last_known_addr { host: "127.8.249.132" port: 43721 } } peers { permanent_uuid: "6ad0c7707b11434a84d2ca7f2f3c38a3" member_type: VOTER last_known_addr { host: "127.8.249.129" port: 36321 } }
I20260608 13:04:40.077625 12513 ts_tablet_manager.cc:1434] T d1dab34110b44d67b1a0fe9af00303b4 P 4b5ae25381f2426ba526ddbe332d9794: Time spent starting tablet: real 0.008s	user 0.007s	sys 0.000s
I20260608 13:04:40.078648 12513 tablet_bootstrap.cc:492] T 28a065566f3c44658dacab816d6a42d0 P 4b5ae25381f2426ba526ddbe332d9794: Bootstrap starting.
I20260608 13:04:40.081038 12509 raft_consensus.cc:359] T 4778238b3b4a4fda8685c75f80cd1ca2 P b1eeed1c4f854713a7efeeaad322e21a [term 0 FOLLOWER]: Replica starting. Triggering 0 pending ops. Active config: opid_index: -1 OBSOLETE_local: false peers { permanent_uuid: "4b5ae25381f2426ba526ddbe332d9794" member_type: VOTER last_known_addr { host: "127.8.249.132" port: 43721 } } peers { permanent_uuid: "b1eeed1c4f854713a7efeeaad322e21a" member_type: VOTER last_known_addr { host: "127.8.249.131" port: 36259 } } peers { permanent_uuid: "6ad0c7707b11434a84d2ca7f2f3c38a3" member_type: VOTER last_known_addr { host: "127.8.249.129" port: 36321 } }
I20260608 13:04:40.082149 12509 raft_consensus.cc:385] T 4778238b3b4a4fda8685c75f80cd1ca2 P b1eeed1c4f854713a7efeeaad322e21a [term 0 FOLLOWER]: Consensus starting up: Expiring failure detector timer to make a prompt election more likely
I20260608 13:04:40.082556 12509 raft_consensus.cc:740] T 4778238b3b4a4fda8685c75f80cd1ca2 P b1eeed1c4f854713a7efeeaad322e21a [term 0 FOLLOWER]: Becoming Follower/Learner. State: Replica: b1eeed1c4f854713a7efeeaad322e21a, State: Initialized, Role: FOLLOWER
I20260608 13:04:40.083652 12509 consensus_queue.cc:260] T 4778238b3b4a4fda8685c75f80cd1ca2 P b1eeed1c4f854713a7efeeaad322e21a [NON_LEADER]: Queue going to NON_LEADER mode. State: All replicated index: 0, Majority replicated index: 0, Committed index: 0, Last appended: 0.0, Last appended by leader: 0, Current term: 0, Majority size: -1, State: 0, Mode: NON_LEADER, active raft config: opid_index: -1 OBSOLETE_local: false peers { permanent_uuid: "4b5ae25381f2426ba526ddbe332d9794" member_type: VOTER last_known_addr { host: "127.8.249.132" port: 43721 } } peers { permanent_uuid: "b1eeed1c4f854713a7efeeaad322e21a" member_type: VOTER last_known_addr { host: "127.8.249.131" port: 36259 } } peers { permanent_uuid: "6ad0c7707b11434a84d2ca7f2f3c38a3" member_type: VOTER last_known_addr { host: "127.8.249.129" port: 36321 } }
I20260608 13:04:40.083101 12492 raft_consensus.cc:515] T 24633e54340f4bd693b69eadc4880dff P 45201d94ca504706a160969ddbe493d4 [term 1 FOLLOWER]: Starting leader election with config: opid_index: -1 OBSOLETE_local: false peers { permanent_uuid: "4b5ae25381f2426ba526ddbe332d9794" member_type: VOTER last_known_addr { host: "127.8.249.132" port: 43721 } } peers { permanent_uuid: "45201d94ca504706a160969ddbe493d4" member_type: VOTER last_known_addr { host: "127.8.249.130" port: 39953 } } peers { permanent_uuid: "6ad0c7707b11434a84d2ca7f2f3c38a3" member_type: VOTER last_known_addr { host: "127.8.249.129" port: 36321 } }
I20260608 13:04:40.087105 12509 ts_tablet_manager.cc:1434] T 4778238b3b4a4fda8685c75f80cd1ca2 P b1eeed1c4f854713a7efeeaad322e21a: Time spent starting tablet: real 0.017s	user 0.006s	sys 0.000s
I20260608 13:04:40.088407 12462 tablet_service.cc:1917] Received RequestConsensusVote() RPC: tablet_id: "24633e54340f4bd693b69eadc4880dff" candidate_uuid: "45201d94ca504706a160969ddbe493d4" candidate_term: 1 candidate_status { last_received { term: 0 index: 0 } } ignore_live_leader: false dest_uuid: "4b5ae25381f2426ba526ddbe332d9794"
I20260608 13:04:40.088668 12509 tablet_bootstrap.cc:492] T d1dab34110b44d67b1a0fe9af00303b4 P b1eeed1c4f854713a7efeeaad322e21a: Bootstrap starting.
I20260608 13:04:40.089046 12462 raft_consensus.cc:3060] T 24633e54340f4bd693b69eadc4880dff P 4b5ae25381f2426ba526ddbe332d9794 [term 0 FOLLOWER]: Advancing to term 1
I20260608 13:04:40.092415 12507 ts_tablet_manager.cc:1434] T 60a52fbef05643a198886a394e870d56 P 6ad0c7707b11434a84d2ca7f2f3c38a3: Time spent starting tablet: real 0.038s	user 0.008s	sys 0.000s
I20260608 13:04:40.093735 12507 tablet_bootstrap.cc:492] T 4778238b3b4a4fda8685c75f80cd1ca2 P 6ad0c7707b11434a84d2ca7f2f3c38a3: Bootstrap starting.
I20260608 13:04:40.097230 12462 raft_consensus.cc:2468] T 24633e54340f4bd693b69eadc4880dff P 4b5ae25381f2426ba526ddbe332d9794 [term 1 FOLLOWER]: Leader election vote request: Granting yes vote for candidate 45201d94ca504706a160969ddbe493d4 in term 1.
I20260608 13:04:40.098899 12202 leader_election.cc:304] T 24633e54340f4bd693b69eadc4880dff P 45201d94ca504706a160969ddbe493d4 [CANDIDATE]: Term 1 election: Election decided. Result: candidate won. Election summary: received 2 responses out of 3 voters: 2 yes votes; 0 no votes. yes voters: 45201d94ca504706a160969ddbe493d4, 4b5ae25381f2426ba526ddbe332d9794; no voters: 
I20260608 13:04:40.100039 12365 raft_consensus.cc:2804] T 24633e54340f4bd693b69eadc4880dff P 45201d94ca504706a160969ddbe493d4 [term 1 FOLLOWER]: Leader election won for term 1
I20260608 13:04:40.100641 12365 raft_consensus.cc:697] T 24633e54340f4bd693b69eadc4880dff P 45201d94ca504706a160969ddbe493d4 [term 1 LEADER]: Becoming Leader. State: Replica: 45201d94ca504706a160969ddbe493d4, State: Running, Role: LEADER
I20260608 13:04:40.101540 12365 consensus_queue.cc:237] T 24633e54340f4bd693b69eadc4880dff P 45201d94ca504706a160969ddbe493d4 [LEADER]: Queue going to LEADER mode. State: All replicated index: 0, Majority replicated index: 0, Committed index: 0, Last appended: 0.0, Last appended by leader: 0, Current term: 1, Majority size: 2, State: 0, Mode: LEADER, active raft config: opid_index: -1 OBSOLETE_local: false peers { permanent_uuid: "4b5ae25381f2426ba526ddbe332d9794" member_type: VOTER last_known_addr { host: "127.8.249.132" port: 43721 } } peers { permanent_uuid: "45201d94ca504706a160969ddbe493d4" member_type: VOTER last_known_addr { host: "127.8.249.130" port: 39953 } } peers { permanent_uuid: "6ad0c7707b11434a84d2ca7f2f3c38a3" member_type: VOTER last_known_addr { host: "127.8.249.129" port: 36321 } }
I20260608 13:04:40.103411 12513 tablet_bootstrap.cc:654] T 28a065566f3c44658dacab816d6a42d0 P 4b5ae25381f2426ba526ddbe332d9794: Neither blocks nor log segments found. Creating new log.
I20260608 13:04:40.111476 12160 tablet_service.cc:1917] Received RequestConsensusVote() RPC: tablet_id: "24633e54340f4bd693b69eadc4880dff" candidate_uuid: "45201d94ca504706a160969ddbe493d4" candidate_term: 1 candidate_status { last_received { term: 0 index: 0 } } ignore_live_leader: false dest_uuid: "6ad0c7707b11434a84d2ca7f2f3c38a3"
I20260608 13:04:40.112830 12509 tablet_bootstrap.cc:654] T d1dab34110b44d67b1a0fe9af00303b4 P b1eeed1c4f854713a7efeeaad322e21a: Neither blocks nor log segments found. Creating new log.
I20260608 13:04:40.113979 12360 tablet_bootstrap.cc:492] T 60a52fbef05643a198886a394e870d56 P 45201d94ca504706a160969ddbe493d4: No bootstrap required, opened a new log
I20260608 13:04:40.114512 12360 ts_tablet_manager.cc:1403] T 60a52fbef05643a198886a394e870d56 P 45201d94ca504706a160969ddbe493d4: Time spent bootstrapping tablet: real 0.065s	user 0.020s	sys 0.042s
I20260608 13:04:40.115255 12507 tablet_bootstrap.cc:654] T 4778238b3b4a4fda8685c75f80cd1ca2 P 6ad0c7707b11434a84d2ca7f2f3c38a3: Neither blocks nor log segments found. Creating new log.
W20260608 13:04:40.117698 12203 leader_election.cc:343] T 24633e54340f4bd693b69eadc4880dff P 45201d94ca504706a160969ddbe493d4 [CANDIDATE]: Term 1 election: Tablet error from VoteRequest() call to peer 6ad0c7707b11434a84d2ca7f2f3c38a3 (127.8.249.129:36321): Illegal state: must be running to vote when last-logged opid is not known
I20260608 13:04:40.117789 12360 raft_consensus.cc:359] T 60a52fbef05643a198886a394e870d56 P 45201d94ca504706a160969ddbe493d4 [term 0 FOLLOWER]: Replica starting. Triggering 0 pending ops. Active config: opid_index: -1 OBSOLETE_local: false peers { permanent_uuid: "4b5ae25381f2426ba526ddbe332d9794" member_type: VOTER last_known_addr { host: "127.8.249.132" port: 43721 } } peers { permanent_uuid: "6ad0c7707b11434a84d2ca7f2f3c38a3" member_type: VOTER last_known_addr { host: "127.8.249.129" port: 36321 } } peers { permanent_uuid: "45201d94ca504706a160969ddbe493d4" member_type: VOTER last_known_addr { host: "127.8.249.130" port: 39953 } }
I20260608 13:04:40.118620 12360 raft_consensus.cc:385] T 60a52fbef05643a198886a394e870d56 P 45201d94ca504706a160969ddbe493d4 [term 0 FOLLOWER]: Consensus starting up: Expiring failure detector timer to make a prompt election more likely
I20260608 13:04:40.118933 12360 raft_consensus.cc:740] T 60a52fbef05643a198886a394e870d56 P 45201d94ca504706a160969ddbe493d4 [term 0 FOLLOWER]: Becoming Follower/Learner. State: Replica: 45201d94ca504706a160969ddbe493d4, State: Initialized, Role: FOLLOWER
I20260608 13:04:40.119073 12513 tablet_bootstrap.cc:492] T 28a065566f3c44658dacab816d6a42d0 P 4b5ae25381f2426ba526ddbe332d9794: No bootstrap required, opened a new log
I20260608 13:04:40.119618 12513 ts_tablet_manager.cc:1403] T 28a065566f3c44658dacab816d6a42d0 P 4b5ae25381f2426ba526ddbe332d9794: Time spent bootstrapping tablet: real 0.041s	user 0.012s	sys 0.004s
I20260608 13:04:40.119732 12360 consensus_queue.cc:260] T 60a52fbef05643a198886a394e870d56 P 45201d94ca504706a160969ddbe493d4 [NON_LEADER]: Queue going to NON_LEADER mode. State: All replicated index: 0, Majority replicated index: 0, Committed index: 0, Last appended: 0.0, Last appended by leader: 0, Current term: 0, Majority size: -1, State: 0, Mode: NON_LEADER, active raft config: opid_index: -1 OBSOLETE_local: false peers { permanent_uuid: "4b5ae25381f2426ba526ddbe332d9794" member_type: VOTER last_known_addr { host: "127.8.249.132" port: 43721 } } peers { permanent_uuid: "6ad0c7707b11434a84d2ca7f2f3c38a3" member_type: VOTER last_known_addr { host: "127.8.249.129" port: 36321 } } peers { permanent_uuid: "45201d94ca504706a160969ddbe493d4" member_type: VOTER last_known_addr { host: "127.8.249.130" port: 39953 } }
I20260608 13:04:40.120090 12492 leader_election.cc:290] T 24633e54340f4bd693b69eadc4880dff P 45201d94ca504706a160969ddbe493d4 [CANDIDATE]: Term 1 election: Requested vote from peers 4b5ae25381f2426ba526ddbe332d9794 (127.8.249.132:43721), 6ad0c7707b11434a84d2ca7f2f3c38a3 (127.8.249.129:36321)
I20260608 13:04:40.122128 12360 ts_tablet_manager.cc:1434] T 60a52fbef05643a198886a394e870d56 P 45201d94ca504706a160969ddbe493d4: Time spent starting tablet: real 0.007s	user 0.007s	sys 0.000s
I20260608 13:04:40.123127 12360 tablet_bootstrap.cc:492] T 4a60a355baa840ff8f2f64fdbb82e1d7 P 45201d94ca504706a160969ddbe493d4: Bootstrap starting.
I20260608 13:04:40.123955 12513 raft_consensus.cc:359] T 28a065566f3c44658dacab816d6a42d0 P 4b5ae25381f2426ba526ddbe332d9794 [term 0 FOLLOWER]: Replica starting. Triggering 0 pending ops. Active config: opid_index: -1 OBSOLETE_local: false peers { permanent_uuid: "b1eeed1c4f854713a7efeeaad322e21a" member_type: VOTER last_known_addr { host: "127.8.249.131" port: 36259 } } peers { permanent_uuid: "4b5ae25381f2426ba526ddbe332d9794" member_type: VOTER last_known_addr { host: "127.8.249.132" port: 43721 } } peers { permanent_uuid: "45201d94ca504706a160969ddbe493d4" member_type: VOTER last_known_addr { host: "127.8.249.130" port: 39953 } }
I20260608 13:04:40.124840 12513 raft_consensus.cc:385] T 28a065566f3c44658dacab816d6a42d0 P 4b5ae25381f2426ba526ddbe332d9794 [term 0 FOLLOWER]: Consensus starting up: Expiring failure detector timer to make a prompt election more likely
I20260608 13:04:40.125164 12513 raft_consensus.cc:740] T 28a065566f3c44658dacab816d6a42d0 P 4b5ae25381f2426ba526ddbe332d9794 [term 0 FOLLOWER]: Becoming Follower/Learner. State: Replica: 4b5ae25381f2426ba526ddbe332d9794, State: Initialized, Role: FOLLOWER
I20260608 13:04:40.126057 12513 consensus_queue.cc:260] T 28a065566f3c44658dacab816d6a42d0 P 4b5ae25381f2426ba526ddbe332d9794 [NON_LEADER]: Queue going to NON_LEADER mode. State: All replicated index: 0, Majority replicated index: 0, Committed index: 0, Last appended: 0.0, Last appended by leader: 0, Current term: 0, Majority size: -1, State: 0, Mode: NON_LEADER, active raft config: opid_index: -1 OBSOLETE_local: false peers { permanent_uuid: "b1eeed1c4f854713a7efeeaad322e21a" member_type: VOTER last_known_addr { host: "127.8.249.131" port: 36259 } } peers { permanent_uuid: "4b5ae25381f2426ba526ddbe332d9794" member_type: VOTER last_known_addr { host: "127.8.249.132" port: 43721 } } peers { permanent_uuid: "45201d94ca504706a160969ddbe493d4" member_type: VOTER last_known_addr { host: "127.8.249.130" port: 39953 } }
I20260608 13:04:40.128911 12513 ts_tablet_manager.cc:1434] T 28a065566f3c44658dacab816d6a42d0 P 4b5ae25381f2426ba526ddbe332d9794: Time spent starting tablet: real 0.009s	user 0.006s	sys 0.001s
I20260608 13:04:40.130396 12513 tablet_bootstrap.cc:492] T 4778238b3b4a4fda8685c75f80cd1ca2 P 4b5ae25381f2426ba526ddbe332d9794: Bootstrap starting.
I20260608 13:04:40.131851 12401 raft_consensus.cc:493] T 4778238b3b4a4fda8685c75f80cd1ca2 P b1eeed1c4f854713a7efeeaad322e21a [term 0 FOLLOWER]: Starting pre-election (no leader contacted us within the election timeout)
I20260608 13:04:40.132579 12360 tablet_bootstrap.cc:654] T 4a60a355baa840ff8f2f64fdbb82e1d7 P 45201d94ca504706a160969ddbe493d4: Neither blocks nor log segments found. Creating new log.
I20260608 13:04:40.132400 12401 raft_consensus.cc:515] T 4778238b3b4a4fda8685c75f80cd1ca2 P b1eeed1c4f854713a7efeeaad322e21a [term 0 FOLLOWER]: Starting pre-election with config: opid_index: -1 OBSOLETE_local: false peers { permanent_uuid: "4b5ae25381f2426ba526ddbe332d9794" member_type: VOTER last_known_addr { host: "127.8.249.132" port: 43721 } } peers { permanent_uuid: "b1eeed1c4f854713a7efeeaad322e21a" member_type: VOTER last_known_addr { host: "127.8.249.131" port: 36259 } } peers { permanent_uuid: "6ad0c7707b11434a84d2ca7f2f3c38a3" member_type: VOTER last_known_addr { host: "127.8.249.129" port: 36321 } }
I20260608 13:04:40.133900 12509 tablet_bootstrap.cc:492] T d1dab34110b44d67b1a0fe9af00303b4 P b1eeed1c4f854713a7efeeaad322e21a: No bootstrap required, opened a new log
I20260608 13:04:40.137775 12513 tablet_bootstrap.cc:654] T 4778238b3b4a4fda8685c75f80cd1ca2 P 4b5ae25381f2426ba526ddbe332d9794: Neither blocks nor log segments found. Creating new log.
I20260608 13:04:40.144975 12509 ts_tablet_manager.cc:1403] T d1dab34110b44d67b1a0fe9af00303b4 P b1eeed1c4f854713a7efeeaad322e21a: Time spent bootstrapping tablet: real 0.057s	user 0.011s	sys 0.007s
I20260608 13:04:40.149561 12401 leader_election.cc:290] T 4778238b3b4a4fda8685c75f80cd1ca2 P b1eeed1c4f854713a7efeeaad322e21a [CANDIDATE]: Term 1 pre-election: Requested pre-vote from peers 4b5ae25381f2426ba526ddbe332d9794 (127.8.249.132:43721), 6ad0c7707b11434a84d2ca7f2f3c38a3 (127.8.249.129:36321)
I20260608 13:04:40.150029 12507 tablet_bootstrap.cc:492] T 4778238b3b4a4fda8685c75f80cd1ca2 P 6ad0c7707b11434a84d2ca7f2f3c38a3: No bootstrap required, opened a new log
I20260608 13:04:40.151950 12160 tablet_service.cc:1917] Received RequestConsensusVote() RPC: tablet_id: "4778238b3b4a4fda8685c75f80cd1ca2" candidate_uuid: "b1eeed1c4f854713a7efeeaad322e21a" candidate_term: 1 candidate_status { last_received { term: 0 index: 0 } } ignore_live_leader: false dest_uuid: "6ad0c7707b11434a84d2ca7f2f3c38a3" is_pre_election: true
W20260608 13:04:40.162000 12277 leader_election.cc:343] T 4778238b3b4a4fda8685c75f80cd1ca2 P b1eeed1c4f854713a7efeeaad322e21a [CANDIDATE]: Term 1 pre-election: Tablet error from VoteRequest() call to peer 6ad0c7707b11434a84d2ca7f2f3c38a3 (127.8.249.129:36321): Illegal state: must be running to vote when last-logged opid is not known
I20260608 13:04:40.153988 12507 ts_tablet_manager.cc:1403] T 4778238b3b4a4fda8685c75f80cd1ca2 P 6ad0c7707b11434a84d2ca7f2f3c38a3: Time spent bootstrapping tablet: real 0.060s	user 0.018s	sys 0.000s
I20260608 13:04:40.163149 12509 raft_consensus.cc:359] T d1dab34110b44d67b1a0fe9af00303b4 P b1eeed1c4f854713a7efeeaad322e21a [term 0 FOLLOWER]: Replica starting. Triggering 0 pending ops. Active config: opid_index: -1 OBSOLETE_local: false peers { permanent_uuid: "b1eeed1c4f854713a7efeeaad322e21a" member_type: VOTER last_known_addr { host: "127.8.249.131" port: 36259 } } peers { permanent_uuid: "4b5ae25381f2426ba526ddbe332d9794" member_type: VOTER last_known_addr { host: "127.8.249.132" port: 43721 } } peers { permanent_uuid: "6ad0c7707b11434a84d2ca7f2f3c38a3" member_type: VOTER last_known_addr { host: "127.8.249.129" port: 36321 } }
I20260608 13:04:40.170836 12509 raft_consensus.cc:385] T d1dab34110b44d67b1a0fe9af00303b4 P b1eeed1c4f854713a7efeeaad322e21a [term 0 FOLLOWER]: Consensus starting up: Expiring failure detector timer to make a prompt election more likely
I20260608 13:04:40.172211 12509 raft_consensus.cc:740] T d1dab34110b44d67b1a0fe9af00303b4 P b1eeed1c4f854713a7efeeaad322e21a [term 0 FOLLOWER]: Becoming Follower/Learner. State: Replica: b1eeed1c4f854713a7efeeaad322e21a, State: Initialized, Role: FOLLOWER
I20260608 13:04:40.173081 12507 raft_consensus.cc:359] T 4778238b3b4a4fda8685c75f80cd1ca2 P 6ad0c7707b11434a84d2ca7f2f3c38a3 [term 0 FOLLOWER]: Replica starting. Triggering 0 pending ops. Active config: opid_index: -1 OBSOLETE_local: false peers { permanent_uuid: "4b5ae25381f2426ba526ddbe332d9794" member_type: VOTER last_known_addr { host: "127.8.249.132" port: 43721 } } peers { permanent_uuid: "b1eeed1c4f854713a7efeeaad322e21a" member_type: VOTER last_known_addr { host: "127.8.249.131" port: 36259 } } peers { permanent_uuid: "6ad0c7707b11434a84d2ca7f2f3c38a3" member_type: VOTER last_known_addr { host: "127.8.249.129" port: 36321 } }
I20260608 13:04:40.173852 12507 raft_consensus.cc:385] T 4778238b3b4a4fda8685c75f80cd1ca2 P 6ad0c7707b11434a84d2ca7f2f3c38a3 [term 0 FOLLOWER]: Consensus starting up: Expiring failure detector timer to make a prompt election more likely
I20260608 13:04:40.174161 12507 raft_consensus.cc:740] T 4778238b3b4a4fda8685c75f80cd1ca2 P 6ad0c7707b11434a84d2ca7f2f3c38a3 [term 0 FOLLOWER]: Becoming Follower/Learner. State: Replica: 6ad0c7707b11434a84d2ca7f2f3c38a3, State: Initialized, Role: FOLLOWER
I20260608 13:04:40.174415 12060 catalog_manager.cc:6241] T 00000000000000000000000000000000 P 0e7e06beda3e4418b9e156c56cfd31e3: range_aware_rebalance_new_range [id=922e1de680b94b8ab0c43b57d596ff53] alter complete (version 0)
I20260608 13:04:40.175271 12513 tablet_bootstrap.cc:492] T 4778238b3b4a4fda8685c75f80cd1ca2 P 4b5ae25381f2426ba526ddbe332d9794: No bootstrap required, opened a new log
I20260608 13:04:40.175835 12513 ts_tablet_manager.cc:1403] T 4778238b3b4a4fda8685c75f80cd1ca2 P 4b5ae25381f2426ba526ddbe332d9794: Time spent bootstrapping tablet: real 0.046s	user 0.013s	sys 0.025s
I20260608 13:04:40.174793 12509 consensus_queue.cc:260] T d1dab34110b44d67b1a0fe9af00303b4 P b1eeed1c4f854713a7efeeaad322e21a [NON_LEADER]: Queue going to NON_LEADER mode. State: All replicated index: 0, Majority replicated index: 0, Committed index: 0, Last appended: 0.0, Last appended by leader: 0, Current term: 0, Majority size: -1, State: 0, Mode: NON_LEADER, active raft config: opid_index: -1 OBSOLETE_local: false peers { permanent_uuid: "b1eeed1c4f854713a7efeeaad322e21a" member_type: VOTER last_known_addr { host: "127.8.249.131" port: 36259 } } peers { permanent_uuid: "4b5ae25381f2426ba526ddbe332d9794" member_type: VOTER last_known_addr { host: "127.8.249.132" port: 43721 } } peers { permanent_uuid: "6ad0c7707b11434a84d2ca7f2f3c38a3" member_type: VOTER last_known_addr { host: "127.8.249.129" port: 36321 } }
I20260608 13:04:40.178828 12509 ts_tablet_manager.cc:1434] T d1dab34110b44d67b1a0fe9af00303b4 P b1eeed1c4f854713a7efeeaad322e21a: Time spent starting tablet: real 0.033s	user 0.008s	sys 0.000s
I20260608 13:04:40.179252 12513 raft_consensus.cc:359] T 4778238b3b4a4fda8685c75f80cd1ca2 P 4b5ae25381f2426ba526ddbe332d9794 [term 0 FOLLOWER]: Replica starting. Triggering 0 pending ops. Active config: opid_index: -1 OBSOLETE_local: false peers { permanent_uuid: "4b5ae25381f2426ba526ddbe332d9794" member_type: VOTER last_known_addr { host: "127.8.249.132" port: 43721 } } peers { permanent_uuid: "b1eeed1c4f854713a7efeeaad322e21a" member_type: VOTER last_known_addr { host: "127.8.249.131" port: 36259 } } peers { permanent_uuid: "6ad0c7707b11434a84d2ca7f2f3c38a3" member_type: VOTER last_known_addr { host: "127.8.249.129" port: 36321 } }
I20260608 13:04:40.179955 12509 tablet_bootstrap.cc:492] T 892dcdd010534ca09ee614ff73056e01 P b1eeed1c4f854713a7efeeaad322e21a: Bootstrap starting.
I20260608 13:04:40.180089 12513 raft_consensus.cc:385] T 4778238b3b4a4fda8685c75f80cd1ca2 P 4b5ae25381f2426ba526ddbe332d9794 [term 0 FOLLOWER]: Consensus starting up: Expiring failure detector timer to make a prompt election more likely
I20260608 13:04:40.180480 12513 raft_consensus.cc:740] T 4778238b3b4a4fda8685c75f80cd1ca2 P 4b5ae25381f2426ba526ddbe332d9794 [term 0 FOLLOWER]: Becoming Follower/Learner. State: Replica: 4b5ae25381f2426ba526ddbe332d9794, State: Initialized, Role: FOLLOWER
I20260608 13:04:40.183341 12513 consensus_queue.cc:260] T 4778238b3b4a4fda8685c75f80cd1ca2 P 4b5ae25381f2426ba526ddbe332d9794 [NON_LEADER]: Queue going to NON_LEADER mode. State: All replicated index: 0, Majority replicated index: 0, Committed index: 0, Last appended: 0.0, Last appended by leader: 0, Current term: 0, Majority size: -1, State: 0, Mode: NON_LEADER, active raft config: opid_index: -1 OBSOLETE_local: false peers { permanent_uuid: "4b5ae25381f2426ba526ddbe332d9794" member_type: VOTER last_known_addr { host: "127.8.249.132" port: 43721 } } peers { permanent_uuid: "b1eeed1c4f854713a7efeeaad322e21a" member_type: VOTER last_known_addr { host: "127.8.249.131" port: 36259 } } peers { permanent_uuid: "6ad0c7707b11434a84d2ca7f2f3c38a3" member_type: VOTER last_known_addr { host: "127.8.249.129" port: 36321 } }
I20260608 13:04:40.188141 12513 ts_tablet_manager.cc:1434] T 4778238b3b4a4fda8685c75f80cd1ca2 P 4b5ae25381f2426ba526ddbe332d9794: Time spent starting tablet: real 0.012s	user 0.007s	sys 0.001s
I20260608 13:04:40.189921 12513 tablet_bootstrap.cc:492] T 892dcdd010534ca09ee614ff73056e01 P 4b5ae25381f2426ba526ddbe332d9794: Bootstrap starting.
I20260608 13:04:40.190613 12360 tablet_bootstrap.cc:492] T 4a60a355baa840ff8f2f64fdbb82e1d7 P 45201d94ca504706a160969ddbe493d4: No bootstrap required, opened a new log
I20260608 13:04:40.191141 12360 ts_tablet_manager.cc:1403] T 4a60a355baa840ff8f2f64fdbb82e1d7 P 45201d94ca504706a160969ddbe493d4: Time spent bootstrapping tablet: real 0.068s	user 0.023s	sys 0.022s
I20260608 13:04:40.191998 12527 raft_consensus.cc:493] T d1dab34110b44d67b1a0fe9af00303b4 P 4b5ae25381f2426ba526ddbe332d9794 [term 0 FOLLOWER]: Starting pre-election (no leader contacted us within the election timeout)
I20260608 13:04:40.196673 12360 raft_consensus.cc:359] T 4a60a355baa840ff8f2f64fdbb82e1d7 P 45201d94ca504706a160969ddbe493d4 [term 0 FOLLOWER]: Replica starting. Triggering 0 pending ops. Active config: opid_index: -1 OBSOLETE_local: false peers { permanent_uuid: "4b5ae25381f2426ba526ddbe332d9794" member_type: VOTER last_known_addr { host: "127.8.249.132" port: 43721 } } peers { permanent_uuid: "6ad0c7707b11434a84d2ca7f2f3c38a3" member_type: VOTER last_known_addr { host: "127.8.249.129" port: 36321 } } peers { permanent_uuid: "45201d94ca504706a160969ddbe493d4" member_type: VOTER last_known_addr { host: "127.8.249.130" port: 39953 } }
I20260608 13:04:40.192572 12527 raft_consensus.cc:515] T d1dab34110b44d67b1a0fe9af00303b4 P 4b5ae25381f2426ba526ddbe332d9794 [term 0 FOLLOWER]: Starting pre-election with config: opid_index: -1 OBSOLETE_local: false peers { permanent_uuid: "b1eeed1c4f854713a7efeeaad322e21a" member_type: VOTER last_known_addr { host: "127.8.249.131" port: 36259 } } peers { permanent_uuid: "4b5ae25381f2426ba526ddbe332d9794" member_type: VOTER last_known_addr { host: "127.8.249.132" port: 43721 } } peers { permanent_uuid: "6ad0c7707b11434a84d2ca7f2f3c38a3" member_type: VOTER last_known_addr { host: "127.8.249.129" port: 36321 } }
I20260608 13:04:40.197773 12360 raft_consensus.cc:385] T 4a60a355baa840ff8f2f64fdbb82e1d7 P 45201d94ca504706a160969ddbe493d4 [term 0 FOLLOWER]: Consensus starting up: Expiring failure detector timer to make a prompt election more likely
I20260608 13:04:40.198154 12360 raft_consensus.cc:740] T 4a60a355baa840ff8f2f64fdbb82e1d7 P 45201d94ca504706a160969ddbe493d4 [term 0 FOLLOWER]: Becoming Follower/Learner. State: Replica: 45201d94ca504706a160969ddbe493d4, State: Initialized, Role: FOLLOWER
I20260608 13:04:40.199095 12360 consensus_queue.cc:260] T 4a60a355baa840ff8f2f64fdbb82e1d7 P 45201d94ca504706a160969ddbe493d4 [NON_LEADER]: Queue going to NON_LEADER mode. State: All replicated index: 0, Majority replicated index: 0, Committed index: 0, Last appended: 0.0, Last appended by leader: 0, Current term: 0, Majority size: -1, State: 0, Mode: NON_LEADER, active raft config: opid_index: -1 OBSOLETE_local: false peers { permanent_uuid: "4b5ae25381f2426ba526ddbe332d9794" member_type: VOTER last_known_addr { host: "127.8.249.132" port: 43721 } } peers { permanent_uuid: "6ad0c7707b11434a84d2ca7f2f3c38a3" member_type: VOTER last_known_addr { host: "127.8.249.129" port: 36321 } } peers { permanent_uuid: "45201d94ca504706a160969ddbe493d4" member_type: VOTER last_known_addr { host: "127.8.249.130" port: 39953 } }
I20260608 13:04:40.202517 12527 leader_election.cc:290] T d1dab34110b44d67b1a0fe9af00303b4 P 4b5ae25381f2426ba526ddbe332d9794 [CANDIDATE]: Term 1 pre-election: Requested pre-vote from peers b1eeed1c4f854713a7efeeaad322e21a (127.8.249.131:36259), 6ad0c7707b11434a84d2ca7f2f3c38a3 (127.8.249.129:36321)
I20260608 13:04:40.187844 12507 consensus_queue.cc:260] T 4778238b3b4a4fda8685c75f80cd1ca2 P 6ad0c7707b11434a84d2ca7f2f3c38a3 [NON_LEADER]: Queue going to NON_LEADER mode. State: All replicated index: 0, Majority replicated index: 0, Committed index: 0, Last appended: 0.0, Last appended by leader: 0, Current term: 0, Majority size: -1, State: 0, Mode: NON_LEADER, active raft config: opid_index: -1 OBSOLETE_local: false peers { permanent_uuid: "4b5ae25381f2426ba526ddbe332d9794" member_type: VOTER last_known_addr { host: "127.8.249.132" port: 43721 } } peers { permanent_uuid: "b1eeed1c4f854713a7efeeaad322e21a" member_type: VOTER last_known_addr { host: "127.8.249.131" port: 36259 } } peers { permanent_uuid: "6ad0c7707b11434a84d2ca7f2f3c38a3" member_type: VOTER last_known_addr { host: "127.8.249.129" port: 36321 } }
I20260608 13:04:40.211057 12360 ts_tablet_manager.cc:1434] T 4a60a355baa840ff8f2f64fdbb82e1d7 P 45201d94ca504706a160969ddbe493d4: Time spent starting tablet: real 0.020s	user 0.007s	sys 0.000s
I20260608 13:04:40.215698 12061 catalog_manager.cc:5696] T 24633e54340f4bd693b69eadc4880dff P 45201d94ca504706a160969ddbe493d4 reported cstate change: term changed from 0 to 1, leader changed from <none> to 45201d94ca504706a160969ddbe493d4 (127.8.249.130). New cstate: current_term: 1 leader_uuid: "45201d94ca504706a160969ddbe493d4" committed_config { opid_index: -1 OBSOLETE_local: false peers { permanent_uuid: "4b5ae25381f2426ba526ddbe332d9794" member_type: VOTER last_known_addr { host: "127.8.249.132" port: 43721 } health_report { overall_health: UNKNOWN } } peers { permanent_uuid: "45201d94ca504706a160969ddbe493d4" member_type: VOTER last_known_addr { host: "127.8.249.130" port: 39953 } health_report { overall_health: HEALTHY } } peers { permanent_uuid: "6ad0c7707b11434a84d2ca7f2f3c38a3" member_type: VOTER last_known_addr { host: "127.8.249.129" port: 36321 } health_report { overall_health: UNKNOWN } } }
I20260608 13:04:40.220809 12385 raft_consensus.cc:493] T 60a52fbef05643a198886a394e870d56 P 6ad0c7707b11434a84d2ca7f2f3c38a3 [term 0 FOLLOWER]: Starting pre-election (no leader contacted us within the election timeout)
I20260608 13:04:40.221410 12385 raft_consensus.cc:515] T 60a52fbef05643a198886a394e870d56 P 6ad0c7707b11434a84d2ca7f2f3c38a3 [term 0 FOLLOWER]: Starting pre-election with config: opid_index: -1 OBSOLETE_local: false peers { permanent_uuid: "4b5ae25381f2426ba526ddbe332d9794" member_type: VOTER last_known_addr { host: "127.8.249.132" port: 43721 } } peers { permanent_uuid: "6ad0c7707b11434a84d2ca7f2f3c38a3" member_type: VOTER last_known_addr { host: "127.8.249.129" port: 36321 } } peers { permanent_uuid: "45201d94ca504706a160969ddbe493d4" member_type: VOTER last_known_addr { host: "127.8.249.130" port: 39953 } }
I20260608 13:04:40.230799 12509 tablet_bootstrap.cc:654] T 892dcdd010534ca09ee614ff73056e01 P b1eeed1c4f854713a7efeeaad322e21a: Neither blocks nor log segments found. Creating new log.
I20260608 13:04:40.231125 12507 ts_tablet_manager.cc:1434] T 4778238b3b4a4fda8685c75f80cd1ca2 P 6ad0c7707b11434a84d2ca7f2f3c38a3: Time spent starting tablet: real 0.068s	user 0.006s	sys 0.004s
I20260608 13:04:40.237366 12385 leader_election.cc:290] T 60a52fbef05643a198886a394e870d56 P 6ad0c7707b11434a84d2ca7f2f3c38a3 [CANDIDATE]: Term 1 pre-election: Requested pre-vote from peers 4b5ae25381f2426ba526ddbe332d9794 (127.8.249.132:43721), 45201d94ca504706a160969ddbe493d4 (127.8.249.130:39953)
I20260608 13:04:40.240375 12236 tablet_service.cc:1917] Received RequestConsensusVote() RPC: tablet_id: "60a52fbef05643a198886a394e870d56" candidate_uuid: "6ad0c7707b11434a84d2ca7f2f3c38a3" candidate_term: 1 candidate_status { last_received { term: 0 index: 0 } } ignore_live_leader: false dest_uuid: "45201d94ca504706a160969ddbe493d4" is_pre_election: true
I20260608 13:04:40.241554 12236 raft_consensus.cc:2468] T 60a52fbef05643a198886a394e870d56 P 45201d94ca504706a160969ddbe493d4 [term 0 FOLLOWER]: Leader pre-election vote request: Granting yes vote for candidate 6ad0c7707b11434a84d2ca7f2f3c38a3 in term 0.
I20260608 13:04:40.243158 12128 leader_election.cc:304] T 60a52fbef05643a198886a394e870d56 P 6ad0c7707b11434a84d2ca7f2f3c38a3 [CANDIDATE]: Term 1 pre-election: Election decided. Result: candidate won. Election summary: received 2 responses out of 3 voters: 2 yes votes; 0 no votes. yes voters: 45201d94ca504706a160969ddbe493d4, 6ad0c7707b11434a84d2ca7f2f3c38a3; no voters: 
I20260608 13:04:40.243814 12507 tablet_bootstrap.cc:492] T 24633e54340f4bd693b69eadc4880dff P 6ad0c7707b11434a84d2ca7f2f3c38a3: Bootstrap starting.
I20260608 13:04:40.244143 12385 raft_consensus.cc:2804] T 60a52fbef05643a198886a394e870d56 P 6ad0c7707b11434a84d2ca7f2f3c38a3 [term 0 FOLLOWER]: Leader pre-election won for term 1
I20260608 13:04:40.248507 12385 raft_consensus.cc:493] T 60a52fbef05643a198886a394e870d56 P 6ad0c7707b11434a84d2ca7f2f3c38a3 [term 0 FOLLOWER]: Starting leader election (no leader contacted us within the election timeout)
I20260608 13:04:40.248958 12385 raft_consensus.cc:3060] T 60a52fbef05643a198886a394e870d56 P 6ad0c7707b11434a84d2ca7f2f3c38a3 [term 0 FOLLOWER]: Advancing to term 1
I20260608 13:04:40.254262 12513 tablet_bootstrap.cc:654] T 892dcdd010534ca09ee614ff73056e01 P 4b5ae25381f2426ba526ddbe332d9794: Neither blocks nor log segments found. Creating new log.
I20260608 13:04:40.261875 12507 tablet_bootstrap.cc:654] T 24633e54340f4bd693b69eadc4880dff P 6ad0c7707b11434a84d2ca7f2f3c38a3: Neither blocks nor log segments found. Creating new log.
I20260608 13:04:40.275461 12509 tablet_bootstrap.cc:492] T 892dcdd010534ca09ee614ff73056e01 P b1eeed1c4f854713a7efeeaad322e21a: No bootstrap required, opened a new log
I20260608 13:04:40.277453 12513 tablet_bootstrap.cc:492] T 892dcdd010534ca09ee614ff73056e01 P 4b5ae25381f2426ba526ddbe332d9794: No bootstrap required, opened a new log
I20260608 13:04:40.277789 12509 ts_tablet_manager.cc:1403] T 892dcdd010534ca09ee614ff73056e01 P b1eeed1c4f854713a7efeeaad322e21a: Time spent bootstrapping tablet: real 0.098s	user 0.014s	sys 0.015s
I20260608 13:04:40.278054 12513 ts_tablet_manager.cc:1403] T 892dcdd010534ca09ee614ff73056e01 P 4b5ae25381f2426ba526ddbe332d9794: Time spent bootstrapping tablet: real 0.088s	user 0.020s	sys 0.009s
I20260608 13:04:40.312264 12386 raft_consensus.cc:493] T 4778238b3b4a4fda8685c75f80cd1ca2 P 6ad0c7707b11434a84d2ca7f2f3c38a3 [term 0 FOLLOWER]: Starting pre-election (no leader contacted us within the election timeout)
I20260608 13:04:40.314036 12386 raft_consensus.cc:515] T 4778238b3b4a4fda8685c75f80cd1ca2 P 6ad0c7707b11434a84d2ca7f2f3c38a3 [term 0 FOLLOWER]: Starting pre-election with config: opid_index: -1 OBSOLETE_local: false peers { permanent_uuid: "4b5ae25381f2426ba526ddbe332d9794" member_type: VOTER last_known_addr { host: "127.8.249.132" port: 43721 } } peers { permanent_uuid: "b1eeed1c4f854713a7efeeaad322e21a" member_type: VOTER last_known_addr { host: "127.8.249.131" port: 36259 } } peers { permanent_uuid: "6ad0c7707b11434a84d2ca7f2f3c38a3" member_type: VOTER last_known_addr { host: "127.8.249.129" port: 36321 } }
I20260608 13:04:40.318261 12386 leader_election.cc:290] T 4778238b3b4a4fda8685c75f80cd1ca2 P 6ad0c7707b11434a84d2ca7f2f3c38a3 [CANDIDATE]: Term 1 pre-election: Requested pre-vote from peers 4b5ae25381f2426ba526ddbe332d9794 (127.8.249.132:43721), b1eeed1c4f854713a7efeeaad322e21a (127.8.249.131:36259)
I20260608 13:04:40.333664 12383 raft_consensus.cc:493] T d1dab34110b44d67b1a0fe9af00303b4 P b1eeed1c4f854713a7efeeaad322e21a [term 0 FOLLOWER]: Starting pre-election (no leader contacted us within the election timeout)
I20260608 13:04:40.334693 12383 raft_consensus.cc:515] T d1dab34110b44d67b1a0fe9af00303b4 P b1eeed1c4f854713a7efeeaad322e21a [term 0 FOLLOWER]: Starting pre-election with config: opid_index: -1 OBSOLETE_local: false peers { permanent_uuid: "b1eeed1c4f854713a7efeeaad322e21a" member_type: VOTER last_known_addr { host: "127.8.249.131" port: 36259 } } peers { permanent_uuid: "4b5ae25381f2426ba526ddbe332d9794" member_type: VOTER last_known_addr { host: "127.8.249.132" port: 43721 } } peers { permanent_uuid: "6ad0c7707b11434a84d2ca7f2f3c38a3" member_type: VOTER last_known_addr { host: "127.8.249.129" port: 36321 } }
I20260608 13:04:40.335348 12313 tablet_service.cc:1917] Received RequestConsensusVote() RPC: tablet_id: "4778238b3b4a4fda8685c75f80cd1ca2" candidate_uuid: "6ad0c7707b11434a84d2ca7f2f3c38a3" candidate_term: 1 candidate_status { last_received { term: 0 index: 0 } } ignore_live_leader: false dest_uuid: "b1eeed1c4f854713a7efeeaad322e21a" is_pre_election: true
I20260608 13:04:40.336784 12313 raft_consensus.cc:2468] T 4778238b3b4a4fda8685c75f80cd1ca2 P b1eeed1c4f854713a7efeeaad322e21a [term 0 FOLLOWER]: Leader pre-election vote request: Granting yes vote for candidate 6ad0c7707b11434a84d2ca7f2f3c38a3 in term 0.
I20260608 13:04:40.338573 12383 leader_election.cc:290] T d1dab34110b44d67b1a0fe9af00303b4 P b1eeed1c4f854713a7efeeaad322e21a [CANDIDATE]: Term 1 pre-election: Requested pre-vote from peers 4b5ae25381f2426ba526ddbe332d9794 (127.8.249.132:43721), 6ad0c7707b11434a84d2ca7f2f3c38a3 (127.8.249.129:36321)
I20260608 13:04:40.339310 12383 raft_consensus.cc:493] T 28a065566f3c44658dacab816d6a42d0 P b1eeed1c4f854713a7efeeaad322e21a [term 0 FOLLOWER]: Starting pre-election (no leader contacted us within the election timeout)
I20260608 13:04:40.340389 12383 raft_consensus.cc:515] T 28a065566f3c44658dacab816d6a42d0 P b1eeed1c4f854713a7efeeaad322e21a [term 0 FOLLOWER]: Starting pre-election with config: opid_index: -1 OBSOLETE_local: false peers { permanent_uuid: "b1eeed1c4f854713a7efeeaad322e21a" member_type: VOTER last_known_addr { host: "127.8.249.131" port: 36259 } } peers { permanent_uuid: "4b5ae25381f2426ba526ddbe332d9794" member_type: VOTER last_known_addr { host: "127.8.249.132" port: 43721 } } peers { permanent_uuid: "45201d94ca504706a160969ddbe493d4" member_type: VOTER last_known_addr { host: "127.8.249.130" port: 39953 } }
I20260608 13:04:40.342455 12461 tablet_service.cc:1917] Received RequestConsensusVote() RPC: tablet_id: "d1dab34110b44d67b1a0fe9af00303b4" candidate_uuid: "b1eeed1c4f854713a7efeeaad322e21a" candidate_term: 1 candidate_status { last_received { term: 0 index: 0 } } ignore_live_leader: false dest_uuid: "4b5ae25381f2426ba526ddbe332d9794" is_pre_election: true
I20260608 13:04:40.343547 12461 raft_consensus.cc:2468] T d1dab34110b44d67b1a0fe9af00303b4 P 4b5ae25381f2426ba526ddbe332d9794 [term 0 FOLLOWER]: Leader pre-election vote request: Granting yes vote for candidate b1eeed1c4f854713a7efeeaad322e21a in term 0.
I20260608 13:04:40.343638 12128 leader_election.cc:304] T 4778238b3b4a4fda8685c75f80cd1ca2 P 6ad0c7707b11434a84d2ca7f2f3c38a3 [CANDIDATE]: Term 1 pre-election: Election decided. Result: candidate won. Election summary: received 2 responses out of 3 voters: 2 yes votes; 0 no votes. yes voters: 6ad0c7707b11434a84d2ca7f2f3c38a3, b1eeed1c4f854713a7efeeaad322e21a; no voters: 
I20260608 13:04:40.344990 12312 tablet_service.cc:1917] Received RequestConsensusVote() RPC: tablet_id: "d1dab34110b44d67b1a0fe9af00303b4" candidate_uuid: "4b5ae25381f2426ba526ddbe332d9794" candidate_term: 1 candidate_status { last_received { term: 0 index: 0 } } ignore_live_leader: false dest_uuid: "b1eeed1c4f854713a7efeeaad322e21a" is_pre_election: true
I20260608 13:04:40.346292 12276 leader_election.cc:304] T d1dab34110b44d67b1a0fe9af00303b4 P b1eeed1c4f854713a7efeeaad322e21a [CANDIDATE]: Term 1 pre-election: Election decided. Result: candidate won. Election summary: received 2 responses out of 3 voters: 2 yes votes; 0 no votes. yes voters: 4b5ae25381f2426ba526ddbe332d9794, b1eeed1c4f854713a7efeeaad322e21a; no voters: 
I20260608 13:04:40.345989 12312 raft_consensus.cc:2468] T d1dab34110b44d67b1a0fe9af00303b4 P b1eeed1c4f854713a7efeeaad322e21a [term 0 FOLLOWER]: Leader pre-election vote request: Granting yes vote for candidate 4b5ae25381f2426ba526ddbe332d9794 in term 0.
I20260608 13:04:40.350296 12401 raft_consensus.cc:2804] T d1dab34110b44d67b1a0fe9af00303b4 P b1eeed1c4f854713a7efeeaad322e21a [term 0 FOLLOWER]: Leader pre-election won for term 1
I20260608 13:04:40.350908 12461 tablet_service.cc:1917] Received RequestConsensusVote() RPC: tablet_id: "28a065566f3c44658dacab816d6a42d0" candidate_uuid: "b1eeed1c4f854713a7efeeaad322e21a" candidate_term: 1 candidate_status { last_received { term: 0 index: 0 } } ignore_live_leader: false dest_uuid: "4b5ae25381f2426ba526ddbe332d9794" is_pre_election: true
I20260608 13:04:40.351846 12426 leader_election.cc:304] T d1dab34110b44d67b1a0fe9af00303b4 P 4b5ae25381f2426ba526ddbe332d9794 [CANDIDATE]: Term 1 pre-election: Election decided. Result: candidate won. Election summary: received 2 responses out of 3 voters: 2 yes votes; 0 no votes. yes voters: 4b5ae25381f2426ba526ddbe332d9794, b1eeed1c4f854713a7efeeaad322e21a; no voters: 
I20260608 13:04:40.355305 12462 tablet_service.cc:1917] Received RequestConsensusVote() RPC: tablet_id: "4778238b3b4a4fda8685c75f80cd1ca2" candidate_uuid: "b1eeed1c4f854713a7efeeaad322e21a" candidate_term: 1 candidate_status { last_received { term: 0 index: 0 } } ignore_live_leader: false dest_uuid: "4b5ae25381f2426ba526ddbe332d9794" is_pre_election: true
I20260608 13:04:40.356383 12462 raft_consensus.cc:2468] T 4778238b3b4a4fda8685c75f80cd1ca2 P 4b5ae25381f2426ba526ddbe332d9794 [term 0 FOLLOWER]: Leader pre-election vote request: Granting yes vote for candidate b1eeed1c4f854713a7efeeaad322e21a in term 0.
I20260608 13:04:40.356951 12401 raft_consensus.cc:493] T d1dab34110b44d67b1a0fe9af00303b4 P b1eeed1c4f854713a7efeeaad322e21a [term 0 FOLLOWER]: Starting leader election (no leader contacted us within the election timeout)
I20260608 13:04:40.357587 12401 raft_consensus.cc:3060] T d1dab34110b44d67b1a0fe9af00303b4 P b1eeed1c4f854713a7efeeaad322e21a [term 0 FOLLOWER]: Advancing to term 1
I20260608 13:04:40.357942 12461 raft_consensus.cc:2468] T 28a065566f3c44658dacab816d6a42d0 P 4b5ae25381f2426ba526ddbe332d9794 [term 0 FOLLOWER]: Leader pre-election vote request: Granting yes vote for candidate b1eeed1c4f854713a7efeeaad322e21a in term 0.
I20260608 13:04:40.359611 12276 leader_election.cc:304] T 4778238b3b4a4fda8685c75f80cd1ca2 P b1eeed1c4f854713a7efeeaad322e21a [CANDIDATE]: Term 1 pre-election: Election decided. Result: candidate won. Election summary: received 3 responses out of 3 voters: 2 yes votes; 1 no votes. yes voters: 4b5ae25381f2426ba526ddbe332d9794, b1eeed1c4f854713a7efeeaad322e21a; no voters: 6ad0c7707b11434a84d2ca7f2f3c38a3
I20260608 13:04:40.361454 12364 raft_consensus.cc:2804] T 4778238b3b4a4fda8685c75f80cd1ca2 P b1eeed1c4f854713a7efeeaad322e21a [term 0 FOLLOWER]: Leader pre-election won for term 1
