I20260608 13:03:22.113307  8713 webserver.cc:533] Webserver started at http://127.8.130.126:44433/ using document root <none> and password file <none>
I20260608 13:03:22.113829  8713 fs_manager.cc:362] Metadata directory not provided
I20260608 13:03:22.114035  8713 fs_manager.cc:368] Using write-ahead log directory (fs_wal_dir) as metadata directory
I20260608 13:03:22.114317  8713 server_base.cc:909] This appears to be a new deployment of Kudu; creating new FS layout
I20260608 13:03:22.115386  8713 fs_manager.cc:1068] Generated new instance metadata in path /tmp/dist-test-taskfqg7SW/test-tmp/auto_rebalancer-test.0.AutoRebalancerTest.AutoRebalancingTurnOffAndOn.1780923797026767-8713-0/minicluster-data/master-0-root/instance:
uuid: "4f5974055ab24dbab2955146da6b0e00"
format_stamp: "Formatted at 2026-06-08 13:03:22 on dist-test-slave-dtrf"
I20260608 13:03:22.119879  8713 fs_manager.cc:696] Time spent creating directory manager: real 0.004s	user 0.004s	sys 0.002s
I20260608 13:03:22.123148  9262 log_block_manager.cc:4031] Time spent loading block containers with low live blocks: real 0.000s	user 0.000s	sys 0.000s
I20260608 13:03:22.123883  8713 fs_manager.cc:730] Time spent opening block manager: real 0.002s	user 0.003s	sys 0.000s
I20260608 13:03:22.124287  8713 fs_manager.cc:647] Opened local filesystem: /tmp/dist-test-taskfqg7SW/test-tmp/auto_rebalancer-test.0.AutoRebalancerTest.AutoRebalancingTurnOffAndOn.1780923797026767-8713-0/minicluster-data/master-0-root
uuid: "4f5974055ab24dbab2955146da6b0e00"
format_stamp: "Formatted at 2026-06-08 13:03:22 on dist-test-slave-dtrf"
I20260608 13:03:22.124567  8713 fs_report.cc:389] FS layout report
--------------------
wal directory: /tmp/dist-test-taskfqg7SW/test-tmp/auto_rebalancer-test.0.AutoRebalancerTest.AutoRebalancingTurnOffAndOn.1780923797026767-8713-0/minicluster-data/master-0-root
metadata directory: /tmp/dist-test-taskfqg7SW/test-tmp/auto_rebalancer-test.0.AutoRebalancerTest.AutoRebalancingTurnOffAndOn.1780923797026767-8713-0/minicluster-data/master-0-root
1 data directories: /tmp/dist-test-taskfqg7SW/test-tmp/auto_rebalancer-test.0.AutoRebalancerTest.AutoRebalancingTurnOffAndOn.1780923797026767-8713-0/minicluster-data/master-0-root/data
Total live blocks: 0
Total live bytes: 0
Total live bytes (after alignment): 0
Total number of LBM containers: 0 (0 full)
Did not check for missing blocks
Did not check for orphaned blocks
Total full LBM containers with extra space: 0 (0 repaired)
Total full LBM container extra space in bytes: 0 (0 repaired)
Total incomplete LBM containers: 0 (0 repaired)
Total LBM partial records: 0 (0 repaired)
Total corrupted LBM metadata records in RocksDB: 0 (0 repaired)
I20260608 13:03:22.151439  8713 rpc_server.cc:225] running with OpenSSL 1.1.1  11 Sep 2018
I20260608 13:03:22.152518  8713 kserver.cc:163] Server-wide thread pool size limit: 3276
I20260608 13:03:22.188234  8713 rpc_server.cc:307] RPC server started. Bound to: 127.8.130.126:46465
I20260608 13:03:22.188359  9313 acceptor_pool.cc:272] collecting diagnostics on the listening RPC socket 127.8.130.126:46465 every 8 connection(s)
I20260608 13:03:22.192257  9314 data_dirs.cc:400] Could only allocate 1 dirs of requested 3 for tablet 00000000000000000000000000000000. 1 dirs total, 0 dirs full, 0 dirs failed
I20260608 13:03:22.201563  9314 tablet_bootstrap.cc:492] T 00000000000000000000000000000000 P 4f5974055ab24dbab2955146da6b0e00: Bootstrap starting.
I20260608 13:03:22.205780  9314 tablet_bootstrap.cc:654] T 00000000000000000000000000000000 P 4f5974055ab24dbab2955146da6b0e00: Neither blocks nor log segments found. Creating new log.
I20260608 13:03:22.209945  9314 tablet_bootstrap.cc:492] T 00000000000000000000000000000000 P 4f5974055ab24dbab2955146da6b0e00: No bootstrap required, opened a new log
I20260608 13:03:22.211879  9314 raft_consensus.cc:359] T 00000000000000000000000000000000 P 4f5974055ab24dbab2955146da6b0e00 [term 0 FOLLOWER]: Replica starting. Triggering 0 pending ops. Active config: opid_index: -1 OBSOLETE_local: true peers { permanent_uuid: "4f5974055ab24dbab2955146da6b0e00" member_type: VOTER }
I20260608 13:03:22.212261  9314 raft_consensus.cc:385] T 00000000000000000000000000000000 P 4f5974055ab24dbab2955146da6b0e00 [term 0 FOLLOWER]: Consensus starting up: Expiring failure detector timer to make a prompt election more likely
I20260608 13:03:22.212452  9314 raft_consensus.cc:740] T 00000000000000000000000000000000 P 4f5974055ab24dbab2955146da6b0e00 [term 0 FOLLOWER]: Becoming Follower/Learner. State: Replica: 4f5974055ab24dbab2955146da6b0e00, State: Initialized, Role: FOLLOWER
I20260608 13:03:22.212962  9314 consensus_queue.cc:260] T 00000000000000000000000000000000 P 4f5974055ab24dbab2955146da6b0e00 [NON_LEADER]: Queue going to NON_LEADER mode. State: All replicated index: 0, Majority replicated index: 0, Committed index: 0, Last appended: 0.0, Last appended by leader: 0, Current term: 0, Majority size: -1, State: 0, Mode: NON_LEADER, active raft config: opid_index: -1 OBSOLETE_local: true peers { permanent_uuid: "4f5974055ab24dbab2955146da6b0e00" member_type: VOTER }
I20260608 13:03:22.213374  9314 raft_consensus.cc:399] T 00000000000000000000000000000000 P 4f5974055ab24dbab2955146da6b0e00 [term 0 FOLLOWER]: Only one voter in the Raft config. Triggering election immediately
I20260608 13:03:22.213568  9314 raft_consensus.cc:493] T 00000000000000000000000000000000 P 4f5974055ab24dbab2955146da6b0e00 [term 0 FOLLOWER]: Starting leader election (initial election of a single-replica configuration)
I20260608 13:03:22.213796  9314 raft_consensus.cc:3060] T 00000000000000000000000000000000 P 4f5974055ab24dbab2955146da6b0e00 [term 0 FOLLOWER]: Advancing to term 1
I20260608 13:03:22.217796  9314 raft_consensus.cc:515] T 00000000000000000000000000000000 P 4f5974055ab24dbab2955146da6b0e00 [term 1 FOLLOWER]: Starting leader election with config: opid_index: -1 OBSOLETE_local: true peers { permanent_uuid: "4f5974055ab24dbab2955146da6b0e00" member_type: VOTER }
I20260608 13:03:22.218274  9314 leader_election.cc:304] T 00000000000000000000000000000000 P 4f5974055ab24dbab2955146da6b0e00 [CANDIDATE]: Term 1 election: Election decided. Result: candidate won. Election summary: received 1 responses out of 1 voters: 1 yes votes; 0 no votes. yes voters: 4f5974055ab24dbab2955146da6b0e00; no voters: 
I20260608 13:03:22.219411  9314 leader_election.cc:290] T 00000000000000000000000000000000 P 4f5974055ab24dbab2955146da6b0e00 [CANDIDATE]: Term 1 election: Requested vote from peers 
I20260608 13:03:22.219806  9317 raft_consensus.cc:2804] T 00000000000000000000000000000000 P 4f5974055ab24dbab2955146da6b0e00 [term 1 FOLLOWER]: Leader election won for term 1
I20260608 13:03:22.221222  9317 raft_consensus.cc:697] T 00000000000000000000000000000000 P 4f5974055ab24dbab2955146da6b0e00 [term 1 LEADER]: Becoming Leader. State: Replica: 4f5974055ab24dbab2955146da6b0e00, State: Running, Role: LEADER
I20260608 13:03:22.221920  9317 consensus_queue.cc:237] T 00000000000000000000000000000000 P 4f5974055ab24dbab2955146da6b0e00 [LEADER]: Queue going to LEADER mode. State: All replicated index: 0, Majority replicated index: 0, Committed index: 0, Last appended: 0.0, Last appended by leader: 0, Current term: 1, Majority size: 1, State: 0, Mode: LEADER, active raft config: opid_index: -1 OBSOLETE_local: true peers { permanent_uuid: "4f5974055ab24dbab2955146da6b0e00" member_type: VOTER }
I20260608 13:03:22.222405  9314 sys_catalog.cc:565] T 00000000000000000000000000000000 P 4f5974055ab24dbab2955146da6b0e00 [sys.catalog]: configured and running, proceeding with master startup.
I20260608 13:03:22.224373  9319 sys_catalog.cc:455] T 00000000000000000000000000000000 P 4f5974055ab24dbab2955146da6b0e00 [sys.catalog]: SysCatalogTable state changed. Reason: New leader 4f5974055ab24dbab2955146da6b0e00. Latest consensus state: current_term: 1 leader_uuid: "4f5974055ab24dbab2955146da6b0e00" committed_config { opid_index: -1 OBSOLETE_local: true peers { permanent_uuid: "4f5974055ab24dbab2955146da6b0e00" member_type: VOTER } }
I20260608 13:03:22.224848  9319 sys_catalog.cc:458] T 00000000000000000000000000000000 P 4f5974055ab24dbab2955146da6b0e00 [sys.catalog]: This master's current role is: LEADER
I20260608 13:03:22.225546  9318 sys_catalog.cc:455] T 00000000000000000000000000000000 P 4f5974055ab24dbab2955146da6b0e00 [sys.catalog]: SysCatalogTable state changed. Reason: RaftConsensus started. Latest consensus state: current_term: 1 leader_uuid: "4f5974055ab24dbab2955146da6b0e00" committed_config { opid_index: -1 OBSOLETE_local: true peers { permanent_uuid: "4f5974055ab24dbab2955146da6b0e00" member_type: VOTER } }
I20260608 13:03:22.227368  9318 sys_catalog.cc:458] T 00000000000000000000000000000000 P 4f5974055ab24dbab2955146da6b0e00 [sys.catalog]: This master's current role is: LEADER
I20260608 13:03:22.230700  9322 catalog_manager.cc:1510] Loading table and tablet metadata into memory...
I20260608 13:03:22.239102  9322 catalog_manager.cc:1519] Initializing Kudu cluster ID...
I20260608 13:03:22.240222  8713 internal_mini_cluster.cc:184] Waiting to initialize catalog manager on master 0
I20260608 13:03:22.248152  9322 catalog_manager.cc:1382] Generated new cluster ID: 1523b6548bb04a9fae99a64968f830f9
I20260608 13:03:22.248468  9322 catalog_manager.cc:1530] Initializing Kudu internal certificate authority...
I20260608 13:03:22.290889  9322 catalog_manager.cc:1405] Generated new certificate authority record
I20260608 13:03:22.292629  9322 catalog_manager.cc:1539] Loading token signing keys...
I20260608 13:03:22.304297  9322 catalog_manager.cc:6069] T 00000000000000000000000000000000 P 4f5974055ab24dbab2955146da6b0e00: Generated new TSK 0
I20260608 13:03:22.304908  9322 catalog_manager.cc:1549] Initializing in-progress tserver states...
I20260608 13:03:22.371028  8713 file_cache.cc:492] Constructed file cache file cache with capacity 419430
W20260608 13:03:22.376632  9335 instance_detector.cc:116] could not retrieve AWS instance metadata: Network error: curl error: HTTP response code said error: The requested URL returned error: 404
W20260608 13:03:22.377952  9336 instance_detector.cc:116] could not retrieve Azure instance metadata: Network error: curl error: HTTP response code said error: The requested URL returned error: 404
W20260608 13:03:22.380229  9338 instance_detector.cc:116] could not retrieve OpenStack instance metadata: Network error: curl error: HTTP response code said error: The requested URL returned error: 404
I20260608 13:03:22.381146  8713 server_base.cc:1061] running on GCE node
I20260608 13:03:22.381875  8713 hybrid_clock.cc:584] initializing the hybrid clock with 'system_unsync' time source
W20260608 13:03:22.382062  8713 system_unsync_time.cc:38] NTP support is disabled. Clock error bounds will not be accurate. This configuration is not suitable for distributed clusters.
I20260608 13:03:22.382189  8713 hybrid_clock.cc:648] HybridClock initialized: now 1780923802382177 us; error 0 us; skew 500 ppm
I20260608 13:03:22.382700  8713 server_base.cc:861] Flag tcmalloc_max_total_thread_cache_bytes is not working since tcmalloc is not enabled.
I20260608 13:03:22.385210  8713 webserver.cc:533] Webserver started at http://127.8.130.65:45353/ using document root <none> and password file <none>
I20260608 13:03:22.385686  8713 fs_manager.cc:362] Metadata directory not provided
I20260608 13:03:22.385852  8713 fs_manager.cc:368] Using write-ahead log directory (fs_wal_dir) as metadata directory
I20260608 13:03:22.386065  8713 server_base.cc:909] This appears to be a new deployment of Kudu; creating new FS layout
I20260608 13:03:22.387074  8713 fs_manager.cc:1068] Generated new instance metadata in path /tmp/dist-test-taskfqg7SW/test-tmp/auto_rebalancer-test.0.AutoRebalancerTest.AutoRebalancingTurnOffAndOn.1780923797026767-8713-0/minicluster-data/ts-0-root/instance:
uuid: "b84883cf398e4deda45ae113a61fa20c"
format_stamp: "Formatted at 2026-06-08 13:03:22 on dist-test-slave-dtrf"
I20260608 13:03:22.391346  8713 fs_manager.cc:696] Time spent creating directory manager: real 0.004s	user 0.002s	sys 0.004s
I20260608 13:03:22.394563  9343 log_block_manager.cc:4031] Time spent loading block containers with low live blocks: real 0.000s	user 0.000s	sys 0.000s
I20260608 13:03:22.395298  8713 fs_manager.cc:730] Time spent opening block manager: real 0.002s	user 0.002s	sys 0.000s
I20260608 13:03:22.395587  8713 fs_manager.cc:647] Opened local filesystem: /tmp/dist-test-taskfqg7SW/test-tmp/auto_rebalancer-test.0.AutoRebalancerTest.AutoRebalancingTurnOffAndOn.1780923797026767-8713-0/minicluster-data/ts-0-root
uuid: "b84883cf398e4deda45ae113a61fa20c"
format_stamp: "Formatted at 2026-06-08 13:03:22 on dist-test-slave-dtrf"
I20260608 13:03:22.395876  8713 fs_report.cc:389] FS layout report
--------------------
wal directory: /tmp/dist-test-taskfqg7SW/test-tmp/auto_rebalancer-test.0.AutoRebalancerTest.AutoRebalancingTurnOffAndOn.1780923797026767-8713-0/minicluster-data/ts-0-root
metadata directory: /tmp/dist-test-taskfqg7SW/test-tmp/auto_rebalancer-test.0.AutoRebalancerTest.AutoRebalancingTurnOffAndOn.1780923797026767-8713-0/minicluster-data/ts-0-root
1 data directories: /tmp/dist-test-taskfqg7SW/test-tmp/auto_rebalancer-test.0.AutoRebalancerTest.AutoRebalancingTurnOffAndOn.1780923797026767-8713-0/minicluster-data/ts-0-root/data
Total live blocks: 0
Total live bytes: 0
Total live bytes (after alignment): 0
Total number of LBM containers: 0 (0 full)
Did not check for missing blocks
Did not check for orphaned blocks
Total full LBM containers with extra space: 0 (0 repaired)
Total full LBM container extra space in bytes: 0 (0 repaired)
Total incomplete LBM containers: 0 (0 repaired)
Total LBM partial records: 0 (0 repaired)
Total corrupted LBM metadata records in RocksDB: 0 (0 repaired)
I20260608 13:03:22.407904  8713 rpc_server.cc:225] running with OpenSSL 1.1.1  11 Sep 2018
I20260608 13:03:22.408869  8713 kserver.cc:163] Server-wide thread pool size limit: 3276
I20260608 13:03:22.410274  8713 txn_system_client.cc:432] TxnSystemClient initialization is disabled...
I20260608 13:03:22.412504  8713 ts_tablet_manager.cc:585] Loaded tablet metadata (0 total tablets, 0 live tablets)
I20260608 13:03:22.412731  8713 ts_tablet_manager.cc:531] Time spent load tablet metadata: real 0.000s	user 0.000s	sys 0.000s
I20260608 13:03:22.412976  8713 ts_tablet_manager.cc:616] Registered 0 tablets
I20260608 13:03:22.413160  8713 ts_tablet_manager.cc:595] Time spent register tablets: real 0.000s	user 0.000s	sys 0.000s
I20260608 13:03:22.450412  8713 rpc_server.cc:307] RPC server started. Bound to: 127.8.130.65:43261
I20260608 13:03:22.450525  9405 acceptor_pool.cc:272] collecting diagnostics on the listening RPC socket 127.8.130.65:43261 every 8 connection(s)
I20260608 13:03:22.455595  8713 file_cache.cc:492] Constructed file cache file cache with capacity 419430
W20260608 13:03:22.463215  9410 instance_detector.cc:116] could not retrieve AWS instance metadata: Network error: curl error: HTTP response code said error: The requested URL returned error: 404
W20260608 13:03:22.463487  9411 instance_detector.cc:116] could not retrieve Azure instance metadata: Network error: curl error: HTTP response code said error: The requested URL returned error: 404
I20260608 13:03:22.468050  8713 server_base.cc:1061] running on GCE node
W20260608 13:03:22.468251  9413 instance_detector.cc:116] could not retrieve OpenStack instance metadata: Network error: curl error: HTTP response code said error: The requested URL returned error: 404
I20260608 13:03:22.469130  9406 heartbeater.cc:344] Connected to a master server at 127.8.130.126:46465
I20260608 13:03:22.469419  8713 hybrid_clock.cc:584] initializing the hybrid clock with 'system_unsync' time source
I20260608 13:03:22.469483  9406 heartbeater.cc:461] Registering TS with master...
W20260608 13:03:22.469726  8713 system_unsync_time.cc:38] NTP support is disabled. Clock error bounds will not be accurate. This configuration is not suitable for distributed clusters.
I20260608 13:03:22.469929  8713 hybrid_clock.cc:648] HybridClock initialized: now 1780923802469913 us; error 0 us; skew 500 ppm
I20260608 13:03:22.470396  9406 heartbeater.cc:507] Master 127.8.130.126:46465 requested a full tablet report, sending...
I20260608 13:03:22.470553  8713 server_base.cc:861] Flag tcmalloc_max_total_thread_cache_bytes is not working since tcmalloc is not enabled.
I20260608 13:03:22.472690  9279 ts_manager.cc:194] Registered new tserver with Master: b84883cf398e4deda45ae113a61fa20c (127.8.130.65:43261)
I20260608 13:03:22.473330  8713 webserver.cc:533] Webserver started at http://127.8.130.66:39143/ using document root <none> and password file <none>
I20260608 13:03:22.473882  8713 fs_manager.cc:362] Metadata directory not provided
I20260608 13:03:22.474090  8713 fs_manager.cc:368] Using write-ahead log directory (fs_wal_dir) as metadata directory
I20260608 13:03:22.474357  8713 server_base.cc:909] This appears to be a new deployment of Kudu; creating new FS layout
I20260608 13:03:22.474706  9279 master_service.cc:502] Signed X509 certificate for tserver {username='slave'} at 127.0.0.1:54836
I20260608 13:03:22.475459  8713 fs_manager.cc:1068] Generated new instance metadata in path /tmp/dist-test-taskfqg7SW/test-tmp/auto_rebalancer-test.0.AutoRebalancerTest.AutoRebalancingTurnOffAndOn.1780923797026767-8713-0/minicluster-data/ts-1-root/instance:
uuid: "b0662725637a410780f4f2b98c08f7ee"
format_stamp: "Formatted at 2026-06-08 13:03:22 on dist-test-slave-dtrf"
I20260608 13:03:22.480063  8713 fs_manager.cc:696] Time spent creating directory manager: real 0.004s	user 0.003s	sys 0.000s
I20260608 13:03:22.483331  9418 log_block_manager.cc:4031] Time spent loading block containers with low live blocks: real 0.000s	user 0.000s	sys 0.000s
I20260608 13:03:22.484196  8713 fs_manager.cc:730] Time spent opening block manager: real 0.002s	user 0.000s	sys 0.003s
I20260608 13:03:22.484484  8713 fs_manager.cc:647] Opened local filesystem: /tmp/dist-test-taskfqg7SW/test-tmp/auto_rebalancer-test.0.AutoRebalancerTest.AutoRebalancingTurnOffAndOn.1780923797026767-8713-0/minicluster-data/ts-1-root
uuid: "b0662725637a410780f4f2b98c08f7ee"
format_stamp: "Formatted at 2026-06-08 13:03:22 on dist-test-slave-dtrf"
I20260608 13:03:22.484781  8713 fs_report.cc:389] FS layout report
--------------------
wal directory: /tmp/dist-test-taskfqg7SW/test-tmp/auto_rebalancer-test.0.AutoRebalancerTest.AutoRebalancingTurnOffAndOn.1780923797026767-8713-0/minicluster-data/ts-1-root
metadata directory: /tmp/dist-test-taskfqg7SW/test-tmp/auto_rebalancer-test.0.AutoRebalancerTest.AutoRebalancingTurnOffAndOn.1780923797026767-8713-0/minicluster-data/ts-1-root
1 data directories: /tmp/dist-test-taskfqg7SW/test-tmp/auto_rebalancer-test.0.AutoRebalancerTest.AutoRebalancingTurnOffAndOn.1780923797026767-8713-0/minicluster-data/ts-1-root/data
Total live blocks: 0
Total live bytes: 0
Total live bytes (after alignment): 0
Total number of LBM containers: 0 (0 full)
Did not check for missing blocks
Did not check for orphaned blocks
Total full LBM containers with extra space: 0 (0 repaired)
Total full LBM container extra space in bytes: 0 (0 repaired)
Total incomplete LBM containers: 0 (0 repaired)
Total LBM partial records: 0 (0 repaired)
Total corrupted LBM metadata records in RocksDB: 0 (0 repaired)
I20260608 13:03:22.509084  8713 rpc_server.cc:225] running with OpenSSL 1.1.1  11 Sep 2018
I20260608 13:03:22.510229  8713 kserver.cc:163] Server-wide thread pool size limit: 3276
I20260608 13:03:22.511631  8713 txn_system_client.cc:432] TxnSystemClient initialization is disabled...
I20260608 13:03:22.514075  8713 ts_tablet_manager.cc:585] Loaded tablet metadata (0 total tablets, 0 live tablets)
I20260608 13:03:22.514300  8713 ts_tablet_manager.cc:531] Time spent load tablet metadata: real 0.000s	user 0.000s	sys 0.000s
I20260608 13:03:22.514537  8713 ts_tablet_manager.cc:616] Registered 0 tablets
I20260608 13:03:22.514719  8713 ts_tablet_manager.cc:595] Time spent register tablets: real 0.000s	user 0.000s	sys 0.000s
I20260608 13:03:22.551358  8713 rpc_server.cc:307] RPC server started. Bound to: 127.8.130.66:33395
I20260608 13:03:22.551482  9480 acceptor_pool.cc:272] collecting diagnostics on the listening RPC socket 127.8.130.66:33395 every 8 connection(s)
I20260608 13:03:22.556355  8713 file_cache.cc:492] Constructed file cache file cache with capacity 419430
W20260608 13:03:22.562810  9484 instance_detector.cc:116] could not retrieve AWS instance metadata: Network error: curl error: HTTP response code said error: The requested URL returned error: 404
W20260608 13:03:22.563369  9485 instance_detector.cc:116] could not retrieve Azure instance metadata: Network error: curl error: HTTP response code said error: The requested URL returned error: 404
W20260608 13:03:22.567667  9488 instance_detector.cc:116] could not retrieve OpenStack instance metadata: Network error: curl error: HTTP response code said error: The requested URL returned error: 404
I20260608 13:03:22.568434  8713 server_base.cc:1061] running on GCE node
I20260608 13:03:22.569130  9481 heartbeater.cc:344] Connected to a master server at 127.8.130.126:46465
I20260608 13:03:22.569553  9481 heartbeater.cc:461] Registering TS with master...
I20260608 13:03:22.569525  8713 hybrid_clock.cc:584] initializing the hybrid clock with 'system_unsync' time source
W20260608 13:03:22.570021  8713 system_unsync_time.cc:38] NTP support is disabled. Clock error bounds will not be accurate. This configuration is not suitable for distributed clusters.
I20260608 13:03:22.570251  8713 hybrid_clock.cc:648] HybridClock initialized: now 1780923802570231 us; error 0 us; skew 500 ppm
I20260608 13:03:22.570608  9481 heartbeater.cc:507] Master 127.8.130.126:46465 requested a full tablet report, sending...
I20260608 13:03:22.571108  8713 server_base.cc:861] Flag tcmalloc_max_total_thread_cache_bytes is not working since tcmalloc is not enabled.
I20260608 13:03:22.572876  9279 ts_manager.cc:194] Registered new tserver with Master: b0662725637a410780f4f2b98c08f7ee (127.8.130.66:33395)
I20260608 13:03:22.573956  8713 webserver.cc:533] Webserver started at http://127.8.130.67:40683/ using document root <none> and password file <none>
I20260608 13:03:22.574378  9279 master_service.cc:502] Signed X509 certificate for tserver {username='slave'} at 127.0.0.1:54838
I20260608 13:03:22.574486  8713 fs_manager.cc:362] Metadata directory not provided
I20260608 13:03:22.574808  8713 fs_manager.cc:368] Using write-ahead log directory (fs_wal_dir) as metadata directory
I20260608 13:03:22.575093  8713 server_base.cc:909] This appears to be a new deployment of Kudu; creating new FS layout
I20260608 13:03:22.576421  8713 fs_manager.cc:1068] Generated new instance metadata in path /tmp/dist-test-taskfqg7SW/test-tmp/auto_rebalancer-test.0.AutoRebalancerTest.AutoRebalancingTurnOffAndOn.1780923797026767-8713-0/minicluster-data/ts-2-root/instance:
uuid: "60802660b7624ec4a765f2ba8d0db635"
format_stamp: "Formatted at 2026-06-08 13:03:22 on dist-test-slave-dtrf"
I20260608 13:03:22.580829  8713 fs_manager.cc:696] Time spent creating directory manager: real 0.004s	user 0.004s	sys 0.000s
I20260608 13:03:22.584029  9492 log_block_manager.cc:4031] Time spent loading block containers with low live blocks: real 0.000s	user 0.000s	sys 0.000s
I20260608 13:03:22.584784  8713 fs_manager.cc:730] Time spent opening block manager: real 0.002s	user 0.003s	sys 0.000s
I20260608 13:03:22.585027  8713 fs_manager.cc:647] Opened local filesystem: /tmp/dist-test-taskfqg7SW/test-tmp/auto_rebalancer-test.0.AutoRebalancerTest.AutoRebalancingTurnOffAndOn.1780923797026767-8713-0/minicluster-data/ts-2-root
uuid: "60802660b7624ec4a765f2ba8d0db635"
format_stamp: "Formatted at 2026-06-08 13:03:22 on dist-test-slave-dtrf"
I20260608 13:03:22.585310  8713 fs_report.cc:389] FS layout report
--------------------
wal directory: /tmp/dist-test-taskfqg7SW/test-tmp/auto_rebalancer-test.0.AutoRebalancerTest.AutoRebalancingTurnOffAndOn.1780923797026767-8713-0/minicluster-data/ts-2-root
metadata directory: /tmp/dist-test-taskfqg7SW/test-tmp/auto_rebalancer-test.0.AutoRebalancerTest.AutoRebalancingTurnOffAndOn.1780923797026767-8713-0/minicluster-data/ts-2-root
1 data directories: /tmp/dist-test-taskfqg7SW/test-tmp/auto_rebalancer-test.0.AutoRebalancerTest.AutoRebalancingTurnOffAndOn.1780923797026767-8713-0/minicluster-data/ts-2-root/data
Total live blocks: 0
Total live bytes: 0
Total live bytes (after alignment): 0
Total number of LBM containers: 0 (0 full)
Did not check for missing blocks
Did not check for orphaned blocks
Total full LBM containers with extra space: 0 (0 repaired)
Total full LBM container extra space in bytes: 0 (0 repaired)
Total incomplete LBM containers: 0 (0 repaired)
Total LBM partial records: 0 (0 repaired)
Total corrupted LBM metadata records in RocksDB: 0 (0 repaired)
I20260608 13:03:22.621018  8713 rpc_server.cc:225] running with OpenSSL 1.1.1  11 Sep 2018
I20260608 13:03:22.622057  8713 kserver.cc:163] Server-wide thread pool size limit: 3276
I20260608 13:03:22.623289  8713 txn_system_client.cc:432] TxnSystemClient initialization is disabled...
I20260608 13:03:22.625543  8713 ts_tablet_manager.cc:585] Loaded tablet metadata (0 total tablets, 0 live tablets)
I20260608 13:03:22.625775  8713 ts_tablet_manager.cc:531] Time spent load tablet metadata: real 0.000s	user 0.000s	sys 0.000s
I20260608 13:03:22.626029  8713 ts_tablet_manager.cc:616] Registered 0 tablets
I20260608 13:03:22.626238  8713 ts_tablet_manager.cc:595] Time spent register tablets: real 0.000s	user 0.000s	sys 0.000s
I20260608 13:03:22.664001  8713 rpc_server.cc:307] RPC server started. Bound to: 127.8.130.67:40787
I20260608 13:03:22.664136  9554 acceptor_pool.cc:272] collecting diagnostics on the listening RPC socket 127.8.130.67:40787 every 8 connection(s)
I20260608 13:03:22.678393  9555 heartbeater.cc:344] Connected to a master server at 127.8.130.126:46465
I20260608 13:03:22.678805  9555 heartbeater.cc:461] Registering TS with master...
I20260608 13:03:22.679569  9555 heartbeater.cc:507] Master 127.8.130.126:46465 requested a full tablet report, sending...
I20260608 13:03:22.681704  9279 ts_manager.cc:194] Registered new tserver with Master: 60802660b7624ec4a765f2ba8d0db635 (127.8.130.67:40787)
I20260608 13:03:22.682107  8713 internal_mini_cluster.cc:371] 3 TS(s) registered with all masters after 0.01420998s
I20260608 13:03:22.683267  9279 master_service.cc:502] Signed X509 certificate for tserver {username='slave'} at 127.0.0.1:54850
I20260608 13:03:23.477169  9406 heartbeater.cc:499] Master 127.8.130.126:46465 was elected leader, sending a full tablet report...
I20260608 13:03:23.577315  9481 heartbeater.cc:499] Master 127.8.130.126:46465 was elected leader, sending a full tablet report...
I20260608 13:03:23.686121  9555 heartbeater.cc:499] Master 127.8.130.126:46465 was elected leader, sending a full tablet report...
I20260608 13:03:23.741103  9279 catalog_manager.cc:2282] Servicing CreateTable request from {username='slave'} at 127.0.0.1:55710:
name: "test-workload"
schema {
  columns {
    name: "key"
    type: INT32
    is_key: true
    is_nullable: false
    encoding: AUTO_ENCODING
    compression: DEFAULT_COMPRESSION
    cfile_block_size: 0
    immutable: false
  }
  columns {
    name: "int_val"
    type: INT32
    is_key: false
    is_nullable: false
    encoding: AUTO_ENCODING
    compression: DEFAULT_COMPRESSION
    cfile_block_size: 0
    immutable: false
  }
  columns {
    name: "string_val"
    type: STRING
    is_key: false
    is_nullable: true
    encoding: AUTO_ENCODING
    compression: DEFAULT_COMPRESSION
    cfile_block_size: 0
    immutable: false
  }
}
num_replicas: 3
split_rows_range_bounds {
  rows: "\004\001\000\377\377\377\017\004\001\000\376\377\377\037\004\001\000\375\377\377/\004\001\000\374\377\377?\004\001\000\373\377\377O\004\001\000\372\377\377_\004\001\000\371\377\377o""\004\001\000\377\377\377\017\004\001\000\376\377\377\037\004\001\000\375\377\377/\004\001\000\374\377\377?\004\001\000\373\377\377O\004\001\000\372\377\377_\004\001\000\371\377\377o"
  indirect_data: """"
}
partition_schema {
  range_schema {
    columns {
      name: "key"
    }
  }
}
W20260608 13:03:23.744071  9279 catalog_manager.cc:7076] The number of live tablet servers is not enough to re-replicate a tablet replica of the newly created table test-workload in case of a server failure: 4 tablet servers would be needed, 3 are available. Consider bringing up more tablet servers.
I20260608 13:03:23.835407  9444 tablet_service.cc:1511] Processing CreateTablet for tablet bd84f64e97104e84a2958d6cc0768237 (DEFAULT_TABLE table=test-workload [id=07b44d876571450b9de1992bd1895d14]), partition=RANGE (key) PARTITION 536870910 <= VALUES < 805306365
I20260608 13:03:23.835767  9445 tablet_service.cc:1511] Processing CreateTablet for tablet 7c28282430e2403fb3b3ae7051b03644 (DEFAULT_TABLE table=test-workload [id=07b44d876571450b9de1992bd1895d14]), partition=RANGE (key) PARTITION 268435455 <= VALUES < 536870910
I20260608 13:03:23.836920  9444 data_dirs.cc:400] Could only allocate 1 dirs of requested 3 for tablet bd84f64e97104e84a2958d6cc0768237. 1 dirs total, 0 dirs full, 0 dirs failed
I20260608 13:03:23.838011  9371 tablet_service.cc:1511] Processing CreateTablet for tablet 433864c8be59476e95cffc929674d59f (DEFAULT_TABLE table=test-workload [id=07b44d876571450b9de1992bd1895d14]), partition=RANGE (key) PARTITION VALUES < 268435455
I20260608 13:03:23.839375  9371 data_dirs.cc:400] Could only allocate 1 dirs of requested 3 for tablet 433864c8be59476e95cffc929674d59f. 1 dirs total, 0 dirs full, 0 dirs failed
I20260608 13:03:23.840598  9366 tablet_service.cc:1511] Processing CreateTablet for tablet a51f1bb1f0f04f769c0c1914a05e8019 (DEFAULT_TABLE table=test-workload [id=07b44d876571450b9de1992bd1895d14]), partition=RANGE (key) PARTITION 1342177275 <= VALUES < 1610612730
I20260608 13:03:23.841784  9442 tablet_service.cc:1511] Processing CreateTablet for tablet d18af3a388de467cba1eed81c7062cc8 (DEFAULT_TABLE table=test-workload [id=07b44d876571450b9de1992bd1895d14]), partition=RANGE (key) PARTITION 1073741820 <= VALUES < 1342177275
I20260608 13:03:23.842449  9366 data_dirs.cc:400] Could only allocate 1 dirs of requested 3 for tablet a51f1bb1f0f04f769c0c1914a05e8019. 1 dirs total, 0 dirs full, 0 dirs failed
I20260608 13:03:23.843624  9442 data_dirs.cc:400] Could only allocate 1 dirs of requested 3 for tablet d18af3a388de467cba1eed81c7062cc8. 1 dirs total, 0 dirs full, 0 dirs failed
I20260608 13:03:23.844076  9443 tablet_service.cc:1511] Processing CreateTablet for tablet 7947f939921c4894859bb22002ea6a27 (DEFAULT_TABLE table=test-workload [id=07b44d876571450b9de1992bd1895d14]), partition=RANGE (key) PARTITION 805306365 <= VALUES < 1073741820
I20260608 13:03:23.845305  9367 tablet_service.cc:1511] Processing CreateTablet for tablet d18af3a388de467cba1eed81c7062cc8 (DEFAULT_TABLE table=test-workload [id=07b44d876571450b9de1992bd1895d14]), partition=RANGE (key) PARTITION 1073741820 <= VALUES < 1342177275
I20260608 13:03:23.846608  9443 data_dirs.cc:400] Could only allocate 1 dirs of requested 3 for tablet 7947f939921c4894859bb22002ea6a27. 1 dirs total, 0 dirs full, 0 dirs failed
I20260608 13:03:23.847162  9367 data_dirs.cc:400] Could only allocate 1 dirs of requested 3 for tablet d18af3a388de467cba1eed81c7062cc8. 1 dirs total, 0 dirs full, 0 dirs failed
I20260608 13:03:23.849511  9368 tablet_service.cc:1511] Processing CreateTablet for tablet 7947f939921c4894859bb22002ea6a27 (DEFAULT_TABLE table=test-workload [id=07b44d876571450b9de1992bd1895d14]), partition=RANGE (key) PARTITION 805306365 <= VALUES < 1073741820
I20260608 13:03:23.850859  9368 data_dirs.cc:400] Could only allocate 1 dirs of requested 3 for tablet 7947f939921c4894859bb22002ea6a27. 1 dirs total, 0 dirs full, 0 dirs failed
I20260608 13:03:23.852838  9441 tablet_service.cc:1511] Processing CreateTablet for tablet a51f1bb1f0f04f769c0c1914a05e8019 (DEFAULT_TABLE table=test-workload [id=07b44d876571450b9de1992bd1895d14]), partition=RANGE (key) PARTITION 1342177275 <= VALUES < 1610612730
I20260608 13:03:23.853294  9369 tablet_service.cc:1511] Processing CreateTablet for tablet bd84f64e97104e84a2958d6cc0768237 (DEFAULT_TABLE table=test-workload [id=07b44d876571450b9de1992bd1895d14]), partition=RANGE (key) PARTITION 536870910 <= VALUES < 805306365
I20260608 13:03:23.854242  9441 data_dirs.cc:400] Could only allocate 1 dirs of requested 3 for tablet a51f1bb1f0f04f769c0c1914a05e8019. 1 dirs total, 0 dirs full, 0 dirs failed
I20260608 13:03:23.854683  9369 data_dirs.cc:400] Could only allocate 1 dirs of requested 3 for tablet bd84f64e97104e84a2958d6cc0768237. 1 dirs total, 0 dirs full, 0 dirs failed
I20260608 13:03:23.857257  9370 tablet_service.cc:1511] Processing CreateTablet for tablet 7c28282430e2403fb3b3ae7051b03644 (DEFAULT_TABLE table=test-workload [id=07b44d876571450b9de1992bd1895d14]), partition=RANGE (key) PARTITION 268435455 <= VALUES < 536870910
I20260608 13:03:23.858670  9370 data_dirs.cc:400] Could only allocate 1 dirs of requested 3 for tablet 7c28282430e2403fb3b3ae7051b03644. 1 dirs total, 0 dirs full, 0 dirs failed
I20260608 13:03:23.858708  9440 tablet_service.cc:1511] Processing CreateTablet for tablet 9e80ed9d18d54d3ab1e68b91333d0699 (DEFAULT_TABLE table=test-workload [id=07b44d876571450b9de1992bd1895d14]), partition=RANGE (key) PARTITION 1610612730 <= VALUES < 1879048185
I20260608 13:03:23.860260  9440 data_dirs.cc:400] Could only allocate 1 dirs of requested 3 for tablet 9e80ed9d18d54d3ab1e68b91333d0699. 1 dirs total, 0 dirs full, 0 dirs failed
I20260608 13:03:23.864434  9446 tablet_service.cc:1511] Processing CreateTablet for tablet 433864c8be59476e95cffc929674d59f (DEFAULT_TABLE table=test-workload [id=07b44d876571450b9de1992bd1895d14]), partition=RANGE (key) PARTITION VALUES < 268435455
I20260608 13:03:23.864509  9439 tablet_service.cc:1511] Processing CreateTablet for tablet 7ac05426f14e468499363573f1b6d24f (DEFAULT_TABLE table=test-workload [id=07b44d876571450b9de1992bd1895d14]), partition=RANGE (key) PARTITION 1879048185 <= VALUES
I20260608 13:03:23.865875  9446 data_dirs.cc:400] Could only allocate 1 dirs of requested 3 for tablet 433864c8be59476e95cffc929674d59f. 1 dirs total, 0 dirs full, 0 dirs failed
I20260608 13:03:23.866973  9445 data_dirs.cc:400] Could only allocate 1 dirs of requested 3 for tablet 7c28282430e2403fb3b3ae7051b03644. 1 dirs total, 0 dirs full, 0 dirs failed
I20260608 13:03:23.867722  9439 data_dirs.cc:400] Could only allocate 1 dirs of requested 3 for tablet 7ac05426f14e468499363573f1b6d24f. 1 dirs total, 0 dirs full, 0 dirs failed
I20260608 13:03:23.869884  9365 tablet_service.cc:1511] Processing CreateTablet for tablet 9e80ed9d18d54d3ab1e68b91333d0699 (DEFAULT_TABLE table=test-workload [id=07b44d876571450b9de1992bd1895d14]), partition=RANGE (key) PARTITION 1610612730 <= VALUES < 1879048185
I20260608 13:03:23.871309  9365 data_dirs.cc:400] Could only allocate 1 dirs of requested 3 for tablet 9e80ed9d18d54d3ab1e68b91333d0699. 1 dirs total, 0 dirs full, 0 dirs failed
I20260608 13:03:23.876449  9364 tablet_service.cc:1511] Processing CreateTablet for tablet 7ac05426f14e468499363573f1b6d24f (DEFAULT_TABLE table=test-workload [id=07b44d876571450b9de1992bd1895d14]), partition=RANGE (key) PARTITION 1879048185 <= VALUES
I20260608 13:03:23.877867  9364 data_dirs.cc:400] Could only allocate 1 dirs of requested 3 for tablet 7ac05426f14e468499363573f1b6d24f. 1 dirs total, 0 dirs full, 0 dirs failed
I20260608 13:03:23.891412  9576 tablet_bootstrap.cc:492] T 7ac05426f14e468499363573f1b6d24f P b0662725637a410780f4f2b98c08f7ee: Bootstrap starting.
I20260608 13:03:23.901121  9520 tablet_service.cc:1511] Processing CreateTablet for tablet 433864c8be59476e95cffc929674d59f (DEFAULT_TABLE table=test-workload [id=07b44d876571450b9de1992bd1895d14]), partition=RANGE (key) PARTITION VALUES < 268435455
I20260608 13:03:23.902596  9520 data_dirs.cc:400] Could only allocate 1 dirs of requested 3 for tablet 433864c8be59476e95cffc929674d59f. 1 dirs total, 0 dirs full, 0 dirs failed
I20260608 13:03:23.905251  9519 tablet_service.cc:1511] Processing CreateTablet for tablet 7c28282430e2403fb3b3ae7051b03644 (DEFAULT_TABLE table=test-workload [id=07b44d876571450b9de1992bd1895d14]), partition=RANGE (key) PARTITION 268435455 <= VALUES < 536870910
I20260608 13:03:23.906634  9519 data_dirs.cc:400] Could only allocate 1 dirs of requested 3 for tablet 7c28282430e2403fb3b3ae7051b03644. 1 dirs total, 0 dirs full, 0 dirs failed
I20260608 13:03:23.909322  9518 tablet_service.cc:1511] Processing CreateTablet for tablet bd84f64e97104e84a2958d6cc0768237 (DEFAULT_TABLE table=test-workload [id=07b44d876571450b9de1992bd1895d14]), partition=RANGE (key) PARTITION 536870910 <= VALUES < 805306365
I20260608 13:03:23.910720  9518 data_dirs.cc:400] Could only allocate 1 dirs of requested 3 for tablet bd84f64e97104e84a2958d6cc0768237. 1 dirs total, 0 dirs full, 0 dirs failed
I20260608 13:03:23.871311  9575 tablet_bootstrap.cc:492] T 433864c8be59476e95cffc929674d59f P b84883cf398e4deda45ae113a61fa20c: Bootstrap starting.
I20260608 13:03:23.917147  9517 tablet_service.cc:1511] Processing CreateTablet for tablet 7947f939921c4894859bb22002ea6a27 (DEFAULT_TABLE table=test-workload [id=07b44d876571450b9de1992bd1895d14]), partition=RANGE (key) PARTITION 805306365 <= VALUES < 1073741820
I20260608 13:03:23.919915  9517 data_dirs.cc:400] Could only allocate 1 dirs of requested 3 for tablet 7947f939921c4894859bb22002ea6a27. 1 dirs total, 0 dirs full, 0 dirs failed
I20260608 13:03:23.917078  9516 tablet_service.cc:1511] Processing CreateTablet for tablet d18af3a388de467cba1eed81c7062cc8 (DEFAULT_TABLE table=test-workload [id=07b44d876571450b9de1992bd1895d14]), partition=RANGE (key) PARTITION 1073741820 <= VALUES < 1342177275
I20260608 13:03:23.920984  9515 tablet_service.cc:1511] Processing CreateTablet for tablet a51f1bb1f0f04f769c0c1914a05e8019 (DEFAULT_TABLE table=test-workload [id=07b44d876571450b9de1992bd1895d14]), partition=RANGE (key) PARTITION 1342177275 <= VALUES < 1610612730
I20260608 13:03:23.923027  9516 data_dirs.cc:400] Could only allocate 1 dirs of requested 3 for tablet d18af3a388de467cba1eed81c7062cc8. 1 dirs total, 0 dirs full, 0 dirs failed
I20260608 13:03:23.924450  9515 data_dirs.cc:400] Could only allocate 1 dirs of requested 3 for tablet a51f1bb1f0f04f769c0c1914a05e8019. 1 dirs total, 0 dirs full, 0 dirs failed
I20260608 13:03:23.919884  9513 tablet_service.cc:1511] Processing CreateTablet for tablet 7ac05426f14e468499363573f1b6d24f (DEFAULT_TABLE table=test-workload [id=07b44d876571450b9de1992bd1895d14]), partition=RANGE (key) PARTITION 1879048185 <= VALUES
I20260608 13:03:23.927369  9513 data_dirs.cc:400] Could only allocate 1 dirs of requested 3 for tablet 7ac05426f14e468499363573f1b6d24f. 1 dirs total, 0 dirs full, 0 dirs failed
I20260608 13:03:23.914007  9514 tablet_service.cc:1511] Processing CreateTablet for tablet 9e80ed9d18d54d3ab1e68b91333d0699 (DEFAULT_TABLE table=test-workload [id=07b44d876571450b9de1992bd1895d14]), partition=RANGE (key) PARTITION 1610612730 <= VALUES < 1879048185
I20260608 13:03:23.932883  9514 data_dirs.cc:400] Could only allocate 1 dirs of requested 3 for tablet 9e80ed9d18d54d3ab1e68b91333d0699. 1 dirs total, 0 dirs full, 0 dirs failed
I20260608 13:03:23.935322  9576 tablet_bootstrap.cc:654] T 7ac05426f14e468499363573f1b6d24f P b0662725637a410780f4f2b98c08f7ee: Neither blocks nor log segments found. Creating new log.
I20260608 13:03:23.981228  9577 tablet_bootstrap.cc:492] T d18af3a388de467cba1eed81c7062cc8 P 60802660b7624ec4a765f2ba8d0db635: Bootstrap starting.
I20260608 13:03:23.991799  9575 tablet_bootstrap.cc:654] T 433864c8be59476e95cffc929674d59f P b84883cf398e4deda45ae113a61fa20c: Neither blocks nor log segments found. Creating new log.
I20260608 13:03:23.993376  9577 tablet_bootstrap.cc:654] T d18af3a388de467cba1eed81c7062cc8 P 60802660b7624ec4a765f2ba8d0db635: Neither blocks nor log segments found. Creating new log.
I20260608 13:03:24.008548  9577 tablet_bootstrap.cc:492] T d18af3a388de467cba1eed81c7062cc8 P 60802660b7624ec4a765f2ba8d0db635: No bootstrap required, opened a new log
I20260608 13:03:24.009192  9577 ts_tablet_manager.cc:1403] T d18af3a388de467cba1eed81c7062cc8 P 60802660b7624ec4a765f2ba8d0db635: Time spent bootstrapping tablet: real 0.028s	user 0.005s	sys 0.011s
I20260608 13:03:24.011535  9576 tablet_bootstrap.cc:492] T 7ac05426f14e468499363573f1b6d24f P b0662725637a410780f4f2b98c08f7ee: No bootstrap required, opened a new log
I20260608 13:03:24.012068  9576 ts_tablet_manager.cc:1403] T 7ac05426f14e468499363573f1b6d24f P b0662725637a410780f4f2b98c08f7ee: Time spent bootstrapping tablet: real 0.121s	user 0.011s	sys 0.014s
I20260608 13:03:24.012212  9575 tablet_bootstrap.cc:492] T 433864c8be59476e95cffc929674d59f P b84883cf398e4deda45ae113a61fa20c: No bootstrap required, opened a new log
I20260608 13:03:24.012697  9575 ts_tablet_manager.cc:1403] T 433864c8be59476e95cffc929674d59f P b84883cf398e4deda45ae113a61fa20c: Time spent bootstrapping tablet: real 0.142s	user 0.012s	sys 0.012s
I20260608 13:03:24.012399  9577 raft_consensus.cc:359] T d18af3a388de467cba1eed81c7062cc8 P 60802660b7624ec4a765f2ba8d0db635 [term 0 FOLLOWER]: Replica starting. Triggering 0 pending ops. Active config: opid_index: -1 OBSOLETE_local: false peers { permanent_uuid: "b84883cf398e4deda45ae113a61fa20c" member_type: VOTER last_known_addr { host: "127.8.130.65" port: 43261 } } peers { permanent_uuid: "b0662725637a410780f4f2b98c08f7ee" member_type: VOTER last_known_addr { host: "127.8.130.66" port: 33395 } } peers { permanent_uuid: "60802660b7624ec4a765f2ba8d0db635" member_type: VOTER last_known_addr { host: "127.8.130.67" port: 40787 } }
I20260608 13:03:24.013178  9577 raft_consensus.cc:385] T d18af3a388de467cba1eed81c7062cc8 P 60802660b7624ec4a765f2ba8d0db635 [term 0 FOLLOWER]: Consensus starting up: Expiring failure detector timer to make a prompt election more likely
I20260608 13:03:24.013510  9577 raft_consensus.cc:740] T d18af3a388de467cba1eed81c7062cc8 P 60802660b7624ec4a765f2ba8d0db635 [term 0 FOLLOWER]: Becoming Follower/Learner. State: Replica: 60802660b7624ec4a765f2ba8d0db635, State: Initialized, Role: FOLLOWER
I20260608 13:03:24.014416  9577 consensus_queue.cc:260] T d18af3a388de467cba1eed81c7062cc8 P 60802660b7624ec4a765f2ba8d0db635 [NON_LEADER]: Queue going to NON_LEADER mode. State: All replicated index: 0, Majority replicated index: 0, Committed index: 0, Last appended: 0.0, Last appended by leader: 0, Current term: 0, Majority size: -1, State: 0, Mode: NON_LEADER, active raft config: opid_index: -1 OBSOLETE_local: false peers { permanent_uuid: "b84883cf398e4deda45ae113a61fa20c" member_type: VOTER last_known_addr { host: "127.8.130.65" port: 43261 } } peers { permanent_uuid: "b0662725637a410780f4f2b98c08f7ee" member_type: VOTER last_known_addr { host: "127.8.130.66" port: 33395 } } peers { permanent_uuid: "60802660b7624ec4a765f2ba8d0db635" member_type: VOTER last_known_addr { host: "127.8.130.67" port: 40787 } }
I20260608 13:03:24.015003  9575 raft_consensus.cc:359] T 433864c8be59476e95cffc929674d59f P b84883cf398e4deda45ae113a61fa20c [term 0 FOLLOWER]: Replica starting. Triggering 0 pending ops. Active config: opid_index: -1 OBSOLETE_local: false peers { permanent_uuid: "b0662725637a410780f4f2b98c08f7ee" member_type: VOTER last_known_addr { host: "127.8.130.66" port: 33395 } } peers { permanent_uuid: "b84883cf398e4deda45ae113a61fa20c" member_type: VOTER last_known_addr { host: "127.8.130.65" port: 43261 } } peers { permanent_uuid: "60802660b7624ec4a765f2ba8d0db635" member_type: VOTER last_known_addr { host: "127.8.130.67" port: 40787 } }
I20260608 13:03:24.015038  9576 raft_consensus.cc:359] T 7ac05426f14e468499363573f1b6d24f P b0662725637a410780f4f2b98c08f7ee [term 0 FOLLOWER]: Replica starting. Triggering 0 pending ops. Active config: opid_index: -1 OBSOLETE_local: false peers { permanent_uuid: "b84883cf398e4deda45ae113a61fa20c" member_type: VOTER last_known_addr { host: "127.8.130.65" port: 43261 } } peers { permanent_uuid: "b0662725637a410780f4f2b98c08f7ee" member_type: VOTER last_known_addr { host: "127.8.130.66" port: 33395 } } peers { permanent_uuid: "60802660b7624ec4a765f2ba8d0db635" member_type: VOTER last_known_addr { host: "127.8.130.67" port: 40787 } }
I20260608 13:03:24.016026  9575 raft_consensus.cc:385] T 433864c8be59476e95cffc929674d59f P b84883cf398e4deda45ae113a61fa20c [term 0 FOLLOWER]: Consensus starting up: Expiring failure detector timer to make a prompt election more likely
I20260608 13:03:24.016083  9576 raft_consensus.cc:385] T 7ac05426f14e468499363573f1b6d24f P b0662725637a410780f4f2b98c08f7ee [term 0 FOLLOWER]: Consensus starting up: Expiring failure detector timer to make a prompt election more likely
I20260608 13:03:24.016358  9575 raft_consensus.cc:740] T 433864c8be59476e95cffc929674d59f P b84883cf398e4deda45ae113a61fa20c [term 0 FOLLOWER]: Becoming Follower/Learner. State: Replica: b84883cf398e4deda45ae113a61fa20c, State: Initialized, Role: FOLLOWER
I20260608 13:03:24.016606  9576 raft_consensus.cc:740] T 7ac05426f14e468499363573f1b6d24f P b0662725637a410780f4f2b98c08f7ee [term 0 FOLLOWER]: Becoming Follower/Learner. State: Replica: b0662725637a410780f4f2b98c08f7ee, State: Initialized, Role: FOLLOWER
I20260608 13:03:24.017140  9575 consensus_queue.cc:260] T 433864c8be59476e95cffc929674d59f P b84883cf398e4deda45ae113a61fa20c [NON_LEADER]: Queue going to NON_LEADER mode. State: All replicated index: 0, Majority replicated index: 0, Committed index: 0, Last appended: 0.0, Last appended by leader: 0, Current term: 0, Majority size: -1, State: 0, Mode: NON_LEADER, active raft config: opid_index: -1 OBSOLETE_local: false peers { permanent_uuid: "b0662725637a410780f4f2b98c08f7ee" member_type: VOTER last_known_addr { host: "127.8.130.66" port: 33395 } } peers { permanent_uuid: "b84883cf398e4deda45ae113a61fa20c" member_type: VOTER last_known_addr { host: "127.8.130.65" port: 43261 } } peers { permanent_uuid: "60802660b7624ec4a765f2ba8d0db635" member_type: VOTER last_known_addr { host: "127.8.130.67" port: 40787 } }
I20260608 13:03:24.017670  9576 consensus_queue.cc:260] T 7ac05426f14e468499363573f1b6d24f P b0662725637a410780f4f2b98c08f7ee [NON_LEADER]: Queue going to NON_LEADER mode. State: All replicated index: 0, Majority replicated index: 0, Committed index: 0, Last appended: 0.0, Last appended by leader: 0, Current term: 0, Majority size: -1, State: 0, Mode: NON_LEADER, active raft config: opid_index: -1 OBSOLETE_local: false peers { permanent_uuid: "b84883cf398e4deda45ae113a61fa20c" member_type: VOTER last_known_addr { host: "127.8.130.65" port: 43261 } } peers { permanent_uuid: "b0662725637a410780f4f2b98c08f7ee" member_type: VOTER last_known_addr { host: "127.8.130.66" port: 33395 } } peers { permanent_uuid: "60802660b7624ec4a765f2ba8d0db635" member_type: VOTER last_known_addr { host: "127.8.130.67" port: 40787 } }
I20260608 13:03:24.020035  9575 ts_tablet_manager.cc:1434] T 433864c8be59476e95cffc929674d59f P b84883cf398e4deda45ae113a61fa20c: Time spent starting tablet: real 0.007s	user 0.008s	sys 0.000s
I20260608 13:03:24.021040  9575 tablet_bootstrap.cc:492] T bd84f64e97104e84a2958d6cc0768237 P b84883cf398e4deda45ae113a61fa20c: Bootstrap starting.
I20260608 13:03:24.023690  9577 ts_tablet_manager.cc:1434] T d18af3a388de467cba1eed81c7062cc8 P 60802660b7624ec4a765f2ba8d0db635: Time spent starting tablet: real 0.014s	user 0.012s	sys 0.000s
I20260608 13:03:24.024741  9577 tablet_bootstrap.cc:492] T 7ac05426f14e468499363573f1b6d24f P 60802660b7624ec4a765f2ba8d0db635: Bootstrap starting.
I20260608 13:03:24.027441  9575 tablet_bootstrap.cc:654] T bd84f64e97104e84a2958d6cc0768237 P b84883cf398e4deda45ae113a61fa20c: Neither blocks nor log segments found. Creating new log.
I20260608 13:03:24.030709  9577 tablet_bootstrap.cc:654] T 7ac05426f14e468499363573f1b6d24f P 60802660b7624ec4a765f2ba8d0db635: Neither blocks nor log segments found. Creating new log.
I20260608 13:03:24.036089  9576 ts_tablet_manager.cc:1434] T 7ac05426f14e468499363573f1b6d24f P b0662725637a410780f4f2b98c08f7ee: Time spent starting tablet: real 0.024s	user 0.004s	sys 0.010s
I20260608 13:03:24.037406  9576 tablet_bootstrap.cc:492] T a51f1bb1f0f04f769c0c1914a05e8019 P b0662725637a410780f4f2b98c08f7ee: Bootstrap starting.
I20260608 13:03:24.045459  9576 tablet_bootstrap.cc:654] T a51f1bb1f0f04f769c0c1914a05e8019 P b0662725637a410780f4f2b98c08f7ee: Neither blocks nor log segments found. Creating new log.
I20260608 13:03:24.046119  9575 tablet_bootstrap.cc:492] T bd84f64e97104e84a2958d6cc0768237 P b84883cf398e4deda45ae113a61fa20c: No bootstrap required, opened a new log
I20260608 13:03:24.046636  9575 ts_tablet_manager.cc:1403] T bd84f64e97104e84a2958d6cc0768237 P b84883cf398e4deda45ae113a61fa20c: Time spent bootstrapping tablet: real 0.026s	user 0.009s	sys 0.006s
I20260608 13:03:24.049520  9575 raft_consensus.cc:359] T bd84f64e97104e84a2958d6cc0768237 P b84883cf398e4deda45ae113a61fa20c [term 0 FOLLOWER]: Replica starting. Triggering 0 pending ops. Active config: opid_index: -1 OBSOLETE_local: false peers { permanent_uuid: "b84883cf398e4deda45ae113a61fa20c" member_type: VOTER last_known_addr { host: "127.8.130.65" port: 43261 } } peers { permanent_uuid: "b0662725637a410780f4f2b98c08f7ee" member_type: VOTER last_known_addr { host: "127.8.130.66" port: 33395 } } peers { permanent_uuid: "60802660b7624ec4a765f2ba8d0db635" member_type: VOTER last_known_addr { host: "127.8.130.67" port: 40787 } }
I20260608 13:03:24.050184  9575 raft_consensus.cc:385] T bd84f64e97104e84a2958d6cc0768237 P b84883cf398e4deda45ae113a61fa20c [term 0 FOLLOWER]: Consensus starting up: Expiring failure detector timer to make a prompt election more likely
