I20260608 12:41:06.194092  5161 raft_consensus.cc:515] T 4b2832b4737b41138cfbb45af8b858b2 P 81a568289dce415b8fdd0304d9cc037b [term 1 FOLLOWER]: Starting leader election with config: opid_index: -1 OBSOLETE_local: false peers { permanent_uuid: "27c7d7509aec4243b6d333299582eb4c" member_type: VOTER last_known_addr { host: "127.0.107.193" port: 37515 } } peers { permanent_uuid: "81a568289dce415b8fdd0304d9cc037b" member_type: VOTER last_known_addr { host: "127.0.107.194" port: 35609 } } peers { permanent_uuid: "68a13f50abe24d50a1ba185a55adaafb" member_type: VOTER last_known_addr { host: "127.0.107.195" port: 41837 } }
I20260608 12:41:06.195453  4852 catalog_manager.cc:5696] T bb5b946878434fed867d41dd23c7a1a9 P 27c7d7509aec4243b6d333299582eb4c reported cstate change: term changed from 0 to 1, leader changed from <none> to 27c7d7509aec4243b6d333299582eb4c (127.0.107.193). New cstate: current_term: 1 leader_uuid: "27c7d7509aec4243b6d333299582eb4c" committed_config { opid_index: -1 OBSOLETE_local: false peers { permanent_uuid: "27c7d7509aec4243b6d333299582eb4c" member_type: VOTER last_known_addr { host: "127.0.107.193" port: 37515 } health_report { overall_health: HEALTHY } } peers { permanent_uuid: "81a568289dce415b8fdd0304d9cc037b" member_type: VOTER last_known_addr { host: "127.0.107.194" port: 35609 } health_report { overall_health: UNKNOWN } } peers { permanent_uuid: "68a13f50abe24d50a1ba185a55adaafb" member_type: VOTER last_known_addr { host: "127.0.107.195" port: 41837 } health_report { overall_health: UNKNOWN } } }
I20260608 12:41:06.197850  5104 tablet_service.cc:1917] Received RequestConsensusVote() RPC: tablet_id: "4b2832b4737b41138cfbb45af8b858b2" candidate_uuid: "81a568289dce415b8fdd0304d9cc037b" candidate_term: 1 candidate_status { last_received { term: 0 index: 0 } } ignore_live_leader: false dest_uuid: "68a13f50abe24d50a1ba185a55adaafb"
I20260608 12:41:06.198454  5104 raft_consensus.cc:3060] T 4b2832b4737b41138cfbb45af8b858b2 P 68a13f50abe24d50a1ba185a55adaafb [term 0 FOLLOWER]: Advancing to term 1
I20260608 12:41:06.204005  4919 leader_election.cc:304] T 6e830f3f97d24b50aac616f8981ff37b P 27c7d7509aec4243b6d333299582eb4c [CANDIDATE]: Term 1 pre-election: Election decided. Result: candidate lost. Election summary: received 3 responses out of 3 voters: 1 yes votes; 2 no votes. yes voters: 27c7d7509aec4243b6d333299582eb4c; no voters: 68a13f50abe24d50a1ba185a55adaafb, 81a568289dce415b8fdd0304d9cc037b
I20260608 12:41:06.205749  5184 raft_consensus.cc:3060] T 6e830f3f97d24b50aac616f8981ff37b P 27c7d7509aec4243b6d333299582eb4c [term 0 FOLLOWER]: Advancing to term 1
I20260608 12:41:06.208036  5157 raft_consensus.cc:493] T 90e3ca7c7e4e489aa66af74d06293e48 P 68a13f50abe24d50a1ba185a55adaafb [term 0 FOLLOWER]: Starting pre-election (no leader contacted us within the election timeout)
I20260608 12:41:06.208896  5157 raft_consensus.cc:515] T 90e3ca7c7e4e489aa66af74d06293e48 P 68a13f50abe24d50a1ba185a55adaafb [term 0 FOLLOWER]: Starting pre-election with config: opid_index: -1 OBSOLETE_local: false peers { permanent_uuid: "27c7d7509aec4243b6d333299582eb4c" member_type: VOTER last_known_addr { host: "127.0.107.193" port: 37515 } } peers { permanent_uuid: "81a568289dce415b8fdd0304d9cc037b" member_type: VOTER last_known_addr { host: "127.0.107.194" port: 35609 } } peers { permanent_uuid: "68a13f50abe24d50a1ba185a55adaafb" member_type: VOTER last_known_addr { host: "127.0.107.195" port: 41837 } }
I20260608 12:41:06.212355  5157 leader_election.cc:290] T 90e3ca7c7e4e489aa66af74d06293e48 P 68a13f50abe24d50a1ba185a55adaafb [CANDIDATE]: Term 1 pre-election: Requested pre-vote from peers 27c7d7509aec4243b6d333299582eb4c (127.0.107.193:37515), 81a568289dce415b8fdd0304d9cc037b (127.0.107.194:35609)
I20260608 12:41:06.207962  5155 consensus_queue.cc:1048] T 72f8a2afa89d44e8a820004496b5710d P 27c7d7509aec4243b6d333299582eb4c [LEADER]: Connected to new peer: Peer: permanent_uuid: "68a13f50abe24d50a1ba185a55adaafb" member_type: VOTER last_known_addr { host: "127.0.107.195" port: 41837 }, Status: LMP_MISMATCH, Last received: 0.0, Next index: 1, Last known committed idx: 0, Time since last communication: 0.001s
I20260608 12:41:06.213531  4997 leader_election.cc:304] T 5c93bed764314ceda3f6d988de1f016c P 81a568289dce415b8fdd0304d9cc037b [CANDIDATE]: Term 1 election: Election decided. Result: candidate won. Election summary: received 3 responses out of 3 voters: 2 yes votes; 1 no votes. yes voters: 27c7d7509aec4243b6d333299582eb4c, 81a568289dce415b8fdd0304d9cc037b; no voters: 68a13f50abe24d50a1ba185a55adaafb
I20260608 12:41:06.216307  4956 tablet_service.cc:1917] Received RequestConsensusVote() RPC: tablet_id: "4b2832b4737b41138cfbb45af8b858b2" candidate_uuid: "81a568289dce415b8fdd0304d9cc037b" candidate_term: 1 candidate_status { last_received { term: 0 index: 0 } } ignore_live_leader: false dest_uuid: "27c7d7509aec4243b6d333299582eb4c" is_pre_election: true
I20260608 12:41:06.215828  4954 tablet_service.cc:1917] Received RequestConsensusVote() RPC: tablet_id: "4b2832b4737b41138cfbb45af8b858b2" candidate_uuid: "81a568289dce415b8fdd0304d9cc037b" candidate_term: 1 candidate_status { last_received { term: 0 index: 0 } } ignore_live_leader: false dest_uuid: "27c7d7509aec4243b6d333299582eb4c"
I20260608 12:41:06.220947  4954 raft_consensus.cc:3060] T 4b2832b4737b41138cfbb45af8b858b2 P 27c7d7509aec4243b6d333299582eb4c [term 0 FOLLOWER]: Advancing to term 1
I20260608 12:41:06.225497  5104 raft_consensus.cc:2468] T 4b2832b4737b41138cfbb45af8b858b2 P 68a13f50abe24d50a1ba185a55adaafb [term 1 FOLLOWER]: Leader election vote request: Granting yes vote for candidate 81a568289dce415b8fdd0304d9cc037b in term 1.
I20260608 12:41:06.228163  4996 leader_election.cc:304] T 4b2832b4737b41138cfbb45af8b858b2 P 81a568289dce415b8fdd0304d9cc037b [CANDIDATE]: Term 1 election: Election decided. Result: candidate won. Election summary: received 2 responses out of 3 voters: 2 yes votes; 0 no votes. yes voters: 68a13f50abe24d50a1ba185a55adaafb, 81a568289dce415b8fdd0304d9cc037b; no voters: 
I20260608 12:41:06.229547  5151 tablet_bootstrap.cc:654] T 5c93bed764314ceda3f6d988de1f016c P 68a13f50abe24d50a1ba185a55adaafb: Neither blocks nor log segments found. Creating new log.
I20260608 12:41:06.230228  5219 raft_consensus.cc:2804] T 4b2832b4737b41138cfbb45af8b858b2 P 81a568289dce415b8fdd0304d9cc037b [term 1 FOLLOWER]: Leader election won for term 1
I20260608 12:41:06.233623  5219 raft_consensus.cc:697] T 4b2832b4737b41138cfbb45af8b858b2 P 81a568289dce415b8fdd0304d9cc037b [term 1 LEADER]: Becoming Leader. State: Replica: 81a568289dce415b8fdd0304d9cc037b, State: Running, Role: LEADER
I20260608 12:41:06.213579  5030 tablet_service.cc:1917] Received RequestConsensusVote() RPC: tablet_id: "90e3ca7c7e4e489aa66af74d06293e48" candidate_uuid: "68a13f50abe24d50a1ba185a55adaafb" candidate_term: 1 candidate_status { last_received { term: 0 index: 0 } } ignore_live_leader: false dest_uuid: "81a568289dce415b8fdd0304d9cc037b" is_pre_election: true
I20260608 12:41:06.230033  5207 consensus_queue.cc:1048] T 6e830f3f97d24b50aac616f8981ff37b P 68a13f50abe24d50a1ba185a55adaafb [LEADER]: Connected to new peer: Peer: permanent_uuid: "81a568289dce415b8fdd0304d9cc037b" member_type: VOTER last_known_addr { host: "127.0.107.194" port: 35609 }, Status: LMP_MISMATCH, Last received: 0.0, Next index: 1, Last known committed idx: 0, Time since last communication: 0.006s
I20260608 12:41:06.215967  4955 tablet_service.cc:1917] Received RequestConsensusVote() RPC: tablet_id: "90e3ca7c7e4e489aa66af74d06293e48" candidate_uuid: "68a13f50abe24d50a1ba185a55adaafb" candidate_term: 1 candidate_status { last_received { term: 0 index: 0 } } ignore_live_leader: false dest_uuid: "27c7d7509aec4243b6d333299582eb4c" is_pre_election: true
I20260608 12:41:06.238361  5184 raft_consensus.cc:2749] T 6e830f3f97d24b50aac616f8981ff37b P 27c7d7509aec4243b6d333299582eb4c [term 1 FOLLOWER]: Leader pre-election lost for term 1. Reason: could not achieve majority
I20260608 12:41:06.214813  5161 leader_election.cc:290] T 4b2832b4737b41138cfbb45af8b858b2 P 81a568289dce415b8fdd0304d9cc037b [CANDIDATE]: Term 1 election: Requested vote from peers 27c7d7509aec4243b6d333299582eb4c (127.0.107.193:37515), 68a13f50abe24d50a1ba185a55adaafb (127.0.107.195:41837)
I20260608 12:41:06.253381  5218 raft_consensus.cc:2804] T 5c93bed764314ceda3f6d988de1f016c P 81a568289dce415b8fdd0304d9cc037b [term 1 FOLLOWER]: Leader election won for term 1
I20260608 12:41:06.254594  5218 raft_consensus.cc:697] T 5c93bed764314ceda3f6d988de1f016c P 81a568289dce415b8fdd0304d9cc037b [term 1 LEADER]: Becoming Leader. State: Replica: 81a568289dce415b8fdd0304d9cc037b, State: Running, Role: LEADER
I20260608 12:41:06.255661  5218 consensus_queue.cc:237] T 5c93bed764314ceda3f6d988de1f016c P 81a568289dce415b8fdd0304d9cc037b [LEADER]: Queue going to LEADER mode. State: All replicated index: 0, Majority replicated index: 0, Committed index: 0, Last appended: 0.0, Last appended by leader: 0, Current term: 1, Majority size: 2, State: 0, Mode: LEADER, active raft config: opid_index: -1 OBSOLETE_local: false peers { permanent_uuid: "27c7d7509aec4243b6d333299582eb4c" member_type: VOTER last_known_addr { host: "127.0.107.193" port: 37515 } } peers { permanent_uuid: "81a568289dce415b8fdd0304d9cc037b" member_type: VOTER last_known_addr { host: "127.0.107.194" port: 35609 } } peers { permanent_uuid: "68a13f50abe24d50a1ba185a55adaafb" member_type: VOTER last_known_addr { host: "127.0.107.195" port: 41837 } }
I20260608 12:41:06.257282  5184 consensus_queue.cc:1048] T 81f505fa49b948e79f69d109465ad1e1 P 27c7d7509aec4243b6d333299582eb4c [LEADER]: Connected to new peer: Peer: permanent_uuid: "68a13f50abe24d50a1ba185a55adaafb" member_type: VOTER last_known_addr { host: "127.0.107.195" port: 41837 }, Status: LMP_MISMATCH, Last received: 0.0, Next index: 1, Last known committed idx: 0, Time since last communication: 0.001s
I20260608 12:41:06.261173  5030 raft_consensus.cc:2393] T 90e3ca7c7e4e489aa66af74d06293e48 P 81a568289dce415b8fdd0304d9cc037b [term 1 FOLLOWER]: Leader pre-election vote request: Denying vote to candidate 68a13f50abe24d50a1ba185a55adaafb in current term 1: Already voted for candidate 27c7d7509aec4243b6d333299582eb4c in this term.
I20260608 12:41:06.238142  5219 consensus_queue.cc:237] T 4b2832b4737b41138cfbb45af8b858b2 P 81a568289dce415b8fdd0304d9cc037b [LEADER]: Queue going to LEADER mode. State: All replicated index: 0, Majority replicated index: 0, Committed index: 0, Last appended: 0.0, Last appended by leader: 0, Current term: 1, Majority size: 2, State: 0, Mode: LEADER, active raft config: opid_index: -1 OBSOLETE_local: false peers { permanent_uuid: "27c7d7509aec4243b6d333299582eb4c" member_type: VOTER last_known_addr { host: "127.0.107.193" port: 37515 } } peers { permanent_uuid: "81a568289dce415b8fdd0304d9cc037b" member_type: VOTER last_known_addr { host: "127.0.107.194" port: 35609 } } peers { permanent_uuid: "68a13f50abe24d50a1ba185a55adaafb" member_type: VOTER last_known_addr { host: "127.0.107.195" port: 41837 } }
I20260608 12:41:06.288617  5161 consensus_queue.cc:1048] T 9e63bb6517b64edb8cf45b7961e94215 P 81a568289dce415b8fdd0304d9cc037b [LEADER]: Connected to new peer: Peer: permanent_uuid: "68a13f50abe24d50a1ba185a55adaafb" member_type: VOTER last_known_addr { host: "127.0.107.195" port: 41837 }, Status: LMP_MISMATCH, Last received: 0.0, Next index: 1, Last known committed idx: 0, Time since last communication: 0.002s
I20260608 12:41:06.296873  5184 raft_consensus.cc:493] T 1cf2e8a4b0a54176a446aa1b5520e43e P 27c7d7509aec4243b6d333299582eb4c [term 0 FOLLOWER]: Starting pre-election (no leader contacted us within the election timeout)
I20260608 12:41:06.297598  5184 raft_consensus.cc:515] T 1cf2e8a4b0a54176a446aa1b5520e43e P 27c7d7509aec4243b6d333299582eb4c [term 0 FOLLOWER]: Starting pre-election with config: opid_index: -1 OBSOLETE_local: false peers { permanent_uuid: "27c7d7509aec4243b6d333299582eb4c" member_type: VOTER last_known_addr { host: "127.0.107.193" port: 37515 } } peers { permanent_uuid: "81a568289dce415b8fdd0304d9cc037b" member_type: VOTER last_known_addr { host: "127.0.107.194" port: 35609 } } peers { permanent_uuid: "68a13f50abe24d50a1ba185a55adaafb" member_type: VOTER last_known_addr { host: "127.0.107.195" port: 41837 } }
I20260608 12:41:06.297511  5068 leader_election.cc:304] T 90e3ca7c7e4e489aa66af74d06293e48 P 68a13f50abe24d50a1ba185a55adaafb [CANDIDATE]: Term 1 pre-election: Election decided. Result: candidate lost. Election summary: received 3 responses out of 3 voters: 1 yes votes; 2 no votes. yes voters: 68a13f50abe24d50a1ba185a55adaafb; no voters: 27c7d7509aec4243b6d333299582eb4c, 81a568289dce415b8fdd0304d9cc037b
I20260608 12:41:06.306814  5161 raft_consensus.cc:493] T 65be862257bd4489a58a2fcc4694cf8b P 81a568289dce415b8fdd0304d9cc037b [term 0 FOLLOWER]: Starting pre-election (no leader contacted us within the election timeout)
I20260608 12:41:06.317148  5151 tablet_bootstrap.cc:492] T 5c93bed764314ceda3f6d988de1f016c P 68a13f50abe24d50a1ba185a55adaafb: No bootstrap required, opened a new log
I20260608 12:41:06.317669  5151 ts_tablet_manager.cc:1403] T 5c93bed764314ceda3f6d988de1f016c P 68a13f50abe24d50a1ba185a55adaafb: Time spent bootstrapping tablet: real 0.150s	user 0.019s	sys 0.015s
I20260608 12:41:06.322559  5157 raft_consensus.cc:3060] T 90e3ca7c7e4e489aa66af74d06293e48 P 68a13f50abe24d50a1ba185a55adaafb [term 0 FOLLOWER]: Advancing to term 1
I20260608 12:41:06.317461  5161 raft_consensus.cc:515] T 65be862257bd4489a58a2fcc4694cf8b P 81a568289dce415b8fdd0304d9cc037b [term 0 FOLLOWER]: Starting pre-election with config: opid_index: -1 OBSOLETE_local: false peers { permanent_uuid: "27c7d7509aec4243b6d333299582eb4c" member_type: VOTER last_known_addr { host: "127.0.107.193" port: 37515 } } peers { permanent_uuid: "81a568289dce415b8fdd0304d9cc037b" member_type: VOTER last_known_addr { host: "127.0.107.194" port: 35609 } } peers { permanent_uuid: "68a13f50abe24d50a1ba185a55adaafb" member_type: VOTER last_known_addr { host: "127.0.107.195" port: 41837 } }
I20260608 12:41:06.326320  5151 raft_consensus.cc:359] T 5c93bed764314ceda3f6d988de1f016c P 68a13f50abe24d50a1ba185a55adaafb [term 0 FOLLOWER]: Replica starting. Triggering 0 pending ops. Active config: opid_index: -1 OBSOLETE_local: false peers { permanent_uuid: "27c7d7509aec4243b6d333299582eb4c" member_type: VOTER last_known_addr { host: "127.0.107.193" port: 37515 } } peers { permanent_uuid: "81a568289dce415b8fdd0304d9cc037b" member_type: VOTER last_known_addr { host: "127.0.107.194" port: 35609 } } peers { permanent_uuid: "68a13f50abe24d50a1ba185a55adaafb" member_type: VOTER last_known_addr { host: "127.0.107.195" port: 41837 } }
I20260608 12:41:06.327028  5151 raft_consensus.cc:385] T 5c93bed764314ceda3f6d988de1f016c P 68a13f50abe24d50a1ba185a55adaafb [term 0 FOLLOWER]: Consensus starting up: Expiring failure detector timer to make a prompt election more likely
I20260608 12:41:06.327299  5151 raft_consensus.cc:740] T 5c93bed764314ceda3f6d988de1f016c P 68a13f50abe24d50a1ba185a55adaafb [term 0 FOLLOWER]: Becoming Follower/Learner. State: Replica: 68a13f50abe24d50a1ba185a55adaafb, State: Initialized, Role: FOLLOWER
I20260608 12:41:06.329329  4954 raft_consensus.cc:2468] T 4b2832b4737b41138cfbb45af8b858b2 P 27c7d7509aec4243b6d333299582eb4c [term 1 FOLLOWER]: Leader election vote request: Granting yes vote for candidate 81a568289dce415b8fdd0304d9cc037b in term 1.
I20260608 12:41:06.331921  5207 consensus_queue.cc:1048] T 6e830f3f97d24b50aac616f8981ff37b P 68a13f50abe24d50a1ba185a55adaafb [LEADER]: Connected to new peer: Peer: permanent_uuid: "27c7d7509aec4243b6d333299582eb4c" member_type: VOTER last_known_addr { host: "127.0.107.193" port: 37515 }, Status: LMP_MISMATCH, Last received: 0.0, Next index: 1, Last known committed idx: 0, Time since last communication: 0.001s
I20260608 12:41:06.340358  5151 consensus_queue.cc:260] T 5c93bed764314ceda3f6d988de1f016c P 68a13f50abe24d50a1ba185a55adaafb [NON_LEADER]: Queue going to NON_LEADER mode. State: All replicated index: 0, Majority replicated index: 0, Committed index: 0, Last appended: 0.0, Last appended by leader: 0, Current term: 0, Majority size: -1, State: 0, Mode: NON_LEADER, active raft config: opid_index: -1 OBSOLETE_local: false peers { permanent_uuid: "27c7d7509aec4243b6d333299582eb4c" member_type: VOTER last_known_addr { host: "127.0.107.193" port: 37515 } } peers { permanent_uuid: "81a568289dce415b8fdd0304d9cc037b" member_type: VOTER last_known_addr { host: "127.0.107.194" port: 35609 } } peers { permanent_uuid: "68a13f50abe24d50a1ba185a55adaafb" member_type: VOTER last_known_addr { host: "127.0.107.195" port: 41837 } }
W20260608 12:41:06.351279  4902 auto_rebalancer.cc:259] Could not retrieve cluster info: Service unavailable: Tablet not running
I20260608 12:41:06.354595  5159 consensus_queue.cc:1048] T 81f505fa49b948e79f69d109465ad1e1 P 27c7d7509aec4243b6d333299582eb4c [LEADER]: Connected to new peer: Peer: permanent_uuid: "81a568289dce415b8fdd0304d9cc037b" member_type: VOTER last_known_addr { host: "127.0.107.194" port: 35609 }, Status: LMP_MISMATCH, Last received: 0.0, Next index: 1, Last known committed idx: 0, Time since last communication: 0.003s
I20260608 12:41:06.357043  4954 tablet_service.cc:1917] Received RequestConsensusVote() RPC: tablet_id: "65be862257bd4489a58a2fcc4694cf8b" candidate_uuid: "81a568289dce415b8fdd0304d9cc037b" candidate_term: 1 candidate_status { last_received { term: 0 index: 0 } } ignore_live_leader: false dest_uuid: "27c7d7509aec4243b6d333299582eb4c" is_pre_election: true
I20260608 12:41:06.358933  5102 tablet_service.cc:1917] Received RequestConsensusVote() RPC: tablet_id: "65be862257bd4489a58a2fcc4694cf8b" candidate_uuid: "81a568289dce415b8fdd0304d9cc037b" candidate_term: 1 candidate_status { last_received { term: 0 index: 0 } } ignore_live_leader: false dest_uuid: "68a13f50abe24d50a1ba185a55adaafb" is_pre_election: true
I20260608 12:41:06.360145  5102 raft_consensus.cc:2393] T 65be862257bd4489a58a2fcc4694cf8b P 68a13f50abe24d50a1ba185a55adaafb [term 1 FOLLOWER]: Leader pre-election vote request: Denying vote to candidate 81a568289dce415b8fdd0304d9cc037b in current term 1: Already voted for candidate 27c7d7509aec4243b6d333299582eb4c in this term.
I20260608 12:41:06.361812  4996 leader_election.cc:304] T 65be862257bd4489a58a2fcc4694cf8b P 81a568289dce415b8fdd0304d9cc037b [CANDIDATE]: Term 1 pre-election: Election decided. Result: candidate lost. Election summary: received 3 responses out of 3 voters: 1 yes votes; 2 no votes. yes voters: 81a568289dce415b8fdd0304d9cc037b; no voters: 27c7d7509aec4243b6d333299582eb4c, 68a13f50abe24d50a1ba185a55adaafb
I20260608 12:41:06.363076  5190 raft_consensus.cc:3060] T 65be862257bd4489a58a2fcc4694cf8b P 81a568289dce415b8fdd0304d9cc037b [term 0 FOLLOWER]: Advancing to term 1
I20260608 12:41:06.390542  5207 consensus_queue.cc:1048] T 272d883e84764d989189e7fd128c2d7b P 68a13f50abe24d50a1ba185a55adaafb [LEADER]: Connected to new peer: Peer: permanent_uuid: "81a568289dce415b8fdd0304d9cc037b" member_type: VOTER last_known_addr { host: "127.0.107.194" port: 35609 }, Status: LMP_MISMATCH, Last received: 0.0, Next index: 1, Last known committed idx: 0, Time since last communication: 0.000s
I20260608 12:41:06.393443  5102 tablet_service.cc:1917] Received RequestConsensusVote() RPC: tablet_id: "1cf2e8a4b0a54176a446aa1b5520e43e" candidate_uuid: "27c7d7509aec4243b6d333299582eb4c" candidate_term: 1 candidate_status { last_received { term: 0 index: 0 } } ignore_live_leader: false dest_uuid: "68a13f50abe24d50a1ba185a55adaafb" is_pre_election: true
I20260608 12:41:06.373915  5161 leader_election.cc:290] T 65be862257bd4489a58a2fcc4694cf8b P 81a568289dce415b8fdd0304d9cc037b [CANDIDATE]: Term 1 pre-election: Requested pre-vote from peers 27c7d7509aec4243b6d333299582eb4c (127.0.107.193:37515), 68a13f50abe24d50a1ba185a55adaafb (127.0.107.195:41837)
I20260608 12:41:06.374995  5184 leader_election.cc:290] T 1cf2e8a4b0a54176a446aa1b5520e43e P 27c7d7509aec4243b6d333299582eb4c [CANDIDATE]: Term 1 pre-election: Requested pre-vote from peers 81a568289dce415b8fdd0304d9cc037b (127.0.107.194:35609), 68a13f50abe24d50a1ba185a55adaafb (127.0.107.195:41837)
I20260608 12:41:06.402437  5030 tablet_service.cc:1917] Received RequestConsensusVote() RPC: tablet_id: "1cf2e8a4b0a54176a446aa1b5520e43e" candidate_uuid: "27c7d7509aec4243b6d333299582eb4c" candidate_term: 1 candidate_status { last_received { term: 0 index: 0 } } ignore_live_leader: false dest_uuid: "81a568289dce415b8fdd0304d9cc037b" is_pre_election: true
I20260608 12:41:06.403420  5030 raft_consensus.cc:2393] T 1cf2e8a4b0a54176a446aa1b5520e43e P 81a568289dce415b8fdd0304d9cc037b [term 1 FOLLOWER]: Leader pre-election vote request: Denying vote to candidate 27c7d7509aec4243b6d333299582eb4c in current term 1: Already voted for candidate 68a13f50abe24d50a1ba185a55adaafb in this term.
I20260608 12:41:06.415622  4919 leader_election.cc:304] T 1cf2e8a4b0a54176a446aa1b5520e43e P 27c7d7509aec4243b6d333299582eb4c [CANDIDATE]: Term 1 pre-election: Election decided. Result: candidate lost. Election summary: received 3 responses out of 3 voters: 1 yes votes; 2 no votes. yes voters: 27c7d7509aec4243b6d333299582eb4c; no voters: 68a13f50abe24d50a1ba185a55adaafb, 81a568289dce415b8fdd0304d9cc037b
I20260608 12:41:06.421494  5229 raft_consensus.cc:3060] T 1cf2e8a4b0a54176a446aa1b5520e43e P 27c7d7509aec4243b6d333299582eb4c [term 0 FOLLOWER]: Advancing to term 1
I20260608 12:41:06.430796  5177 consensus_queue.cc:1048] T 1c688154af1f48a1aae90d3ec64dd179 P 68a13f50abe24d50a1ba185a55adaafb [LEADER]: Connected to new peer: Peer: permanent_uuid: "27c7d7509aec4243b6d333299582eb4c" member_type: VOTER last_known_addr { host: "127.0.107.193" port: 37515 }, Status: LMP_MISMATCH, Last received: 0.0, Next index: 1, Last known committed idx: 0, Time since last communication: 0.001s
I20260608 12:41:06.434553  5229 raft_consensus.cc:2749] T 1cf2e8a4b0a54176a446aa1b5520e43e P 27c7d7509aec4243b6d333299582eb4c [term 1 FOLLOWER]: Leader pre-election lost for term 1. Reason: could not achieve majority
I20260608 12:41:06.445493  5151 ts_tablet_manager.cc:1434] T 5c93bed764314ceda3f6d988de1f016c P 68a13f50abe24d50a1ba185a55adaafb: Time spent starting tablet: real 0.127s	user 0.013s	sys 0.006s
I20260608 12:41:06.419111  5184 consensus_queue.cc:1048] T 90e3ca7c7e4e489aa66af74d06293e48 P 27c7d7509aec4243b6d333299582eb4c [LEADER]: Connected to new peer: Peer: permanent_uuid: "81a568289dce415b8fdd0304d9cc037b" member_type: VOTER last_known_addr { host: "127.0.107.194" port: 35609 }, Status: LMP_MISMATCH, Last received: 0.0, Next index: 1, Last known committed idx: 0, Time since last communication: 0.029s
I20260608 12:41:06.454685  5157 raft_consensus.cc:2749] T 90e3ca7c7e4e489aa66af74d06293e48 P 68a13f50abe24d50a1ba185a55adaafb [term 1 FOLLOWER]: Leader pre-election lost for term 1. Reason: could not achieve majority
I20260608 12:41:06.476356  4853 catalog_manager.cc:5696] T 4b2832b4737b41138cfbb45af8b858b2 P 81a568289dce415b8fdd0304d9cc037b reported cstate change: term changed from 0 to 1, leader changed from <none> to 81a568289dce415b8fdd0304d9cc037b (127.0.107.194). New cstate: current_term: 1 leader_uuid: "81a568289dce415b8fdd0304d9cc037b" committed_config { opid_index: -1 OBSOLETE_local: false peers { permanent_uuid: "27c7d7509aec4243b6d333299582eb4c" member_type: VOTER last_known_addr { host: "127.0.107.193" port: 37515 } health_report { overall_health: UNKNOWN } } peers { permanent_uuid: "81a568289dce415b8fdd0304d9cc037b" member_type: VOTER last_known_addr { host: "127.0.107.194" port: 35609 } health_report { overall_health: HEALTHY } } peers { permanent_uuid: "68a13f50abe24d50a1ba185a55adaafb" member_type: VOTER last_known_addr { host: "127.0.107.195" port: 41837 } health_report { overall_health: UNKNOWN } } }
I20260608 12:41:06.487315  4853 catalog_manager.cc:5696] T 5c93bed764314ceda3f6d988de1f016c P 81a568289dce415b8fdd0304d9cc037b reported cstate change: term changed from 0 to 1, leader changed from <none> to 81a568289dce415b8fdd0304d9cc037b (127.0.107.194). New cstate: current_term: 1 leader_uuid: "81a568289dce415b8fdd0304d9cc037b" committed_config { opid_index: -1 OBSOLETE_local: false peers { permanent_uuid: "27c7d7509aec4243b6d333299582eb4c" member_type: VOTER last_known_addr { host: "127.0.107.193" port: 37515 } health_report { overall_health: UNKNOWN } } peers { permanent_uuid: "81a568289dce415b8fdd0304d9cc037b" member_type: VOTER last_known_addr { host: "127.0.107.194" port: 35609 } health_report { overall_health: HEALTHY } } peers { permanent_uuid: "68a13f50abe24d50a1ba185a55adaafb" member_type: VOTER last_known_addr { host: "127.0.107.195" port: 41837 } health_report { overall_health: UNKNOWN } } }
I20260608 12:41:06.494758  5190 raft_consensus.cc:2749] T 65be862257bd4489a58a2fcc4694cf8b P 81a568289dce415b8fdd0304d9cc037b [term 1 FOLLOWER]: Leader pre-election lost for term 1. Reason: could not achieve majority
I20260608 12:41:06.506170  5184 consensus_queue.cc:1048] T 90e3ca7c7e4e489aa66af74d06293e48 P 27c7d7509aec4243b6d333299582eb4c [LEADER]: Connected to new peer: Peer: permanent_uuid: "68a13f50abe24d50a1ba185a55adaafb" member_type: VOTER last_known_addr { host: "127.0.107.195" port: 41837 }, Status: LMP_MISMATCH, Last received: 0.0, Next index: 1, Last known committed idx: 0, Time since last communication: 0.000s
I20260608 12:41:06.510852  5240 consensus_queue.cc:1048] T 65be862257bd4489a58a2fcc4694cf8b P 27c7d7509aec4243b6d333299582eb4c [LEADER]: Connected to new peer: Peer: permanent_uuid: "81a568289dce415b8fdd0304d9cc037b" member_type: VOTER last_known_addr { host: "127.0.107.194" port: 35609 }, Status: LMP_MISMATCH, Last received: 0.0, Next index: 1, Last known committed idx: 0, Time since last communication: 0.001s
I20260608 12:41:06.511142  5177 consensus_queue.cc:1048] T 1cf2e8a4b0a54176a446aa1b5520e43e P 68a13f50abe24d50a1ba185a55adaafb [LEADER]: Connected to new peer: Peer: permanent_uuid: "27c7d7509aec4243b6d333299582eb4c" member_type: VOTER last_known_addr { host: "127.0.107.193" port: 37515 }, Status: LMP_MISMATCH, Last received: 0.0, Next index: 1, Last known committed idx: 0, Time since last communication: 0.000s
I20260608 12:41:06.528476  5184 consensus_queue.cc:1048] T 65be862257bd4489a58a2fcc4694cf8b P 27c7d7509aec4243b6d333299582eb4c [LEADER]: Connected to new peer: Peer: permanent_uuid: "68a13f50abe24d50a1ba185a55adaafb" member_type: VOTER last_known_addr { host: "127.0.107.195" port: 41837 }, Status: LMP_MISMATCH, Last received: 0.0, Next index: 1, Last known committed idx: 0, Time since last communication: 0.000s
I20260608 12:41:06.531281  5157 consensus_queue.cc:1048] T 1c688154af1f48a1aae90d3ec64dd179 P 68a13f50abe24d50a1ba185a55adaafb [LEADER]: Connected to new peer: Peer: permanent_uuid: "81a568289dce415b8fdd0304d9cc037b" member_type: VOTER last_known_addr { host: "127.0.107.194" port: 35609 }, Status: LMP_MISMATCH, Last received: 0.0, Next index: 1, Last known committed idx: 0, Time since last communication: 0.000s
I20260608 12:41:06.534516  5157 consensus_queue.cc:1048] T 272d883e84764d989189e7fd128c2d7b P 68a13f50abe24d50a1ba185a55adaafb [LEADER]: Connected to new peer: Peer: permanent_uuid: "27c7d7509aec4243b6d333299582eb4c" member_type: VOTER last_known_addr { host: "127.0.107.193" port: 37515 }, Status: LMP_MISMATCH, Last received: 0.0, Next index: 1, Last known committed idx: 0, Time since last communication: 0.001s
I20260608 12:41:06.559739  5157 consensus_queue.cc:1048] T 1cf2e8a4b0a54176a446aa1b5520e43e P 68a13f50abe24d50a1ba185a55adaafb [LEADER]: Connected to new peer: Peer: permanent_uuid: "81a568289dce415b8fdd0304d9cc037b" member_type: VOTER last_known_addr { host: "127.0.107.194" port: 35609 }, Status: LMP_MISMATCH, Last received: 0.0, Next index: 1, Last known committed idx: 0, Time since last communication: 0.000s
I20260608 12:41:06.605739  5204 raft_consensus.cc:493] T 5c93bed764314ceda3f6d988de1f016c P 68a13f50abe24d50a1ba185a55adaafb [term 0 FOLLOWER]: Starting pre-election (no leader contacted us within the election timeout)
I20260608 12:41:06.606333  5204 raft_consensus.cc:515] T 5c93bed764314ceda3f6d988de1f016c P 68a13f50abe24d50a1ba185a55adaafb [term 0 FOLLOWER]: Starting pre-election with config: opid_index: -1 OBSOLETE_local: false peers { permanent_uuid: "27c7d7509aec4243b6d333299582eb4c" member_type: VOTER last_known_addr { host: "127.0.107.193" port: 37515 } } peers { permanent_uuid: "81a568289dce415b8fdd0304d9cc037b" member_type: VOTER last_known_addr { host: "127.0.107.194" port: 35609 } } peers { permanent_uuid: "68a13f50abe24d50a1ba185a55adaafb" member_type: VOTER last_known_addr { host: "127.0.107.195" port: 41837 } }
I20260608 12:41:06.610929  5204 leader_election.cc:290] T 5c93bed764314ceda3f6d988de1f016c P 68a13f50abe24d50a1ba185a55adaafb [CANDIDATE]: Term 1 pre-election: Requested pre-vote from peers 27c7d7509aec4243b6d333299582eb4c (127.0.107.193:37515), 81a568289dce415b8fdd0304d9cc037b (127.0.107.194:35609)
I20260608 12:41:06.605572  5184 consensus_queue.cc:1048] T bb5b946878434fed867d41dd23c7a1a9 P 27c7d7509aec4243b6d333299582eb4c [LEADER]: Connected to new peer: Peer: permanent_uuid: "81a568289dce415b8fdd0304d9cc037b" member_type: VOTER last_known_addr { host: "127.0.107.194" port: 35609 }, Status: LMP_MISMATCH, Last received: 0.0, Next index: 1, Last known committed idx: 0, Time since last communication: 0.000s
I20260608 12:41:06.611294  5028 tablet_service.cc:1917] Received RequestConsensusVote() RPC: tablet_id: "5c93bed764314ceda3f6d988de1f016c" candidate_uuid: "68a13f50abe24d50a1ba185a55adaafb" candidate_term: 1 candidate_status { last_received { term: 0 index: 0 } } ignore_live_leader: false dest_uuid: "81a568289dce415b8fdd0304d9cc037b" is_pre_election: true
I20260608 12:41:06.616914  4954 tablet_service.cc:1917] Received RequestConsensusVote() RPC: tablet_id: "5c93bed764314ceda3f6d988de1f016c" candidate_uuid: "68a13f50abe24d50a1ba185a55adaafb" candidate_term: 1 candidate_status { last_received { term: 0 index: 0 } } ignore_live_leader: false dest_uuid: "27c7d7509aec4243b6d333299582eb4c" is_pre_election: true
I20260608 12:41:06.617908  4954 raft_consensus.cc:2393] T 5c93bed764314ceda3f6d988de1f016c P 27c7d7509aec4243b6d333299582eb4c [term 1 FOLLOWER]: Leader pre-election vote request: Denying vote to candidate 68a13f50abe24d50a1ba185a55adaafb in current term 1: Already voted for candidate 81a568289dce415b8fdd0304d9cc037b in this term.
I20260608 12:41:06.619410  5071 leader_election.cc:304] T 5c93bed764314ceda3f6d988de1f016c P 68a13f50abe24d50a1ba185a55adaafb [CANDIDATE]: Term 1 pre-election: Election decided. Result: candidate lost. Election summary: received 3 responses out of 3 voters: 1 yes votes; 2 no votes. yes voters: 68a13f50abe24d50a1ba185a55adaafb; no voters: 27c7d7509aec4243b6d333299582eb4c, 81a568289dce415b8fdd0304d9cc037b
I20260608 12:41:06.620805  5204 raft_consensus.cc:3060] T 5c93bed764314ceda3f6d988de1f016c P 68a13f50abe24d50a1ba185a55adaafb [term 0 FOLLOWER]: Advancing to term 1
I20260608 12:41:06.636536  5103 raft_consensus.cc:3060] T bb5b946878434fed867d41dd23c7a1a9 P 68a13f50abe24d50a1ba185a55adaafb [term 0 FOLLOWER]: Advancing to term 1
I20260608 12:41:06.646384  5241 consensus_queue.cc:1048] T bb5b946878434fed867d41dd23c7a1a9 P 27c7d7509aec4243b6d333299582eb4c [LEADER]: Connected to new peer: Peer: permanent_uuid: "68a13f50abe24d50a1ba185a55adaafb" member_type: VOTER last_known_addr { host: "127.0.107.195" port: 41837 }, Status: LMP_MISMATCH, Last received: 0.0, Next index: 1, Last known committed idx: 0, Time since last communication: 0.000s
I20260608 12:41:06.655985  5204 raft_consensus.cc:2749] T 5c93bed764314ceda3f6d988de1f016c P 68a13f50abe24d50a1ba185a55adaafb [term 1 FOLLOWER]: Leader pre-election lost for term 1. Reason: could not achieve majority
I20260608 12:41:06.671109  5190 consensus_queue.cc:1048] T 5c93bed764314ceda3f6d988de1f016c P 81a568289dce415b8fdd0304d9cc037b [LEADER]: Connected to new peer: Peer: permanent_uuid: "27c7d7509aec4243b6d333299582eb4c" member_type: VOTER last_known_addr { host: "127.0.107.193" port: 37515 }, Status: LMP_MISMATCH, Last received: 0.0, Next index: 1, Last known committed idx: 0, Time since last communication: 0.001s
I20260608 12:41:06.680336  5218 consensus_queue.cc:1048] T 4b2832b4737b41138cfbb45af8b858b2 P 81a568289dce415b8fdd0304d9cc037b [LEADER]: Connected to new peer: Peer: permanent_uuid: "27c7d7509aec4243b6d333299582eb4c" member_type: VOTER last_known_addr { host: "127.0.107.193" port: 37515 }, Status: LMP_MISMATCH, Last received: 0.0, Next index: 1, Last known committed idx: 0, Time since last communication: 0.000s
W20260608 12:41:06.693101  5137 meta_cache.cc:1097] Time spent processing table locations response: real 0.051s	user 0.004s	sys 0.000s
W20260608 12:41:06.693363  5252 meta_cache.cc:1261] Time spent looking up entry by key: real 0.051s	user 0.013s	sys 0.000s
W20260608 12:41:06.693995  5254 meta_cache.cc:1261] Time spent looking up entry by key: real 0.050s	user 0.011s	sys 0.000s
W20260608 12:41:06.697211  5255 meta_cache.cc:1261] Time spent looking up entry by key: real 0.053s	user 0.002s	sys 0.007s
W20260608 12:41:06.703372  5253 meta_cache.cc:1261] Time spent looking up entry by key: real 0.061s	user 0.007s	sys 0.000s
I20260608 12:41:06.713641  5226 consensus_queue.cc:1048] T 4b2832b4737b41138cfbb45af8b858b2 P 81a568289dce415b8fdd0304d9cc037b [LEADER]: Connected to new peer: Peer: permanent_uuid: "68a13f50abe24d50a1ba185a55adaafb" member_type: VOTER last_known_addr { host: "127.0.107.195" port: 41837 }, Status: LMP_MISMATCH, Last received: 0.0, Next index: 1, Last known committed idx: 0, Time since last communication: 0.001s
I20260608 12:41:06.724378  5161 consensus_queue.cc:1048] T 5c93bed764314ceda3f6d988de1f016c P 81a568289dce415b8fdd0304d9cc037b [LEADER]: Connected to new peer: Peer: permanent_uuid: "68a13f50abe24d50a1ba185a55adaafb" member_type: VOTER last_known_addr { host: "127.0.107.195" port: 41837 }, Status: LMP_MISMATCH, Last received: 0.0, Next index: 1, Last known committed idx: 0, Time since last communication: 0.000s
W20260608 12:41:06.726115  5137 outbound_call.cc:321] RPC callback for RPC call kudu.master.MasterService.GetTableLocations -> {remote=127.0.107.254:42213, user_credentials={real_user=slave}} blocked reactor thread for 84666.9us
W20260608 12:41:07.063011  5137 outbound_call.cc:321] RPC callback for RPC call kudu.master.MasterService.GetTableLocations -> {remote=127.0.107.254:42213, user_credentials={real_user=slave}} blocked reactor thread for 109519us
W20260608 12:41:07.712181  5300 log.cc:927] Time spent T 81f505fa49b948e79f69d109465ad1e1 P 81a568289dce415b8fdd0304d9cc037b: Append to log took a long time: real 0.084s	user 0.001s	sys 0.000s
W20260608 12:41:07.727208  5299 log.cc:927] Time spent T 72f8a2afa89d44e8a820004496b5710d P 68a13f50abe24d50a1ba185a55adaafb: Append to log took a long time: real 0.062s	user 0.001s	sys 0.000s
W20260608 12:41:08.085510  4997 outbound_call.cc:321] RPC callback for RPC call kudu.consensus.ConsensusService.UpdateConsensus -> {remote=127.0.107.193:37515, user_credentials={real_user=slave}} blocked reactor thread for 65885.8us
W20260608 12:41:08.120270  5068 outbound_call.cc:321] RPC callback for RPC call kudu.consensus.ConsensusService.UpdateConsensus -> {remote=127.0.107.194:35609, user_credentials={real_user=slave}} blocked reactor thread for 54026us
W20260608 12:41:08.137188  5071 outbound_call.cc:321] RPC callback for RPC call kudu.consensus.ConsensusService.UpdateConsensus -> {remote=127.0.107.193:37515, user_credentials={real_user=slave}} blocked reactor thread for 58960.9us
W20260608 12:41:09.293889  4996 outbound_call.cc:321] RPC callback for RPC call kudu.consensus.ConsensusService.UpdateConsensus -> {remote=127.0.107.195:41837, user_credentials={real_user=slave}} blocked reactor thread for 229724us
W20260608 12:41:09.390065  4996 outbound_call.cc:321] RPC callback for RPC call kudu.consensus.ConsensusService.UpdateConsensus -> {remote=127.0.107.195:41837, user_credentials={real_user=slave}} blocked reactor thread for 49367.9us
W20260608 12:41:09.566486  4997 outbound_call.cc:321] RPC callback for RPC call kudu.consensus.ConsensusService.UpdateConsensus -> {remote=127.0.107.193:37515, user_credentials={real_user=slave}} blocked reactor thread for 102151us
W20260608 12:41:09.643755  4921 outbound_call.cc:321] RPC callback for RPC call kudu.consensus.ConsensusService.UpdateConsensus -> {remote=127.0.107.195:41837, user_credentials={real_user=slave}} blocked reactor thread for 82199.3us
W20260608 12:41:09.926014  5134 outbound_call.cc:321] RPC callback for RPC call kudu.tserver.TabletServerService.Write -> {remote=127.0.107.194:35609, user_credentials={real_user=slave}} blocked reactor thread for 107294us
W20260608 12:41:10.401134  4919 outbound_call.cc:321] RPC callback for RPC call kudu.consensus.ConsensusService.UpdateConsensus -> {remote=127.0.107.194:35609, user_credentials={real_user=slave}} blocked reactor thread for 59102.8us
W20260608 12:41:11.013561  5254 meta_cache.cc:1261] Time spent looking up entry by key: real 0.062s	user 0.002s	sys 0.000s
I20260608 12:41:11.398958   431 file_cache.cc:492] Constructed file cache file cache with capacity 419430
W20260608 12:41:11.406225  5357 instance_detector.cc:116] could not retrieve Azure instance metadata: Network error: curl error: HTTP response code said error: The requested URL returned error: 404
W20260608 12:41:11.406265  5356 instance_detector.cc:116] could not retrieve AWS instance metadata: Network error: curl error: HTTP response code said error: The requested URL returned error: 404
W20260608 12:41:11.407449  5359 instance_detector.cc:116] could not retrieve OpenStack instance metadata: Network error: curl error: HTTP response code said error: The requested URL returned error: 404
I20260608 12:41:11.408993   431 server_base.cc:1061] running on GCE node
I20260608 12:41:11.410733   431 hybrid_clock.cc:584] initializing the hybrid clock with 'system_unsync' time source
W20260608 12:41:11.410936   431 system_unsync_time.cc:38] NTP support is disabled. Clock error bounds will not be accurate. This configuration is not suitable for distributed clusters.
I20260608 12:41:11.411090   431 hybrid_clock.cc:648] HybridClock initialized: now 1780922471411077 us; error 0 us; skew 500 ppm
I20260608 12:41:11.411603   431 server_base.cc:861] Flag tcmalloc_max_total_thread_cache_bytes is not working since tcmalloc is not enabled.
I20260608 12:41:11.414350   431 webserver.cc:533] Webserver started at http://127.0.107.196:46097/ using document root <none> and password file <none>
I20260608 12:41:11.414842   431 fs_manager.cc:362] Metadata directory not provided
I20260608 12:41:11.415010   431 fs_manager.cc:368] Using write-ahead log directory (fs_wal_dir) as metadata directory
I20260608 12:41:11.415284   431 server_base.cc:909] This appears to be a new deployment of Kudu; creating new FS layout
I20260608 12:41:11.416440   431 fs_manager.cc:1068] Generated new instance metadata in path /tmp/dist-test-tasknTDUZT/test-tmp/auto_rebalancer-test.0.AutoRebalancerTest.TestMaxMovesPerServer.1780922334434862-431-0/minicluster-data/ts-3-root/instance:
uuid: "576aedb2057b41f0a5f49df167733c58"
format_stamp: "Formatted at 2026-06-08 12:41:11 on dist-test-slave-98f2"
I20260608 12:41:11.421908   431 fs_manager.cc:696] Time spent creating directory manager: real 0.005s	user 0.004s	sys 0.003s
I20260608 12:41:11.425819  5364 log_block_manager.cc:4031] Time spent loading block containers with low live blocks: real 0.000s	user 0.000s	sys 0.000s
I20260608 12:41:11.426656   431 fs_manager.cc:730] Time spent opening block manager: real 0.002s	user 0.004s	sys 0.000s
I20260608 12:41:11.427006   431 fs_manager.cc:647] Opened local filesystem: /tmp/dist-test-tasknTDUZT/test-tmp/auto_rebalancer-test.0.AutoRebalancerTest.TestMaxMovesPerServer.1780922334434862-431-0/minicluster-data/ts-3-root
uuid: "576aedb2057b41f0a5f49df167733c58"
format_stamp: "Formatted at 2026-06-08 12:41:11 on dist-test-slave-98f2"
I20260608 12:41:11.427304   431 fs_report.cc:389] FS layout report
--------------------
wal directory: /tmp/dist-test-tasknTDUZT/test-tmp/auto_rebalancer-test.0.AutoRebalancerTest.TestMaxMovesPerServer.1780922334434862-431-0/minicluster-data/ts-3-root
metadata directory: /tmp/dist-test-tasknTDUZT/test-tmp/auto_rebalancer-test.0.AutoRebalancerTest.TestMaxMovesPerServer.1780922334434862-431-0/minicluster-data/ts-3-root
1 data directories: /tmp/dist-test-tasknTDUZT/test-tmp/auto_rebalancer-test.0.AutoRebalancerTest.TestMaxMovesPerServer.1780922334434862-431-0/minicluster-data/ts-3-root/data
Total live blocks: 0
Total live bytes: 0
Total live bytes (after alignment): 0
Total number of LBM containers: 0 (0 full)
Did not check for missing blocks
Did not check for orphaned blocks
Total full LBM containers with extra space: 0 (0 repaired)
Total full LBM container extra space in bytes: 0 (0 repaired)
Total incomplete LBM containers: 0 (0 repaired)
Total LBM partial records: 0 (0 repaired)
Total corrupted LBM metadata records in RocksDB: 0 (0 repaired)
I20260608 12:41:11.450470   431 rpc_server.cc:225] running with OpenSSL 1.1.1  11 Sep 2018
I20260608 12:41:11.451915   431 kserver.cc:163] Server-wide thread pool size limit: 3276
I20260608 12:41:11.453480   431 txn_system_client.cc:432] TxnSystemClient initialization is disabled...
I20260608 12:41:11.456260   431 ts_tablet_manager.cc:585] Loaded tablet metadata (0 total tablets, 0 live tablets)
I20260608 12:41:11.456511   431 ts_tablet_manager.cc:531] Time spent load tablet metadata: real 0.000s	user 0.000s	sys 0.000s
I20260608 12:41:11.456827   431 ts_tablet_manager.cc:616] Registered 0 tablets
I20260608 12:41:11.457121   431 ts_tablet_manager.cc:595] Time spent register tablets: real 0.000s	user 0.000s	sys 0.000s
I20260608 12:41:11.503494   431 rpc_server.cc:307] RPC server started. Bound to: 127.0.107.196:46609
I20260608 12:41:11.503669  5426 acceptor_pool.cc:272] collecting diagnostics on the listening RPC socket 127.0.107.196:46609 every 8 connection(s)
I20260608 12:41:11.509490   431 file_cache.cc:492] Constructed file cache file cache with capacity 419430
W20260608 12:41:11.517047  5431 instance_detector.cc:116] could not retrieve AWS instance metadata: Network error: curl error: HTTP response code said error: The requested URL returned error: 404
W20260608 12:41:11.518208  5432 instance_detector.cc:116] could not retrieve Azure instance metadata: Network error: curl error: HTTP response code said error: The requested URL returned error: 404
I20260608 12:41:11.522001   431 server_base.cc:1061] running on GCE node
W20260608 12:41:11.522459  5434 instance_detector.cc:116] could not retrieve OpenStack instance metadata: Network error: curl error: HTTP response code said error: The requested URL returned error: 404
I20260608 12:41:11.527077   431 hybrid_clock.cc:584] initializing the hybrid clock with 'system_unsync' time source
W20260608 12:41:11.527387   431 system_unsync_time.cc:38] NTP support is disabled. Clock error bounds will not be accurate. This configuration is not suitable for distributed clusters.
I20260608 12:41:11.527608   431 hybrid_clock.cc:648] HybridClock initialized: now 1780922471527588 us; error 0 us; skew 500 ppm
I20260608 12:41:11.528281  5427 heartbeater.cc:344] Connected to a master server at 127.0.107.254:42213
I20260608 12:41:11.528419   431 server_base.cc:861] Flag tcmalloc_max_total_thread_cache_bytes is not working since tcmalloc is not enabled.
I20260608 12:41:11.528721  5427 heartbeater.cc:461] Registering TS with master...
I20260608 12:41:11.529846  5427 heartbeater.cc:507] Master 127.0.107.254:42213 requested a full tablet report, sending...
I20260608 12:41:11.531648   431 webserver.cc:533] Webserver started at http://127.0.107.197:38227/ using document root <none> and password file <none>
I20260608 12:41:11.531874  4851 ts_manager.cc:194] Registered new tserver with Master: 576aedb2057b41f0a5f49df167733c58 (127.0.107.196:46609)
I20260608 12:41:11.532266   431 fs_manager.cc:362] Metadata directory not provided
I20260608 12:41:11.532527   431 fs_manager.cc:368] Using write-ahead log directory (fs_wal_dir) as metadata directory
I20260608 12:41:11.532810   431 server_base.cc:909] This appears to be a new deployment of Kudu; creating new FS layout
I20260608 12:41:11.533581  4851 master_service.cc:502] Signed X509 certificate for tserver {username='slave'} at 127.0.0.1:59158
I20260608 12:41:11.534050   431 fs_manager.cc:1068] Generated new instance metadata in path /tmp/dist-test-tasknTDUZT/test-tmp/auto_rebalancer-test.0.AutoRebalancerTest.TestMaxMovesPerServer.1780922334434862-431-0/minicluster-data/ts-4-root/instance:
uuid: "54f9c30788254b91a219b2e33312880a"
format_stamp: "Formatted at 2026-06-08 12:41:11 on dist-test-slave-98f2"
I20260608 12:41:11.538777   431 fs_manager.cc:696] Time spent creating directory manager: real 0.004s	user 0.000s	sys 0.004s
I20260608 12:41:11.542166  5439 log_block_manager.cc:4031] Time spent loading block containers with low live blocks: real 0.000s	user 0.000s	sys 0.000s
I20260608 12:41:11.542961   431 fs_manager.cc:730] Time spent opening block manager: real 0.002s	user 0.000s	sys 0.003s
I20260608 12:41:11.543270   431 fs_manager.cc:647] Opened local filesystem: /tmp/dist-test-tasknTDUZT/test-tmp/auto_rebalancer-test.0.AutoRebalancerTest.TestMaxMovesPerServer.1780922334434862-431-0/minicluster-data/ts-4-root
uuid: "54f9c30788254b91a219b2e33312880a"
format_stamp: "Formatted at 2026-06-08 12:41:11 on dist-test-slave-98f2"
I20260608 12:41:11.543536   431 fs_report.cc:389] FS layout report
--------------------
wal directory: /tmp/dist-test-tasknTDUZT/test-tmp/auto_rebalancer-test.0.AutoRebalancerTest.TestMaxMovesPerServer.1780922334434862-431-0/minicluster-data/ts-4-root
metadata directory: /tmp/dist-test-tasknTDUZT/test-tmp/auto_rebalancer-test.0.AutoRebalancerTest.TestMaxMovesPerServer.1780922334434862-431-0/minicluster-data/ts-4-root
1 data directories: /tmp/dist-test-tasknTDUZT/test-tmp/auto_rebalancer-test.0.AutoRebalancerTest.TestMaxMovesPerServer.1780922334434862-431-0/minicluster-data/ts-4-root/data
Total live blocks: 0
Total live bytes: 0
Total live bytes (after alignment): 0
Total number of LBM containers: 0 (0 full)
Did not check for missing blocks
Did not check for orphaned blocks
Total full LBM containers with extra space: 0 (0 repaired)
Total full LBM container extra space in bytes: 0 (0 repaired)
Total incomplete LBM containers: 0 (0 repaired)
Total LBM partial records: 0 (0 repaired)
Total corrupted LBM metadata records in RocksDB: 0 (0 repaired)
I20260608 12:41:11.562882   431 rpc_server.cc:225] running with OpenSSL 1.1.1  11 Sep 2018
I20260608 12:41:11.564632   431 kserver.cc:163] Server-wide thread pool size limit: 3276
I20260608 12:41:11.566421   431 txn_system_client.cc:432] TxnSystemClient initialization is disabled...
I20260608 12:41:11.569113   431 ts_tablet_manager.cc:585] Loaded tablet metadata (0 total tablets, 0 live tablets)
I20260608 12:41:11.569296   431 ts_tablet_manager.cc:531] Time spent load tablet metadata: real 0.000s	user 0.000s	sys 0.000s
I20260608 12:41:11.569474   431 ts_tablet_manager.cc:616] Registered 0 tablets
I20260608 12:41:11.569608   431 ts_tablet_manager.cc:595] Time spent register tablets: real 0.000s	user 0.000s	sys 0.000s
I20260608 12:41:11.632441   431 rpc_server.cc:307] RPC server started. Bound to: 127.0.107.197:41963
I20260608 12:41:11.632519  5501 acceptor_pool.cc:272] collecting diagnostics on the listening RPC socket 127.0.107.197:41963 every 8 connection(s)
I20260608 12:41:11.639720   431 file_cache.cc:492] Constructed file cache file cache with capacity 419430
W20260608 12:41:11.649137  5505 instance_detector.cc:116] could not retrieve AWS instance metadata: Network error: curl error: HTTP response code said error: The requested URL returned error: 404
W20260608 12:41:11.650240  5506 instance_detector.cc:116] could not retrieve Azure instance metadata: Network error: curl error: HTTP response code said error: The requested URL returned error: 404
I20260608 12:41:11.652326  5502 heartbeater.cc:344] Connected to a master server at 127.0.107.254:42213
I20260608 12:41:11.652921  5502 heartbeater.cc:461] Registering TS with master...
I20260608 12:41:11.654148  5502 heartbeater.cc:507] Master 127.0.107.254:42213 requested a full tablet report, sending...
I20260608 12:41:11.654914   431 server_base.cc:1061] running on GCE node
W20260608 12:41:11.655277  5508 instance_detector.cc:116] could not retrieve OpenStack instance metadata: Network error: curl error: HTTP response code said error: The requested URL returned error: 404
I20260608 12:41:11.656896  4851 ts_manager.cc:194] Registered new tserver with Master: 54f9c30788254b91a219b2e33312880a (127.0.107.197:41963)
I20260608 12:41:11.659001  4851 master_service.cc:502] Signed X509 certificate for tserver {username='slave'} at 127.0.0.1:59166
I20260608 12:41:11.659189   431 hybrid_clock.cc:584] initializing the hybrid clock with 'system_unsync' time source
W20260608 12:41:11.659531   431 system_unsync_time.cc:38] NTP support is disabled. Clock error bounds will not be accurate. This configuration is not suitable for distributed clusters.
I20260608 12:41:11.659767   431 hybrid_clock.cc:648] HybridClock initialized: now 1780922471659746 us; error 0 us; skew 500 ppm
I20260608 12:41:11.660641   431 server_base.cc:861] Flag tcmalloc_max_total_thread_cache_bytes is not working since tcmalloc is not enabled.
I20260608 12:41:11.663319   431 webserver.cc:533] Webserver started at http://127.0.107.198:35067/ using document root <none> and password file <none>
I20260608 12:41:11.663816   431 fs_manager.cc:362] Metadata directory not provided
